57.141.0.44 - - [28/Jul/2026:07:06:40 +0200] "GET /sitemap-sub-1346.xml?shopdetail/K17354484082 HTTP/1.1" 200 194534 "-" "Mozilla/5.0 (Macintosh; Intel Mac OS X 10_15_7) AppleWebKit/537.36 (KHTML, like Gecko) Chrome/145.0.0.0 Safari/537.36 (compatible; meta-externalagent/1.1 (+https://developers.facebook.com/docs/sharing/webmasters/crawler))"
216.67.230.98 - - [28/Jul/2026:07:06:41 +0200] "GET /manager HTTP/1.1" 200 8126 "-" "Mozilla/5.0 (X11; Linux x86_64) AppleWebKit/537.36 (KHTML, like Gecko) Chrome/131.0.0.0 Safari/537.36"
216.67.230.98 - - [28/Jul/2026:07:06:41 +0200] "GET /admin-area HTTP/1.1" 200 8126 "-" "Mozilla/5.0 (Windows NT 10.0; Win64; x64) AppleWebKit/537.36 (KHTML, like Gecko) Chrome/131.0.0.0 Safari/537.36"
57.141.0.27 - - [28/Jul/2026:07:06:41 +0200] "GET /sitemap-sub-1346.xml?shopdetail/K17354314977 HTTP/1.1" 200 193448 "-" "Mozilla/5.0 (Windows NT 10.0; Win64; x64) AppleWebKit/537.36 (KHTML, like Gecko) Chrome/145.0.0.0 Safari/537.36 (compatible; meta-externalagent/1.1 (+https://developers.facebook.com/docs/sharing/webmasters/crawler))"
216.67.230.98 - - [28/Jul/2026:07:06:41 +0200] "GET /mylogin HTTP/1.1" 200 8126 "-" "Mozilla/5.0 (Windows NT 10.0; Win64; x64) AppleWebKit/537.36 (KHTML, like Gecko) Chrome/131.0.0.0 Safari/537.36"
216.67.230.98 - - [28/Jul/2026:07:06:41 +0200] "GET /manager-login HTTP/1.1" 200 8126 "-" "Mozilla/5.0 (X11; Linux x86_64) AppleWebKit/537.36 (KHTML, like Gecko) Chrome/131.0.0.0 Safari/537.36"
216.67.230.98 - - [28/Jul/2026:07:06:41 +0200] "GET /supervisor HTTP/1.1" 200 8126 "-" "Mozilla/5.0 (X11; Linux x86_64) AppleWebKit/537.36 (KHTML, like Gecko) Chrome/131.0.0.0 Safari/537.36"
216.67.230.98 - - [28/Jul/2026:07:06:41 +0200] "GET /staff HTTP/1.1" 200 8126 "-" "Mozilla/5.0 (Windows NT 10.0; Win64; x64) AppleWebKit/537.36 (KHTML, like Gecko) Chrome/131.0.0.0 Safari/537.36"
57.141.0.60 - - [28/Jul/2026:07:06:41 +0200] "GET /sitemap-sub-1346.xml?shopdetail/K17335935993 HTTP/1.1" 200 194534 "-" "Mozilla/5.0 (Macintosh; Intel Mac OS X 10_15_7) AppleWebKit/537.36 (KHTML, like Gecko) Chrome/145.0.0.0 Safari/537.36 (compatible; meta-externalagent/1.1 (+https://developers.facebook.com/docs/sharing/webmasters/crawler))"
57.141.0.3 - - [28/Jul/2026:07:06:41 +0200] "GET /sitemap-sub-1346.xml?shopdetail/K17317740714 HTTP/1.1" 200 193448 "-" "Mozilla/5.0 (Windows NT 10.0; Win64; x64) AppleWebKit/537.36 (KHTML, like Gecko) Chrome/145.0.0.0 Safari/537.36 (compatible; meta-externalagent/1.1 (+https://developers.facebook.com/docs/sharing/webmasters/crawler))"
74.7.227.138 - - [28/Jul/2026:07:06:42 +0200] "GET /sitemap_index.xml?shopdetail/N17354545110 HTTP/1.1" 200 10850 "https://as-cp.fr/sitemap_index.xml?shopdetail/N17335975751" "Mozilla/5.0 AppleWebKit/537.36 (KHTML, like Gecko; compatible; GPTBot/1.4; +https://openai.com/gptbot)"
216.67.230.98 - - [28/Jul/2026:07:06:42 +0200] "GET /logon HTTP/1.1" 200 8126 "-" "Mozilla/5.0 (X11; Linux x86_64) AppleWebKit/537.36 (KHTML, like Gecko) Chrome/131.0.0.0 Safari/537.36"
216.67.230.98 - - [28/Jul/2026:07:06:42 +0200] "GET /staff-login HTTP/1.1" 200 8126 "-" "Mozilla/5.0 (Windows NT 10.0; Win64; x64) AppleWebKit/537.36 (KHTML, like Gecko) Chrome/131.0.0.0 Safari/537.36"
57.141.0.65 - - [28/Jul/2026:07:06:42 +0200] "GET /sitemap-sub-1346.xml?shopdetail/K1730200319 HTTP/1.1" 200 194534 "-" "Mozilla/5.0 (Macintosh; Intel Mac OS X 10_15_7) AppleWebKit/537.36 (KHTML, like Gecko) Chrome/145.0.0.0 Safari/537.36 (compatible; meta-externalagent/1.1 (+https://developers.facebook.com/docs/sharing/webmasters/crawler))"
216.73.216.137 - - [28/Jul/2026:07:06:42 +0200] "GET /tag/pinel-a-perpignan/page/3/?loknya=%2Fvar%2Fwww%2Fvhosts%2Fas-cp.fr%2Fwpascp%2Fwp-includes%2Fblocks%2Favatar HTTP/1.1" 200 7375 "-" "Mozilla/5.0 AppleWebKit/537.36 (KHTML, like Gecko; compatible; ClaudeBot/1.0; +claudebot@anthropic.com)"
216.67.230.98 - - [28/Jul/2026:07:06:42 +0200] "GET /log-on HTTP/1.1" 200 8125 "-" "Mozilla/5.0 (X11; Linux x86_64) AppleWebKit/537.36 (KHTML, like Gecko) Chrome/131.0.0.0 Safari/537.36"
216.67.230.98 - - [28/Jul/2026:07:06:42 +0200] "GET /employee HTTP/1.1" 200 8125 "-" "Mozilla/5.0 (Windows NT 10.0; Win64; x64) AppleWebKit/537.36 (KHTML, like Gecko) Chrome/131.0.0.0 Safari/537.36"
57.141.0.32 - - [28/Jul/2026:07:06:42 +0200] "GET /sitemap-sub-1346.xml?shopdetail/K173176303970 HTTP/1.1" 200 194534 "-" "Mozilla/5.0 (Windows NT 10.0; Win64; x64) AppleWebKit/537.36 (KHTML, like Gecko) Chrome/145.0.0.0 Safari/537.36 (compatible; meta-externalagent/1.1 (+https://developers.facebook.com/docs/sharing/webmasters/crawler))"
216.67.230.98 - - [28/Jul/2026:07:06:42 +0200] "GET /logmein HTTP/1.1" 200 8125 "-" "Mozilla/5.0 (X11; Linux x86_64) AppleWebKit/537.36 (KHTML, like Gecko) Chrome/131.0.0.0 Safari/537.36"
216.67.230.98 - - [28/Jul/2026:07:06:42 +0200] "GET /employee-login HTTP/1.1" 200 8125 "-" "Mozilla/5.0 (Windows NT 10.0; Win64; x64) AppleWebKit/537.36 (KHTML, like Gecko) Chrome/131.0.0.0 Safari/537.36"
57.141.0.28 - - [28/Jul/2026:07:06:42 +0200] "GET /sitemap-sub-1346.xml?shopdetail/K17344006944 HTTP/1.1" 200 193863 "-" "Mozilla/5.0 (Macintosh; Intel Mac OS X 10_15_7) AppleWebKit/537.36 (KHTML, like Gecko) Chrome/145.0.0.0 Safari/537.36 (compatible; meta-externalagent/1.1 (+https://developers.facebook.com/docs/sharing/webmasters/crawler))"
216.67.230.98 - - [28/Jul/2026:07:06:43 +0200] "GET /letmein HTTP/1.1" 200 8125 "-" "Mozilla/5.0 (X11; Linux x86_64) AppleWebKit/537.36 (KHTML, like Gecko) Chrome/131.0.0.0 Safari/537.36"
216.67.230.98 - - [28/Jul/2026:07:06:43 +0200] "GET /editors HTTP/1.1" 200 8125 "-" "Mozilla/5.0 (Windows NT 10.0; Win64; x64) AppleWebKit/537.36 (KHTML, like Gecko) Chrome/131.0.0.0 Safari/537.36"
57.141.0.32 - - [28/Jul/2026:07:06:43 +0200] "GET /sitemap-sub-1346.xml?shopdetail/K173575516379 HTTP/1.1" 200 194534 "-" "Mozilla/5.0 (Windows NT 10.0; Win64; x64) AppleWebKit/537.36 (KHTML, like Gecko) Chrome/145.0.0.0 Safari/537.36 (compatible; meta-externalagent/1.1 (+https://developers.facebook.com/docs/sharing/webmasters/crawler))"
57.141.0.13 - - [28/Jul/2026:07:06:43 +0200] "GET /sitemap-sub-1346.xml?shopdetail/K17312868702 HTTP/1.1" 200 10810 "-" "Mozilla/5.0 (Windows NT 10.0; Win64; x64) AppleWebKit/537.36 (KHTML, like Gecko) Chrome/145.0.0.0 Safari/537.36 (compatible; meta-externalagent/1.1 (+https://developers.facebook.com/docs/sharing/webmasters/crawler))"
57.141.0.11 - - [28/Jul/2026:07:06:43 +0200] "GET /sitemap-sub-1346.xml?shopdetail/K17346362913 HTTP/1.1" 200 193448 "-" "Mozilla/5.0 (Windows NT 10.0; Win64; x64) AppleWebKit/537.36 (KHTML, like Gecko) Chrome/145.0.0.0 Safari/537.36 (compatible; meta-externalagent/1.1 (+https://developers.facebook.com/docs/sharing/webmasters/crawler))"
216.67.230.98 - - [28/Jul/2026:07:06:43 +0200] "GET /entry HTTP/1.1" 200 8125 "-" "Mozilla/5.0 (X11; Linux x86_64) AppleWebKit/537.36 (KHTML, like Gecko) Chrome/131.0.0.0 Safari/537.36"
216.67.230.98 - - [28/Jul/2026:07:06:43 +0200] "GET /editor-login HTTP/1.1" 200 8125 "-" "Mozilla/5.0 (Windows NT 10.0; Win64; x64) AppleWebKit/537.36 (KHTML, like Gecko) Chrome/131.0.0.0 Safari/537.36"
216.67.230.98 - - [28/Jul/2026:07:06:44 +0200] "GET /system HTTP/1.1" 200 8125 "-" "Mozilla/5.0 (X11; Linux x86_64) AppleWebKit/537.36 (KHTML, like Gecko) Chrome/131.0.0.0 Safari/537.36"
216.67.230.98 - - [28/Jul/2026:07:06:44 +0200] "GET /writer HTTP/1.1" 200 8125 "-" "Mozilla/5.0 (Windows NT 10.0; Win64; x64) AppleWebKit/537.36 (KHTML, like Gecko) Chrome/131.0.0.0 Safari/537.36"
216.67.230.98 - - [28/Jul/2026:07:06:44 +0200] "GET /sys-admin HTTP/1.1" 200 8125 "-" "Mozilla/5.0 (X11; Linux x86_64) AppleWebKit/537.36 (KHTML, like Gecko) Chrome/131.0.0.0 Safari/537.36"
57.141.0.54 - - [28/Jul/2026:07:06:44 +0200] "GET /sitemap-sub-1346.xml?shopdetail/K17354446546 HTTP/1.1" 200 193137 "-" "Mozilla/5.0 (Windows NT 10.0; Win64; x64) AppleWebKit/537.36 (KHTML, like Gecko) Chrome/145.0.0.0 Safari/537.36 (compatible; meta-externalagent/1.1 (+https://developers.facebook.com/docs/sharing/webmasters/crawler))"
216.67.230.98 - - [28/Jul/2026:07:06:44 +0200] "GET /writer-login HTTP/1.1" 200 8125 "-" "Mozilla/5.0 (Windows NT 10.0; Win64; x64) AppleWebKit/537.36 (KHTML, like Gecko) Chrome/131.0.0.0 Safari/537.36"
216.67.230.98 - - [28/Jul/2026:07:06:44 +0200] "GET /sys-login HTTP/1.1" 200 8125 "-" "Mozilla/5.0 (X11; Linux x86_64) AppleWebKit/537.36 (KHTML, like Gecko) Chrome/131.0.0.0 Safari/537.36"
216.67.230.98 - - [28/Jul/2026:07:06:45 +0200] "GET /memberarea HTTP/1.1" 200 8125 "-" "Mozilla/5.0 (Windows NT 10.0; Win64; x64) AppleWebKit/537.36 (KHTML, like Gecko) Chrome/131.0.0.0 Safari/537.36"
57.141.0.69 - - [28/Jul/2026:07:06:44 +0200] "GET /sitemap-sub-1346.xml?shopdetail/K17333610989 HTTP/1.1" 200 193973 "-" "Mozilla/5.0 (Windows NT 10.0; Win64; x64) AppleWebKit/537.36 (KHTML, like Gecko) Chrome/145.0.0.0 Safari/537.36 (compatible; meta-externalagent/1.1 (+https://developers.facebook.com/docs/sharing/webmasters/crawler))"
216.73.216.137 - - [28/Jul/2026:07:06:45 +0200] "GET /?lokasie=%2Fvar%2Fwww%2Fvhosts%2Fas-cp.fr%2Fwpascp%2Fwp-includes%2Fjs%2Fdist%2F%2Fwidgets.min.js&loknya=%2Fvar%2Fwww%2Fvhosts%2Fas-cp.fr%2Fwpascp%2Fwp-includes%2Fjs%2Fdist%2F HTTP/1.1" 200 13927 "-" "Mozilla/5.0 AppleWebKit/537.36 (KHTML, like Gecko; compatible; ClaudeBot/1.0; +claudebot@anthropic.com)"
216.67.230.98 - - [28/Jul/2026:07:06:45 +0200] "GET /app-login HTTP/1.1" 200 8125 "-" "Mozilla/5.0 (X11; Linux x86_64) AppleWebKit/537.36 (KHTML, like Gecko) Chrome/131.0.0.0 Safari/537.36"
216.67.230.98 - - [28/Jul/2026:07:06:45 +0200] "GET /member-area HTTP/1.1" 200 8125 "-" "Mozilla/5.0 (Windows NT 10.0; Win64; x64) AppleWebKit/537.36 (KHTML, like Gecko) Chrome/131.0.0.0 Safari/537.36"
74.7.227.138 - - [28/Jul/2026:07:06:45 +0200] "GET /sitemap_index.xml?shopdetail/N17358825531 HTTP/1.1" 200 10876 "https://as-cp.fr/sitemap_index.xml?shopdetail/N173319994567" "Mozilla/5.0 AppleWebKit/537.36 (KHTML, like Gecko; compatible; GPTBot/1.4; +https://openai.com/gptbot)"
57.141.0.21 - - [28/Jul/2026:07:06:45 +0200] "GET /sitemap-sub-1346.xml?shopdetail/K17313219456 HTTP/1.1" 200 193799 "-" "Mozilla/5.0 (Windows NT 10.0; Win64; x64) AppleWebKit/537.36 (KHTML, like Gecko) Chrome/144.0.0.0 Safari/537.36 Edg/144.0.0.0 (compatible; meta-externalagent/1.1 (+https://developers.facebook.com/docs/sharing/webmasters/crawler))"
57.141.0.10 - - [28/Jul/2026:07:06:45 +0200] "GET /sitemap-sub-1346.xml?shopdetail/K17335872364 HTTP/1.1" 200 193448 "-" "Mozilla/5.0 (Windows NT 10.0; Win64; x64) AppleWebKit/537.36 (KHTML, like Gecko) Chrome/145.0.0.0 Safari/537.36 (compatible; meta-externalagent/1.1 (+https://developers.facebook.com/docs/sharing/webmasters/crawler))"
57.141.0.1 - - [28/Jul/2026:07:06:45 +0200] "GET /sitemap-sub-1346.xml?shopdetail/K17354406641 HTTP/1.1" 200 194534 "-" "Mozilla/5.0 (Windows NT 10.0; Win64; x64) AppleWebKit/537.36 (KHTML, like Gecko) Chrome/145.0.0.0 Safari/537.36 (compatible; meta-externalagent/1.1 (+https://developers.facebook.com/docs/sharing/webmasters/crawler))"
216.67.230.98 - - [28/Jul/2026:07:06:45 +0200] "GET /members HTTP/1.1" 200 8128 "-" "Mozilla/5.0 (Windows NT 10.0; Win64; x64) AppleWebKit/537.36 (KHTML, like Gecko) Chrome/131.0.0.0 Safari/537.36"
216.67.230.98 - - [28/Jul/2026:07:06:45 +0200] "GET /admin2 HTTP/1.1" 200 8128 "-" "Mozilla/5.0 (X11; Linux x86_64) AppleWebKit/537.36 (KHTML, like Gecko) Chrome/131.0.0.0 Safari/537.36"
216.67.230.98 - - [28/Jul/2026:07:06:46 +0200] "GET /admin1 HTTP/1.1" 200 8128 "-" "Mozilla/5.0 (X11; Linux x86_64) AppleWebKit/537.36 (KHTML, like Gecko) Chrome/131.0.0.0 Safari/537.36"
216.67.230.98 - - [28/Jul/2026:07:06:46 +0200] "GET /my-dashboard HTTP/1.1" 200 8128 "-" "Mozilla/5.0 (Windows NT 10.0; Win64; x64) AppleWebKit/537.36 (KHTML, like Gecko) Chrome/131.0.0.0 Safari/537.36"
216.67.230.98 - - [28/Jul/2026:07:06:46 +0200] "GET /admin3 HTTP/1.1" 200 8128 "-" "Mozilla/5.0 (X11; Linux x86_64) AppleWebKit/537.36 (KHTML, like Gecko) Chrome/131.0.0.0 Safari/537.36"
216.67.230.98 - - [28/Jul/2026:07:06:46 +0200] "GET /wp-secure HTTP/1.1" 200 8128 "-" "Mozilla/5.0 (Windows NT 10.0; Win64; x64) AppleWebKit/537.36 (KHTML, like Gecko) Chrome/131.0.0.0 Safari/537.36"
216.67.230.98 - - [28/Jul/2026:07:06:46 +0200] "GET /loginx HTTP/1.1" 200 8128 "-" "Mozilla/5.0 (X11; Linux x86_64) AppleWebKit/537.36 (KHTML, like Gecko) Chrome/131.0.0.0 Safari/537.36"
216.67.230.98 - - [28/Jul/2026:07:06:47 +0200] "GET /wordpress-login HTTP/1.1" 200 8128 "-" "Mozilla/5.0 (Windows NT 10.0; Win64; x64) AppleWebKit/537.36 (KHTML, like Gecko) Chrome/131.0.0.0 Safari/537.36"
57.141.0.27 - - [28/Jul/2026:07:06:46 +0200] "GET /sitemap-sub-1346.xml?shopdetail/K17341681595 HTTP/1.1" 200 193448 "-" "Mozilla/5.0 (Macintosh; Intel Mac OS X 10_15_7) AppleWebKit/537.36 (KHTML, like Gecko) Chrome/145.0.0.0 Safari/537.36 (compatible; meta-externalagent/1.1 (+https://developers.facebook.com/docs/sharing/webmasters/crawler))"
57.141.0.42 - - [28/Jul/2026:07:06:47 +0200] "GET /sitemap-sub-1346.xml?shopdetail/K17307029469 HTTP/1.1" 200 193448 "-" "Mozilla/5.0 (Windows NT 10.0; Win64; x64) AppleWebKit/537.36 (KHTML, like Gecko) Chrome/145.0.0.0 Safari/537.36 (compatible; meta-externalagent/1.1 (+https://developers.facebook.com/docs/sharing/webmasters/crawler))"
216.67.230.98 - - [28/Jul/2026:07:06:47 +0200] "GET /login2 HTTP/1.1" 200 8128 "-" "Mozilla/5.0 (X11; Linux x86_64) AppleWebKit/537.36 (KHTML, like Gecko) Chrome/131.0.0.0 Safari/537.36"
216.67.230.98 - - [28/Jul/2026:07:06:47 +0200] "GET /wplogin HTTP/1.1" 200 8128 "-" "Mozilla/5.0 (Windows NT 10.0; Win64; x64) AppleWebKit/537.36 (KHTML, like Gecko) Chrome/131.0.0.0 Safari/537.36"
216.67.230.98 - - [28/Jul/2026:07:06:47 +0200] "GET /login1 HTTP/1.1" 200 8128 "-" "Mozilla/5.0 (X11; Linux x86_64) AppleWebKit/537.36 (KHTML, like Gecko) Chrome/131.0.0.0 Safari/537.36"
57.141.0.65 - - [28/Jul/2026:07:06:47 +0200] "GET /sitemap-sub-1346.xml?shopdetail/K17354145146 HTTP/1.1" 200 193211 "-" "Mozilla/5.0 (Windows NT 10.0; Win64; x64) AppleWebKit/537.36 (KHTML, like Gecko) Chrome/145.0.0.0 Safari/537.36 (compatible; meta-externalagent/1.1 (+https://developers.facebook.com/docs/sharing/webmasters/crawler))"
57.141.0.17 - - [28/Jul/2026:07:06:47 +0200] "GET /sitemap-sub-1346.xml?shopdetail/K17315452357 HTTP/1.1" 200 194185 "-" "Mozilla/5.0 (Windows NT 10.0; Win64; x64) AppleWebKit/537.36 (KHTML, like Gecko) Chrome/146.0.0.0 Safari/537.36 Edg/146.0.0.0 (compatible; meta-externalagent/1.1 (+https://developers.facebook.com/docs/sharing/webmasters/crawler))"
57.141.0.46 - - [28/Jul/2026:07:06:47 +0200] "GET /sitemap-sub-1346.xml?shopdetail/K173073465120 HTTP/1.1" 200 194534 "-" "Mozilla/5.0 (Windows NT 10.0; Win64; x64) AppleWebKit/537.36 (KHTML, like Gecko) Chrome/145.0.0.0 Safari/537.36 (compatible; meta-externalagent/1.1 (+https://developers.facebook.com/docs/sharing/webmasters/crawler))"
216.67.230.98 - - [28/Jul/2026:07:06:47 +0200] "GET /blog-login HTTP/1.1" 200 8128 "-" "Mozilla/5.0 (Windows NT 10.0; Win64; x64) AppleWebKit/537.36 (KHTML, like Gecko) Chrome/131.0.0.0 Safari/537.36"
57.141.0.12 - - [28/Jul/2026:07:06:47 +0200] "GET /sitemap-sub-1346.xml?shopdetail/K17315494402 HTTP/1.1" 200 194534 "-" "Mozilla/5.0 (Windows NT 10.0; Win64; x64) AppleWebKit/537.36 (KHTML, like Gecko) Chrome/145.0.0.0 Safari/537.36 (compatible; meta-externalagent/1.1 (+https://developers.facebook.com/docs/sharing/webmasters/crawler))"
216.67.230.98 - - [28/Jul/2026:07:06:48 +0200] "GET /xlogin HTTP/1.1" 200 8128 "-" "Mozilla/5.0 (X11; Linux x86_64) AppleWebKit/537.36 (KHTML, like Gecko) Chrome/131.0.0.0 Safari/537.36"
57.141.0.21 - - [28/Jul/2026:07:06:48 +0200] "GET /sitemap-sub-1346.xml?shopdetail/K17351895042 HTTP/1.1" 200 193448 "-" "Mozilla/5.0 (Windows NT 10.0; Win64; x64) AppleWebKit/537.36 (KHTML, like Gecko) Chrome/145.0.0.0 Safari/537.36 (compatible; meta-externalagent/1.1 (+https://developers.facebook.com/docs/sharing/webmasters/crawler))"
216.73.216.137 - - [28/Jul/2026:07:06:48 +0200] "GET /%22,t+=%22%3C%22+e.getAttribute(%22src%22?lokasie=%2Fvar%2Fwww%2Fvhosts%2Fas-cp.fr%2Fwpascp%2Fwp-includes%2Fclass-wp-editor.php&loknya=%2Fvar%2Fwww%2Fvhosts%2Fas-cp.fr%2Fwpascp%2Fwp-includes HTTP/1.1" 200 24776 "-" "Mozilla/5.0 AppleWebKit/537.36 (KHTML, like Gecko; compatible; ClaudeBot/1.0; +claudebot@anthropic.com)"
216.67.230.98 - - [28/Jul/2026:07:06:48 +0200] "GET /customer-login HTTP/1.1" 200 8128 "-" "Mozilla/5.0 (Windows NT 10.0; Win64; x64) AppleWebKit/537.36 (KHTML, like Gecko) Chrome/131.0.0.0 Safari/537.36"
74.7.227.138 - - [28/Jul/2026:07:06:48 +0200] "GET /sitemap_index.xml?shopdetail/N17317429344 HTTP/1.1" 200 10893 "https://as-cp.fr/sitemap_index.xml?shopdetail/N17321101268" "Mozilla/5.0 AppleWebKit/537.36 (KHTML, like Gecko; compatible; GPTBot/1.4; +https://openai.com/gptbot)"
216.67.230.98 - - [28/Jul/2026:07:06:48 +0200] "GET /masuk-admin HTTP/1.1" 200 8128 "-" "Mozilla/5.0 (X11; Linux x86_64) AppleWebKit/537.36 (KHTML, like Gecko) Chrome/131.0.0.0 Safari/537.36"
216.67.230.98 - - [28/Jul/2026:07:06:48 +0200] "GET /client-login HTTP/1.1" 200 8128 "-" "Mozilla/5.0 (Windows NT 10.0; Win64; x64) AppleWebKit/537.36 (KHTML, like Gecko) Chrome/131.0.0.0 Safari/537.36"
216.67.230.98 - - [28/Jul/2026:07:06:49 +0200] "GET /halaman-login HTTP/1.1" 200 8126 "-" "Mozilla/5.0 (X11; Linux x86_64) AppleWebKit/537.36 (KHTML, like Gecko) Chrome/131.0.0.0 Safari/537.36"
216.67.230.98 - - [28/Jul/2026:07:06:49 +0200] "GET /client HTTP/1.1" 200 8126 "-" "Mozilla/5.0 (Windows NT 10.0; Win64; x64) AppleWebKit/537.36 (KHTML, like Gecko) Chrome/131.0.0.0 Safari/537.36"
57.141.0.71 - - [28/Jul/2026:07:06:49 +0200] "GET /sitemap-sub-1346.xml?shopdetail/K17312995087 HTTP/1.1" 200 193965 "-" "Mozilla/5.0 (Macintosh; Intel Mac OS X 10_15_7) AppleWebKit/537.36 (KHTML, like Gecko) Chrome/145.0.0.0 Safari/537.36 (compatible; meta-externalagent/1.1 (+https://developers.facebook.com/docs/sharing/webmasters/crawler))"
57.141.0.46 - - [28/Jul/2026:07:06:49 +0200] "GET /sitemap-sub-1346.xml?shopdetail/K173076029800 HTTP/1.1" 200 195029 "-" "Mozilla/5.0 (Windows NT 10.0; Win64; x64) AppleWebKit/537.36 (KHTML, like Gecko) Chrome/145.0.0.0 Safari/537.36 (compatible; meta-externalagent/1.1 (+https://developers.facebook.com/docs/sharing/webmasters/crawler))"
216.67.230.98 - - [28/Jul/2026:07:06:49 +0200] "GET /login-admin HTTP/1.1" 200 8126 "-" "Mozilla/5.0 (X11; Linux x86_64) AppleWebKit/537.36 (KHTML, like Gecko) Chrome/131.0.0.0 Safari/537.36"
216.67.230.98 - - [28/Jul/2026:07:06:49 +0200] "GET /support-login HTTP/1.1" 200 8126 "-" "Mozilla/5.0 (Windows NT 10.0; Win64; x64) AppleWebKit/537.36 (KHTML, like Gecko) Chrome/131.0.0.0 Safari/537.36"
57.141.0.2 - - [28/Jul/2026:07:06:49 +0200] "GET /sitemap-sub-1346.xml?shopdetail/K17336055016 HTTP/1.1" 200 194534 "-" "Mozilla/5.0 (Windows NT 10.0; Win64; x64) AppleWebKit/537.36 (KHTML, like Gecko) Chrome/145.0.0.0 Safari/537.36 (compatible; meta-externalagent/1.1 (+https://developers.facebook.com/docs/sharing/webmasters/crawler))"
57.141.0.25 - - [28/Jul/2026:07:06:49 +0200] "GET /sitemap-sub-1346.xml?shopdetail/K173176347365 HTTP/1.1" 200 194534 "-" "Mozilla/5.0 (Windows NT 10.0; Win64; x64) AppleWebKit/537.36 (KHTML, like Gecko) Chrome/145.0.0.0 Safari/537.36 (compatible; meta-externalagent/1.1 (+https://developers.facebook.com/docs/sharing/webmasters/crawler))"
216.67.230.98 - - [28/Jul/2026:07:06:49 +0200] "GET /connexion HTTP/1.1" 200 8126 "-" "Mozilla/5.0 (X11; Linux x86_64) AppleWebKit/537.36 (KHTML, like Gecko) Chrome/131.0.0.0 Safari/537.36"
57.141.0.31 - - [28/Jul/2026:07:06:49 +0200] "GET /sitemap-sub-1346.xml?shopdetail/K17335925102 HTTP/1.1" 200 194534 "-" "Mozilla/5.0 (Windows NT 10.0; Win64; x64) AppleWebKit/537.36 (KHTML, like Gecko) Chrome/145.0.0.0 Safari/537.36 (compatible; meta-externalagent/1.1 (+https://developers.facebook.com/docs/sharing/webmasters/crawler))"
216.67.230.98 - - [28/Jul/2026:07:06:50 +0200] "GET /helpdesk HTTP/1.1" 200 8126 "-" "Mozilla/5.0 (Windows NT 10.0; Win64; x64) AppleWebKit/537.36 (KHTML, like Gecko) Chrome/131.0.0.0 Safari/537.36"
216.67.230.98 - - [28/Jul/2026:07:06:50 +0200] "GET /iniciar-sesion HTTP/1.1" 200 8126 "-" "Mozilla/5.0 (X11; Linux x86_64) AppleWebKit/537.36 (KHTML, like Gecko) Chrome/131.0.0.0 Safari/537.36"
216.67.230.98 - - [28/Jul/2026:07:06:50 +0200] "GET /intern HTTP/1.1" 200 8126 "-" "Mozilla/5.0 (Windows NT 10.0; Win64; x64) AppleWebKit/537.36 (KHTML, like Gecko) Chrome/131.0.0.0 Safari/537.36"
216.67.230.98 - - [28/Jul/2026:07:06:50 +0200] "GET /anmelden HTTP/1.1" 200 8126 "-" "Mozilla/5.0 (X11; Linux x86_64) AppleWebKit/537.36 (KHTML, like Gecko) Chrome/131.0.0.0 Safari/537.36"
57.141.0.39 - - [28/Jul/2026:07:06:50 +0200] "GET /sitemap-sub-1346.xml?shopdetail/K173176713885 HTTP/1.1" 200 193195 "-" "Mozilla/5.0 (Windows NT 10.0; Win64; x64) AppleWebKit/537.36 (KHTML, like Gecko) Chrome/145.0.0.0 Safari/537.36 (compatible; meta-externalagent/1.1 (+https://developers.facebook.com/docs/sharing/webmasters/crawler))"
216.67.230.98 - - [28/Jul/2026:07:06:50 +0200] "GET /accesso HTTP/1.1" 200 8126 "-" "Mozilla/5.0 (X11; Linux x86_64) AppleWebKit/537.36 (KHTML, like Gecko) Chrome/131.0.0.0 Safari/537.36"
57.141.0.52 - - [28/Jul/2026:07:06:50 +0200] "GET /sitemap-sub-1346.xml?shopdetail/K173176486920 HTTP/1.1" 200 194534 "-" "Mozilla/5.0 (X11; Linux x86_64) AppleWebKit/537.36 (KHTML, like Gecko) Chrome/145.0.0.0 Safari/537.36 (compatible; meta-externalagent/1.1 (+https://developers.facebook.com/docs/sharing/webmasters/crawler))"
216.67.230.98 - - [28/Jul/2026:07:06:50 +0200] "GET /intern-login HTTP/1.1" 200 8126 "-" "Mozilla/5.0 (Windows NT 10.0; Win64; x64) AppleWebKit/537.36 (KHTML, like Gecko) Chrome/131.0.0.0 Safari/537.36"
57.141.0.25 - - [28/Jul/2026:07:06:50 +0200] "GET /sitemap-sub-1346.xml?shopdetail/K173176253752 HTTP/1.1" 200 193541 "-" "Mozilla/5.0 (Windows NT 10.0; Win64; x64) AppleWebKit/537.36 (KHTML, like Gecko) Chrome/145.0.0.0 Safari/537.36 Edg/145.0.0.0 (compatible; meta-externalagent/1.1 (+https://developers.facebook.com/docs/sharing/webmasters/crawler))"
216.67.230.98 - - [28/Jul/2026:07:06:51 +0200] "GET /giris HTTP/1.1" 200 8126 "-" "Mozilla/5.0 (X11; Linux x86_64) AppleWebKit/537.36 (KHTML, like Gecko) Chrome/131.0.0.0 Safari/537.36"
216.73.216.137 - - [28/Jul/2026:07:06:51 +0200] "GET /?lokasie=%2Fvar%2Fwww%2Fvhosts%2Fas-cp.fr%2Fwpascp%2Fwp-includes%2Fjs%2Fdist%2F%2Fdeprecated.js&loknya=%2Fvar%2Fwww%2Fvhosts%2Fas-cp.fr%2Fwpascp%2Fwp-includes%2Fjs%2Fdist%2F HTTP/1.1" 200 7513 "-" "Mozilla/5.0 AppleWebKit/537.36 (KHTML, like Gecko; compatible; ClaudeBot/1.0; +claudebot@anthropic.com)"
216.67.230.98 - - [28/Jul/2026:07:06:51 +0200] "GET /superadmin HTTP/1.1" 200 8126 "-" "Mozilla/5.0 (Windows NT 10.0; Win64; x64) AppleWebKit/537.36 (KHTML, like Gecko) Chrome/131.0.0.0 Safari/537.36"
216.67.230.98 - - [28/Jul/2026:07:06:51 +0200] "GET /inloggen HTTP/1.1" 200 8126 "-" "Mozilla/5.0 (X11; Linux x86_64) AppleWebKit/537.36 (KHTML, like Gecko) Chrome/131.0.0.0 Safari/537.36"
216.67.230.98 - - [28/Jul/2026:07:06:51 +0200] "GET /root HTTP/1.1" 200 8126 "-" "Mozilla/5.0 (Windows NT 10.0; Win64; x64) AppleWebKit/537.36 (KHTML, like Gecko) Chrome/131.0.0.0 Safari/537.36"
57.141.0.27 - - [28/Jul/2026:07:06:51 +0200] "GET /sitemap-sub-1346.xml?shopdetail/K17304705733 HTTP/1.1" 200 193448 "-" "Mozilla/5.0 (Macintosh; Intel Mac OS X 10_15_7) AppleWebKit/537.36 (KHTML, like Gecko) Chrome/145.0.0.0 Safari/537.36 (compatible; meta-externalagent/1.1 (+https://developers.facebook.com/docs/sharing/webmasters/crawler))"
74.7.227.138 - - [28/Jul/2026:07:06:51 +0200] "GET /sitemap_index.xml?shopdetail/N17325710721 HTTP/1.1" 200 10864 "https://as-cp.fr/sitemap_index.xml?shopdetail/N17313150780" "Mozilla/5.0 AppleWebKit/537.36 (KHTML, like Gecko; compatible; GPTBot/1.4; +https://openai.com/gptbot)"
216.67.230.98 - - [28/Jul/2026:07:06:51 +0200] "GET /manager HTTP/1.1" 200 8126 "-" "Mozilla/5.0 (Windows NT 10.0; Win64; x64) AppleWebKit/537.36 (KHTML, like Gecko) Chrome/131.0.0.0 Safari/537.36"
216.67.230.98 - - [28/Jul/2026:07:06:51 +0200] "GET /entrar HTTP/1.1" 200 8126 "-" "Mozilla/5.0 (X11; Linux x86_64) AppleWebKit/537.36 (KHTML, like Gecko) Chrome/131.0.0.0 Safari/537.36"
57.141.0.26 - - [28/Jul/2026:07:06:52 +0200] "GET /sitemap-sub-1346.xml?shopdetail/K17335902154 HTTP/1.1" 200 193448 "-" "Mozilla/5.0 (Windows NT 10.0; Win64; x64) AppleWebKit/537.36 (KHTML, like Gecko) Chrome/145.0.0.0 Safari/537.36 (compatible; meta-externalagent/1.1 (+https://developers.facebook.com/docs/sharing/webmasters/crawler))"
57.141.0.53 - - [28/Jul/2026:07:06:52 +0200] "GET /sitemap-sub-1346.xml?shopdetail/K17307093521 HTTP/1.1" 200 193448 "-" "Mozilla/5.0 (X11; Linux x86_64) AppleWebKit/537.36 (KHTML, like Gecko) Chrome/145.0.0.0 Safari/537.36 (compatible; meta-externalagent/1.1 (+https://developers.facebook.com/docs/sharing/webmasters/crawler))"
57.141.0.52 - - [28/Jul/2026:07:06:52 +0200] "GET /sitemap-sub-1346.xml?shopdetail/K17354338384 HTTP/1.1" 200 194534 "-" "Mozilla/5.0 (Macintosh; Intel Mac OS X 10_15_7) AppleWebKit/537.36 (KHTML, like Gecko) Chrome/145.0.0.0 Safari/537.36 (compatible; meta-externalagent/1.1 (+https://developers.facebook.com/docs/sharing/webmasters/crawler))"
216.67.230.98 - - [28/Jul/2026:07:06:52 +0200] "GET /prihlasenie HTTP/1.1" 200 8125 "-" "Mozilla/5.0 (X11; Linux x86_64) AppleWebKit/537.36 (KHTML, like Gecko) Chrome/131.0.0.0 Safari/537.36"
216.67.230.98 - - [28/Jul/2026:07:06:52 +0200] "GET /manager-login HTTP/1.1" 200 8125 "-" "Mozilla/5.0 (Windows NT 10.0; Win64; x64) AppleWebKit/537.36 (KHTML, like Gecko) Chrome/131.0.0.0 Safari/537.36"
216.67.230.98 - - [28/Jul/2026:07:06:52 +0200] "GET /zaloguj HTTP/1.1" 200 8125 "-" "Mozilla/5.0 (X11; Linux x86_64) AppleWebKit/537.36 (KHTML, like Gecko) Chrome/131.0.0.0 Safari/537.36"
216.67.230.98 - - [28/Jul/2026:07:06:52 +0200] "GET /supervisor HTTP/1.1" 200 8125 "-" "Mozilla/5.0 (Windows NT 10.0; Win64; x64) AppleWebKit/537.36 (KHTML, like Gecko) Chrome/131.0.0.0 Safari/537.36"
57.141.0.8 - - [28/Jul/2026:07:06:52 +0200] "GET /sitemap-sub-1346.xml?shopdetail/K17335956689 HTTP/1.1" 200 194534 "-" "Mozilla/5.0 (Windows NT 10.0; Win64; x64) AppleWebKit/537.36 (KHTML, like Gecko) Chrome/145.0.0.0 Safari/537.36 (compatible; meta-externalagent/1.1 (+https://developers.facebook.com/docs/sharing/webmasters/crawler))"
57.141.0.41 - - [28/Jul/2026:07:06:53 +0200] "GET /?v=e8n2u3m2e8r2a1t1o4r46 HTTP/1.1" 200 46119 "-" "Mozilla/5.0 (Macintosh; Intel Mac OS X 10_15_7) AppleWebKit/537.36 (KHTML, like Gecko) Chrome/145.0.0.0 Safari/537.36 (compatible; meta-externalagent/1.1 (+https://developers.facebook.com/docs/sharing/webmasters/crawler))"
57.141.0.41 - - [28/Jul/2026:07:06:52 +0200] "GET /sitemap-sub-1346.xml?shopdetail/K173374793774 HTTP/1.1" 200 193027 "-" "Mozilla/5.0 (X11; Linux x86_64) AppleWebKit/537.36 (KHTML, like Gecko) Chrome/145.0.0.0 Safari/537.36 (compatible; meta-externalagent/1.1 (+https://developers.facebook.com/docs/sharing/webmasters/crawler))"
216.67.230.98 - - [28/Jul/2026:07:06:53 +0200] "GET /dev-login HTTP/1.1" 200 8125 "-" "Mozilla/5.0 (X11; Linux x86_64) AppleWebKit/537.36 (KHTML, like Gecko) Chrome/131.0.0.0 Safari/537.36"
216.67.230.98 - - [28/Jul/2026:07:06:53 +0200] "GET /logon HTTP/1.1" 200 8125 "-" "Mozilla/5.0 (Windows NT 10.0; Win64; x64) AppleWebKit/537.36 (KHTML, like Gecko) Chrome/131.0.0.0 Safari/537.36"
216.67.230.98 - - [28/Jul/2026:07:06:53 +0200] "GET /dev HTTP/1.1" 200 8125 "-" "Mozilla/5.0 (X11; Linux x86_64) AppleWebKit/537.36 (KHTML, like Gecko) Chrome/131.0.0.0 Safari/537.36"
216.67.230.98 - - [28/Jul/2026:07:06:53 +0200] "GET /log-on HTTP/1.1" 200 8125 "-" "Mozilla/5.0 (Windows NT 10.0; Win64; x64) AppleWebKit/537.36 (KHTML, like Gecko) Chrome/131.0.0.0 Safari/537.36"
57.141.0.69 - - [28/Jul/2026:07:06:53 +0200] "GET /sitemap-sub-1346.xml?shopdetail/K173174200610 HTTP/1.1" 200 193257 "-" "Mozilla/5.0 (Macintosh; Intel Mac OS X 10_15_7) AppleWebKit/537.36 (KHTML, like Gecko) Chrome/145.0.0.0 Safari/537.36 (compatible; meta-externalagent/1.1 (+https://developers.facebook.com/docs/sharing/webmasters/crawler))"
216.67.230.98 - - [28/Jul/2026:07:06:54 +0200] "GET /staging-login HTTP/1.1" 200 8125 "-" "Mozilla/5.0 (X11; Linux x86_64) AppleWebKit/537.36 (KHTML, like Gecko) Chrome/131.0.0.0 Safari/537.36"
216.67.230.98 - - [28/Jul/2026:07:06:54 +0200] "GET /logmein HTTP/1.1" 200 8125 "-" "Mozilla/5.0 (Windows NT 10.0; Win64; x64) AppleWebKit/537.36 (KHTML, like Gecko) Chrome/131.0.0.0 Safari/537.36"
216.73.216.137 - - [28/Jul/2026:07:06:54 +0200] "GET /tag/pinel-a-perpignan/feed/?loknya=%2Fvar%2Fwww%2Fvhosts%2Fas-cp.fr%2Fwpascp%2Fwp-includes%2Fblock-supports HTTP/1.1" 200 7838 "-" "Mozilla/5.0 AppleWebKit/537.36 (KHTML, like Gecko; compatible; ClaudeBot/1.0; +claudebot@anthropic.com)"
216.67.230.98 - - [28/Jul/2026:07:06:54 +0200] "GET /test-login HTTP/1.1" 200 8125 "-" "Mozilla/5.0 (X11; Linux x86_64) AppleWebKit/537.36 (KHTML, like Gecko) Chrome/131.0.0.0 Safari/537.36"
74.7.227.138 - - [28/Jul/2026:07:06:54 +0200] "GET /sitemap_index.xml?shopdetail/N17307022702 HTTP/1.1" 200 10843 "https://as-cp.fr/sitemap_index.xml?shopdetail/N17317792167" "Mozilla/5.0 AppleWebKit/537.36 (KHTML, like Gecko; compatible; GPTBot/1.4; +https://openai.com/gptbot)"
216.67.230.98 - - [28/Jul/2026:07:06:54 +0200] "GET /letmein HTTP/1.1" 200 8125 "-" "Mozilla/5.0 (Windows NT 10.0; Win64; x64) AppleWebKit/537.36 (KHTML, like Gecko) Chrome/131.0.0.0 Safari/537.36"
57.141.0.3 - - [28/Jul/2026:07:06:54 +0200] "GET /sitemap-sub-1346.xml?shopdetail/K17336017446 HTTP/1.1" 200 193904 "-" "Mozilla/5.0 (Macintosh; Intel Mac OS X 10_15_7) AppleWebKit/537.36 (KHTML, like Gecko) Chrome/145.0.0.0 Safari/537.36 (compatible; meta-externalagent/1.1 (+https://developers.facebook.com/docs/sharing/webmasters/crawler))"
57.141.0.40 - - [28/Jul/2026:07:06:54 +0200] "GET /sitemap-sub-1346.xml?shopdetail/K17333498709 HTTP/1.1" 200 194469 "-" "Mozilla/5.0 (Windows NT 10.0; Win64; x64) AppleWebKit/537.36 (KHTML, like Gecko) Chrome/145.0.0.0 Safari/537.36 (compatible; meta-externalagent/1.1 (+https://developers.facebook.com/docs/sharing/webmasters/crawler))"
216.67.230.98 - - [28/Jul/2026:07:06:54 +0200] "GET /beta HTTP/1.1" 200 8125 "-" "Mozilla/5.0 (X11; Linux x86_64) AppleWebKit/537.36 (KHTML, like Gecko) Chrome/131.0.0.0 Safari/537.36"
57.141.0.35 - - [28/Jul/2026:07:06:54 +0200] "GET /sitemap-sub-1346.xml?shopdetail/K17333632171 HTTP/1.1" 200 194534 "-" "Mozilla/5.0 (Windows NT 10.0; Win64; x64) AppleWebKit/537.36 (KHTML, like Gecko) Chrome/145.0.0.0 Safari/537.36 (compatible; meta-externalagent/1.1 (+https://developers.facebook.com/docs/sharing/webmasters/crawler))"
57.141.0.10 - - [28/Jul/2026:07:06:54 +0200] "GET /sitemap-sub-1346.xml?shopdetail/K17315578508 HTTP/1.1" 200 194534 "-" "Mozilla/5.0 (Macintosh; Intel Mac OS X 10_15_7) AppleWebKit/537.36 (KHTML, like Gecko) Chrome/145.0.0.0 Safari/537.36 (compatible; meta-externalagent/1.1 (+https://developers.facebook.com/docs/sharing/webmasters/crawler))"
216.67.230.98 - - [28/Jul/2026:07:06:55 +0200] "GET /entry HTTP/1.1" 200 8125 "-" "Mozilla/5.0 (Windows NT 10.0; Win64; x64) AppleWebKit/537.36 (KHTML, like Gecko) Chrome/131.0.0.0 Safari/537.36"
216.67.230.98 - - [28/Jul/2026:07:06:55 +0200] "GET /beta-login HTTP/1.1" 200 8129 "-" "Mozilla/5.0 (X11; Linux x86_64) AppleWebKit/537.36 (KHTML, like Gecko) Chrome/131.0.0.0 Safari/537.36"
216.67.230.98 - - [28/Jul/2026:07:06:55 +0200] "GET /system HTTP/1.1" 200 8129 "-" "Mozilla/5.0 (Windows NT 10.0; Win64; x64) AppleWebKit/537.36 (KHTML, like Gecko) Chrome/131.0.0.0 Safari/537.36"
57.141.0.31 - - [28/Jul/2026:07:06:55 +0200] "GET /sitemap-sub-1346.xml?shopdetail/K17335815040 HTTP/1.1" 200 10858 "-" "Mozilla/5.0 (Macintosh; Intel Mac OS X 10_15_7) AppleWebKit/537.36 (KHTML, like Gecko) Chrome/145.0.0.0 Safari/537.36 (compatible; meta-externalagent/1.1 (+https://developers.facebook.com/docs/sharing/webmasters/crawler))"
216.67.230.98 - - [28/Jul/2026:07:06:55 +0200] "GET /console HTTP/1.1" 200 8129 "-" "Mozilla/5.0 (X11; Linux x86_64) AppleWebKit/537.36 (KHTML, like Gecko) Chrome/131.0.0.0 Safari/537.36"
216.67.230.98 - - [28/Jul/2026:07:06:55 +0200] "GET /sys-admin HTTP/1.1" 200 8129 "-" "Mozilla/5.0 (Windows NT 10.0; Win64; x64) AppleWebKit/537.36 (KHTML, like Gecko) Chrome/131.0.0.0 Safari/537.36"
216.67.230.98 - - [28/Jul/2026:07:06:56 +0200] "GET /console-login HTTP/1.1" 200 8129 "-" "Mozilla/5.0 (X11; Linux x86_64) AppleWebKit/537.36 (KHTML, like Gecko) Chrome/131.0.0.0 Safari/537.36"
216.67.230.98 - - [28/Jul/2026:07:06:56 +0200] "GET /sys-login HTTP/1.1" 200 8129 "-" "Mozilla/5.0 (Windows NT 10.0; Win64; x64) AppleWebKit/537.36 (KHTML, like Gecko) Chrome/131.0.0.0 Safari/537.36"
216.67.230.98 - - [28/Jul/2026:07:06:56 +0200] "GET /login.php HTTP/1.1" 403 5816 "-" "Mozilla/5.0 (X11; Linux x86_64) AppleWebKit/537.36 (KHTML, like Gecko) Chrome/131.0.0.0 Safari/537.36"
57.141.0.6 - - [28/Jul/2026:07:06:56 +0200] "GET /sitemap-sub-1346.xml?shopdetail/K17315554114 HTTP/1.1" 200 193871 "-" "Mozilla/5.0 (Windows NT 10.0; Win64; x64) AppleWebKit/537.36 (KHTML, like Gecko) Chrome/145.0.0.0 Safari/537.36 (compatible; meta-externalagent/1.1 (+https://developers.facebook.com/docs/sharing/webmasters/crawler))"
57.141.0.6 - - [28/Jul/2026:07:06:56 +0200] "GET /sitemap-sub-1346.xml?shopdetail/K17309551228 HTTP/1.1" 200 10902 "-" "Mozilla/5.0 (Macintosh; Intel Mac OS X 10_15_7) AppleWebKit/537.36 (KHTML, like Gecko) Chrome/145.0.0.0 Safari/537.36 (compatible; meta-externalagent/1.1 (+https://developers.facebook.com/docs/sharing/webmasters/crawler))"
216.67.230.98 - - [28/Jul/2026:07:06:56 +0200] "GET /app-login HTTP/1.1" 200 8129 "-" "Mozilla/5.0 (Windows NT 10.0; Win64; x64) AppleWebKit/537.36 (KHTML, like Gecko) Chrome/131.0.0.0 Safari/537.36"
216.67.230.98 - - [28/Jul/2026:07:06:56 +0200] "GET /admin.php HTTP/1.1" 403 5816 "-" "Mozilla/5.0 (X11; Linux x86_64) AppleWebKit/537.36 (KHTML, like Gecko) Chrome/131.0.0.0 Safari/537.36"
216.67.230.98 - - [28/Jul/2026:07:06:57 +0200] "GET /signin.php HTTP/1.1" 403 5816 "-" "Mozilla/5.0 (X11; Linux x86_64) AppleWebKit/537.36 (KHTML, like Gecko) Chrome/131.0.0.0 Safari/537.36"
216.73.216.137 - - [28/Jul/2026:07:06:57 +0200] "GET /?lokasie=%2Fvar%2Fwww%2Fvhosts%2Fas-cp.fr%2Fwpascp%2Fwp-includes%2Fjs%2Fdist%2F%2Fstyle-engine.min.js&loknya=%2Fvar%2Fwww%2Fvhosts%2Fas-cp.fr%2Fwpascp%2Fwp-includes%2Fjs%2Fdist%2F HTTP/1.1" 200 8800 "-" "Mozilla/5.0 AppleWebKit/537.36 (KHTML, like Gecko; compatible; ClaudeBot/1.0; +claudebot@anthropic.com)"
216.67.230.98 - - [28/Jul/2026:07:06:57 +0200] "GET /admin2 HTTP/1.1" 200 8129 "-" "Mozilla/5.0 (Windows NT 10.0; Win64; x64) AppleWebKit/537.36 (KHTML, like Gecko) Chrome/131.0.0.0 Safari/537.36"
57.141.0.20 - - [28/Jul/2026:07:06:57 +0200] "GET /sitemap-sub-1346.xml?shopdetail/K17302789039 HTTP/1.1" 200 193448 "-" "Mozilla/5.0 (Windows NT 10.0; Win64; x64) AppleWebKit/537.36 (KHTML, like Gecko) Chrome/145.0.0.0 Safari/537.36 (compatible; meta-externalagent/1.1 (+https://developers.facebook.com/docs/sharing/webmasters/crawler))"
57.141.0.53 - - [28/Jul/2026:07:06:57 +0200] "GET /sitemap-sub-1346.xml?shopdetail/K173073619175 HTTP/1.1" 200 194534 "-" "Mozilla/5.0 (Windows NT 10.0; Win64; x64) AppleWebKit/537.36 (KHTML, like Gecko) Chrome/145.0.0.0 Safari/537.36 (compatible; meta-externalagent/1.1 (+https://developers.facebook.com/docs/sharing/webmasters/crawler))"
216.67.230.98 - - [28/Jul/2026:07:06:57 +0200] "GET /admin1 HTTP/1.1" 200 8129 "-" "Mozilla/5.0 (Windows NT 10.0; Win64; x64) AppleWebKit/537.36 (KHTML, like Gecko) Chrome/131.0.0.0 Safari/537.36"
57.141.0.47 - - [28/Jul/2026:07:06:57 +0200] "GET /sitemap-sub-1346.xml?shopdetail/K17312946787 HTTP/1.1" 200 193868 "-" "Mozilla/5.0 (Macintosh; Intel Mac OS X 10_15_7) AppleWebKit/537.36 (KHTML, like Gecko) Chrome/145.0.0.0 Safari/537.36 (compatible; meta-externalagent/1.1 (+https://developers.facebook.com/docs/sharing/webmasters/crawler))"
74.7.227.138 - - [28/Jul/2026:07:06:57 +0200] "GET /sitemap_index.xml?shopdetail/N17336046307 HTTP/1.1" 200 10878 "https://as-cp.fr/sitemap_index.xml?shopdetail/N17317792167" "Mozilla/5.0 AppleWebKit/537.36 (KHTML, like Gecko; compatible; GPTBot/1.4; +https://openai.com/gptbot)"
57.141.0.21 - - [28/Jul/2026:07:06:57 +0200] "GET /sitemap-sub-1346.xml?shopdetail/K1731599613 HTTP/1.1" 200 10898 "-" "Mozilla/5.0 (Windows NT 10.0; Win64; x64) AppleWebKit/537.36 (KHTML, like Gecko) Chrome/145.0.0.0 Safari/537.36 (compatible; meta-externalagent/1.1 (+https://developers.facebook.com/docs/sharing/webmasters/crawler))"
216.67.230.98 - - [28/Jul/2026:07:06:57 +0200] "GET /admin3 HTTP/1.1" 200 8129 "-" "Mozilla/5.0 (Windows NT 10.0; Win64; x64) AppleWebKit/537.36 (KHTML, like Gecko) Chrome/131.0.0.0 Safari/537.36"
216.67.230.98 - - [28/Jul/2026:07:06:58 +0200] "GET /loginx HTTP/1.1" 200 8129 "-" "Mozilla/5.0 (Windows NT 10.0; Win64; x64) AppleWebKit/537.36 (KHTML, like Gecko) Chrome/131.0.0.0 Safari/537.36"
57.141.0.49 - - [28/Jul/2026:07:06:58 +0200] "GET /sitemap-sub-1346.xml?shopdetail/K173073478679 HTTP/1.1" 200 194534 "-" "Mozilla/5.0 (Windows NT 10.0; Win64; x64) AppleWebKit/537.36 (KHTML, like Gecko) Chrome/145.0.0.0 Safari/537.36 (compatible; meta-externalagent/1.1 (+https://developers.facebook.com/docs/sharing/webmasters/crawler))"
57.141.0.31 - - [28/Jul/2026:07:06:58 +0200] "GET /sitemap-sub-1346.xml?shopdetail/K17333919523 HTTP/1.1" 200 194534 "-" "Mozilla/5.0 (Windows NT 10.0; Win64; x64) AppleWebKit/537.36 (KHTML, like Gecko) Chrome/145.0.0.0 Safari/537.36 (compatible; meta-externalagent/1.1 (+https://developers.facebook.com/docs/sharing/webmasters/crawler))"
216.67.230.98 - - [28/Jul/2026:07:06:58 +0200] "GET /login2 HTTP/1.1" 200 8126 "-" "Mozilla/5.0 (Windows NT 10.0; Win64; x64) AppleWebKit/537.36 (KHTML, like Gecko) Chrome/131.0.0.0 Safari/537.36"
57.141.0.10 - - [28/Jul/2026:07:06:58 +0200] "GET /sitemap-sub-1346.xml?shopdetail/K173173972745 HTTP/1.1" 200 10871 "-" "Mozilla/5.0 (Windows NT 10.0; Win64; x64) AppleWebKit/537.36 (KHTML, like Gecko) Chrome/145.0.0.0 Safari/537.36 (compatible; meta-externalagent/1.1 (+https://developers.facebook.com/docs/sharing/webmasters/crawler))"
57.141.0.31 - - [28/Jul/2026:07:06:58 +0200] "GET /sitemap-sub-1346.xml?shopdetail/K173176569200 HTTP/1.1" 200 194534 "-" "Mozilla/5.0 (X11; Linux x86_64) AppleWebKit/537.36 (KHTML, like Gecko) Chrome/145.0.0.0 Safari/537.36 (compatible; meta-externalagent/1.1 (+https://developers.facebook.com/docs/sharing/webmasters/crawler))"
216.67.230.98 - - [28/Jul/2026:07:06:59 +0200] "GET /login1 HTTP/1.1" 200 8126 "-" "Mozilla/5.0 (Windows NT 10.0; Win64; x64) AppleWebKit/537.36 (KHTML, like Gecko) Chrome/131.0.0.0 Safari/537.36"
57.141.0.40 - - [28/Jul/2026:07:06:58 +0200] "GET /sitemap-sub-1346.xml?shopdetail/K173178645174 HTTP/1.1" 200 193448 "-" "Mozilla/5.0 (Macintosh; Intel Mac OS X 10_15_7) AppleWebKit/537.36 (KHTML, like Gecko) Chrome/145.0.0.0 Safari/537.36 (compatible; meta-externalagent/1.1 (+https://developers.facebook.com/docs/sharing/webmasters/crawler))"
57.141.0.42 - - [28/Jul/2026:07:06:59 +0200] "GET /sitemap-sub-1346.xml?shopdetail/K17333895989 HTTP/1.1" 200 194534 "-" "Mozilla/5.0 (Macintosh; Intel Mac OS X 10_15_7) AppleWebKit/537.36 (KHTML, like Gecko) Chrome/145.0.0.0 Safari/537.36 (compatible; meta-externalagent/1.1 (+https://developers.facebook.com/docs/sharing/webmasters/crawler))"
216.67.230.98 - - [28/Jul/2026:07:06:59 +0200] "GET /xlogin HTTP/1.1" 200 8126 "-" "Mozilla/5.0 (Windows NT 10.0; Win64; x64) AppleWebKit/537.36 (KHTML, like Gecko) Chrome/131.0.0.0 Safari/537.36"
216.67.230.98 - - [28/Jul/2026:07:06:59 +0200] "GET /masuk-admin HTTP/1.1" 200 8126 "-" "Mozilla/5.0 (Windows NT 10.0; Win64; x64) AppleWebKit/537.36 (KHTML, like Gecko) Chrome/131.0.0.0 Safari/537.36"
216.73.216.137 - - [28/Jul/2026:07:07:00 +0200] "GET /?lokasie=%2Fvar%2Fwww%2Fvhosts%2Fas-cp.fr%2Fwpascp%2Fwp-includes%2Fjs%2Fdist%2F%2Fescape-html.min.js&loknya=%2Fvar%2Fwww%2Fvhosts%2Fas-cp.fr%2Fwpascp%2Fwp-includes%2Fjs%2Fdist%2F HTTP/1.1" 200 7165 "-" "Mozilla/5.0 AppleWebKit/537.36 (KHTML, like Gecko; compatible; ClaudeBot/1.0; +claudebot@anthropic.com)"
57.141.0.64 - - [28/Jul/2026:07:07:00 +0200] "GET /sitemap-sub-1346.xml?shopdetail/K17338486158 HTTP/1.1" 200 193156 "-" "Mozilla/5.0 (Macintosh; Intel Mac OS X 10_15_7) AppleWebKit/537.36 (KHTML, like Gecko) Chrome/145.0.0.0 Safari/537.36 (compatible; meta-externalagent/1.1 (+https://developers.facebook.com/docs/sharing/webmasters/crawler))"
57.141.0.65 - - [28/Jul/2026:07:07:00 +0200] "GET /sitemap-sub-1346.xml?shopdetail/K173073873514 HTTP/1.1" 200 193448 "-" "Mozilla/5.0 (Windows NT 10.0; Win64; x64) AppleWebKit/537.36 (KHTML, like Gecko) Chrome/145.0.0.0 Safari/537.36 (compatible; meta-externalagent/1.1 (+https://developers.facebook.com/docs/sharing/webmasters/crawler))"
216.67.230.98 - - [28/Jul/2026:07:07:00 +0200] "GET /halaman-login HTTP/1.1" 200 8126 "-" "Mozilla/5.0 (Windows NT 10.0; Win64; x64) AppleWebKit/537.36 (KHTML, like Gecko) Chrome/131.0.0.0 Safari/537.36"
57.141.0.19 - - [28/Jul/2026:07:06:55 +0200] "GET /sitemap-sub-1346.xml?shopdetail/K17354090740 HTTP/1.1" 200 193448 "-" "Mozilla/5.0 (Windows NT 10.0; Win64; x64) AppleWebKit/537.36 (KHTML, like Gecko) Chrome/145.0.0.0 Safari/537.36 (compatible; meta-externalagent/1.1 (+https://developers.facebook.com/docs/sharing/webmasters/crawler))"
57.141.0.6 - - [28/Jul/2026:07:07:00 +0200] "GET /sitemap-sub-1346.xml?shopdetail/K173377118315 HTTP/1.1" 200 194534 "-" "Mozilla/5.0 (Windows NT 10.0; Win64; x64) AppleWebKit/537.36 (KHTML, like Gecko) Chrome/145.0.0.0 Safari/537.36 (compatible; meta-externalagent/1.1 (+https://developers.facebook.com/docs/sharing/webmasters/crawler))"
57.141.0.27 - - [28/Jul/2026:07:07:00 +0200] "GET /sitemap-sub-1346.xml?shopdetail/K17302777496 HTTP/1.1" 200 193396 "-" "Mozilla/5.0 (Windows NT 10.0; Win64; x64) AppleWebKit/537.36 (KHTML, like Gecko) Chrome/145.0.0.0 Safari/537.36 (compatible; meta-externalagent/1.1 (+https://developers.facebook.com/docs/sharing/webmasters/crawler))"
74.7.227.138 - - [28/Jul/2026:07:07:00 +0200] "GET /sitemap_index.xml?shopdetail/N17302380301 HTTP/1.1" 200 10864 "https://as-cp.fr/sitemap_index.xml?shopdetail/N1731968949" "Mozilla/5.0 AppleWebKit/537.36 (KHTML, like Gecko; compatible; GPTBot/1.4; +https://openai.com/gptbot)"
216.67.230.98 - - [28/Jul/2026:07:07:01 +0200] "GET /login-admin HTTP/1.1" 200 8126 "-" "Mozilla/5.0 (Windows NT 10.0; Win64; x64) AppleWebKit/537.36 (KHTML, like Gecko) Chrome/131.0.0.0 Safari/537.36"
57.141.0.41 - - [28/Jul/2026:07:07:00 +0200] "GET /sitemap-sub-1346.xml?shopdetail/K17335945153 HTTP/1.1" 200 194534 "-" "Mozilla/5.0 (Macintosh; Intel Mac OS X 10_15_7) AppleWebKit/537.36 (KHTML, like Gecko) Chrome/145.0.0.0 Safari/537.36 (compatible; meta-externalagent/1.1 (+https://developers.facebook.com/docs/sharing/webmasters/crawler))"
216.67.230.98 - - [28/Jul/2026:07:07:01 +0200] "GET /connexion HTTP/1.1" 200 8126 "-" "Mozilla/5.0 (Windows NT 10.0; Win64; x64) AppleWebKit/537.36 (KHTML, like Gecko) Chrome/131.0.0.0 Safari/537.36"
57.141.0.41 - - [28/Jul/2026:07:07:01 +0200] "GET /sitemap-sub-1346.xml?shopdetail/K173377250019 HTTP/1.1" 200 193448 "-" "Mozilla/5.0 (X11; Linux x86_64) AppleWebKit/537.36 (KHTML, like Gecko) Chrome/145.0.0.0 Safari/537.36 (compatible; meta-externalagent/1.1 (+https://developers.facebook.com/docs/sharing/webmasters/crawler))"
216.67.230.98 - - [28/Jul/2026:07:07:01 +0200] "GET /iniciar-sesion HTTP/1.1" 200 8129 "-" "Mozilla/5.0 (Windows NT 10.0; Win64; x64) AppleWebKit/537.36 (KHTML, like Gecko) Chrome/131.0.0.0 Safari/537.36"
57.141.0.13 - - [28/Jul/2026:07:07:01 +0200] "GET /sitemap-sub-1346.xml?shopdetail/K17346355739 HTTP/1.1" 200 194534 "-" "Mozilla/5.0 (Windows NT 10.0; Win64; x64) AppleWebKit/537.36 (KHTML, like Gecko) Chrome/145.0.0.0 Safari/537.36 (compatible; meta-externalagent/1.1 (+https://developers.facebook.com/docs/sharing/webmasters/crawler))"
216.67.230.98 - - [28/Jul/2026:07:07:02 +0200] "GET /anmelden HTTP/1.1" 200 8129 "-" "Mozilla/5.0 (Windows NT 10.0; Win64; x64) AppleWebKit/537.36 (KHTML, like Gecko) Chrome/131.0.0.0 Safari/537.36"
216.67.230.98 - - [28/Jul/2026:07:07:02 +0200] "HEAD /wp-login.php HTTP/1.1" 403 5021 "http://www.as-cp.fr/wp-login.php" "Mozilla/5.0 (X11; Linux x86_64) AppleWebKit/537.36 (KHTML, like Gecko) Chrome/131.0.0.0 Safari/537.36"
216.67.230.98 - - [28/Jul/2026:07:07:02 +0200] "GET /accesso HTTP/1.1" 200 8129 "-" "Mozilla/5.0 (Windows NT 10.0; Win64; x64) AppleWebKit/537.36 (KHTML, like Gecko) Chrome/131.0.0.0 Safari/537.36"
216.67.230.98 - - [28/Jul/2026:07:07:02 +0200] "GET /giris HTTP/1.1" 200 8129 "-" "Mozilla/5.0 (Windows NT 10.0; Win64; x64) AppleWebKit/537.36 (KHTML, like Gecko) Chrome/131.0.0.0 Safari/537.36"
57.141.0.18 - - [28/Jul/2026:07:07:02 +0200] "GET /sitemap-sub-1346.xml?shopdetail/K17333489277 HTTP/1.1" 200 10817 "-" "Mozilla/5.0 (Windows NT 10.0; Win64; x64) AppleWebKit/537.36 (KHTML, like Gecko) Chrome/145.0.0.0 Safari/537.36 Edg/145.0.0.0 (compatible; meta-externalagent/1.1 (+https://developers.facebook.com/docs/sharing/webmasters/crawler))"
216.73.216.137 - - [28/Jul/2026:07:07:03 +0200] "GET /index.php?lokasie=%2Fvar%2Fwww%2Fvhosts%2Fas-cp.fr%2Fwpascp%2Fwp-content%2Flanguages%2F%2Fadmin-fr_FR.po&loknya=%2Fvar%2Fwww%2Fvhosts%2Fas-cp.fr%2Fwpascp%2Fwp-content%2Flanguages%2F HTTP/1.1" 200 207475 "-" "Mozilla/5.0 AppleWebKit/537.36 (KHTML, like Gecko; compatible; ClaudeBot/1.0; +claudebot@anthropic.com)"
57.141.0.24 - - [28/Jul/2026:07:07:03 +0200] "GET /sitemap-sub-1346.xml?shopdetail/K17321037811 HTTP/1.1" 200 193448 "-" "Mozilla/5.0 (Windows NT 10.0; Win64; x64) AppleWebKit/537.36 (KHTML, like Gecko) Chrome/145.0.0.0 Safari/537.36 (compatible; meta-externalagent/1.1 (+https://developers.facebook.com/docs/sharing/webmasters/crawler))"
216.67.230.98 - - [28/Jul/2026:07:07:03 +0200] "GET /inloggen HTTP/1.1" 200 8129 "-" "Mozilla/5.0 (Windows NT 10.0; Win64; x64) AppleWebKit/537.36 (KHTML, like Gecko) Chrome/131.0.0.0 Safari/537.36"
57.141.0.55 - - [28/Jul/2026:07:07:03 +0200] "GET /sitemap-sub-1346.xml?shopdetail/K1730224588 HTTP/1.1" 200 193624 "-" "Mozilla/5.0 (Windows NT 10.0; Win64; x64) AppleWebKit/537.36 (KHTML, like Gecko) Chrome/145.0.0.0 Safari/537.36 (compatible; meta-externalagent/1.1 (+https://developers.facebook.com/docs/sharing/webmasters/crawler))"
216.67.230.98 - - [28/Jul/2026:07:07:03 +0200] "GET /entrar HTTP/1.1" 200 8129 "-" "Mozilla/5.0 (Windows NT 10.0; Win64; x64) AppleWebKit/537.36 (KHTML, like Gecko) Chrome/131.0.0.0 Safari/537.36"
74.7.227.138 - - [28/Jul/2026:07:07:03 +0200] "GET /sitemap_index.xml?shopdetail/N17333913323 HTTP/1.1" 200 10816 "https://as-cp.fr/sitemap_index.xml?shopdetail/N17312833478" "Mozilla/5.0 AppleWebKit/537.36 (KHTML, like Gecko; compatible; GPTBot/1.4; +https://openai.com/gptbot)"
57.141.0.3 - - [28/Jul/2026:07:07:03 +0200] "GET /sitemap-sub-1346.xml?shopdetail/K17333725096 HTTP/1.1" 200 194534 "-" "Mozilla/5.0 (Windows NT 10.0; Win64; x64) AppleWebKit/537.36 (KHTML, like Gecko) Chrome/145.0.0.0 Safari/537.36 (compatible; meta-externalagent/1.1 (+https://developers.facebook.com/docs/sharing/webmasters/crawler))"
57.141.0.63 - - [28/Jul/2026:07:07:04 +0200] "GET /sitemap-sub-1346.xml?shopdetail/K17323347888 HTTP/1.1" 200 10791 "-" "Mozilla/5.0 (Macintosh; Intel Mac OS X 10_15_7) AppleWebKit/537.36 (KHTML, like Gecko) Chrome/145.0.0.0 Safari/537.36 (compatible; meta-externalagent/1.1 (+https://developers.facebook.com/docs/sharing/webmasters/crawler))"
216.67.230.98 - - [28/Jul/2026:07:07:04 +0200] "GET /prihlasenie HTTP/1.1" 200 8129 "-" "Mozilla/5.0 (Windows NT 10.0; Win64; x64) AppleWebKit/537.36 (KHTML, like Gecko) Chrome/131.0.0.0 Safari/537.36"
57.141.0.1 - - [28/Jul/2026:07:07:04 +0200] "GET /sitemap-sub-1346.xml?shopdetail/K17304738952 HTTP/1.1" 200 193277 "-" "Mozilla/5.0 (Windows NT 10.0; Win64; x64) AppleWebKit/537.36 (KHTML, like Gecko) Chrome/145.0.0.0 Safari/537.36 (compatible; meta-externalagent/1.1 (+https://developers.facebook.com/docs/sharing/webmasters/crawler))"
57.141.0.48 - - [28/Jul/2026:07:07:04 +0200] "GET /sitemap-sub-1346.xml?shopdetail/K17306958099 HTTP/1.1" 200 194429 "-" "Mozilla/5.0 (Windows NT 10.0; Win64; x64) AppleWebKit/537.36 (KHTML, like Gecko) Chrome/145.0.0.0 Safari/537.36 (compatible; meta-externalagent/1.1 (+https://developers.facebook.com/docs/sharing/webmasters/crawler))"
216.67.230.98 - - [28/Jul/2026:07:07:04 +0200] "GET /zaloguj HTTP/1.1" 200 8129 "-" "Mozilla/5.0 (Windows NT 10.0; Win64; x64) AppleWebKit/537.36 (KHTML, like Gecko) Chrome/131.0.0.0 Safari/537.36"
57.141.0.9 - - [28/Jul/2026:07:07:04 +0200] "GET /sitemap-sub-1346.xml?shopdetail/K173073617284 HTTP/1.1" 200 193869 "-" "Mozilla/5.0 (Windows NT 10.0; Win64; x64) AppleWebKit/537.36 (KHTML, like Gecko) Chrome/145.0.0.0 Safari/537.36 (compatible; meta-externalagent/1.1 (+https://developers.facebook.com/docs/sharing/webmasters/crawler))"
57.141.0.5 - - [28/Jul/2026:07:07:04 +0200] "GET /sitemap-sub-1346.xml?shopdetail/K173367815673 HTTP/1.1" 200 194534 "-" "Mozilla/5.0 (Macintosh; Intel Mac OS X 10_15_7) AppleWebKit/537.36 (KHTML, like Gecko) Chrome/145.0.0.0 Safari/537.36 (compatible; meta-externalagent/1.1 (+https://developers.facebook.com/docs/sharing/webmasters/crawler))"
216.67.230.98 - - [28/Jul/2026:07:07:04 +0200] "GET /dev-login HTTP/1.1" 200 8125 "-" "Mozilla/5.0 (Windows NT 10.0; Win64; x64) AppleWebKit/537.36 (KHTML, like Gecko) Chrome/131.0.0.0 Safari/537.36"
57.141.0.42 - - [28/Jul/2026:07:07:05 +0200] "GET /sitemap-sub-1346.xml?shopdetail/K17313014536 HTTP/1.1" 200 193448 "-" "Mozilla/5.0 (Macintosh; Intel Mac OS X 10_15_7) AppleWebKit/537.36 (KHTML, like Gecko) Chrome/145.0.0.0 Safari/537.36 (compatible; meta-externalagent/1.1 (+https://developers.facebook.com/docs/sharing/webmasters/crawler))"
