57.141.0.4 - - [28/Jul/2026:07:06:18 +0200] "GET /sitemap-sub-1346.xml?shopdetail/K17315431456 HTTP/1.1" 200 10851 "-" "Mozilla/5.0 (X11; Linux x86_64) AppleWebKit/537.36 (KHTML, like Gecko) Chrome/145.0.0.0 Safari/537.36 (compatible; meta-externalagent/1.1 (+https://developers.facebook.com/docs/sharing/webmasters/crawler))"
216.67.230.98 - - [28/Jul/2026:07:06:18 +0200] "GET /admin HTTP/1.1" 200 8124 "-" "Mozilla/5.0 (Windows NT 10.0; Win64; x64) AppleWebKit/537.36 (KHTML, like Gecko) Chrome/131.0.0.0 Safari/537.36"
57.141.0.56 - - [28/Jul/2026:07:06:18 +0200] "GET /sitemap-sub-1346.xml?shopdetail/K17317636951 HTTP/1.1" 200 193739 "-" "Mozilla/5.0 (Windows NT 10.0; Win64; x64) AppleWebKit/537.36 (KHTML, like Gecko) Chrome/145.0.0.0 Safari/537.36 (compatible; meta-externalagent/1.1 (+https://developers.facebook.com/docs/sharing/webmasters/crawler))"
216.73.216.137 - - [28/Jul/2026:07:06:18 +0200] "GET /%22,t+=%22%3C%22+e.getAttribute(%22src%22?loknya=%2Fvar%2Fwww%2Fvhosts%2Fas-cp.fr%2Fwpascp%2Fwp-content%2Fuploads%2F2022 HTTP/1.1" 200 7400 "-" "Mozilla/5.0 AppleWebKit/537.36 (KHTML, like Gecko; compatible; ClaudeBot/1.0; +claudebot@anthropic.com)"
57.141.0.1 - - [28/Jul/2026:07:06:18 +0200] "GET /sitemap-sub-1346.xml?shopdetail/K17321118321 HTTP/1.1" 200 193448 "-" "Mozilla/5.0 (Windows NT 10.0; Win64; x64) AppleWebKit/537.36 (KHTML, like Gecko) Chrome/145.0.0.0 Safari/537.36 (compatible; meta-externalagent/1.1 (+https://developers.facebook.com/docs/sharing/webmasters/crawler))"
216.67.230.98 - - [28/Jul/2026:07:06:18 +0200] "GET /log-in HTTP/1.1" 200 8124 "-" "Mozilla/5.0 (X11; Linux x86_64) AppleWebKit/537.36 (KHTML, like Gecko) Chrome/131.0.0.0 Safari/537.36"
216.67.230.98 - - [28/Jul/2026:07:06:18 +0200] "GET /signin HTTP/1.1" 200 8124 "-" "Mozilla/5.0 (Windows NT 10.0; Win64; x64) AppleWebKit/537.36 (KHTML, like Gecko) Chrome/131.0.0.0 Safari/537.36"
216.67.230.98 - - [28/Jul/2026:07:06:18 +0200] "GET /login-page HTTP/1.1" 200 8124 "-" "Mozilla/5.0 (X11; Linux x86_64) AppleWebKit/537.36 (KHTML, like Gecko) Chrome/131.0.0.0 Safari/537.36"
216.67.230.98 - - [28/Jul/2026:07:06:19 +0200] "GET /sign-in HTTP/1.1" 200 8124 "-" "Mozilla/5.0 (Windows NT 10.0; Win64; x64) AppleWebKit/537.36 (KHTML, like Gecko) Chrome/131.0.0.0 Safari/537.36"
57.141.0.21 - - [28/Jul/2026:07:06:19 +0200] "GET /sitemap-sub-1346.xml?shopdetail/K17315100078 HTTP/1.1" 200 194534 "-" "Mozilla/5.0 (Windows NT 10.0; Win64; x64) AppleWebKit/537.36 (KHTML, like Gecko) Chrome/145.0.0.0 Safari/537.36 (compatible; meta-externalagent/1.1 (+https://developers.facebook.com/docs/sharing/webmasters/crawler))"
216.67.230.98 - - [28/Jul/2026:07:06:19 +0200] "GET /wp-login HTTP/1.1" 200 8124 "-" "Mozilla/5.0 (X11; Linux x86_64) AppleWebKit/537.36 (KHTML, like Gecko) Chrome/131.0.0.0 Safari/537.36"
57.141.0.33 - - [28/Jul/2026:07:06:19 +0200] "GET /sitemap-sub-1346.xml?shopdetail/K17344017027 HTTP/1.1" 200 194534 "-" "Mozilla/5.0 (Windows NT 10.0; Win64; x64) AppleWebKit/537.36 (KHTML, like Gecko) Chrome/145.0.0.0 Safari/537.36 (compatible; meta-externalagent/1.1 (+https://developers.facebook.com/docs/sharing/webmasters/crawler))"
216.67.230.98 - - [28/Jul/2026:07:06:19 +0200] "GET /my-login HTTP/1.1" 200 8124 "-" "Mozilla/5.0 (Windows NT 10.0; Win64; x64) AppleWebKit/537.36 (KHTML, like Gecko) Chrome/131.0.0.0 Safari/537.36"
216.67.230.98 - - [28/Jul/2026:07:06:19 +0200] "GET /admin-login HTTP/1.1" 200 8124 "-" "Mozilla/5.0 (X11; Linux x86_64) AppleWebKit/537.36 (KHTML, like Gecko) Chrome/131.0.0.0 Safari/537.36"
216.67.230.98 - - [28/Jul/2026:07:06:19 +0200] "GET /secure-login HTTP/1.1" 200 8124 "-" "Mozilla/5.0 (Windows NT 10.0; Win64; x64) AppleWebKit/537.36 (KHTML, like Gecko) Chrome/131.0.0.0 Safari/537.36"
57.141.0.1 - - [28/Jul/2026:07:06:19 +0200] "GET /sitemap-sub-1346.xml?shopdetail/K173075934719 HTTP/1.1" 200 193583 "-" "Mozilla/5.0 (Macintosh; Intel Mac OS X 10_15_7) AppleWebKit/537.36 (KHTML, like Gecko) Chrome/145.0.0.0 Safari/537.36 (compatible; meta-externalagent/1.1 (+https://developers.facebook.com/docs/sharing/webmasters/crawler))"
57.141.0.9 - - [28/Jul/2026:07:06:19 +0200] "GET /sitemap-sub-1346.xml?shopdetail/K17323401445 HTTP/1.1" 200 193448 "-" "Mozilla/5.0 (X11; Linux x86_64) AppleWebKit/537.36 (KHTML, like Gecko) Chrome/145.0.0.0 Safari/537.36 (compatible; meta-externalagent/1.1 (+https://developers.facebook.com/docs/sharing/webmasters/crawler))"
216.67.230.98 - - [28/Jul/2026:07:06:20 +0200] "GET /admins HTTP/1.1" 200 8124 "-" "Mozilla/5.0 (X11; Linux x86_64) AppleWebKit/537.36 (KHTML, like Gecko) Chrome/131.0.0.0 Safari/537.36"
57.141.0.36 - - [28/Jul/2026:07:06:20 +0200] "GET /sitemap-sub-1346.xml?shopdetail/K17356820317 HTTP/1.1" 200 193448 "-" "Mozilla/5.0 (Windows NT 10.0; Win64; x64) AppleWebKit/537.36 (KHTML, like Gecko) Chrome/145.0.0.0 Safari/537.36 (compatible; meta-externalagent/1.1 (+https://developers.facebook.com/docs/sharing/webmasters/crawler))"
74.7.227.138 - - [28/Jul/2026:07:06:20 +0200] "GET /sitemap_index.xml?shopdetail/N17317792167 HTTP/1.1" 200 10865 "https://as-cp.fr/sitemap_index.xml?shopdetail/N17309331095" "Mozilla/5.0 AppleWebKit/537.36 (KHTML, like Gecko; compatible; GPTBot/1.4; +https://openai.com/gptbot)"
216.67.230.98 - - [28/Jul/2026:07:06:20 +0200] "GET /hidden-login HTTP/1.1" 200 8124 "-" "Mozilla/5.0 (Windows NT 10.0; Win64; x64) AppleWebKit/537.36 (KHTML, like Gecko) Chrome/131.0.0.0 Safari/537.36"
216.67.230.98 - - [28/Jul/2026:07:06:20 +0200] "GET /administrator HTTP/1.1" 200 8126 "-" "Mozilla/5.0 (X11; Linux x86_64) AppleWebKit/537.36 (KHTML, like Gecko) Chrome/131.0.0.0 Safari/537.36"
216.67.230.98 - - [28/Jul/2026:07:06:20 +0200] "GET /secret-login HTTP/1.1" 200 8126 "-" "Mozilla/5.0 (Windows NT 10.0; Win64; x64) AppleWebKit/537.36 (KHTML, like Gecko) Chrome/131.0.0.0 Safari/537.36"
57.141.0.29 - - [28/Jul/2026:07:06:20 +0200] "GET /sitemap-sub-1346.xml?shopdetail/K173374859190 HTTP/1.1" 200 194375 "-" "Mozilla/5.0 (Windows NT 10.0; Win64; x64) AppleWebKit/537.36 (KHTML, like Gecko) Chrome/145.0.0.0 Safari/537.36 (compatible; meta-externalagent/1.1 (+https://developers.facebook.com/docs/sharing/webmasters/crawler))"
216.67.230.98 - - [28/Jul/2026:07:06:20 +0200] "GET /webmaster HTTP/1.1" 200 8126 "-" "Mozilla/5.0 (X11; Linux x86_64) AppleWebKit/537.36 (KHTML, like Gecko) Chrome/131.0.0.0 Safari/537.36"
216.67.230.98 - - [28/Jul/2026:07:06:21 +0200] "GET /wp-hidden HTTP/1.1" 200 8126 "-" "Mozilla/5.0 (Windows NT 10.0; Win64; x64) AppleWebKit/537.36 (KHTML, like Gecko) Chrome/131.0.0.0 Safari/537.36"
57.141.0.13 - - [28/Jul/2026:07:06:21 +0200] "GET /sitemap-sub-1346.xml?shopdetail/K17315375749 HTTP/1.1" 200 193448 "-" "Mozilla/5.0 (Windows NT 10.0; Win64; x64) AppleWebKit/537.36 (KHTML, like Gecko) Chrome/145.0.0.0 Safari/537.36 (compatible; meta-externalagent/1.1 (+https://developers.facebook.com/docs/sharing/webmasters/crawler))"
216.67.230.98 - - [28/Jul/2026:07:06:21 +0200] "GET /backend HTTP/1.1" 200 8126 "-" "Mozilla/5.0 (X11; Linux x86_64) AppleWebKit/537.36 (KHTML, like Gecko) Chrome/131.0.0.0 Safari/537.36"
57.141.0.15 - - [28/Jul/2026:07:06:21 +0200] "GET /sitemap-sub-1346.xml?shopdetail/K173078116170 HTTP/1.1" 200 193103 "-" "Mozilla/5.0 (Windows NT 10.0; Win64; x64) AppleWebKit/537.36 (KHTML, like Gecko) Chrome/145.0.0.0 Safari/537.36 (compatible; meta-externalagent/1.1 (+https://developers.facebook.com/docs/sharing/webmasters/crawler))"
216.67.230.98 - - [28/Jul/2026:07:06:21 +0200] "GET /dashboard HTTP/1.1" 200 8126 "-" "Mozilla/5.0 (Windows NT 10.0; Win64; x64) AppleWebKit/537.36 (KHTML, like Gecko) Chrome/131.0.0.0 Safari/537.36"
216.73.216.137 - - [28/Jul/2026:07:06:21 +0200] "GET /index.php?lokasie=%2Fvar%2Fwww%2Fvhosts%2Fas-cp.fr%2Fwpascp%2Fwp-includes%2Fblocks%2Fdetails%2Feditor-rtl.min.css&loknya=%2Fvar%2Fwww%2Fvhosts%2Fas-cp.fr%2Fwpascp%2Fwp-includes%2Fblocks%2Fdetails HTTP/1.1" 200 6675 "-" "Mozilla/5.0 AppleWebKit/537.36 (KHTML, like Gecko; compatible; ClaudeBot/1.0; +claudebot@anthropic.com)"
57.141.0.29 - - [28/Jul/2026:07:06:21 +0200] "GET /sitemap-sub-1346.xml?shopdetail/K17302433403 HTTP/1.1" 200 10830 "-" "Mozilla/5.0 (Macintosh; Intel Mac OS X 10_15_7) AppleWebKit/537.36 (KHTML, like Gecko) Chrome/145.0.0.0 Safari/537.36 (compatible; meta-externalagent/1.1 (+https://developers.facebook.com/docs/sharing/webmasters/crawler))"
216.67.230.98 - - [28/Jul/2026:07:06:21 +0200] "GET /sso HTTP/1.1" 200 8126 "-" "Mozilla/5.0 (X11; Linux x86_64) AppleWebKit/537.36 (KHTML, like Gecko) Chrome/131.0.0.0 Safari/537.36"
216.67.230.98 - - [28/Jul/2026:07:06:21 +0200] "GET /portal HTTP/1.1" 200 8126 "-" "Mozilla/5.0 (Windows NT 10.0; Win64; x64) AppleWebKit/537.36 (KHTML, like Gecko) Chrome/131.0.0.0 Safari/537.36"
57.141.0.8 - - [28/Jul/2026:07:06:21 +0200] "GET /sitemap-sub-1346.xml?shopdetail/K17338448221 HTTP/1.1" 200 10842 "-" "Mozilla/5.0 (Windows NT 10.0; Win64; x64) AppleWebKit/537.36 (KHTML, like Gecko) Chrome/145.0.0.0 Safari/537.36 (compatible; meta-externalagent/1.1 (+https://developers.facebook.com/docs/sharing/webmasters/crawler))"
216.67.230.98 - - [28/Jul/2026:07:06:22 +0200] "GET /connect HTTP/1.1" 200 8126 "-" "Mozilla/5.0 (X11; Linux x86_64) AppleWebKit/537.36 (KHTML, like Gecko) Chrome/131.0.0.0 Safari/537.36"
216.67.230.98 - - [28/Jul/2026:07:06:22 +0200] "GET /member HTTP/1.1" 200 8126 "-" "Mozilla/5.0 (Windows NT 10.0; Win64; x64) AppleWebKit/537.36 (KHTML, like Gecko) Chrome/131.0.0.0 Safari/537.36"
57.141.0.64 - - [28/Jul/2026:07:06:22 +0200] "GET /sitemap-sub-1346.xml?shopdetail/K173173975905 HTTP/1.1" 200 194128 "-" "Mozilla/5.0 (Windows NT 10.0; Win64; x64) AppleWebKit/537.36 (KHTML, like Gecko) Chrome/145.0.0.0 Safari/537.36 (compatible; meta-externalagent/1.1 (+https://developers.facebook.com/docs/sharing/webmasters/crawler))"
216.67.230.98 - - [28/Jul/2026:07:06:22 +0200] "GET /oauth HTTP/1.1" 200 8126 "-" "Mozilla/5.0 (X11; Linux x86_64) AppleWebKit/537.36 (KHTML, like Gecko) Chrome/131.0.0.0 Safari/537.36"
57.141.0.46 - - [28/Jul/2026:07:06:22 +0200] "GET /sitemap-sub-1346.xml?shopdetail/K17304848947 HTTP/1.1" 200 193448 "-" "Mozilla/5.0 (Macintosh; Intel Mac OS X 10_15_7) AppleWebKit/537.36 (KHTML, like Gecko) Chrome/145.0.0.0 Safari/537.36 (compatible; meta-externalagent/1.1 (+https://developers.facebook.com/docs/sharing/webmasters/crawler))"
216.67.230.98 - - [28/Jul/2026:07:06:22 +0200] "GET /auth HTTP/1.1" 200 8126 "-" "Mozilla/5.0 (Windows NT 10.0; Win64; x64) AppleWebKit/537.36 (KHTML, like Gecko) Chrome/131.0.0.0 Safari/537.36"
57.141.0.27 - - [28/Jul/2026:07:06:22 +0200] "GET /sitemap-sub-1346.xml?shopdetail/K173178674310 HTTP/1.1" 200 193448 "-" "Mozilla/5.0 (Windows NT 10.0; Win64; x64) AppleWebKit/537.36 (KHTML, like Gecko) Chrome/145.0.0.0 Safari/537.36 Edg/145.0.0.0 (compatible; meta-externalagent/1.1 (+https://developers.facebook.com/docs/sharing/webmasters/crawler))"
216.67.230.98 - - [28/Jul/2026:07:06:23 +0200] "GET /new-login HTTP/1.1" 200 8126 "-" "Mozilla/5.0 (X11; Linux x86_64) AppleWebKit/537.36 (KHTML, like Gecko) Chrome/131.0.0.0 Safari/537.36"
216.67.230.98 - - [28/Jul/2026:07:06:23 +0200] "GET /access HTTP/1.1" 200 8126 "-" "Mozilla/5.0 (Windows NT 10.0; Win64; x64) AppleWebKit/537.36 (KHTML, like Gecko) Chrome/131.0.0.0 Safari/537.36"
57.141.0.18 - - [28/Jul/2026:07:06:23 +0200] "GET /sitemap-sub-1346.xml?shopdetail/K17333579223 HTTP/1.1" 200 193448 "-" "Mozilla/5.0 (X11; Linux x86_64) AppleWebKit/537.36 (KHTML, like Gecko) Chrome/145.0.0.0 Safari/537.36 (compatible; meta-externalagent/1.1 (+https://developers.facebook.com/docs/sharing/webmasters/crawler))"
216.67.230.98 - - [28/Jul/2026:07:06:23 +0200] "GET /safe-login HTTP/1.1" 200 8126 "-" "Mozilla/5.0 (X11; Linux x86_64) AppleWebKit/537.36 (KHTML, like Gecko) Chrome/131.0.0.0 Safari/537.36"
74.7.227.138 - - [28/Jul/2026:07:06:23 +0200] "GET /sitemap_index.xml?shopdetail/N173144282000 HTTP/1.1" 200 10842 "https://as-cp.fr/sitemap_index.xml?shopdetail/N17313101054" "Mozilla/5.0 AppleWebKit/537.36 (KHTML, like Gecko; compatible; GPTBot/1.4; +https://openai.com/gptbot)"
216.67.230.98 - - [28/Jul/2026:07:06:23 +0200] "GET /my-account HTTP/1.1" 200 8128 "-" "Mozilla/5.0 (Windows NT 10.0; Win64; x64) AppleWebKit/537.36 (KHTML, like Gecko) Chrome/131.0.0.0 Safari/537.36"
57.141.0.52 - - [28/Jul/2026:07:06:23 +0200] "GET /sitemap-sub-1346.xml?shopdetail/K17358970968 HTTP/1.1" 200 193214 "-" "Mozilla/5.0 (Macintosh; Intel Mac OS X 10_15_7) AppleWebKit/537.36 (KHTML, like Gecko) Chrome/145.0.0.0 Safari/537.36 (compatible; meta-externalagent/1.1 (+https://developers.facebook.com/docs/sharing/webmasters/crawler))"
57.141.0.32 - - [28/Jul/2026:07:06:23 +0200] "GET /sitemap-sub-1346.xml?shopdetail/K17359120833 HTTP/1.1" 200 194534 "-" "Mozilla/5.0 (Windows NT 10.0; Win64; x64) AppleWebKit/537.36 (KHTML, like Gecko) Chrome/145.0.0.0 Safari/537.36 (compatible; meta-externalagent/1.1 (+https://developers.facebook.com/docs/sharing/webmasters/crawler))"
216.67.230.98 - - [28/Jul/2026:07:06:23 +0200] "GET /my-admin HTTP/1.1" 200 8128 "-" "Mozilla/5.0 (X11; Linux x86_64) AppleWebKit/537.36 (KHTML, like Gecko) Chrome/131.0.0.0 Safari/537.36"
216.67.230.98 - - [28/Jul/2026:07:06:24 +0200] "GET /account HTTP/1.1" 200 8128 "-" "Mozilla/5.0 (Windows NT 10.0; Win64; x64) AppleWebKit/537.36 (KHTML, like Gecko) Chrome/131.0.0.0 Safari/537.36"
57.141.0.18 - - [28/Jul/2026:07:06:24 +0200] "GET /sitemap-sub-1346.xml?shopdetail/K17309395693 HTTP/1.1" 200 193113 "-" "Mozilla/5.0 (Windows NT 10.0; Win64; x64) AppleWebKit/537.36 (KHTML, like Gecko) Chrome/145.0.0.0 Safari/537.36 (compatible; meta-externalagent/1.1 (+https://developers.facebook.com/docs/sharing/webmasters/crawler))"
216.67.230.98 - - [28/Jul/2026:07:06:24 +0200] "GET /cms-login HTTP/1.1" 200 8128 "-" "Mozilla/5.0 (X11; Linux x86_64) AppleWebKit/537.36 (KHTML, like Gecko) Chrome/131.0.0.0 Safari/537.36"
216.67.230.98 - - [28/Jul/2026:07:06:24 +0200] "GET /members-login HTTP/1.1" 200 8128 "-" "Mozilla/5.0 (Windows NT 10.0; Win64; x64) AppleWebKit/537.36 (KHTML, like Gecko) Chrome/131.0.0.0 Safari/537.36"
216.73.216.137 - - [28/Jul/2026:07:06:24 +0200] "GET /sitemap.xml?lokasie=%2Fvar%2Fwww%2Fvhosts%2Fas-cp.fr%2Fwpascp%2Fwp-includes%2Fblocks%2Fbuttons%2Feditor-rtl.min.css&loknya=%2Fvar%2Fwww%2Fvhosts%2Fas-cp.fr%2Fwpascp%2Fwp-includes%2Fblocks%2Fbuttons HTTP/1.1" 200 5206 "-" "Mozilla/5.0 AppleWebKit/537.36 (KHTML, like Gecko; compatible; ClaudeBot/1.0; +claudebot@anthropic.com)"
57.141.0.65 - - [28/Jul/2026:07:06:24 +0200] "GET /sitemap-sub-1346.xml?shopdetail/K17356537789 HTTP/1.1" 200 193448 "-" "Mozilla/5.0 (Macintosh; Intel Mac OS X 10_15_7) AppleWebKit/537.36 (KHTML, like Gecko) Chrome/145.0.0.0 Safari/537.36 (compatible; meta-externalagent/1.1 (+https://developers.facebook.com/docs/sharing/webmasters/crawler))"
216.67.230.98 - - [28/Jul/2026:07:06:24 +0200] "GET /custom-login HTTP/1.1" 200 8128 "-" "Mozilla/5.0 (X11; Linux x86_64) AppleWebKit/537.36 (KHTML, like Gecko) Chrome/131.0.0.0 Safari/537.36"
216.67.230.98 - - [28/Jul/2026:07:06:25 +0200] "GET /user-login HTTP/1.1" 200 8128 "-" "Mozilla/5.0 (Windows NT 10.0; Win64; x64) AppleWebKit/537.36 (KHTML, like Gecko) Chrome/131.0.0.0 Safari/537.36"
57.141.0.43 - - [28/Jul/2026:07:06:25 +0200] "GET /sitemap-sub-1346.xml?shopdetail/K17356500929 HTTP/1.1" 200 193448 "-" "Mozilla/5.0 (Macintosh; Intel Mac OS X 10_15_7) AppleWebKit/537.36 (KHTML, like Gecko) Chrome/145.0.0.0 Safari/537.36 (compatible; meta-externalagent/1.1 (+https://developers.facebook.com/docs/sharing/webmasters/crawler))"
216.67.230.98 - - [28/Jul/2026:07:06:25 +0200] "GET /login-form HTTP/1.1" 200 8128 "-" "Mozilla/5.0 (X11; Linux x86_64) AppleWebKit/537.36 (KHTML, like Gecko) Chrome/131.0.0.0 Safari/537.36"
57.141.0.37 - - [28/Jul/2026:07:06:25 +0200] "GET /sitemap-sub-1346.xml?shopdetail/K17356771343 HTTP/1.1" 200 193120 "-" "Mozilla/5.0 (Macintosh; Intel Mac OS X 10_15_7) AppleWebKit/537.36 (KHTML, like Gecko) Chrome/145.0.0.0 Safari/537.36 (compatible; meta-externalagent/1.1 (+https://developers.facebook.com/docs/sharing/webmasters/crawler))"
57.141.0.34 - - [28/Jul/2026:07:06:25 +0200] "GET /sitemap-sub-1346.xml?shopdetail/K173078443490 HTTP/1.1" 200 193393 "-" "Mozilla/5.0 (X11; Linux x86_64) AppleWebKit/537.36 (KHTML, like Gecko) Chrome/145.0.0.0 Safari/537.36 (compatible; meta-externalagent/1.1 (+https://developers.facebook.com/docs/sharing/webmasters/crawler))"
216.67.230.98 - - [28/Jul/2026:07:06:25 +0200] "GET /private HTTP/1.1" 200 8128 "-" "Mozilla/5.0 (Windows NT 10.0; Win64; x64) AppleWebKit/537.36 (KHTML, like Gecko) Chrome/131.0.0.0 Safari/537.36"
216.67.230.98 - - [28/Jul/2026:07:06:25 +0200] "GET /user HTTP/1.1" 200 8128 "-" "Mozilla/5.0 (X11; Linux x86_64) AppleWebKit/537.36 (KHTML, like Gecko) Chrome/131.0.0.0 Safari/537.36"
57.141.0.65 - - [28/Jul/2026:07:06:25 +0200] "GET /sitemap-sub-1346.xml?shopdetail/K17344034493 HTTP/1.1" 200 193781 "-" "Mozilla/5.0 (Windows NT 10.0; Win64; x64) AppleWebKit/537.36 (KHTML, like Gecko) Chrome/145.0.0.0 Safari/537.36 (compatible; meta-externalagent/1.1 (+https://developers.facebook.com/docs/sharing/webmasters/crawler))"
216.67.230.98 - - [28/Jul/2026:07:06:25 +0200] "GET /entrance HTTP/1.1" 200 8128 "-" "Mozilla/5.0 (Windows NT 10.0; Win64; x64) AppleWebKit/537.36 (KHTML, like Gecko) Chrome/131.0.0.0 Safari/537.36"
216.67.230.98 - - [28/Jul/2026:07:06:26 +0200] "GET /users HTTP/1.1" 200 8128 "-" "Mozilla/5.0 (X11; Linux x86_64) AppleWebKit/537.36 (KHTML, like Gecko) Chrome/131.0.0.0 Safari/537.36"
57.141.0.30 - - [28/Jul/2026:07:06:26 +0200] "GET /sitemap-sub-1346.xml?shopdetail/K173073555202 HTTP/1.1" 200 194534 "-" "Mozilla/5.0 (Macintosh; Intel Mac OS X 10_15_7) AppleWebKit/537.36 (KHTML, like Gecko) Chrome/145.0.0.0 Safari/537.36 (compatible; meta-externalagent/1.1 (+https://developers.facebook.com/docs/sharing/webmasters/crawler))"
216.67.230.98 - - [28/Jul/2026:07:06:26 +0200] "GET /gate HTTP/1.1" 200 8128 "-" "Mozilla/5.0 (Windows NT 10.0; Win64; x64) AppleWebKit/537.36 (KHTML, like Gecko) Chrome/131.0.0.0 Safari/537.36"
216.67.230.98 - - [28/Jul/2026:07:06:26 +0200] "GET /%D8%AF%D8%AE%D9%88%D9%84 HTTP/1.1" 200 8128 "-" "Mozilla/5.0 (X11; Linux x86_64) AppleWebKit/537.36 (KHTML, like Gecko) Chrome/131.0.0.0 Safari/537.36"
74.7.227.138 - - [28/Jul/2026:07:06:26 +0200] "GET /sitemap_index.xml?shopdetail/N1731968949 HTTP/1.1" 200 10852 "https://as-cp.fr/sitemap_index.xml?shopdetail/N17346241766" "Mozilla/5.0 AppleWebKit/537.36 (KHTML, like Gecko; compatible; GPTBot/1.4; +https://openai.com/gptbot)"
57.141.0.50 - - [28/Jul/2026:07:06:26 +0200] "GET /sitemap-sub-1346.xml?shopdetail/K17338487376 HTTP/1.1" 200 194534 "-" "Mozilla/5.0 (Windows NT 10.0; Win64; x64) AppleWebKit/537.36 (KHTML, like Gecko) Chrome/145.0.0.0 Safari/537.36 (compatible; meta-externalagent/1.1 (+https://developers.facebook.com/docs/sharing/webmasters/crawler))"
216.67.230.98 - - [28/Jul/2026:07:06:26 +0200] "GET /control HTTP/1.1" 200 8128 "-" "Mozilla/5.0 (Windows NT 10.0; Win64; x64) AppleWebKit/537.36 (KHTML, like Gecko) Chrome/131.0.0.0 Safari/537.36"
216.67.230.98 - - [28/Jul/2026:07:06:26 +0200] "GET /%D8%AA%D8%B3%D8%AC%D9%8A%D9%84 HTTP/1.1" 200 8126 "-" "Mozilla/5.0 (X11; Linux x86_64) AppleWebKit/537.36 (KHTML, like Gecko) Chrome/131.0.0.0 Safari/537.36"
216.67.230.98 - - [28/Jul/2026:07:06:27 +0200] "GET /cp HTTP/1.1" 200 8126 "-" "Mozilla/5.0 (Windows NT 10.0; Win64; x64) AppleWebKit/537.36 (KHTML, like Gecko) Chrome/131.0.0.0 Safari/537.36"
216.67.230.98 - - [28/Jul/2026:07:06:27 +0200] "GET /admin-panel HTTP/1.1" 200 8126 "-" "Mozilla/5.0 (X11; Linux x86_64) AppleWebKit/537.36 (KHTML, like Gecko) Chrome/131.0.0.0 Safari/537.36"
216.67.230.98 - - [28/Jul/2026:07:06:27 +0200] "GET /panel HTTP/1.1" 200 8126 "-" "Mozilla/5.0 (Windows NT 10.0; Win64; x64) AppleWebKit/537.36 (KHTML, like Gecko) Chrome/131.0.0.0 Safari/537.36"
57.141.0.42 - - [28/Jul/2026:07:06:27 +0200] "GET /sitemap-sub-1346.xml?shopdetail/K17354124464 HTTP/1.1" 200 193448 "-" "Mozilla/5.0 (X11; Linux x86_64) AppleWebKit/537.36 (KHTML, like Gecko) Chrome/145.0.0.0 Safari/537.36 (compatible; meta-externalagent/1.1 (+https://developers.facebook.com/docs/sharing/webmasters/crawler))"
216.73.216.137 - - [28/Jul/2026:07:06:27 +0200] "GET /?lokasie=%2Fvar%2Fwww%2Fvhosts%2Fas-cp.fr%2Fwpascp%2Fwp-includes%2Fjs%2Fdist%2F%2Fhtml-entities.min.js&loknya=%2Fvar%2Fwww%2Fvhosts%2Fas-cp.fr%2Fwpascp%2Fwp-includes%2Fjs%2Fdist%2F HTTP/1.1" 200 7070 "-" "Mozilla/5.0 AppleWebKit/537.36 (KHTML, like Gecko; compatible; ClaudeBot/1.0; +claudebot@anthropic.com)"
216.67.230.98 - - [28/Jul/2026:07:06:27 +0200] "GET /lp HTTP/1.1" 200 8126 "-" "Mozilla/5.0 (X11; Linux x86_64) AppleWebKit/537.36 (KHTML, like Gecko) Chrome/131.0.0.0 Safari/537.36"
57.141.0.56 - - [28/Jul/2026:07:06:27 +0200] "GET /sitemap-sub-1346.xml?shopdetail/K17312862812 HTTP/1.1" 200 10812 "-" "Mozilla/5.0 (Windows NT 10.0; Win64; x64) AppleWebKit/537.36 (KHTML, like Gecko) Chrome/145.0.0.0 Safari/537.36 (compatible; meta-externalagent/1.1 (+https://developers.facebook.com/docs/sharing/webmasters/crawler))"
216.67.230.98 - - [28/Jul/2026:07:06:27 +0200] "GET /backdoor HTTP/1.1" 200 8126 "-" "Mozilla/5.0 (Windows NT 10.0; Win64; x64) AppleWebKit/537.36 (KHTML, like Gecko) Chrome/131.0.0.0 Safari/537.36"
57.141.0.12 - - [28/Jul/2026:07:06:27 +0200] "GET /sitemap-sub-1346.xml?shopdetail/K173167364425 HTTP/1.1" 200 194534 "-" "Mozilla/5.0 (Windows NT 10.0; Win64; x64) AppleWebKit/537.36 (KHTML, like Gecko) Chrome/145.0.0.0 Safari/537.36 (compatible; meta-externalagent/1.1 (+https://developers.facebook.com/docs/sharing/webmasters/crawler))"
57.141.0.44 - - [28/Jul/2026:07:06:28 +0200] "GET /sitemap-sub-1346.xml?shopdetail/K173174325202 HTTP/1.1" 200 193448 "-" "Mozilla/5.0 (Windows NT 10.0; Win64; x64) AppleWebKit/537.36 (KHTML, like Gecko) Chrome/145.0.0.0 Safari/537.36 (compatible; meta-externalagent/1.1 (+https://developers.facebook.com/docs/sharing/webmasters/crawler))"
216.67.230.98 - - [28/Jul/2026:07:06:28 +0200] "GET /wp-admin-login HTTP/1.1" 200 8126 "-" "Mozilla/5.0 (X11; Linux x86_64) AppleWebKit/537.36 (KHTML, like Gecko) Chrome/131.0.0.0 Safari/537.36"
216.67.230.98 - - [28/Jul/2026:07:06:28 +0200] "GET /enter HTTP/1.1" 200 8126 "-" "Mozilla/5.0 (Windows NT 10.0; Win64; x64) AppleWebKit/537.36 (KHTML, like Gecko) Chrome/131.0.0.0 Safari/537.36"
216.67.230.98 - - [28/Jul/2026:07:06:28 +0200] "GET /site-login HTTP/1.1" 200 8126 "-" "Mozilla/5.0 (X11; Linux x86_64) AppleWebKit/537.36 (KHTML, like Gecko) Chrome/131.0.0.0 Safari/537.36"
216.67.230.98 - - [28/Jul/2026:07:06:28 +0200] "GET /secret HTTP/1.1" 200 8126 "-" "Mozilla/5.0 (Windows NT 10.0; Win64; x64) AppleWebKit/537.36 (KHTML, like Gecko) Chrome/131.0.0.0 Safari/537.36"
57.141.0.27 - - [28/Jul/2026:07:06:28 +0200] "GET /sitemap-sub-1346.xml?shopdetail/K173078245775 HTTP/1.1" 200 193333 "-" "Mozilla/5.0 (X11; Linux x86_64) AppleWebKit/537.36 (KHTML, like Gecko) Chrome/145.0.0.0 Safari/537.36 (compatible; meta-externalagent/1.1 (+https://developers.facebook.com/docs/sharing/webmasters/crawler))"
57.141.0.38 - - [28/Jul/2026:07:06:28 +0200] "GET /sitemap-sub-1346.xml?shopdetail/K173477528935 HTTP/1.1" 200 194534 "-" "Mozilla/5.0 (Windows NT 10.0; Win64; x64) AppleWebKit/537.36 (KHTML, like Gecko) Chrome/145.0.0.0 Safari/537.36 (compatible; meta-externalagent/1.1 (+https://developers.facebook.com/docs/sharing/webmasters/crawler))"
57.141.0.34 - - [28/Jul/2026:07:06:28 +0200] "GET /sitemap-sub-1346.xml?shopdetail/K17333481976 HTTP/1.1" 200 193454 "-" "Mozilla/5.0 (Windows NT 10.0; Win64; x64) AppleWebKit/537.36 (KHTML, like Gecko) Chrome/145.0.0.0 Safari/537.36 (compatible; meta-externalagent/1.1 (+https://developers.facebook.com/docs/sharing/webmasters/crawler))"
216.67.230.98 - - [28/Jul/2026:07:06:28 +0200] "GET /site-admin HTTP/1.1" 200 8126 "-" "Mozilla/5.0 (X11; Linux x86_64) AppleWebKit/537.36 (KHTML, like Gecko) Chrome/131.0.0.0 Safari/537.36"
216.67.230.98 - - [28/Jul/2026:07:06:28 +0200] "GET /masuk HTTP/1.1" 200 8126 "-" "Mozilla/5.0 (Windows NT 10.0; Win64; x64) AppleWebKit/537.36 (KHTML, like Gecko) Chrome/131.0.0.0 Safari/537.36"
57.141.0.64 - - [28/Jul/2026:07:06:29 +0200] "GET /sitemap-sub-1346.xml?shopdetail/K17338295837 HTTP/1.1" 200 10825 "-" "Mozilla/5.0 (Windows NT 10.0; Win64; x64) AppleWebKit/537.36 (KHTML, like Gecko) Chrome/145.0.0.0 Safari/537.36 (compatible; meta-externalagent/1.1 (+https://developers.facebook.com/docs/sharing/webmasters/crawler))"
216.67.230.98 - - [28/Jul/2026:07:06:29 +0200] "GET /manage HTTP/1.1" 200 8126 "-" "Mozilla/5.0 (X11; Linux x86_64) AppleWebKit/537.36 (KHTML, like Gecko) Chrome/131.0.0.0 Safari/537.36"
216.67.230.98 - - [28/Jul/2026:07:06:29 +0200] "GET /log-in HTTP/1.1" 200 8126 "-" "Mozilla/5.0 (Windows NT 10.0; Win64; x64) AppleWebKit/537.36 (KHTML, like Gecko) Chrome/131.0.0.0 Safari/537.36"
74.7.227.138 - - [28/Jul/2026:07:06:29 +0200] "GET /sitemap_index.xml?shopdetail/N17312833478 HTTP/1.1" 200 10871 "https://as-cp.fr/sitemap_index.xml?shopdetail/N17331474104" "Mozilla/5.0 AppleWebKit/537.36 (KHTML, like Gecko; compatible; GPTBot/1.4; +https://openai.com/gptbot)"
216.67.230.98 - - [28/Jul/2026:07:06:29 +0200] "GET /login-area HTTP/1.1" 200 8126 "-" "Mozilla/5.0 (X11; Linux x86_64) AppleWebKit/537.36 (KHTML, like Gecko) Chrome/131.0.0.0 Safari/537.36"
57.141.0.46 - - [28/Jul/2026:07:06:29 +0200] "GET /sitemap-sub-1346.xml?shopdetail/K17304973089 HTTP/1.1" 200 194534 "-" "Mozilla/5.0 (Windows NT 10.0; Win64; x64) AppleWebKit/537.36 (KHTML, like Gecko) Chrome/145.0.0.0 Safari/537.36 (compatible; meta-externalagent/1.1 (+https://developers.facebook.com/docs/sharing/webmasters/crawler))"
57.141.0.42 - - [28/Jul/2026:07:06:29 +0200] "GET /sitemap-sub-1346.xml?shopdetail/K17346282637 HTTP/1.1" 200 193448 "-" "Mozilla/5.0 (Macintosh; Intel Mac OS X 10_15_7) AppleWebKit/537.36 (KHTML, like Gecko) Chrome/145.0.0.0 Safari/537.36 (compatible; meta-externalagent/1.1 (+https://developers.facebook.com/docs/sharing/webmasters/crawler))"
216.67.230.98 - - [28/Jul/2026:07:06:29 +0200] "GET /login-page HTTP/1.1" 200 8125 "-" "Mozilla/5.0 (Windows NT 10.0; Win64; x64) AppleWebKit/537.36 (KHTML, like Gecko) Chrome/131.0.0.0 Safari/537.36"
216.67.230.98 - - [28/Jul/2026:07:06:30 +0200] "GET /secure HTTP/1.1" 200 8125 "-" "Mozilla/5.0 (X11; Linux x86_64) AppleWebKit/537.36 (KHTML, like Gecko) Chrome/131.0.0.0 Safari/537.36"
216.67.230.98 - - [28/Jul/2026:07:06:30 +0200] "GET /wp-login HTTP/1.1" 200 8125 "-" "Mozilla/5.0 (Windows NT 10.0; Win64; x64) AppleWebKit/537.36 (KHTML, like Gecko) Chrome/131.0.0.0 Safari/537.36"
57.141.0.47 - - [28/Jul/2026:07:06:30 +0200] "GET /sitemap-sub-1346.xml?shopdetail/K173377004964 HTTP/1.1" 200 10848 "-" "Mozilla/5.0 (X11; Linux x86_64) AppleWebKit/537.36 (KHTML, like Gecko) Chrome/145.0.0.0 Safari/537.36 (compatible; meta-externalagent/1.1 (+https://developers.facebook.com/docs/sharing/webmasters/crawler))"
158.51.126.144 - - [28/Jul/2026:07:06:30 +0200] "GET /wp-content/uploads/2021/02/logo.png HTTP/1.1" 200 5027 "-" "Mozilla/5.0 (compatible; DuckDuckBot/1.1; +http://duckduckgo.com/duckduckbot.html)"
57.141.0.20 - - [28/Jul/2026:07:06:30 +0200] "GET /sitemap-sub-1346.xml?shopdetail/K173375010599 HTTP/1.1" 200 194534 "-" "Mozilla/5.0 (Macintosh; Intel Mac OS X 10_15_7) AppleWebKit/537.36 (KHTML, like Gecko) Chrome/145.0.0.0 Safari/537.36 (compatible; meta-externalagent/1.1 (+https://developers.facebook.com/docs/sharing/webmasters/crawler))"
216.67.230.98 - - [28/Jul/2026:07:06:30 +0200] "GET /admin-area HTTP/1.1" 200 8125 "-" "Mozilla/5.0 (X11; Linux x86_64) AppleWebKit/537.36 (KHTML, like Gecko) Chrome/131.0.0.0 Safari/537.36"
57.141.0.39 - - [28/Jul/2026:07:06:30 +0200] "GET /sitemap-sub-1346.xml?shopdetail/K1730255038 HTTP/1.1" 200 193560 "-" "Mozilla/5.0 (Macintosh; Intel Mac OS X 10_15_7) AppleWebKit/537.36 (KHTML, like Gecko) Chrome/145.0.0.0 Safari/537.36 (compatible; meta-externalagent/1.1 (+https://developers.facebook.com/docs/sharing/webmasters/crawler))"
216.67.230.98 - - [28/Jul/2026:07:06:30 +0200] "GET /admin-login HTTP/1.1" 200 8125 "-" "Mozilla/5.0 (Windows NT 10.0; Win64; x64) AppleWebKit/537.36 (KHTML, like Gecko) Chrome/131.0.0.0 Safari/537.36"
216.67.230.98 - - [28/Jul/2026:07:06:30 +0200] "GET /mylogin HTTP/1.1" 200 8125 "-" "Mozilla/5.0 (X11; Linux x86_64) AppleWebKit/537.36 (KHTML, like Gecko) Chrome/131.0.0.0 Safari/537.36"
57.141.0.68 - - [28/Jul/2026:07:06:30 +0200] "GET /sitemap-sub-1346.xml?shopdetail/K17335997532 HTTP/1.1" 200 193072 "-" "Mozilla/5.0 (Windows NT 10.0; Win64; x64) AppleWebKit/537.36 (KHTML, like Gecko) Chrome/145.0.0.0 Safari/537.36 (compatible; meta-externalagent/1.1 (+https://developers.facebook.com/docs/sharing/webmasters/crawler))"
216.67.230.98 - - [28/Jul/2026:07:06:31 +0200] "GET /admins HTTP/1.1" 200 8125 "-" "Mozilla/5.0 (Windows NT 10.0; Win64; x64) AppleWebKit/537.36 (KHTML, like Gecko) Chrome/131.0.0.0 Safari/537.36"
216.67.230.98 - - [28/Jul/2026:07:06:31 +0200] "GET /staff HTTP/1.1" 200 8125 "-" "Mozilla/5.0 (X11; Linux x86_64) AppleWebKit/537.36 (KHTML, like Gecko) Chrome/131.0.0.0 Safari/537.36"
57.141.0.55 - - [28/Jul/2026:07:06:31 +0200] "GET /sitemap-sub-1346.xml?shopdetail/K17331538673 HTTP/1.1" 200 194534 "-" "Mozilla/5.0 (Macintosh; Intel Mac OS X 10_15_7) AppleWebKit/537.36 (KHTML, like Gecko) Chrome/145.0.0.0 Safari/537.36 (compatible; meta-externalagent/1.1 (+https://developers.facebook.com/docs/sharing/webmasters/crawler))"
216.67.230.98 - - [28/Jul/2026:07:06:31 +0200] "GET /administrator HTTP/1.1" 200 8125 "-" "Mozilla/5.0 (Windows NT 10.0; Win64; x64) AppleWebKit/537.36 (KHTML, like Gecko) Chrome/131.0.0.0 Safari/537.36"
216.67.230.98 - - [28/Jul/2026:07:06:31 +0200] "GET /staff-login HTTP/1.1" 200 8125 "-" "Mozilla/5.0 (X11; Linux x86_64) AppleWebKit/537.36 (KHTML, like Gecko) Chrome/131.0.0.0 Safari/537.36"
216.67.230.98 - - [28/Jul/2026:07:06:31 +0200] "GET /employee HTTP/1.1" 200 8125 "-" "Mozilla/5.0 (X11; Linux x86_64) AppleWebKit/537.36 (KHTML, like Gecko) Chrome/131.0.0.0 Safari/537.36"
216.67.230.98 - - [28/Jul/2026:07:06:31 +0200] "GET /webmaster HTTP/1.1" 200 8125 "-" "Mozilla/5.0 (Windows NT 10.0; Win64; x64) AppleWebKit/537.36 (KHTML, like Gecko) Chrome/131.0.0.0 Safari/537.36"
57.141.0.51 - - [28/Jul/2026:07:06:32 +0200] "GET /sitemap-sub-1346.xml?shopdetail/K173174321169 HTTP/1.1" 200 10880 "-" "Mozilla/5.0 (Windows NT 10.0; Win64; x64) AppleWebKit/537.36 (KHTML, like Gecko) Chrome/145.0.0.0 Safari/537.36 Edg/145.0.0.0 (compatible; meta-externalagent/1.1 (+https://developers.facebook.com/docs/sharing/webmasters/crawler))"
216.67.230.98 - - [28/Jul/2026:07:06:32 +0200] "GET /employee-login HTTP/1.1" 200 8125 "-" "Mozilla/5.0 (X11; Linux x86_64) AppleWebKit/537.36 (KHTML, like Gecko) Chrome/131.0.0.0 Safari/537.36"
216.73.216.137 - - [28/Jul/2026:07:06:32 +0200] "GET /sitemap.xml?lokasie=%2Fvar%2Fwww%2Fvhosts%2Fas-cp.fr%2Fwpascp%2Fwp-admin%2Fjs%2Fcustom-background.min.js&loknya=%2Fvar%2Fwww%2Fvhosts%2Fas-cp.fr%2Fwpascp%2Fwp-admin%2Fjs HTTP/1.1" 200 5206 "-" "Mozilla/5.0 AppleWebKit/537.36 (KHTML, like Gecko; compatible; ClaudeBot/1.0; +claudebot@anthropic.com)"
57.141.0.1 - - [28/Jul/2026:07:06:32 +0200] "GET /sitemap-sub-1346.xml?shopdetail/K173374783845 HTTP/1.1" 200 193448 "-" "Mozilla/5.0 (Windows NT 10.0; Win64; x64) AppleWebKit/537.36 (KHTML, like Gecko) Chrome/145.0.0.0 Safari/537.36 (compatible; meta-externalagent/1.1 (+https://developers.facebook.com/docs/sharing/webmasters/crawler))"
216.67.230.98 - - [28/Jul/2026:07:06:32 +0200] "GET /editors HTTP/1.1" 200 8125 "-" "Mozilla/5.0 (X11; Linux x86_64) AppleWebKit/537.36 (KHTML, like Gecko) Chrome/131.0.0.0 Safari/537.36"
216.67.230.98 - - [28/Jul/2026:07:06:32 +0200] "GET /sso HTTP/1.1" 200 8125 "-" "Mozilla/5.0 (Windows NT 10.0; Win64; x64) AppleWebKit/537.36 (KHTML, like Gecko) Chrome/131.0.0.0 Safari/537.36"
74.7.227.138 - - [28/Jul/2026:07:06:32 +0200] "GET /sitemap_index.xml?shopdetail/N17315118671 HTTP/1.1" 200 10883 "https://as-cp.fr/sitemap_index.xml?shopdetail/N17344018473" "Mozilla/5.0 AppleWebKit/537.36 (KHTML, like Gecko; compatible; GPTBot/1.4; +https://openai.com/gptbot)"
216.67.230.98 - - [28/Jul/2026:07:06:33 +0200] "GET /editor-login HTTP/1.1" 200 8125 "-" "Mozilla/5.0 (X11; Linux x86_64) AppleWebKit/537.36 (KHTML, like Gecko) Chrome/131.0.0.0 Safari/537.36"
216.67.230.98 - - [28/Jul/2026:07:06:33 +0200] "GET /connect HTTP/1.1" 200 8128 "-" "Mozilla/5.0 (Windows NT 10.0; Win64; x64) AppleWebKit/537.36 (KHTML, like Gecko) Chrome/131.0.0.0 Safari/537.36"
57.141.0.15 - - [28/Jul/2026:07:06:33 +0200] "GET /sitemap-sub-1346.xml?shopdetail/K17333893324 HTTP/1.1" 200 193974 "-" "Mozilla/5.0 (Macintosh; Intel Mac OS X 10_15_7) AppleWebKit/537.36 (KHTML, like Gecko) Chrome/145.0.0.0 Safari/537.36 (compatible; meta-externalagent/1.1 (+https://developers.facebook.com/docs/sharing/webmasters/crawler))"
57.141.0.12 - - [28/Jul/2026:07:06:33 +0200] "GET /sitemap-sub-1346.xml?shopdetail/K173274476384 HTTP/1.1" 200 193324 "-" "Mozilla/5.0 (Macintosh; Intel Mac OS X 10_15_7) AppleWebKit/537.36 (KHTML, like Gecko) Chrome/145.0.0.0 Safari/537.36 (compatible; meta-externalagent/1.1 (+https://developers.facebook.com/docs/sharing/webmasters/crawler))"
57.141.0.50 - - [28/Jul/2026:07:06:33 +0200] "GET /sitemap-sub-1346.xml?shopdetail/K173575243300 HTTP/1.1" 200 193327 "-" "Mozilla/5.0 (Windows NT 10.0; Win64; x64) AppleWebKit/537.36 (KHTML, like Gecko) Chrome/145.0.0.0 Safari/537.36 (compatible; meta-externalagent/1.1 (+https://developers.facebook.com/docs/sharing/webmasters/crawler))"
216.67.230.98 - - [28/Jul/2026:07:06:33 +0200] "GET /writer HTTP/1.1" 200 8128 "-" "Mozilla/5.0 (X11; Linux x86_64) AppleWebKit/537.36 (KHTML, like Gecko) Chrome/131.0.0.0 Safari/537.36"
216.67.230.98 - - [28/Jul/2026:07:06:33 +0200] "GET /oauth HTTP/1.1" 200 8128 "-" "Mozilla/5.0 (Windows NT 10.0; Win64; x64) AppleWebKit/537.36 (KHTML, like Gecko) Chrome/131.0.0.0 Safari/537.36"
216.67.230.98 - - [28/Jul/2026:07:06:33 +0200] "GET /writer-login HTTP/1.1" 200 8128 "-" "Mozilla/5.0 (X11; Linux x86_64) AppleWebKit/537.36 (KHTML, like Gecko) Chrome/131.0.0.0 Safari/537.36"
216.67.230.98 - - [28/Jul/2026:07:06:33 +0200] "GET /new-login HTTP/1.1" 200 8128 "-" "Mozilla/5.0 (Windows NT 10.0; Win64; x64) AppleWebKit/537.36 (KHTML, like Gecko) Chrome/131.0.0.0 Safari/537.36"
57.141.0.61 - - [28/Jul/2026:07:06:33 +0200] "GET /sitemap-sub-1346.xml?shopdetail/K1730492176 HTTP/1.1" 200 193853 "-" "Mozilla/5.0 (Windows NT 10.0; Win64; x64) AppleWebKit/537.36 (KHTML, like Gecko) Chrome/145.0.0.0 Safari/537.36 (compatible; meta-externalagent/1.1 (+https://developers.facebook.com/docs/sharing/webmasters/crawler))"
216.67.230.98 - - [28/Jul/2026:07:06:34 +0200] "GET /safe-login HTTP/1.1" 200 8128 "-" "Mozilla/5.0 (Windows NT 10.0; Win64; x64) AppleWebKit/537.36 (KHTML, like Gecko) Chrome/131.0.0.0 Safari/537.36"
57.141.0.10 - - [28/Jul/2026:07:06:34 +0200] "GET /sitemap-sub-1346.xml?shopdetail/K17331371648 HTTP/1.1" 200 194534 "-" "Mozilla/5.0 (Macintosh; Intel Mac OS X 10_15_7) AppleWebKit/537.36 (KHTML, like Gecko) Chrome/145.0.0.0 Safari/537.36 (compatible; meta-externalagent/1.1 (+https://developers.facebook.com/docs/sharing/webmasters/crawler))"
57.141.0.31 - - [28/Jul/2026:07:06:34 +0200] "GET /sitemap-sub-1346.xml?shopdetail/K173078462527 HTTP/1.1" 200 194534 "-" "Mozilla/5.0 (Windows NT 10.0; Win64; x64) AppleWebKit/537.36 (KHTML, like Gecko) Chrome/145.0.0.0 Safari/537.36 (compatible; meta-externalagent/1.1 (+https://developers.facebook.com/docs/sharing/webmasters/crawler))"
216.67.230.98 - - [28/Jul/2026:07:06:34 +0200] "GET /my-admin HTTP/1.1" 200 8128 "-" "Mozilla/5.0 (Windows NT 10.0; Win64; x64) AppleWebKit/537.36 (KHTML, like Gecko) Chrome/131.0.0.0 Safari/537.36"
57.141.0.44 - - [28/Jul/2026:07:06:34 +0200] "GET /sitemap-sub-1346.xml?shopdetail/K17333585303 HTTP/1.1" 200 10853 "-" "Mozilla/5.0 (Macintosh; Intel Mac OS X 10_15_7) AppleWebKit/537.36 (KHTML, like Gecko) Chrome/145.0.0.0 Safari/537.36 (compatible; meta-externalagent/1.1 (+https://developers.facebook.com/docs/sharing/webmasters/crawler))"
216.67.230.98 - - [28/Jul/2026:07:06:34 +0200] "GET /memberarea HTTP/1.1" 200 8128 "-" "Mozilla/5.0 (X11; Linux x86_64) AppleWebKit/537.36 (KHTML, like Gecko) Chrome/131.0.0.0 Safari/537.36"
216.67.230.98 - - [28/Jul/2026:07:06:32 +0200] "GET /backend HTTP/1.1" 200 8125 "-" "Mozilla/5.0 (Windows NT 10.0; Win64; x64) AppleWebKit/537.36 (KHTML, like Gecko) Chrome/131.0.0.0 Safari/537.36"
216.67.230.98 - - [28/Jul/2026:07:06:34 +0200] "GET /cms-login HTTP/1.1" 200 8128 "-" "Mozilla/5.0 (Windows NT 10.0; Win64; x64) AppleWebKit/537.36 (KHTML, like Gecko) Chrome/131.0.0.0 Safari/537.36"
216.73.216.137 - - [28/Jul/2026:07:06:34 +0200] "GET /tag/pinel-a-perpignan/page/4/?loknya=%2Fvar%2Fwww%2Fvhosts%2Fas-cp.fr%2Fwpascp%2Fwp-includes%2Fblocks%2Fquote HTTP/1.1" 200 7385 "-" "Mozilla/5.0 AppleWebKit/537.36 (KHTML, like Gecko; compatible; ClaudeBot/1.0; +claudebot@anthropic.com)"
216.67.230.98 - - [28/Jul/2026:07:06:35 +0200] "GET /member-area HTTP/1.1" 200 8128 "-" "Mozilla/5.0 (X11; Linux x86_64) AppleWebKit/537.36 (KHTML, like Gecko) Chrome/131.0.0.0 Safari/537.36"
57.141.0.49 - - [28/Jul/2026:07:06:35 +0200] "GET /sitemap-sub-1346.xml?shopdetail/K1730251967 HTTP/1.1" 200 193448 "-" "Mozilla/5.0 (Windows NT 10.0; Win64; x64) AppleWebKit/537.36 (KHTML, like Gecko) Chrome/145.0.0.0 Safari/537.36 (compatible; meta-externalagent/1.1 (+https://developers.facebook.com/docs/sharing/webmasters/crawler))"
216.67.230.98 - - [28/Jul/2026:07:06:35 +0200] "GET /custom-login HTTP/1.1" 200 8128 "-" "Mozilla/5.0 (Windows NT 10.0; Win64; x64) AppleWebKit/537.36 (KHTML, like Gecko) Chrome/131.0.0.0 Safari/537.36"
57.141.0.34 - - [28/Jul/2026:07:06:35 +0200] "GET /sitemap-sub-1346.xml?shopdetail/K17302591961 HTTP/1.1" 200 10844 "-" "Mozilla/5.0 (Windows NT 10.0; Win64; x64) AppleWebKit/537.36 (KHTML, like Gecko) Chrome/145.0.0.0 Safari/537.36 (compatible; meta-externalagent/1.1 (+https://developers.facebook.com/docs/sharing/webmasters/crawler))"
216.67.230.98 - - [28/Jul/2026:07:06:35 +0200] "GET /members HTTP/1.1" 200 8128 "-" "Mozilla/5.0 (X11; Linux x86_64) AppleWebKit/537.36 (KHTML, like Gecko) Chrome/131.0.0.0 Safari/537.36"
216.67.230.98 - - [28/Jul/2026:07:06:35 +0200] "GET /login-form HTTP/1.1" 200 8128 "-" "Mozilla/5.0 (Windows NT 10.0; Win64; x64) AppleWebKit/537.36 (KHTML, like Gecko) Chrome/131.0.0.0 Safari/537.36"
57.141.0.3 - - [28/Jul/2026:07:06:35 +0200] "GET /sitemap-sub-1346.xml?shopdetail/K17352282263 HTTP/1.1" 200 194534 "-" "Mozilla/5.0 (Windows NT 10.0; Win64; x64) AppleWebKit/537.36 (KHTML, like Gecko) Chrome/145.0.0.0 Safari/537.36 (compatible; meta-externalagent/1.1 (+https://developers.facebook.com/docs/sharing/webmasters/crawler))"
216.67.230.98 - - [28/Jul/2026:07:06:35 +0200] "GET /my-dashboard HTTP/1.1" 200 8128 "-" "Mozilla/5.0 (X11; Linux x86_64) AppleWebKit/537.36 (KHTML, like Gecko) Chrome/131.0.0.0 Safari/537.36"
216.67.230.98 - - [28/Jul/2026:07:06:36 +0200] "GET /user HTTP/1.1" 200 8128 "-" "Mozilla/5.0 (Windows NT 10.0; Win64; x64) AppleWebKit/537.36 (KHTML, like Gecko) Chrome/131.0.0.0 Safari/537.36"
57.141.0.36 - - [28/Jul/2026:07:06:35 +0200] "GET /sitemap-sub-1346.xml?shopdetail/K17315267164 HTTP/1.1" 200 193448 "-" "Mozilla/5.0 (Macintosh; Intel Mac OS X 10_15_7) AppleWebKit/537.36 (KHTML, like Gecko) Chrome/145.0.0.0 Safari/537.36 (compatible; meta-externalagent/1.1 (+https://developers.facebook.com/docs/sharing/webmasters/crawler))"
74.7.227.138 - - [28/Jul/2026:07:06:35 +0200] "GET /sitemap_index.xml?shopdetail/N17336013210 HTTP/1.1" 200 10869 "https://as-cp.fr/sitemap_index.xml?shopdetail/N17315112539" "Mozilla/5.0 AppleWebKit/537.36 (KHTML, like Gecko; compatible; GPTBot/1.4; +https://openai.com/gptbot)"
57.141.0.2 - - [28/Jul/2026:07:06:36 +0200] "GET /sitemap-sub-1346.xml?shopdetail/K173075927995 HTTP/1.1" 200 194534 "-" "Mozilla/5.0 (Windows NT 10.0; Win64; x64) AppleWebKit/537.36 (KHTML, like Gecko) Chrome/145.0.0.0 Safari/537.36 (compatible; meta-externalagent/1.1 (+https://developers.facebook.com/docs/sharing/webmasters/crawler))"
216.67.230.98 - - [28/Jul/2026:07:06:36 +0200] "GET /wp-secure HTTP/1.1" 200 8128 "-" "Mozilla/5.0 (X11; Linux x86_64) AppleWebKit/537.36 (KHTML, like Gecko) Chrome/131.0.0.0 Safari/537.36"
216.67.230.98 - - [28/Jul/2026:07:06:36 +0200] "GET /users HTTP/1.1" 200 8128 "-" "Mozilla/5.0 (Windows NT 10.0; Win64; x64) AppleWebKit/537.36 (KHTML, like Gecko) Chrome/131.0.0.0 Safari/537.36"
216.67.230.98 - - [28/Jul/2026:07:06:36 +0200] "GET /wordpress-login HTTP/1.1" 200 8128 "-" "Mozilla/5.0 (X11; Linux x86_64) AppleWebKit/537.36 (KHTML, like Gecko) Chrome/131.0.0.0 Safari/537.36"
57.141.0.2 - - [28/Jul/2026:07:06:36 +0200] "GET /sitemap-sub-1346.xml?shopdetail/K17338270533 HTTP/1.1" 200 194534 "-" "Mozilla/5.0 (Windows NT 10.0; Win64; x64) AppleWebKit/537.36 (KHTML, like Gecko) Chrome/145.0.0.0 Safari/537.36 (compatible; meta-externalagent/1.1 (+https://developers.facebook.com/docs/sharing/webmasters/crawler))"
216.67.230.98 - - [28/Jul/2026:07:06:36 +0200] "GET /%D8%AF%D8%AE%D9%88%D9%84 HTTP/1.1" 200 8128 "-" "Mozilla/5.0 (Windows NT 10.0; Win64; x64) AppleWebKit/537.36 (KHTML, like Gecko) Chrome/131.0.0.0 Safari/537.36"
216.67.230.98 - - [28/Jul/2026:07:06:36 +0200] "GET /wplogin HTTP/1.1" 200 8128 "-" "Mozilla/5.0 (X11; Linux x86_64) AppleWebKit/537.36 (KHTML, like Gecko) Chrome/131.0.0.0 Safari/537.36"
57.141.0.54 - - [28/Jul/2026:07:06:36 +0200] "GET /sitemap-sub-1346.xml?shopdetail/K17306903093 HTTP/1.1" 200 193649 "-" "Mozilla/5.0 (Macintosh; Intel Mac OS X 10_15_7) AppleWebKit/537.36 (KHTML, like Gecko) Chrome/145.0.0.0 Safari/537.36 (compatible; meta-externalagent/1.1 (+https://developers.facebook.com/docs/sharing/webmasters/crawler))"
216.67.230.98 - - [28/Jul/2026:07:06:37 +0200] "GET /blog-login HTTP/1.1" 200 8128 "-" "Mozilla/5.0 (X11; Linux x86_64) AppleWebKit/537.36 (KHTML, like Gecko) Chrome/131.0.0.0 Safari/537.36"
216.67.230.98 - - [28/Jul/2026:07:06:37 +0200] "GET /%D8%AA%D8%B3%D8%AC%D9%8A%D9%84 HTTP/1.1" 200 8128 "-" "Mozilla/5.0 (Windows NT 10.0; Win64; x64) AppleWebKit/537.36 (KHTML, like Gecko) Chrome/131.0.0.0 Safari/537.36"
57.141.0.43 - - [28/Jul/2026:07:06:37 +0200] "GET /sitemap-sub-1346.xml?shopdetail/K1731986341 HTTP/1.1" 200 193448 "-" "Mozilla/5.0 (Windows NT 10.0; Win64; x64) AppleWebKit/537.36 (KHTML, like Gecko) Chrome/145.0.0.0 Safari/537.36 Edg/145.0.0.0 (compatible; meta-externalagent/1.1 (+https://developers.facebook.com/docs/sharing/webmasters/crawler))"
57.141.0.36 - - [28/Jul/2026:07:06:37 +0200] "GET /sitemap-sub-1346.xml?shopdetail/K1731868761 HTTP/1.1" 200 194172 "-" "Mozilla/5.0 (Windows NT 10.0; Win64; x64) AppleWebKit/537.36 (KHTML, like Gecko) Chrome/145.0.0.0 Safari/537.36 (compatible; meta-externalagent/1.1 (+https://developers.facebook.com/docs/sharing/webmasters/crawler))"
57.141.0.43 - - [28/Jul/2026:07:06:37 +0200] "GET /sitemap-sub-1346.xml?shopdetail/K17335950043 HTTP/1.1" 200 10845 "-" "Mozilla/5.0 (Windows NT 10.0; Win64; x64) AppleWebKit/537.36 (KHTML, like Gecko) Chrome/145.0.0.0 Safari/537.36 (compatible; meta-externalagent/1.1 (+https://developers.facebook.com/docs/sharing/webmasters/crawler))"
57.141.0.6 - - [28/Jul/2026:07:06:37 +0200] "GET /sitemap-sub-1346.xml?shopdetail/K17346320735 HTTP/1.1" 200 194534 "-" "Mozilla/5.0 (Macintosh; Intel Mac OS X 10_15_7) AppleWebKit/537.36 (KHTML, like Gecko) Chrome/145.0.0.0 Safari/537.36 (compatible; meta-externalagent/1.1 (+https://developers.facebook.com/docs/sharing/webmasters/crawler))"
216.67.230.98 - - [28/Jul/2026:07:06:37 +0200] "GET /customer-login HTTP/1.1" 200 8128 "-" "Mozilla/5.0 (X11; Linux x86_64) AppleWebKit/537.36 (KHTML, like Gecko) Chrome/131.0.0.0 Safari/537.36"
216.67.230.98 - - [28/Jul/2026:07:06:37 +0200] "GET /admin-panel HTTP/1.1" 200 8128 "-" "Mozilla/5.0 (Windows NT 10.0; Win64; x64) AppleWebKit/537.36 (KHTML, like Gecko) Chrome/131.0.0.0 Safari/537.36"
216.73.216.137 - - [28/Jul/2026:07:06:37 +0200] "GET /tag/pinel-a-perpignan/page/5/?loknya=%2Fvar%2Fwww%2Fvhosts%2Fas-cp.fr%2Fwpascp%2Fwp-includes%2Fblocks%2Farchives HTTP/1.1" 200 7375 "-" "Mozilla/5.0 AppleWebKit/537.36 (KHTML, like Gecko; compatible; ClaudeBot/1.0; +claudebot@anthropic.com)"
216.67.230.98 - - [28/Jul/2026:07:06:38 +0200] "GET /client-login HTTP/1.1" 200 8128 "-" "Mozilla/5.0 (X11; Linux x86_64) AppleWebKit/537.36 (KHTML, like Gecko) Chrome/131.0.0.0 Safari/537.36"
57.141.0.1 - - [28/Jul/2026:07:06:38 +0200] "GET /sitemap-sub-1346.xml?shopdetail/K17356607491 HTTP/1.1" 200 193127 "-" "Mozilla/5.0 (Windows NT 10.0; Win64; x64) AppleWebKit/537.36 (KHTML, like Gecko) Chrome/145.0.0.0 Safari/537.36 (compatible; meta-externalagent/1.1 (+https://developers.facebook.com/docs/sharing/webmasters/crawler))"
216.67.230.98 - - [28/Jul/2026:07:06:38 +0200] "GET /lp HTTP/1.1" 200 8128 "-" "Mozilla/5.0 (Windows NT 10.0; Win64; x64) AppleWebKit/537.36 (KHTML, like Gecko) Chrome/131.0.0.0 Safari/537.36"
216.67.230.98 - - [28/Jul/2026:07:06:38 +0200] "GET /client HTTP/1.1" 200 8128 "-" "Mozilla/5.0 (X11; Linux x86_64) AppleWebKit/537.36 (KHTML, like Gecko) Chrome/131.0.0.0 Safari/537.36"
57.141.0.24 - - [28/Jul/2026:07:06:38 +0200] "GET /sitemap-sub-1346.xml?shopdetail/K1731678848 HTTP/1.1" 200 194534 "-" "Mozilla/5.0 (Windows NT 10.0; Win64; x64) AppleWebKit/537.36 (KHTML, like Gecko) Chrome/145.0.0.0 Safari/537.36 (compatible; meta-externalagent/1.1 (+https://developers.facebook.com/docs/sharing/webmasters/crawler))"
57.141.0.1 - - [28/Jul/2026:07:06:38 +0200] "GET /sitemap-sub-1346.xml?shopdetail/K17331442553 HTTP/1.1" 200 193448 "-" "Mozilla/5.0 (Macintosh; Intel Mac OS X 10_15_7) AppleWebKit/537.36 (KHTML, like Gecko) Chrome/145.0.0.0 Safari/537.36 (compatible; meta-externalagent/1.1 (+https://developers.facebook.com/docs/sharing/webmasters/crawler))"
216.67.230.98 - - [28/Jul/2026:07:06:38 +0200] "GET /wp-admin-login HTTP/1.1" 200 8128 "-" "Mozilla/5.0 (Windows NT 10.0; Win64; x64) AppleWebKit/537.36 (KHTML, like Gecko) Chrome/131.0.0.0 Safari/537.36"
216.67.230.98 - - [28/Jul/2026:07:06:38 +0200] "GET /support-login HTTP/1.1" 200 8128 "-" "Mozilla/5.0 (X11; Linux x86_64) AppleWebKit/537.36 (KHTML, like Gecko) Chrome/131.0.0.0 Safari/537.36"
57.141.0.27 - - [28/Jul/2026:07:06:38 +0200] "GET /sitemap-sub-1346.xml?shopdetail/K17358832921 HTTP/1.1" 200 193296 "-" "Mozilla/5.0 (Macintosh; Intel Mac OS X 10_15_7) AppleWebKit/537.36 (KHTML, like Gecko) Chrome/145.0.0.0 Safari/537.36 (compatible; meta-externalagent/1.1 (+https://developers.facebook.com/docs/sharing/webmasters/crawler))"
216.67.230.98 - - [28/Jul/2026:07:06:39 +0200] "GET /site-login HTTP/1.1" 200 8128 "-" "Mozilla/5.0 (Windows NT 10.0; Win64; x64) AppleWebKit/537.36 (KHTML, like Gecko) Chrome/131.0.0.0 Safari/537.36"
216.67.230.98 - - [28/Jul/2026:07:06:39 +0200] "GET /helpdesk HTTP/1.1" 200 8128 "-" "Mozilla/5.0 (X11; Linux x86_64) AppleWebKit/537.36 (KHTML, like Gecko) Chrome/131.0.0.0 Safari/537.36"
74.7.227.138 - - [28/Jul/2026:07:06:38 +0200] "GET /sitemap_index.xml?shopdetail/N173094505557 HTTP/1.1" 200 10896 "https://as-cp.fr/sitemap_index.xml?shopdetail/N17348611621" "Mozilla/5.0 AppleWebKit/537.36 (KHTML, like Gecko; compatible; GPTBot/1.4; +https://openai.com/gptbot)"
216.67.230.98 - - [28/Jul/2026:07:06:39 +0200] "GET /site-admin HTTP/1.1" 200 8126 "-" "Mozilla/5.0 (Windows NT 10.0; Win64; x64) AppleWebKit/537.36 (KHTML, like Gecko) Chrome/131.0.0.0 Safari/537.36"
216.67.230.98 - - [28/Jul/2026:07:06:39 +0200] "GET /intern HTTP/1.1" 200 8126 "-" "Mozilla/5.0 (X11; Linux x86_64) AppleWebKit/537.36 (KHTML, like Gecko) Chrome/131.0.0.0 Safari/537.36"
216.67.230.98 - - [28/Jul/2026:07:06:39 +0200] "GET /intern-login HTTP/1.1" 200 8126 "-" "Mozilla/5.0 (X11; Linux x86_64) AppleWebKit/537.36 (KHTML, like Gecko) Chrome/131.0.0.0 Safari/537.36"
216.67.230.98 - - [28/Jul/2026:07:06:39 +0200] "GET /manage HTTP/1.1" 200 8126 "-" "Mozilla/5.0 (Windows NT 10.0; Win64; x64) AppleWebKit/537.36 (KHTML, like Gecko) Chrome/131.0.0.0 Safari/537.36"
57.141.0.28 - - [28/Jul/2026:07:06:40 +0200] "GET /sitemap-sub-1346.xml?shopdetail/K173011675003 HTTP/1.1" 200 194534 "-" "Mozilla/5.0 (Windows NT 10.0; Win64; x64) AppleWebKit/537.36 (KHTML, like Gecko) Chrome/145.0.0.0 Safari/537.36 (compatible; meta-externalagent/1.1 (+https://developers.facebook.com/docs/sharing/webmasters/crawler))"
216.67.230.98 - - [28/Jul/2026:07:06:40 +0200] "GET /superadmin HTTP/1.1" 200 8126 "-" "Mozilla/5.0 (X11; Linux x86_64) AppleWebKit/537.36 (KHTML, like Gecko) Chrome/131.0.0.0 Safari/537.36"
216.67.230.98 - - [28/Jul/2026:07:06:40 +0200] "GET /login-area HTTP/1.1" 200 8126 "-" "Mozilla/5.0 (Windows NT 10.0; Win64; x64) AppleWebKit/537.36 (KHTML, like Gecko) Chrome/131.0.0.0 Safari/537.36"
57.141.0.59 - - [28/Jul/2026:07:06:40 +0200] "GET /shops/sunnier/s8t1o9p7c6o2c3k4008 HTTP/1.1" 200 46308 "-" "Mozilla/5.0 (Windows NT 10.0; Win64; x64) AppleWebKit/537.36 (KHTML, like Gecko) Chrome/145.0.0.0 Safari/537.36 (compatible; meta-externalagent/1.1 (+https://developers.facebook.com/docs/sharing/webmasters/crawler))"
57.141.0.33 - - [28/Jul/2026:07:06:40 +0200] "GET /sitemap-sub-1346.xml?shopdetail/K173310767009 HTTP/1.1" 200 10849 "-" "Mozilla/5.0 (Macintosh; Intel Mac OS X 10_15_7) AppleWebKit/537.36 (KHTML, like Gecko) Chrome/145.0.0.0 Safari/537.36 (compatible; meta-externalagent/1.1 (+https://developers.facebook.com/docs/sharing/webmasters/crawler))"
216.67.230.98 - - [28/Jul/2026:07:06:40 +0200] "GET /root HTTP/1.1" 200 8126 "-" "Mozilla/5.0 (X11; Linux x86_64) AppleWebKit/537.36 (KHTML, like Gecko) Chrome/131.0.0.0 Safari/537.36"
216.67.230.98 - - [28/Jul/2026:07:06:40 +0200] "GET /secure HTTP/1.1" 200 8126 "-" "Mozilla/5.0 (Windows NT 10.0; Win64; x64) AppleWebKit/537.36 (KHTML, like Gecko) Chrome/131.0.0.0 Safari/537.36"
