57.141.0.11 - - [28/Jul/2026:07:05:46 +0200] "GET /sitemap-sub-1346.xml?shopdetail/K17309262534 HTTP/1.1" 200 194534 "-" "Mozilla/5.0 (Windows NT 10.0; Win64; x64) AppleWebKit/537.36 (KHTML, like Gecko) Chrome/145.0.0.0 Safari/537.36 (compatible; meta-externalagent/1.1 (+https://developers.facebook.com/docs/sharing/webmasters/crawler))"
57.141.0.66 - - [28/Jul/2026:07:05:46 +0200] "GET /sitemap-sub-1346.xml?shopdetail/K17315193596 HTTP/1.1" 200 193281 "-" "Mozilla/5.0 (Windows NT 10.0; Win64; x64) AppleWebKit/537.36 (KHTML, like Gecko) Chrome/145.0.0.0 Safari/537.36 (compatible; meta-externalagent/1.1 (+https://developers.facebook.com/docs/sharing/webmasters/crawler))"
216.67.230.98 - - [28/Jul/2026:07:05:47 +0200] "GET /wp-login.php?action=postpass HTTP/1.1" 403 5816 "-" "Mozilla/5.0 (Windows NT 10.0; Win64; x64) AppleWebKit/537.36 (KHTML, like Gecko) Chrome/131.0.0.0 Safari/537.36"
57.141.0.6 - - [28/Jul/2026:07:05:47 +0200] "GET /sitemap-sub-1346.xml?shopdetail/K17313157361 HTTP/1.1" 200 193448 "-" "Mozilla/5.0 (Windows NT 10.0; Win64; x64) AppleWebKit/537.36 (KHTML, like Gecko) Chrome/145.0.0.0 Safari/537.36 (compatible; meta-externalagent/1.1 (+https://developers.facebook.com/docs/sharing/webmasters/crawler))"
57.141.0.43 - - [28/Jul/2026:07:05:47 +0200] "GET /sitemap-sub-1346.xml?shopdetail/K17354478492 HTTP/1.1" 200 193328 "-" "Mozilla/5.0 (Macintosh; Intel Mac OS X 10_15_7) AppleWebKit/537.36 (KHTML, like Gecko) Chrome/145.0.0.0 Safari/537.36 (compatible; meta-externalagent/1.1 (+https://developers.facebook.com/docs/sharing/webmasters/crawler))"
57.141.0.29 - - [28/Jul/2026:07:05:47 +0200] "GET /sitemap-sub-1346.xml?shopdetail/K17356419589 HTTP/1.1" 200 194534 "-" "Mozilla/5.0 (Windows NT 10.0; Win64; x64) AppleWebKit/537.36 (KHTML, like Gecko) Chrome/145.0.0.0 Safari/537.36 (compatible; meta-externalagent/1.1 (+https://developers.facebook.com/docs/sharing/webmasters/crawler))"
216.73.216.137 - - [28/Jul/2026:07:05:47 +0200] "GET /index.php?lokasie=%2Fvar%2Fwww%2Fvhosts%2Fas-cp.fr%2Fwpascp%2Fwp-includes%2Fjs%2Ftinymce%2Fplugins%2Flists%2Fplugin.js&loknya=%2Fvar%2Fwww%2Fvhosts%2Fas-cp.fr%2Fwpascp%2Fwp-includes%2Fjs%2Ftinymce%2Fplugins%2Flists HTTP/1.1" 200 21666 "-" "Mozilla/5.0 AppleWebKit/537.36 (KHTML, like Gecko; compatible; ClaudeBot/1.0; +claudebot@anthropic.com)"
74.7.227.138 - - [28/Jul/2026:07:05:48 +0200] "GET /sitemap_index.xml?shopdetail/N17313101054 HTTP/1.1" 200 10877 "https://as-cp.fr/sitemap_index.xml?shopdetail/N17331605675" "Mozilla/5.0 AppleWebKit/537.36 (KHTML, like Gecko; compatible; GPTBot/1.4; +https://openai.com/gptbot)"
57.141.0.42 - - [28/Jul/2026:07:05:48 +0200] "GET /sitemap-sub-1346.xml?shopdetail/K17304675972 HTTP/1.1" 200 193448 "-" "Mozilla/5.0 (Macintosh; Intel Mac OS X 10_15_7) AppleWebKit/537.36 (KHTML, like Gecko) Chrome/145.0.0.0 Safari/537.36 (compatible; meta-externalagent/1.1 (+https://developers.facebook.com/docs/sharing/webmasters/crawler))"
57.141.0.11 - - [28/Jul/2026:07:05:48 +0200] "GET /sitemap-sub-1346.xml?shopdetail/K17336187810 HTTP/1.1" 200 193799 "-" "Mozilla/5.0 (Windows NT 10.0; Win64; x64) AppleWebKit/537.36 (KHTML, like Gecko) Chrome/145.0.0.0 Safari/537.36 (compatible; meta-externalagent/1.1 (+https://developers.facebook.com/docs/sharing/webmasters/crawler))"
216.67.230.98 - - [28/Jul/2026:07:05:48 +0200] "GET /wp-comments-post.php HTTP/1.1" 403 5816 "-" "Mozilla/5.0 (X11; Linux x86_64) AppleWebKit/537.36 (KHTML, like Gecko) Chrome/131.0.0.0 Safari/537.36"
57.141.0.12 - - [28/Jul/2026:07:05:49 +0200] "GET /sitemap-sub-1346.xml?shopdetail/K17313049590 HTTP/1.1" 200 10879 "-" "Mozilla/5.0 (Windows NT 10.0; Win64; x64) AppleWebKit/537.36 (KHTML, like Gecko) Chrome/145.0.0.0 Safari/537.36 (compatible; meta-externalagent/1.1 (+https://developers.facebook.com/docs/sharing/webmasters/crawler))"
57.141.0.60 - - [28/Jul/2026:07:05:49 +0200] "GET /sitemap-sub-1346.xml?shopdetail/K173274542819 HTTP/1.1" 200 193448 "-" "Mozilla/5.0 (X11; Linux x86_64) AppleWebKit/537.36 (KHTML, like Gecko) Chrome/145.0.0.0 Safari/537.36 (compatible; meta-externalagent/1.1 (+https://developers.facebook.com/docs/sharing/webmasters/crawler))"
57.141.0.24 - - [28/Jul/2026:07:05:49 +0200] "GET /sitemap-sub-1346.xml?shopdetail/K17356490099 HTTP/1.1" 200 193503 "-" "Mozilla/5.0 (Macintosh; Intel Mac OS X 10_15_7) AppleWebKit/537.36 (KHTML, like Gecko) Chrome/145.0.0.0 Safari/537.36 (compatible; meta-externalagent/1.1 (+https://developers.facebook.com/docs/sharing/webmasters/crawler))"
57.141.0.66 - - [28/Jul/2026:07:05:50 +0200] "GET /sitemap-sub-1346.xml?shopdetail/K17333822358 HTTP/1.1" 200 194534 "-" "Mozilla/5.0 (Windows NT 10.0; Win64; x64) AppleWebKit/537.36 (KHTML, like Gecko) Chrome/145.0.0.0 Safari/537.36 (compatible; meta-externalagent/1.1 (+https://developers.facebook.com/docs/sharing/webmasters/crawler))"
57.141.0.63 - - [28/Jul/2026:07:05:50 +0200] "GET /sitemap-sub-1346.xml?shopdetail/K17331372182 HTTP/1.1" 200 194534 "-" "Mozilla/5.0 (Macintosh; Intel Mac OS X 10_15_7) AppleWebKit/537.36 (KHTML, like Gecko) Chrome/145.0.0.0 Safari/537.36 (compatible; meta-externalagent/1.1 (+https://developers.facebook.com/docs/sharing/webmasters/crawler))"
57.141.0.19 - - [28/Jul/2026:07:05:50 +0200] "GET /sitemap-sub-1346.xml?shopdetail/K173374739610 HTTP/1.1" 200 194534 "-" "Mozilla/5.0 (Windows NT 10.0; Win64; x64) AppleWebKit/537.36 (KHTML, like Gecko) Chrome/145.0.0.0 Safari/537.36 (compatible; meta-externalagent/1.1 (+https://developers.facebook.com/docs/sharing/webmasters/crawler))"
216.67.230.98 - - [28/Jul/2026:07:05:50 +0200] "GET /wp-admin/admin-post.php HTTP/1.1" 403 5816 "-" "Mozilla/5.0 (X11; Linux x86_64) AppleWebKit/537.36 (KHTML, like Gecko) Chrome/131.0.0.0 Safari/537.36"
216.73.216.137 - - [28/Jul/2026:07:05:50 +0200] "GET /index.php?lokasie=%2Fvar%2Fwww%2Fvhosts%2Fas-cp.fr%2Fwpascp%2Fwp-includes%2Fjs%2Ftinymce%2Fplugins%2Fcompat3x%2Fplugin.js&loknya=%2Fvar%2Fwww%2Fvhosts%2Fas-cp.fr%2Fwpascp%2Fwp-includes%2Fjs%2Ftinymce%2Fplugins%2Fcompat3x HTTP/1.1" 200 9442 "-" "Mozilla/5.0 AppleWebKit/537.36 (KHTML, like Gecko; compatible; ClaudeBot/1.0; +claudebot@anthropic.com)"
57.141.0.55 - - [28/Jul/2026:07:05:51 +0200] "GET /sitemap-sub-1346.xml?shopdetail/K17304628013 HTTP/1.1" 200 193448 "-" "Mozilla/5.0 (Windows NT 10.0; Win64; x64) AppleWebKit/537.36 (KHTML, like Gecko) Chrome/145.0.0.0 Safari/537.36 (compatible; meta-externalagent/1.1 (+https://developers.facebook.com/docs/sharing/webmasters/crawler))"
57.141.0.14 - - [28/Jul/2026:07:05:51 +0200] "GET /sitemap-sub-1346.xml?shopdetail/K17341686897 HTTP/1.1" 200 10851 "-" "Mozilla/5.0 (Macintosh; Intel Mac OS X 10_15_7) AppleWebKit/537.36 (KHTML, like Gecko) Chrome/145.0.0.0 Safari/537.36 (compatible; meta-externalagent/1.1 (+https://developers.facebook.com/docs/sharing/webmasters/crawler))"
74.7.227.138 - - [28/Jul/2026:07:05:51 +0200] "GET /sitemap_index.xml?shopdetail/N17346241766 HTTP/1.1" 200 10869 "https://as-cp.fr/sitemap_index.xml?shopdetail/N17331190661" "Mozilla/5.0 AppleWebKit/537.36 (KHTML, like Gecko; compatible; GPTBot/1.4; +https://openai.com/gptbot)"
57.141.0.42 - - [28/Jul/2026:07:05:51 +0200] "GET /sitemap-sub-1346.xml?shopdetail/K17354361898 HTTP/1.1" 200 194534 "-" "Mozilla/5.0 (Windows NT 10.0; Win64; x64) AppleWebKit/537.36 (KHTML, like Gecko) Chrome/146.0.0.0 Safari/537.36 Edg/146.0.0.0 (compatible; meta-externalagent/1.1 (+https://developers.facebook.com/docs/sharing/webmasters/crawler))"
216.67.230.98 - - [28/Jul/2026:07:05:51 +0200] "GET /wp-signup.php HTTP/1.1" 403 5816 "-" "Mozilla/5.0 (Windows NT 10.0; Win64; x64) AppleWebKit/537.36 (KHTML, like Gecko) Chrome/131.0.0.0 Safari/537.36"
57.141.0.47 - - [28/Jul/2026:07:05:51 +0200] "GET /sitemap-sub-1346.xml?shopdetail/K17331408652 HTTP/1.1" 200 193448 "-" "Mozilla/5.0 (Windows NT 10.0; Win64; x64) AppleWebKit/537.36 (KHTML, like Gecko) Chrome/145.0.0.0 Safari/537.36 (compatible; meta-externalagent/1.1 (+https://developers.facebook.com/docs/sharing/webmasters/crawler))"
57.141.0.64 - - [28/Jul/2026:07:05:52 +0200] "GET /sitemap-sub-1346.xml?shopdetail/K17354171895 HTTP/1.1" 200 193448 "-" "Mozilla/5.0 (Macintosh; Intel Mac OS X 10_15_7) AppleWebKit/537.36 (KHTML, like Gecko) Chrome/145.0.0.0 Safari/537.36 (compatible; meta-externalagent/1.1 (+https://developers.facebook.com/docs/sharing/webmasters/crawler))"
216.67.230.98 - - [28/Jul/2026:07:05:52 +0200] "GET /wp-admin/admin-ajax.php HTTP/1.1" 403 5816 "-" "Mozilla/5.0 (X11; Linux x86_64) AppleWebKit/537.36 (KHTML, like Gecko) Chrome/131.0.0.0 Safari/537.36"
57.141.0.47 - - [28/Jul/2026:07:05:52 +0200] "GET /sitemap-sub-1346.xml?shopdetail/K17307265169 HTTP/1.1" 200 194277 "-" "Mozilla/5.0 (Windows NT 10.0; Win64; x64) AppleWebKit/537.36 (KHTML, like Gecko) Chrome/145.0.0.0 Safari/537.36 (compatible; meta-externalagent/1.1 (+https://developers.facebook.com/docs/sharing/webmasters/crawler))"
57.141.0.44 - - [28/Jul/2026:07:05:52 +0200] "GET /sitemap-sub-1346.xml?shopdetail/K17356543979 HTTP/1.1" 200 194534 "-" "Mozilla/5.0 (Macintosh; Intel Mac OS X 10_15_7) AppleWebKit/537.36 (KHTML, like Gecko) Chrome/145.0.0.0 Safari/537.36 (compatible; meta-externalagent/1.1 (+https://developers.facebook.com/docs/sharing/webmasters/crawler))"
57.141.0.29 - - [28/Jul/2026:07:05:53 +0200] "GET /sitemap-sub-1346.xml?shopdetail/K17336154324 HTTP/1.1" 200 193497 "-" "Mozilla/5.0 (Macintosh; Intel Mac OS X 10_15_7) AppleWebKit/537.36 (KHTML, like Gecko) Chrome/145.0.0.0 Safari/537.36 (compatible; meta-externalagent/1.1 (+https://developers.facebook.com/docs/sharing/webmasters/crawler))"
216.67.230.98 - - [28/Jul/2026:07:05:53 +0200] "GET /wp-activate.php HTTP/1.1" 403 5816 "-" "Mozilla/5.0 (Windows NT 10.0; Win64; x64) AppleWebKit/537.36 (KHTML, like Gecko) Chrome/131.0.0.0 Safari/537.36"
216.73.216.137 - - [28/Jul/2026:07:05:53 +0200] "GET /sitemap.xml?lokasie=%2Fvar%2Fwww%2Fvhosts%2Fas-cp.fr%2Fwpascp%2Fwp-includes%2Fassets%2Fscript-loader-react-refresh-runtime.php&loknya=%2Fvar%2Fwww%2Fvhosts%2Fas-cp.fr%2Fwpascp%2Fwp-includes%2Fassets HTTP/1.1" 200 5206 "-" "Mozilla/5.0 AppleWebKit/537.36 (KHTML, like Gecko; compatible; ClaudeBot/1.0; +claudebot@anthropic.com)"
57.141.0.9 - - [28/Jul/2026:07:05:53 +0200] "GET /sitemap-sub-1346.xml?shopdetail/K17317401734 HTTP/1.1" 200 194534 "-" "Mozilla/5.0 (Windows NT 10.0; Win64; x64) AppleWebKit/537.36 (KHTML, like Gecko) Chrome/145.0.0.0 Safari/537.36 Edg/145.0.0.0 (compatible; meta-externalagent/1.1 (+https://developers.facebook.com/docs/sharing/webmasters/crawler))"
57.141.0.36 - - [28/Jul/2026:07:05:53 +0200] "GET /sitemap-sub-1346.xml?shopdetail/K17358713217 HTTP/1.1" 200 193448 "-" "Mozilla/5.0 (Windows NT 10.0; Win64; x64) AppleWebKit/537.36 (KHTML, like Gecko) Chrome/145.0.0.0 Safari/537.36 (compatible; meta-externalagent/1.1 (+https://developers.facebook.com/docs/sharing/webmasters/crawler))"
57.141.0.13 - - [28/Jul/2026:07:05:54 +0200] "GET /sitemap-sub-1346.xml?shopdetail/K17333667136 HTTP/1.1" 200 194534 "-" "Mozilla/5.0 (Macintosh; Intel Mac OS X 10_15_7) AppleWebKit/537.36 (KHTML, like Gecko) Chrome/145.0.0.0 Safari/537.36 (compatible; meta-externalagent/1.1 (+https://developers.facebook.com/docs/sharing/webmasters/crawler))"
57.141.0.42 - - [28/Jul/2026:07:05:54 +0200] "GET /?zeylanica/8191001677 HTTP/1.1" 200 46119 "-" "Mozilla/5.0 (Windows NT 10.0; Win64; x64) AppleWebKit/537.36 (KHTML, like Gecko) Chrome/145.0.0.0 Safari/537.36 (compatible; meta-externalagent/1.1 (+https://developers.facebook.com/docs/sharing/webmasters/crawler))"
74.7.227.138 - - [28/Jul/2026:07:05:54 +0200] "GET /sitemap_index.xml?shopdetail/N17352210250 HTTP/1.1" 200 10881 "https://as-cp.fr/sitemap_index.xml?shopdetail/N17331190661" "Mozilla/5.0 AppleWebKit/537.36 (KHTML, like Gecko; compatible; GPTBot/1.4; +https://openai.com/gptbot)"
216.67.230.98 - - [28/Jul/2026:07:05:55 +0200] "GET /wp-cron.php HTTP/1.1" 403 5816 "-" "Mozilla/5.0 (X11; Linux x86_64) AppleWebKit/537.36 (KHTML, like Gecko) Chrome/131.0.0.0 Safari/537.36"
57.141.0.53 - - [28/Jul/2026:07:05:55 +0200] "GET /sitemap-sub-1346.xml?shopdetail/K17338354296 HTTP/1.1" 200 194041 "-" "Mozilla/5.0 (Windows NT 10.0; Win64; x64) AppleWebKit/537.36 (KHTML, like Gecko) Chrome/145.0.0.0 Safari/537.36 (compatible; meta-externalagent/1.1 (+https://developers.facebook.com/docs/sharing/webmasters/crawler))"
57.141.0.25 - - [28/Jul/2026:07:05:55 +0200] "GET /sitemap-sub-1346.xml?shopdetail/K17317464546 HTTP/1.1" 200 193448 "-" "Mozilla/5.0 (X11; Linux x86_64) AppleWebKit/537.36 (KHTML, like Gecko) Chrome/145.0.0.0 Safari/537.36 (compatible; meta-externalagent/1.1 (+https://developers.facebook.com/docs/sharing/webmasters/crawler))"
57.141.0.19 - - [28/Jul/2026:07:05:55 +0200] "GET /sitemap-sub-1346.xml?shopdetail/K173377045244 HTTP/1.1" 200 193037 "-" "Mozilla/5.0 (Windows NT 10.0; Win64; x64) AppleWebKit/537.36 (KHTML, like Gecko) Chrome/145.0.0.0 Safari/537.36 (compatible; meta-externalagent/1.1 (+https://developers.facebook.com/docs/sharing/webmasters/crawler))"
216.67.230.98 - - [28/Jul/2026:07:05:56 +0200] "GET /wp-login.php?action=lostpassword HTTP/1.1" 403 5816 "-" "Mozilla/5.0 (Windows NT 10.0; Win64; x64) AppleWebKit/537.36 (KHTML, like Gecko) Chrome/131.0.0.0 Safari/537.36"
57.141.0.20 - - [28/Jul/2026:07:05:56 +0200] "GET /sitemap-sub-1346.xml?shopdetail/K17312992971 HTTP/1.1" 200 193448 "-" "Mozilla/5.0 (Windows NT 10.0; Win64; x64) AppleWebKit/537.36 (KHTML, like Gecko) Chrome/145.0.0.0 Safari/537.36 (compatible; meta-externalagent/1.1 (+https://developers.facebook.com/docs/sharing/webmasters/crawler))"
216.67.230.98 - - [28/Jul/2026:07:05:56 +0200] "GET /wp-login.php?action=register HTTP/1.1" 403 5816 "-" "Mozilla/5.0 (Windows NT 10.0; Win64; x64) AppleWebKit/537.36 (KHTML, like Gecko) Chrome/131.0.0.0 Safari/537.36"
216.73.216.137 - - [28/Jul/2026:07:05:56 +0200] "GET /?lokasie=%2Fvar%2Fwww%2Fvhosts%2Fas-cp.fr%2Fwpascp%2Fwp-content%2Fplugins%2Fwordpress-seo%2Fadmin%2Fmenu%2Fclass-base-menu.php&loknya=%2Fvar%2Fwww%2Fvhosts%2Fas-cp.fr%2Fwpascp%2Fwp-content%2Fplugins%2Fwordpress-seo%2Fadmin%2Fmenu HTTP/1.1" 200 9409 "-" "Mozilla/5.0 AppleWebKit/537.36 (KHTML, like Gecko; compatible; ClaudeBot/1.0; +claudebot@anthropic.com)"
57.141.0.14 - - [28/Jul/2026:07:05:56 +0200] "GET /sitemap-sub-1346.xml?shopdetail/K17338438788 HTTP/1.1" 200 193264 "-" "Mozilla/5.0 (Macintosh; Intel Mac OS X 10_15_7) AppleWebKit/537.36 (KHTML, like Gecko) Chrome/145.0.0.0 Safari/537.36 (compatible; meta-externalagent/1.1 (+https://developers.facebook.com/docs/sharing/webmasters/crawler))"
216.67.230.98 - - [28/Jul/2026:07:05:56 +0200] "GET /wp-trackback.php HTTP/1.1" 403 5816 "-" "Mozilla/5.0 (X11; Linux x86_64) AppleWebKit/537.36 (KHTML, like Gecko) Chrome/131.0.0.0 Safari/537.36"
216.67.230.98 - - [28/Jul/2026:07:05:56 +0200] "GET /wp-login.php?action=rp&key=0&login=admin HTTP/1.1" 403 5816 "-" "Mozilla/5.0 (Windows NT 10.0; Win64; x64) AppleWebKit/537.36 (KHTML, like Gecko) Chrome/131.0.0.0 Safari/537.36"
57.141.0.58 - - [28/Jul/2026:07:05:56 +0200] "GET /sitemap-sub-1346.xml?shopdetail/K17336198558 HTTP/1.1" 200 193448 "-" "Mozilla/5.0 (Macintosh; Intel Mac OS X 10_15_7) AppleWebKit/537.36 (KHTML, like Gecko) Chrome/145.0.0.0 Safari/537.36 (compatible; meta-externalagent/1.1 (+https://developers.facebook.com/docs/sharing/webmasters/crawler))"
57.141.0.26 - - [28/Jul/2026:07:05:56 +0200] "GET /sitemap-sub-1346.xml?shopdetail/K17302735969 HTTP/1.1" 200 193254 "-" "Mozilla/5.0 (X11; Linux x86_64) AppleWebKit/537.36 (KHTML, like Gecko) Chrome/145.0.0.0 Safari/537.36 (compatible; meta-externalagent/1.1 (+https://developers.facebook.com/docs/sharing/webmasters/crawler))"
216.67.230.98 - - [28/Jul/2026:07:05:57 +0200] "GET /wp-login.php?interim-login=1 HTTP/1.1" 403 5816 "-" "Mozilla/5.0 (Windows NT 10.0; Win64; x64) AppleWebKit/537.36 (KHTML, like Gecko) Chrome/131.0.0.0 Safari/537.36"
57.141.0.59 - - [28/Jul/2026:07:05:57 +0200] "GET /sitemap-sub-1346.xml?shopdetail/K17354563287 HTTP/1.1" 200 194534 "-" "Mozilla/5.0 (Macintosh; Intel Mac OS X 10_15_7) AppleWebKit/537.36 (KHTML, like Gecko) Chrome/145.0.0.0 Safari/537.36 (compatible; meta-externalagent/1.1 (+https://developers.facebook.com/docs/sharing/webmasters/crawler))"
216.67.230.98 - - [28/Jul/2026:07:05:57 +0200] "GET /wp-login.php?redirect_to=/wp-admin/ HTTP/1.1" 403 5816 "-" "Mozilla/5.0 (Windows NT 10.0; Win64; x64) AppleWebKit/537.36 (KHTML, like Gecko) Chrome/131.0.0.0 Safari/537.36"
57.141.0.68 - - [28/Jul/2026:07:05:57 +0200] "GET /sitemap-sub-1346.xml?shopdetail/K17352056728 HTTP/1.1" 200 193448 "-" "Mozilla/5.0 (Macintosh; Intel Mac OS X 10_15_7) AppleWebKit/537.36 (KHTML, like Gecko) Chrome/145.0.0.0 Safari/537.36 (compatible; meta-externalagent/1.1 (+https://developers.facebook.com/docs/sharing/webmasters/crawler))"
216.67.230.98 - - [28/Jul/2026:07:05:58 +0200] "GET /wp-login.php?checkemail=confirm HTTP/1.1" 403 5816 "-" "Mozilla/5.0 (Windows NT 10.0; Win64; x64) AppleWebKit/537.36 (KHTML, like Gecko) Chrome/131.0.0.0 Safari/537.36"
57.141.0.67 - - [28/Jul/2026:07:05:57 +0200] "GET /sitemap-sub-1346.xml?shopdetail/K17305001443 HTTP/1.1" 200 193448 "-" "Mozilla/5.0 (Windows NT 10.0; Win64; x64) AppleWebKit/537.36 (KHTML, like Gecko) Chrome/145.0.0.0 Safari/537.36 (compatible; meta-externalagent/1.1 (+https://developers.facebook.com/docs/sharing/webmasters/crawler))"
74.7.227.138 - - [28/Jul/2026:07:05:57 +0200] "GET /sitemap_index.xml?shopdetail/N17319814166 HTTP/1.1" 200 10836 "https://as-cp.fr/sitemap_index.xml?shopdetail/N17309331095" "Mozilla/5.0 AppleWebKit/537.36 (KHTML, like Gecko; compatible; GPTBot/1.4; +https://openai.com/gptbot)"
216.67.230.98 - - [28/Jul/2026:07:05:58 +0200] "GET /robots.txt HTTP/1.1" 200 5177 "-" "Mozilla/5.0 (Windows NT 10.0; Win64; x64) AppleWebKit/537.36 (KHTML, like Gecko) Chrome/131.0.0.0 Safari/537.36"
57.141.0.33 - - [28/Jul/2026:07:05:58 +0200] "GET /sitemap-sub-1346.xml?shopdetail/K173076175729 HTTP/1.1" 200 194534 "-" "Mozilla/5.0 (Macintosh; Intel Mac OS X 10_15_7) AppleWebKit/537.36 (KHTML, like Gecko) Chrome/145.0.0.0 Safari/537.36 (compatible; meta-externalagent/1.1 (+https://developers.facebook.com/docs/sharing/webmasters/crawler))"
57.141.0.17 - - [28/Jul/2026:07:05:58 +0200] "GET /sitemap-sub-1346.xml?shopdetail/K173377126479 HTTP/1.1" 200 193005 "-" "Mozilla/5.0 (Windows NT 10.0; Win64; x64) AppleWebKit/537.36 (KHTML, like Gecko) Chrome/145.0.0.0 Safari/537.36 (compatible; meta-externalagent/1.1 (+https://developers.facebook.com/docs/sharing/webmasters/crawler))"
57.141.0.39 - - [28/Jul/2026:07:05:59 +0200] "GET /sitemap-sub-1346.xml?shopdetail/K17307289133 HTTP/1.1" 200 193638 "-" "Mozilla/5.0 (X11; Linux x86_64) AppleWebKit/537.36 (KHTML, like Gecko) Chrome/145.0.0.0 Safari/537.36 (compatible; meta-externalagent/1.1 (+https://developers.facebook.com/docs/sharing/webmasters/crawler))"
57.141.0.41 - - [28/Jul/2026:07:05:59 +0200] "GET /sitemap-sub-1346.xml?shopdetail/K173372566003 HTTP/1.1" 200 193448 "-" "Mozilla/5.0 (Windows NT 10.0; Win64; x64) AppleWebKit/537.36 (KHTML, like Gecko) Chrome/145.0.0.0 Safari/537.36 (compatible; meta-externalagent/1.1 (+https://developers.facebook.com/docs/sharing/webmasters/crawler))"
57.141.0.26 - - [28/Jul/2026:07:05:59 +0200] "GET /sitemap-sub-1346.xml?shopdetail/K17344000921 HTTP/1.1" 200 193448 "-" "Mozilla/5.0 (Macintosh; Intel Mac OS X 10_15_7) AppleWebKit/537.36 (KHTML, like Gecko) Chrome/145.0.0.0 Safari/537.36 (compatible; meta-externalagent/1.1 (+https://developers.facebook.com/docs/sharing/webmasters/crawler))"
216.73.216.137 - - [28/Jul/2026:07:05:59 +0200] "GET /sitemap.xml?lokasie=%2Fvar%2Fwww%2Fvhosts%2Fas-cp.fr%2Fwpascp%2Fwp-includes%2FRequests%2Fsrc%2FUtility%2FCaseInsensitiveDictionary.php&loknya=%2Fvar%2Fwww%2Fvhosts%2Fas-cp.fr%2Fwpascp%2Fwp-includes%2FRequests%2Fsrc%2FUtility HTTP/1.1" 200 5206 "-" "Mozilla/5.0 AppleWebKit/537.36 (KHTML, like Gecko; compatible; ClaudeBot/1.0; +claudebot@anthropic.com)"
216.67.230.98 - - [28/Jul/2026:07:05:59 +0200] "GET /wp-comments-post.php HTTP/1.1" 403 5816 "-" "Mozilla/5.0 (Windows NT 10.0; Win64; x64) AppleWebKit/537.36 (KHTML, like Gecko) Chrome/131.0.0.0 Safari/537.36"
57.141.0.15 - - [28/Jul/2026:07:05:59 +0200] "GET /sitemap-sub-1346.xml?shopdetail/K173372579799 HTTP/1.1" 200 193448 "-" "Mozilla/5.0 (Windows NT 10.0; Win64; x64) AppleWebKit/537.36 (KHTML, like Gecko) Chrome/145.0.0.0 Safari/537.36 (compatible; meta-externalagent/1.1 (+https://developers.facebook.com/docs/sharing/webmasters/crawler))"
114.119.130.221 - - [28/Jul/2026:07:06:00 +0200] "GET /author/marion-brd/page/8/?loknya=/var/www/vhosts/as-cp.fr HTTP/1.1" 200 7954 "https://as-cp.fr/author/marion-brd/page/8/" "Mozilla/5.0 (Linux; Android 7.0;) AppleWebKit/537.36 (HTML, like Gecko) Mobile Safari/537.36 (compatible; PetalBot;+https://webmaster.petalsearch.com/site/petalbot)"
57.141.0.58 - - [28/Jul/2026:07:06:00 +0200] "GET /sitemap-sub-1346.xml?shopdetail/K173475100746 HTTP/1.1" 200 194534 "-" "Mozilla/5.0 (Windows NT 10.0; Win64; x64) AppleWebKit/537.36 (KHTML, like Gecko) Chrome/145.0.0.0 Safari/537.36 (compatible; meta-externalagent/1.1 (+https://developers.facebook.com/docs/sharing/webmasters/crawler))"
57.141.0.1 - - [28/Jul/2026:07:06:00 +0200] "GET /sitemap-sub-1346.xml?shopdetail/K173573404249 HTTP/1.1" 200 193454 "-" "Mozilla/5.0 (Windows NT 10.0; Win64; x64) AppleWebKit/537.36 (KHTML, like Gecko) Chrome/145.0.0.0 Safari/537.36 Edg/145.0.0.0 (compatible; meta-externalagent/1.1 (+https://developers.facebook.com/docs/sharing/webmasters/crawler))"
216.67.230.98 - - [28/Jul/2026:07:06:01 +0200] "GET /wp-login.php HTTP/1.1" 403 5816 "-" "Mozilla/5.0 (X11; Linux x86_64) AppleWebKit/537.36 (KHTML, like Gecko) Chrome/131.0.0.0 Safari/537.36"
57.141.0.27 - - [28/Jul/2026:07:06:00 +0200] "GET /sitemap-sub-1346.xml?shopdetail/K173073535364 HTTP/1.1" 200 193448 "-" "Mozilla/5.0 (Windows NT 10.0; Win64; x64) AppleWebKit/537.36 (KHTML, like Gecko) Chrome/145.0.0.0 Safari/537.36 (compatible; meta-externalagent/1.1 (+https://developers.facebook.com/docs/sharing/webmasters/crawler))"
57.141.0.21 - - [28/Jul/2026:07:06:00 +0200] "GET /sitemap-sub-1346.xml?shopdetail/K173577615390 HTTP/1.1" 200 194534 "-" "Mozilla/5.0 (Windows NT 10.0; Win64; x64) AppleWebKit/537.36 (KHTML, like Gecko) Chrome/145.0.0.0 Safari/537.36 (compatible; meta-externalagent/1.1 (+https://developers.facebook.com/docs/sharing/webmasters/crawler))"
74.7.227.138 - - [28/Jul/2026:07:06:01 +0200] "GET /sitemap_index.xml?shopdetail/N17317733737 HTTP/1.1" 200 10882 "https://as-cp.fr/sitemap_index.xml?shopdetail/N17336056001" "Mozilla/5.0 AppleWebKit/537.36 (KHTML, like Gecko; compatible; GPTBot/1.4; +https://openai.com/gptbot)"
216.67.230.98 - - [28/Jul/2026:07:06:01 +0200] "GET / HTTP/1.1" 200 8125 "-" "Mozilla/5.0 (X11; Linux x86_64) AppleWebKit/537.36 (KHTML, like Gecko) Chrome/131.0.0.0 Safari/537.36"
216.67.230.98 - - [28/Jul/2026:07:06:01 +0200] "GET /wp-admin/ HTTP/1.1" 403 5816 "-" "Mozilla/5.0 (X11; Linux x86_64) AppleWebKit/537.36 (KHTML, like Gecko) Chrome/131.0.0.0 Safari/537.36"
57.141.0.31 - - [28/Jul/2026:07:06:01 +0200] "GET /sitemap-sub-1346.xml?shopdetail/K173075901189 HTTP/1.1" 200 193448 "-" "Mozilla/5.0 (Windows NT 10.0; Win64; x64) AppleWebKit/537.36 (KHTML, like Gecko) Chrome/145.0.0.0 Safari/537.36 (compatible; meta-externalagent/1.1 (+https://developers.facebook.com/docs/sharing/webmasters/crawler))"
57.141.0.58 - - [28/Jul/2026:07:06:02 +0200] "GET /sitemap-sub-1346.xml?shopdetail/K17356471603 HTTP/1.1" 200 193928 "-" "Mozilla/5.0 (Windows NT 10.0; Win64; x64) AppleWebKit/537.36 (KHTML, like Gecko) Chrome/145.0.0.0 Safari/537.36 (compatible; meta-externalagent/1.1 (+https://developers.facebook.com/docs/sharing/webmasters/crawler))"
57.141.0.37 - - [28/Jul/2026:07:06:02 +0200] "GET /sitemap-sub-1346.xml?shopdetail/K173279070530 HTTP/1.1" 200 194534 "-" "Mozilla/5.0 (Macintosh; Intel Mac OS X 10_15_7) AppleWebKit/537.36 (KHTML, like Gecko) Chrome/145.0.0.0 Safari/537.36 (compatible; meta-externalagent/1.1 (+https://developers.facebook.com/docs/sharing/webmasters/crawler))"
216.67.230.98 - - [28/Jul/2026:07:06:02 +0200] "GET /wp-admin/admin-post.php HTTP/1.1" 403 5816 "-" "Mozilla/5.0 (Windows NT 10.0; Win64; x64) AppleWebKit/537.36 (KHTML, like Gecko) Chrome/131.0.0.0 Safari/537.36"
216.73.216.137 - - [28/Jul/2026:07:06:02 +0200] "GET /?loknya=%2Fvar%2Fwww%2Fvhosts%2Fas-cp.fr%2Fwpascp%2Fwp-content%2Fplugins%2Fwp-rocket%2Finc%2FEngine%2FLicense HTTP/1.1" 200 7452 "-" "Mozilla/5.0 AppleWebKit/537.36 (KHTML, like Gecko; compatible; ClaudeBot/1.0; +claudebot@anthropic.com)"
57.141.0.49 - - [28/Jul/2026:07:06:02 +0200] "GET /sitemap-sub-1346.xml?shopdetail/K17358862354 HTTP/1.1" 200 194534 "-" "Mozilla/5.0 (Windows NT 10.0; Win64; x64) AppleWebKit/537.36 (KHTML, like Gecko) Chrome/145.0.0.0 Safari/537.36 (compatible; meta-externalagent/1.1 (+https://developers.facebook.com/docs/sharing/webmasters/crawler))"
57.141.0.12 - - [28/Jul/2026:07:06:02 +0200] "GET /sitemap-sub-1346.xml?shopdetail/K17333869744 HTTP/1.1" 200 193448 "-" "Mozilla/5.0 (Windows NT 10.0; Win64; x64) AppleWebKit/537.36 (KHTML, like Gecko) Chrome/145.0.0.0 Safari/537.36 (compatible; meta-externalagent/1.1 (+https://developers.facebook.com/docs/sharing/webmasters/crawler))"
57.141.0.16 - - [28/Jul/2026:07:06:03 +0200] "GET /sitemap-sub-1346.xml?shopdetail/K173511123023 HTTP/1.1" 200 194534 "-" "Mozilla/5.0 (Windows NT 10.0; Win64; x64) AppleWebKit/537.36 (KHTML, like Gecko) Chrome/145.0.0.0 Safari/537.36 (compatible; meta-externalagent/1.1 (+https://developers.facebook.com/docs/sharing/webmasters/crawler))"
57.141.0.37 - - [28/Jul/2026:07:06:03 +0200] "GET /sitemap-sub-1346.xml?shopdetail/K17315224698 HTTP/1.1" 200 194534 "-" "Mozilla/5.0 (Windows NT 10.0; Win64; x64) AppleWebKit/537.36 (KHTML, like Gecko) Chrome/145.0.0.0 Safari/537.36 (compatible; meta-externalagent/1.1 (+https://developers.facebook.com/docs/sharing/webmasters/crawler))"
57.141.0.59 - - [28/Jul/2026:07:06:03 +0200] "GET /sitemap-sub-1346.xml?shopdetail/K17309218659 HTTP/1.1" 200 194534 "-" "Mozilla/5.0 (Windows NT 10.0; Win64; x64) AppleWebKit/537.36 (KHTML, like Gecko) Chrome/145.0.0.0 Safari/537.36 (compatible; meta-externalagent/1.1 (+https://developers.facebook.com/docs/sharing/webmasters/crawler))"
216.67.230.98 - - [28/Jul/2026:07:06:04 +0200] "GET /wp-json/wp/v2/users/me HTTP/1.1" 200 8129 "-" "Mozilla/5.0 (X11; Linux x86_64) AppleWebKit/537.36 (KHTML, like Gecko) Chrome/131.0.0.0 Safari/537.36"
74.7.227.138 - - [28/Jul/2026:07:06:04 +0200] "GET /sitemap_index.xml?shopdetail/N17348611621 HTTP/1.1" 200 10854 "https://as-cp.fr/sitemap_index.xml?shopdetail/N17336056001" "Mozilla/5.0 AppleWebKit/537.36 (KHTML, like Gecko; compatible; GPTBot/1.4; +https://openai.com/gptbot)"
216.67.230.98 - - [28/Jul/2026:07:06:04 +0200] "GET /wp-admin/admin-ajax.php HTTP/1.1" 403 5816 "-" "Mozilla/5.0 (Windows NT 10.0; Win64; x64) AppleWebKit/537.36 (KHTML, like Gecko) Chrome/131.0.0.0 Safari/537.36"
57.141.0.71 - - [28/Jul/2026:07:06:04 +0200] "GET /sitemap-sub-1346.xml?shopdetail/K1731582192 HTTP/1.1" 200 194534 "-" "Mozilla/5.0 (Windows NT 10.0; Win64; x64) AppleWebKit/537.36 (KHTML, like Gecko) Chrome/145.0.0.0 Safari/537.36 (compatible; meta-externalagent/1.1 (+https://developers.facebook.com/docs/sharing/webmasters/crawler))"
57.141.0.67 - - [28/Jul/2026:07:06:04 +0200] "GET /sitemap-sub-1346.xml?shopdetail/K173274565414 HTTP/1.1" 200 193989 "-" "Mozilla/5.0 (Macintosh; Intel Mac OS X 10_15_7) AppleWebKit/537.36 (KHTML, like Gecko) Chrome/145.0.0.0 Safari/537.36 (compatible; meta-externalagent/1.1 (+https://developers.facebook.com/docs/sharing/webmasters/crawler))"
57.141.0.56 - - [28/Jul/2026:07:06:05 +0200] "GET /sitemap-sub-1346.xml?shopdetail/K1731596687 HTTP/1.1" 200 10819 "-" "Mozilla/5.0 (Macintosh; Intel Mac OS X 10_15_7) AppleWebKit/537.36 (KHTML, like Gecko) Chrome/145.0.0.0 Safari/537.36 Edg/145.0.0.0 (compatible; meta-externalagent/1.1 (+https://developers.facebook.com/docs/sharing/webmasters/crawler))"
216.73.216.137 - - [28/Jul/2026:07:06:05 +0200] "GET /sitemap.xml?loknya=%2Fvar%2Fwww%2Fvhosts%2Fas-cp.fr%2Fwpascp%2Fwp-content%2Fplugins%2Fwp-rocket%2Finc HTTP/1.1" 200 5206 "-" "Mozilla/5.0 AppleWebKit/537.36 (KHTML, like Gecko; compatible; ClaudeBot/1.0; +claudebot@anthropic.com)"
57.141.0.53 - - [28/Jul/2026:07:06:05 +0200] "GET /sitemap-sub-1346.xml?shopdetail/K173075848009 HTTP/1.1" 200 194534 "-" "Mozilla/5.0 (Macintosh; Intel Mac OS X 10_15_7) AppleWebKit/537.36 (KHTML, like Gecko) Chrome/145.0.0.0 Safari/537.36 (compatible; meta-externalagent/1.1 (+https://developers.facebook.com/docs/sharing/webmasters/crawler))"
57.141.0.11 - - [28/Jul/2026:07:06:05 +0200] "GET /sitemap-sub-1346.xml?shopdetail/K17312949557 HTTP/1.1" 200 194534 "-" "Mozilla/5.0 (Windows NT 10.0; Win64; x64) AppleWebKit/537.36 (KHTML, like Gecko) Chrome/145.0.0.0 Safari/537.36 (compatible; meta-externalagent/1.1 (+https://developers.facebook.com/docs/sharing/webmasters/crawler))"
57.141.0.9 - - [28/Jul/2026:07:06:06 +0200] "GET /sitemap-sub-1346.xml?shopdetail/K1731557500 HTTP/1.1" 200 193419 "-" "Mozilla/5.0 (X11; Linux x86_64) AppleWebKit/537.36 (KHTML, like Gecko) Chrome/145.0.0.0 Safari/537.36 (compatible; meta-externalagent/1.1 (+https://developers.facebook.com/docs/sharing/webmasters/crawler))"
57.141.0.5 - - [28/Jul/2026:07:06:06 +0200] "GET /sitemap-sub-1346.xml?shopdetail/K17312822612 HTTP/1.1" 200 194534 "-" "Mozilla/5.0 (Macintosh; Intel Mac OS X 10_15_7) AppleWebKit/537.36 (KHTML, like Gecko) Chrome/145.0.0.0 Safari/537.36 (compatible; meta-externalagent/1.1 (+https://developers.facebook.com/docs/sharing/webmasters/crawler))"
216.67.230.98 - - [28/Jul/2026:07:06:06 +0200] "GET /login HTTP/1.1" 200 8125 "-" "Mozilla/5.0 (X11; Linux x86_64) AppleWebKit/537.36 (KHTML, like Gecko) Chrome/131.0.0.0 Safari/537.36"
57.141.0.61 - - [28/Jul/2026:07:06:06 +0200] "GET /sitemap-sub-1346.xml?shopdetail/K17333575683 HTTP/1.1" 200 194534 "-" "Mozilla/5.0 (Windows NT 10.0; Win64; x64) AppleWebKit/537.36 (KHTML, like Gecko) Chrome/145.0.0.0 Safari/537.36 (compatible; meta-externalagent/1.1 (+https://developers.facebook.com/docs/sharing/webmasters/crawler))"
216.67.230.98 - - [28/Jul/2026:07:06:06 +0200] "GET /admin HTTP/1.1" 200 8125 "-" "Mozilla/5.0 (X11; Linux x86_64) AppleWebKit/537.36 (KHTML, like Gecko) Chrome/131.0.0.0 Safari/537.36"
216.67.230.98 - - [28/Jul/2026:07:06:07 +0200] "GET /wp-cron.php HTTP/1.1" 403 5816 "-" "Mozilla/5.0 (Windows NT 10.0; Win64; x64) AppleWebKit/537.36 (KHTML, like Gecko) Chrome/131.0.0.0 Safari/537.36"
57.141.0.52 - - [28/Jul/2026:07:06:06 +0200] "GET /sitemap-sub-1346.xml?shopdetail/K17317549471 HTTP/1.1" 200 194534 "-" "Mozilla/5.0 (Windows NT 10.0; Win64; x64) AppleWebKit/537.36 (KHTML, like Gecko) Chrome/145.0.0.0 Safari/537.36 (compatible; meta-externalagent/1.1 (+https://developers.facebook.com/docs/sharing/webmasters/crawler))"
57.141.0.41 - - [28/Jul/2026:07:06:00 +0200] "GET /sitemap-sub-1346.xml?shopdetail/K17354496724 HTTP/1.1" 200 194056 "-" "Mozilla/5.0 (Windows NT 10.0; Win64; x64) AppleWebKit/537.36 (KHTML, like Gecko) Chrome/145.0.0.0 Safari/537.36 (compatible; meta-externalagent/1.1 (+https://developers.facebook.com/docs/sharing/webmasters/crawler))"
216.67.230.98 - - [28/Jul/2026:07:06:07 +0200] "GET /signin HTTP/1.1" 200 8125 "-" "Mozilla/5.0 (X11; Linux x86_64) AppleWebKit/537.36 (KHTML, like Gecko) Chrome/131.0.0.0 Safari/537.36"
57.141.0.24 - - [28/Jul/2026:07:06:07 +0200] "GET /sitemap-sub-1346.xml?shopdetail/K17336059395 HTTP/1.1" 200 193448 "-" "Mozilla/5.0 (Macintosh; Intel Mac OS X 10_15_7) AppleWebKit/537.36 (KHTML, like Gecko) Chrome/145.0.0.0 Safari/537.36 (compatible; meta-externalagent/1.1 (+https://developers.facebook.com/docs/sharing/webmasters/crawler))"
74.7.227.138 - - [28/Jul/2026:07:06:07 +0200] "GET /sitemap_index.xml?shopdetail/N17335975751 HTTP/1.1" 200 10834 "https://as-cp.fr/sitemap_index.xml?shopdetail/N173410899959" "Mozilla/5.0 AppleWebKit/537.36 (KHTML, like Gecko; compatible; GPTBot/1.4; +https://openai.com/gptbot)"
57.141.0.11 - - [28/Jul/2026:07:06:07 +0200] "GET /sitemap-sub-1346.xml?shopdetail/K173374759180 HTTP/1.1" 200 193235 "-" "Mozilla/5.0 (Macintosh; Intel Mac OS X 10_15_7) AppleWebKit/537.36 (KHTML, like Gecko) Chrome/145.0.0.0 Safari/537.36 (compatible; meta-externalagent/1.1 (+https://developers.facebook.com/docs/sharing/webmasters/crawler))"
216.67.230.98 - - [28/Jul/2026:07:06:07 +0200] "GET /sign-in HTTP/1.1" 200 8125 "-" "Mozilla/5.0 (X11; Linux x86_64) AppleWebKit/537.36 (KHTML, like Gecko) Chrome/131.0.0.0 Safari/537.36"
57.141.0.35 - - [28/Jul/2026:07:06:08 +0200] "GET /sitemap-sub-1346.xml?shopdetail/K17315546000 HTTP/1.1" 200 194204 "-" "Mozilla/5.0 (Macintosh; Intel Mac OS X 10_15_7) AppleWebKit/537.36 (KHTML, like Gecko) Chrome/145.0.0.0 Safari/537.36 (compatible; meta-externalagent/1.1 (+https://developers.facebook.com/docs/sharing/webmasters/crawler))"
216.67.230.98 - - [28/Jul/2026:07:06:08 +0200] "GET /wp-trackback.php HTTP/1.1" 403 5816 "-" "Mozilla/5.0 (Windows NT 10.0; Win64; x64) AppleWebKit/537.36 (KHTML, like Gecko) Chrome/131.0.0.0 Safari/537.36"
216.73.216.137 - - [28/Jul/2026:07:06:08 +0200] "GET /?loknya=%2Fvar%2Fwww%2Fvhosts%2Fas-cp.fr%2Fwpascp%2Fwp-includes%2Fsodium_compat%2Fsrc%2FCore%2FAES HTTP/1.1" 200 7248 "-" "Mozilla/5.0 AppleWebKit/537.36 (KHTML, like Gecko; compatible; ClaudeBot/1.0; +claudebot@anthropic.com)"
57.141.0.30 - - [28/Jul/2026:07:06:08 +0200] "GET /sitemap-sub-1346.xml?shopdetail/K17312984597 HTTP/1.1" 200 194534 "-" "Mozilla/5.0 (Windows NT 10.0; Win64; x64) AppleWebKit/537.36 (KHTML, like Gecko) Chrome/145.0.0.0 Safari/537.36 (compatible; meta-externalagent/1.1 (+https://developers.facebook.com/docs/sharing/webmasters/crawler))"
57.141.0.62 - - [28/Jul/2026:07:06:08 +0200] "GET /sitemap-sub-1346.xml?shopdetail/K17335768211 HTTP/1.1" 200 193448 "-" "Mozilla/5.0 (Windows NT 10.0; Win64; x64) AppleWebKit/537.36 (KHTML, like Gecko) Chrome/145.0.0.0 Safari/537.36 (compatible; meta-externalagent/1.1 (+https://developers.facebook.com/docs/sharing/webmasters/crawler))"
216.67.230.98 - - [28/Jul/2026:07:06:09 +0200] "GET /my-login HTTP/1.1" 200 8125 "-" "Mozilla/5.0 (X11; Linux x86_64) AppleWebKit/537.36 (KHTML, like Gecko) Chrome/131.0.0.0 Safari/537.36"
57.141.0.52 - - [28/Jul/2026:07:06:09 +0200] "GET /sitemap-sub-1346.xml?shopdetail/K17331476523 HTTP/1.1" 200 193448 "-" "Mozilla/5.0 (Windows NT 10.0; Win64; x64) AppleWebKit/537.36 (KHTML, like Gecko) Chrome/145.0.0.0 Safari/537.36 (compatible; meta-externalagent/1.1 (+https://developers.facebook.com/docs/sharing/webmasters/crawler))"
57.141.0.27 - - [28/Jul/2026:07:06:09 +0200] "GET /sitemap-sub-1346.xml?shopdetail/K17341775523 HTTP/1.1" 200 194534 "-" "Mozilla/5.0 (Macintosh; Intel Mac OS X 10_15_7) AppleWebKit/537.36 (KHTML, like Gecko) Chrome/145.0.0.0 Safari/537.36 (compatible; meta-externalagent/1.1 (+https://developers.facebook.com/docs/sharing/webmasters/crawler))"
57.141.0.32 - - [28/Jul/2026:07:06:09 +0200] "GET /sitemap-sub-1346.xml?shopdetail/K1731570631 HTTP/1.1" 200 193320 "-" "Mozilla/5.0 (Macintosh; Intel Mac OS X 10_15_7) AppleWebKit/537.36 (KHTML, like Gecko) Chrome/145.0.0.0 Safari/537.36 (compatible; meta-externalagent/1.1 (+https://developers.facebook.com/docs/sharing/webmasters/crawler))"
216.67.230.98 - - [28/Jul/2026:07:06:09 +0200] "GET /secure-login HTTP/1.1" 200 8125 "-" "Mozilla/5.0 (X11; Linux x86_64) AppleWebKit/537.36 (KHTML, like Gecko) Chrome/131.0.0.0 Safari/537.36"
57.141.0.3 - - [28/Jul/2026:07:06:09 +0200] "GET /sitemap-sub-1346.xml?shopdetail/K173073520294 HTTP/1.1" 200 10850 "-" "Mozilla/5.0 (Macintosh; Intel Mac OS X 10_15_7) AppleWebKit/537.36 (KHTML, like Gecko) Chrome/145.0.0.0 Safari/537.36 (compatible; meta-externalagent/1.1 (+https://developers.facebook.com/docs/sharing/webmasters/crawler))"
216.67.230.98 - - [28/Jul/2026:07:06:10 +0200] "GET /hidden-login HTTP/1.1" 200 8125 "-" "Mozilla/5.0 (X11; Linux x86_64) AppleWebKit/537.36 (KHTML, like Gecko) Chrome/131.0.0.0 Safari/537.36"
216.67.230.98 - - [28/Jul/2026:07:06:10 +0200] "GET /secret-login HTTP/1.1" 200 8125 "-" "Mozilla/5.0 (X11; Linux x86_64) AppleWebKit/537.36 (KHTML, like Gecko) Chrome/131.0.0.0 Safari/537.36"
216.67.230.98 - - [28/Jul/2026:07:06:10 +0200] "GET /wp-hidden HTTP/1.1" 200 8125 "-" "Mozilla/5.0 (X11; Linux x86_64) AppleWebKit/537.36 (KHTML, like Gecko) Chrome/131.0.0.0 Safari/537.36"
74.7.227.138 - - [28/Jul/2026:07:06:10 +0200] "GET /sitemap_index.xml?shopdetail/N17307077881 HTTP/1.1" 200 10882 "https://as-cp.fr/sitemap_index.xml?shopdetail/N17336056001" "Mozilla/5.0 AppleWebKit/537.36 (KHTML, like Gecko; compatible; GPTBot/1.4; +https://openai.com/gptbot)"
57.141.0.37 - - [28/Jul/2026:07:06:10 +0200] "GET /sitemap-sub-1346.xml?shopdetail/K17359151049 HTTP/1.1" 200 193228 "-" "Mozilla/5.0 (Windows NT 10.0; Win64; x64) AppleWebKit/537.36 (KHTML, like Gecko) Chrome/145.0.0.0 Safari/537.36 (compatible; meta-externalagent/1.1 (+https://developers.facebook.com/docs/sharing/webmasters/crawler))"
57.141.0.3 - - [28/Jul/2026:07:06:10 +0200] "GET /sitemap-sub-1346.xml?shopdetail/K17333909449 HTTP/1.1" 200 194534 "-" "Mozilla/5.0 (Windows NT 10.0; Win64; x64) AppleWebKit/537.36 (KHTML, like Gecko) Chrome/145.0.0.0 Safari/537.36 (compatible; meta-externalagent/1.1 (+https://developers.facebook.com/docs/sharing/webmasters/crawler))"
57.141.0.61 - - [28/Jul/2026:07:06:10 +0200] "GET /sitemap-sub-1346.xml?shopdetail/K1731587670 HTTP/1.1" 200 194481 "-" "Mozilla/5.0 (Windows NT 10.0; Win64; x64) AppleWebKit/537.36 (KHTML, like Gecko) Chrome/145.0.0.0 Safari/537.36 Edg/145.0.0.0 (compatible; meta-externalagent/1.1 (+https://developers.facebook.com/docs/sharing/webmasters/crawler))"
216.67.230.98 - - [28/Jul/2026:07:06:11 +0200] "GET /dashboard HTTP/1.1" 200 8128 "-" "Mozilla/5.0 (X11; Linux x86_64) AppleWebKit/537.36 (KHTML, like Gecko) Chrome/131.0.0.0 Safari/537.36"
216.67.230.98 - - [28/Jul/2026:07:06:11 +0200] "GET /portal HTTP/1.1" 200 8128 "-" "Mozilla/5.0 (X11; Linux x86_64) AppleWebKit/537.36 (KHTML, like Gecko) Chrome/131.0.0.0 Safari/537.36"
216.73.216.137 - - [28/Jul/2026:07:06:11 +0200] "GET /index.php?loknya=%2Fvar%2Fwww%2Fvhosts%2Fas-cp.fr%2Fwpascp%2Fwp-content%2Fuploads%2F2024 HTTP/1.1" 200 7400 "-" "Mozilla/5.0 AppleWebKit/537.36 (KHTML, like Gecko; compatible; ClaudeBot/1.0; +claudebot@anthropic.com)"
216.67.230.98 - - [28/Jul/2026:07:06:11 +0200] "GET /member HTTP/1.1" 200 8128 "-" "Mozilla/5.0 (X11; Linux x86_64) AppleWebKit/537.36 (KHTML, like Gecko) Chrome/131.0.0.0 Safari/537.36"
57.141.0.35 - - [28/Jul/2026:07:06:12 +0200] "GET /sitemap-sub-1346.xml?shopdetail/K17335869389 HTTP/1.1" 200 193448 "-" "Mozilla/5.0 (Macintosh; Intel Mac OS X 10_15_7) AppleWebKit/537.36 (KHTML, like Gecko) Chrome/145.0.0.0 Safari/537.36 (compatible; meta-externalagent/1.1 (+https://developers.facebook.com/docs/sharing/webmasters/crawler))"
216.67.230.98 - - [28/Jul/2026:07:06:12 +0200] "GET /auth HTTP/1.1" 200 8128 "-" "Mozilla/5.0 (X11; Linux x86_64) AppleWebKit/537.36 (KHTML, like Gecko) Chrome/131.0.0.0 Safari/537.36"
57.141.0.38 - - [28/Jul/2026:07:06:12 +0200] "GET /sitemap-sub-1346.xml?shopdetail/K17302394868 HTTP/1.1" 200 193759 "-" "Mozilla/5.0 (Windows NT 10.0; Win64; x64) AppleWebKit/537.36 (KHTML, like Gecko) Chrome/145.0.0.0 Safari/537.36 (compatible; meta-externalagent/1.1 (+https://developers.facebook.com/docs/sharing/webmasters/crawler))"
216.67.230.98 - - [28/Jul/2026:07:06:12 +0200] "GET /access HTTP/1.1" 200 8128 "-" "Mozilla/5.0 (X11; Linux x86_64) AppleWebKit/537.36 (KHTML, like Gecko) Chrome/131.0.0.0 Safari/537.36"
57.141.0.29 - - [28/Jul/2026:07:06:12 +0200] "GET /sitemap-sub-1346.xml?shopdetail/K17354458533 HTTP/1.1" 200 194534 "-" "Mozilla/5.0 (Windows NT 10.0; Win64; x64) AppleWebKit/537.36 (KHTML, like Gecko) Chrome/145.0.0.0 Safari/537.36 (compatible; meta-externalagent/1.1 (+https://developers.facebook.com/docs/sharing/webmasters/crawler))"
57.141.0.67 - - [28/Jul/2026:07:06:12 +0200] "GET /?v=i8n2d4e7s3t8r0u1c5t3i8bility HTTP/1.1" 200 46119 "-" "Mozilla/5.0 (Macintosh; Intel Mac OS X 10_15_7) AppleWebKit/537.36 (KHTML, like Gecko) Chrome/145.0.0.0 Safari/537.36 (compatible; meta-externalagent/1.1 (+https://developers.facebook.com/docs/sharing/webmasters/crawler))"
57.141.0.49 - - [28/Jul/2026:07:06:12 +0200] "GET /sitemap-sub-1346.xml?shopdetail/K173575711152 HTTP/1.1" 200 194534 "-" "Mozilla/5.0 (Macintosh; Intel Mac OS X 10_15_7) AppleWebKit/537.36 (KHTML, like Gecko) Chrome/145.0.0.0 Safari/537.36 (compatible; meta-externalagent/1.1 (+https://developers.facebook.com/docs/sharing/webmasters/crawler))"
216.67.230.98 - - [28/Jul/2026:07:06:12 +0200] "GET /my-account HTTP/1.1" 200 8128 "-" "Mozilla/5.0 (X11; Linux x86_64) AppleWebKit/537.36 (KHTML, like Gecko) Chrome/131.0.0.0 Safari/537.36"
216.67.230.98 - - [28/Jul/2026:07:06:13 +0200] "GET /wp-login.php HTTP/1.1" 403 5816 "-" "Mozilla/5.0 (Windows NT 10.0; Win64; x64) AppleWebKit/537.36 (KHTML, like Gecko) Chrome/131.0.0.0 Safari/537.36"
216.67.230.98 - - [28/Jul/2026:07:06:13 +0200] "GET /account HTTP/1.1" 200 8128 "-" "Mozilla/5.0 (X11; Linux x86_64) AppleWebKit/537.36 (KHTML, like Gecko) Chrome/131.0.0.0 Safari/537.36"
216.67.230.98 - - [28/Jul/2026:07:06:13 +0200] "GET / HTTP/1.1" 200 26625 "-" "Mozilla/5.0 (Windows NT 10.0; Win64; x64) AppleWebKit/537.36 (KHTML, like Gecko) Chrome/131.0.0.0 Safari/537.36"
57.141.0.52 - - [28/Jul/2026:07:06:13 +0200] "GET /sitemap-sub-1346.xml?shopdetail/K17333849396 HTTP/1.1" 200 193448 "-" "Mozilla/5.0 (Windows NT 10.0; Win64; x64) AppleWebKit/537.36 (KHTML, like Gecko) Chrome/145.0.0.0 Safari/537.36 (compatible; meta-externalagent/1.1 (+https://developers.facebook.com/docs/sharing/webmasters/crawler))"
216.67.230.98 - - [28/Jul/2026:07:06:13 +0200] "GET /members-login HTTP/1.1" 200 8128 "-" "Mozilla/5.0 (X11; Linux x86_64) AppleWebKit/537.36 (KHTML, like Gecko) Chrome/131.0.0.0 Safari/537.36"
57.141.0.6 - - [28/Jul/2026:07:06:13 +0200] "GET /sitemap-sub-1346.xml?shopdetail/K17317447669 HTTP/1.1" 200 193448 "-" "Mozilla/5.0 (X11; Linux x86_64) AppleWebKit/537.36 (KHTML, like Gecko) Chrome/145.0.0.0 Safari/537.36 (compatible; meta-externalagent/1.1 (+https://developers.facebook.com/docs/sharing/webmasters/crawler))"
57.141.0.23 - - [28/Jul/2026:07:06:13 +0200] "GET /sitemap-sub-1346.xml?shopdetail/K17333564762 HTTP/1.1" 200 194652 "-" "Mozilla/5.0 (Macintosh; Intel Mac OS X 10_15_7) AppleWebKit/537.36 (KHTML, like Gecko) Chrome/145.0.0.0 Safari/537.36 (compatible; meta-externalagent/1.1 (+https://developers.facebook.com/docs/sharing/webmasters/crawler))"
74.7.227.138 - - [28/Jul/2026:07:06:13 +0200] "GET /sitemap_index.xml?shopdetail/N17317674831 HTTP/1.1" 200 10862 "https://as-cp.fr/sitemap_index.xml?shopdetail/N17309331095" "Mozilla/5.0 AppleWebKit/537.36 (KHTML, like Gecko; compatible; GPTBot/1.4; +https://openai.com/gptbot)"
216.67.230.98 - - [28/Jul/2026:07:06:14 +0200] "GET /user-login HTTP/1.1" 200 8128 "-" "Mozilla/5.0 (X11; Linux x86_64) AppleWebKit/537.36 (KHTML, like Gecko) Chrome/131.0.0.0 Safari/537.36"
57.141.0.38 - - [28/Jul/2026:07:06:14 +0200] "GET /sitemap-sub-1346.xml?shopdetail/K17312921095 HTTP/1.1" 200 193448 "-" "Mozilla/5.0 (Macintosh; Intel Mac OS X 10_15_7) AppleWebKit/537.36 (KHTML, like Gecko) Chrome/145.0.0.0 Safari/537.36 (compatible; meta-externalagent/1.1 (+https://developers.facebook.com/docs/sharing/webmasters/crawler))"
216.67.230.98 - - [28/Jul/2026:07:06:14 +0200] "GET /private HTTP/1.1" 200 8125 "-" "Mozilla/5.0 (X11; Linux x86_64) AppleWebKit/537.36 (KHTML, like Gecko) Chrome/131.0.0.0 Safari/537.36"
57.141.0.6 - - [28/Jul/2026:07:06:14 +0200] "GET /sitemap-sub-1346.xml?shopdetail/K17338307671 HTTP/1.1" 200 193448 "-" "Mozilla/5.0 (Windows NT 10.0; Win64; x64) AppleWebKit/537.36 (KHTML, like Gecko) Chrome/145.0.0.0 Safari/537.36 (compatible; meta-externalagent/1.1 (+https://developers.facebook.com/docs/sharing/webmasters/crawler))"
216.67.230.98 - - [28/Jul/2026:07:06:14 +0200] "GET /entrance HTTP/1.1" 200 8125 "-" "Mozilla/5.0 (X11; Linux x86_64) AppleWebKit/537.36 (KHTML, like Gecko) Chrome/131.0.0.0 Safari/537.36"
57.141.0.59 - - [28/Jul/2026:07:06:14 +0200] "GET /sitemap-sub-1346.xml?shopdetail/K17306932244 HTTP/1.1" 200 193448 "-" "Mozilla/5.0 (Macintosh; Intel Mac OS X 10_15_7) AppleWebKit/537.36 (KHTML, like Gecko) Chrome/145.0.0.0 Safari/537.36 (compatible; meta-externalagent/1.1 (+https://developers.facebook.com/docs/sharing/webmasters/crawler))"
216.67.230.98 - - [28/Jul/2026:07:06:15 +0200] "GET /gate HTTP/1.1" 200 8125 "-" "Mozilla/5.0 (X11; Linux x86_64) AppleWebKit/537.36 (KHTML, like Gecko) Chrome/131.0.0.0 Safari/537.36"
216.67.230.98 - - [28/Jul/2026:07:06:15 +0200] "GET /control HTTP/1.1" 200 8125 "-" "Mozilla/5.0 (X11; Linux x86_64) AppleWebKit/537.36 (KHTML, like Gecko) Chrome/131.0.0.0 Safari/537.36"
57.141.0.27 - - [28/Jul/2026:07:06:15 +0200] "GET /sitemap-sub-1346.xml?shopdetail/K17333671214 HTTP/1.1" 200 194534 "-" "Mozilla/5.0 (Windows NT 10.0; Win64; x64) AppleWebKit/537.36 (KHTML, like Gecko) Chrome/145.0.0.0 Safari/537.36 (compatible; meta-externalagent/1.1 (+https://developers.facebook.com/docs/sharing/webmasters/crawler))"
57.141.0.13 - - [28/Jul/2026:07:06:15 +0200] "GET /sitemap-sub-1346.xml?shopdetail/K17317864747 HTTP/1.1" 200 193516 "-" "Mozilla/5.0 (Macintosh; Intel Mac OS X 10_15_7) AppleWebKit/537.36 (KHTML, like Gecko) Chrome/145.0.0.0 Safari/537.36 (compatible; meta-externalagent/1.1 (+https://developers.facebook.com/docs/sharing/webmasters/crawler))"
216.73.216.137 - - [28/Jul/2026:07:06:15 +0200] "GET /%22,t+=%22%3C%22+e.getAttribute(%22src%22?lokasie=%2Fvar%2Fwww%2Fvhosts%2Fas-cp.fr%2Fwpascp%2Fwp-includes%2F%2Fclass-wp-editor.php&loknya=%2Fvar%2Fwww%2Fvhosts%2Fas-cp.fr%2Fwpascp%2Fwp-includes%2F HTTP/1.1" 200 24777 "-" "Mozilla/5.0 AppleWebKit/537.36 (KHTML, like Gecko; compatible; ClaudeBot/1.0; +claudebot@anthropic.com)"
216.67.230.98 - - [28/Jul/2026:07:06:15 +0200] "GET /wp-json/wp/v2/users/me HTTP/1.1" 200 8125 "-" "Mozilla/5.0 (Windows NT 10.0; Win64; x64) AppleWebKit/537.36 (KHTML, like Gecko) Chrome/131.0.0.0 Safari/537.36"
216.67.230.98 - - [28/Jul/2026:07:06:15 +0200] "GET /cp HTTP/1.1" 200 8125 "-" "Mozilla/5.0 (X11; Linux x86_64) AppleWebKit/537.36 (KHTML, like Gecko) Chrome/131.0.0.0 Safari/537.36"
57.141.0.52 - - [28/Jul/2026:07:06:15 +0200] "GET /sitemap-sub-1346.xml?shopdetail/K17317759697 HTTP/1.1" 200 193094 "-" "Mozilla/5.0 (Windows NT 10.0; Win64; x64) AppleWebKit/537.36 (KHTML, like Gecko) Chrome/145.0.0.0 Safari/537.36 (compatible; meta-externalagent/1.1 (+https://developers.facebook.com/docs/sharing/webmasters/crawler))"
57.141.0.17 - - [28/Jul/2026:07:06:16 +0200] "GET /sitemap-sub-1346.xml?shopdetail/K17336135115 HTTP/1.1" 200 193448 "-" "Mozilla/5.0 (Windows NT 10.0; Win64; x64) AppleWebKit/537.36 (KHTML, like Gecko) Chrome/145.0.0.0 Safari/537.36 (compatible; meta-externalagent/1.1 (+https://developers.facebook.com/docs/sharing/webmasters/crawler))"
216.67.230.98 - - [28/Jul/2026:07:06:16 +0200] "GET /panel HTTP/1.1" 200 8125 "-" "Mozilla/5.0 (X11; Linux x86_64) AppleWebKit/537.36 (KHTML, like Gecko) Chrome/131.0.0.0 Safari/537.36"
57.141.0.56 - - [28/Jul/2026:07:06:16 +0200] "GET /sitemap-sub-1346.xml?shopdetail/K17304844614 HTTP/1.1" 200 194534 "-" "Mozilla/5.0 (Macintosh; Intel Mac OS X 10_15_7) AppleWebKit/537.36 (KHTML, like Gecko) Chrome/145.0.0.0 Safari/537.36 (compatible; meta-externalagent/1.1 (+https://developers.facebook.com/docs/sharing/webmasters/crawler))"
216.67.230.98 - - [28/Jul/2026:07:06:16 +0200] "GET /backdoor HTTP/1.1" 200 8125 "-" "Mozilla/5.0 (X11; Linux x86_64) AppleWebKit/537.36 (KHTML, like Gecko) Chrome/131.0.0.0 Safari/537.36"
74.7.227.138 - - [28/Jul/2026:07:06:16 +0200] "GET /sitemap_index.xml?shopdetail/N17356775644 HTTP/1.1" 200 10874 "https://as-cp.fr/sitemap_index.xml?shopdetail/N17336056001" "Mozilla/5.0 AppleWebKit/537.36 (KHTML, like Gecko; compatible; GPTBot/1.4; +https://openai.com/gptbot)"
216.67.230.98 - - [28/Jul/2026:07:06:17 +0200] "GET /enter HTTP/1.1" 200 8125 "-" "Mozilla/5.0 (X11; Linux x86_64) AppleWebKit/537.36 (KHTML, like Gecko) Chrome/131.0.0.0 Safari/537.36"
57.141.0.66 - - [28/Jul/2026:07:06:17 +0200] "GET /sitemap-sub-1346.xml?shopdetail/K17313207842 HTTP/1.1" 200 194534 "-" "Mozilla/5.0 (Windows NT 10.0; Win64; x64) AppleWebKit/537.36 (KHTML, like Gecko) Chrome/145.0.0.0 Safari/537.36 (compatible; meta-externalagent/1.1 (+https://developers.facebook.com/docs/sharing/webmasters/crawler))"
57.141.0.8 - - [28/Jul/2026:07:06:17 +0200] "GET /sitemap-sub-1346.xml?shopdetail/K17304915266 HTTP/1.1" 200 194534 "-" "Mozilla/5.0 (Windows NT 10.0; Win64; x64) AppleWebKit/537.36 (KHTML, like Gecko) Chrome/145.0.0.0 Safari/537.36 (compatible; meta-externalagent/1.1 (+https://developers.facebook.com/docs/sharing/webmasters/crawler))"
216.67.230.98 - - [28/Jul/2026:07:06:17 +0200] "GET /secret HTTP/1.1" 200 8124 "-" "Mozilla/5.0 (X11; Linux x86_64) AppleWebKit/537.36 (KHTML, like Gecko) Chrome/131.0.0.0 Safari/537.36"
216.67.230.98 - - [28/Jul/2026:07:06:14 +0200] "GET /wp-admin/ HTTP/1.1" 403 5816 "-" "Mozilla/5.0 (Windows NT 10.0; Win64; x64) AppleWebKit/537.36 (KHTML, like Gecko) Chrome/131.0.0.0 Safari/537.36"
57.141.0.66 - - [28/Jul/2026:07:06:17 +0200] "GET /sitemap-sub-1346.xml?shopdetail/K1731582915 HTTP/1.1" 200 194534 "-" "Mozilla/5.0 (Windows NT 10.0; Win64; x64) AppleWebKit/537.36 (KHTML, like Gecko) Chrome/145.0.0.0 Safari/537.36 (compatible; meta-externalagent/1.1 (+https://developers.facebook.com/docs/sharing/webmasters/crawler))"
216.67.230.98 - - [28/Jul/2026:07:06:17 +0200] "GET /masuk HTTP/1.1" 200 8124 "-" "Mozilla/5.0 (X11; Linux x86_64) AppleWebKit/537.36 (KHTML, like Gecko) Chrome/131.0.0.0 Safari/537.36"
216.67.230.98 - - [28/Jul/2026:07:06:17 +0200] "GET /login HTTP/1.1" 200 8124 "-" "Mozilla/5.0 (Windows NT 10.0; Win64; x64) AppleWebKit/537.36 (KHTML, like Gecko) Chrome/131.0.0.0 Safari/537.36"
