57.141.0.52 - - [27/Jul/2026:10:44:56 +0200] "GET /shops/apochromatism/d8e1p9o9s8a3b4l1e389 HTTP/1.1" 200 41845 "-" "Mozilla/5.0 (Windows NT 10.0; Win64; x64) AppleWebKit/537.36 (KHTML, like Gecko) Chrome/145.0.0.0 Safari/537.36 (compatible; meta-externalagent/1.1 (+https://developers.facebook.com/docs/sharing/webmasters/crawler))"
94.249.2.135 - - [27/Jul/2026:10:45:00 +0200] "POST /xmlrpc.php HTTP/1.1" 200 41847 "-" "Jetpack by WordPress.com (Jetpack 12.5; WordPress 6.2)"
94.249.2.135 - - [27/Jul/2026:10:45:11 +0200] "POST /xmlrpc.php HTTP/1.1" 200 41847 "-" "Jetpack by WordPress.com (Jetpack 12.0; WordPress 6.4)"
94.249.2.135 - - [27/Jul/2026:10:45:21 +0200] "POST /xmlrpc.php HTTP/1.1" 200 41847 "-" "Jetpack by WordPress.com"
94.249.2.135 - - [27/Jul/2026:10:45:31 +0200] "POST /xmlrpc.php HTTP/1.1" 200 41847 "-" "Jetpack by WordPress.com (Jetpack 12.5; WordPress 6.3)"
94.249.2.135 - - [27/Jul/2026:10:45:42 +0200] "POST /xmlrpc.php HTTP/1.1" 200 41847 "-" "Jetpack/12.1; WordPress/6.1; http://site11053129.com"
212.80.9.235 - - [27/Jul/2026:10:45:47 +0200] "GET /wp-login.php HTTP/1.1" 200 8009 "-" "Mozilla/5.0 (Windows NT 10.0; Win64; x64) AppleWebKit/537.36 (KHTML, like Gecko) Chrome/150.0.0.0 Safari/537.36"
57.141.0.54 - - [27/Jul/2026:10:45:48 +0200] "GET /?v=i8r2o4n8m6a9s6t0e7r53 HTTP/1.1" 200 41664 "-" "Mozilla/5.0 (Windows NT 10.0; Win64; x64) AppleWebKit/537.36 (KHTML, like Gecko) Chrome/145.0.0.0 Safari/537.36 (compatible; meta-externalagent/1.1 (+https://developers.facebook.com/docs/sharing/webmasters/crawler))"
94.249.2.135 - - [27/Jul/2026:10:45:52 +0200] "POST /xmlrpc.php HTTP/1.1" 200 41847 "-" "WordPress.com; https://wordpress.com"
128.65.195.216 - - [27/Jul/2026:10:45:54 +0200] "GET /wp-login.php HTTP/1.1" 200 8011 "-" "Mozilla/5.0 (Windows NT 10.0; Win64; x64) AppleWebKit/537.36 (KHTML, like Gecko) Chrome/150.0.0.0 Safari/537.36"
57.141.0.31 - - [27/Jul/2026:10:45:55 +0200] "GET /?genty/81533091382 HTTP/1.1" 200 41664 "-" "Mozilla/5.0 (Macintosh; Intel Mac OS X 10_15_7) AppleWebKit/537.36 (KHTML, like Gecko) Chrome/145.0.0.0 Safari/537.36 (compatible; meta-externalagent/1.1 (+https://developers.facebook.com/docs/sharing/webmasters/crawler))"
57.141.0.40 - - [27/Jul/2026:10:46:00 +0200] "GET /?guardrail/81112376192 HTTP/1.1" 200 41664 "-" "Mozilla/5.0 (Windows NT 10.0; Win64; x64) AppleWebKit/537.36 (KHTML, like Gecko) Chrome/145.0.0.0 Safari/537.36 (compatible; meta-externalagent/1.1 (+https://developers.facebook.com/docs/sharing/webmasters/crawler))"
94.249.2.135 - - [27/Jul/2026:10:46:03 +0200] "POST /xmlrpc.php HTTP/1.1" 200 41847 "-" "Jetpack/12.5; WordPress/6.3; http://site56833216.com"
94.249.2.135 - - [27/Jul/2026:10:46:13 +0200] "POST /xmlrpc.php HTTP/1.1" 200 41847 "-" "Jetpack by WordPress.com"
57.141.0.58 - - [27/Jul/2026:10:46:17 +0200] "GET /madge/hyperlipemia/s8c2e6p5s4i6s8853 HTTP/1.1" 200 41845 "-" "Mozilla/5.0 (Windows NT 10.0; Win64; x64) AppleWebKit/537.36 (KHTML, like Gecko) Chrome/145.0.0.0 Safari/537.36 (compatible; meta-externalagent/1.1 (+https://developers.facebook.com/docs/sharing/webmasters/crawler))"
94.249.2.135 - - [27/Jul/2026:10:46:24 +0200] "POST /xmlrpc.php HTTP/1.1" 200 41847 "-" "Jetpack/12.0; WordPress/6.3; http://site58108300.com"
94.249.2.135 - - [27/Jul/2026:10:46:34 +0200] "POST /xmlrpc.php HTTP/1.1" 200 41847 "-" "Jetpack by WordPress.com (Jetpack 12.5; WordPress 6.3)"
94.249.2.135 - - [27/Jul/2026:10:46:45 +0200] "POST /xmlrpc.php HTTP/1.1" 200 41847 "-" "Jetpack by WordPress.com"
94.249.2.135 - - [27/Jul/2026:10:46:55 +0200] "POST /xmlrpc.php HTTP/1.1" 200 41847 "-" "Jetpack by WordPress.com (Jetpack 12.0; WordPress 6.4)"
94.249.2.135 - - [27/Jul/2026:10:47:06 +0200] "POST /xmlrpc.php HTTP/1.1" 200 41847 "-" "Jetpack by WordPress.com (Jetpack 12.0; WordPress 6.4)"
57.141.0.27 - - [27/Jul/2026:10:47:14 +0200] "GET /restfulness/conjunctional/a8r1i8s8t7a4t4e3109 HTTP/1.1" 200 41845 "-" "Mozilla/5.0 (Macintosh; Intel Mac OS X 10_15_7) AppleWebKit/537.36 (KHTML, like Gecko) Chrome/145.0.0.0 Safari/537.36 (compatible; meta-externalagent/1.1 (+https://developers.facebook.com/docs/sharing/webmasters/crawler))"
94.249.2.135 - - [27/Jul/2026:10:47:16 +0200] "POST /xmlrpc.php HTTP/1.1" 200 41847 "-" "Jetpack by WordPress.com (Jetpack 12.5; WordPress 6.3)"
57.141.0.8 - - [27/Jul/2026:10:47:24 +0200] "GET /shops/intramundane/m8o3u0t4h3s035799 HTTP/1.1" 200 41844 "-" "Mozilla/5.0 (Windows NT 10.0; Win64; x64) AppleWebKit/537.36 (KHTML, like Gecko) Chrome/145.0.0.0 Safari/537.36 (compatible; meta-externalagent/1.1 (+https://developers.facebook.com/docs/sharing/webmasters/crawler))"
94.249.2.135 - - [27/Jul/2026:10:47:27 +0200] "POST /xmlrpc.php HTTP/1.1" 200 41847 "-" "Jetpack by WordPress.com"
94.249.2.135 - - [27/Jul/2026:10:47:37 +0200] "POST /xmlrpc.php HTTP/1.1" 200 41847 "-" "WordPress.com; https://wordpress.com"
94.249.2.135 - - [27/Jul/2026:10:47:48 +0200] "POST /xmlrpc.php HTTP/1.1" 200 41847 "-" "Jetpack by WordPress.com (Jetpack 12.5; WordPress 6.4)"
94.249.2.135 - - [27/Jul/2026:10:47:58 +0200] "POST /xmlrpc.php HTTP/1.1" 200 41847 "-" "Jetpack by WordPress.com (Jetpack 12.0; WordPress 6.2)"
57.141.0.2 - - [27/Jul/2026:10:48:05 +0200] "GET /shops/baldpate/s8l4i1m9n9e4s9s7549 HTTP/1.1" 200 41844 "-" "Mozilla/5.0 (Macintosh; Intel Mac OS X 10_15_7) AppleWebKit/537.36 (KHTML, like Gecko) Chrome/145.0.0.0 Safari/537.36 (compatible; meta-externalagent/1.1 (+https://developers.facebook.com/docs/sharing/webmasters/crawler))"
94.249.2.135 - - [27/Jul/2026:10:48:09 +0200] "POST /xmlrpc.php HTTP/1.1" 200 41847 "-" "WordPress.com; https://wordpress.com"
150.109.46.88 - - [27/Jul/2026:10:48:10 +0200] "GET /?loknya=/var/www/ HTTP/1.1" 200 6817 "-" "Mozilla/5.0 (iPhone; CPU iPhone OS 13_2_3 like Mac OS X) AppleWebKit/605.1.15 (KHTML, like Gecko) Version/13.0.3 Mobile/15E148 Safari/604.1"
94.249.2.135 - - [27/Jul/2026:10:48:19 +0200] "POST /xmlrpc.php HTTP/1.1" 200 41847 "-" "Jetpack/12.1; WordPress/6.1; http://site95758958.com"
94.249.2.135 - - [27/Jul/2026:10:48:30 +0200] "POST /xmlrpc.php HTTP/1.1" 200 41847 "-" "Jetpack/13.0; WordPress/6.3; http://site58375454.com"
94.249.2.135 - - [27/Jul/2026:10:48:40 +0200] "POST /xmlrpc.php HTTP/1.1" 200 41847 "-" "Jetpack by WordPress.com"
57.141.0.56 - - [27/Jul/2026:10:48:46 +0200] "GET /?v=c8h7a6e7t2o4g8n9a4t0ha HTTP/1.1" 200 41664 "-" "Mozilla/5.0 (Macintosh; Intel Mac OS X 10_15_7) AppleWebKit/537.36 (KHTML, like Gecko) Chrome/145.0.0.0 Safari/537.36 (compatible; meta-externalagent/1.1 (+https://developers.facebook.com/docs/sharing/webmasters/crawler))"
94.249.2.135 - - [27/Jul/2026:10:48:51 +0200] "POST /xmlrpc.php HTTP/1.1" 200 41847 "-" "Jetpack by WordPress.com"
94.249.2.135 - - [27/Jul/2026:10:49:01 +0200] "POST /xmlrpc.php HTTP/1.1" 200 41847 "-" "Jetpack/13.0; WordPress/6.1; http://site43797841.com"
57.141.0.8 - - [27/Jul/2026:10:49:10 +0200] "GET /shops/current/b8e5a3c7h8i5n0g573 HTTP/1.1" 200 41844 "-" "Mozilla/5.0 (Windows NT 10.0; Win64; x64) AppleWebKit/537.36 (KHTML, like Gecko) Chrome/145.0.0.0 Safari/537.36 (compatible; meta-externalagent/1.1 (+https://developers.facebook.com/docs/sharing/webmasters/crawler))"
57.141.0.16 - - [27/Jul/2026:10:49:11 +0200] "GET /?v=f8r1i6j1o3l107671 HTTP/1.1" 200 41664 "-" "Mozilla/5.0 (Windows NT 10.0; Win64; x64) AppleWebKit/537.36 (KHTML, like Gecko) Chrome/145.0.0.0 Safari/537.36 (compatible; meta-externalagent/1.1 (+https://developers.facebook.com/docs/sharing/webmasters/crawler))"
94.249.2.135 - - [27/Jul/2026:10:49:12 +0200] "POST /xmlrpc.php HTTP/1.1" 200 41847 "-" "Jetpack by WordPress.com"
57.141.0.24 - - [27/Jul/2026:10:49:13 +0200] "GET /post-sitemap.xml?__r=1.7812a675ecab8d02fa8165ca9e599f49 HTTP/1.1" 200 41845 "-" "Mozilla/5.0 (Windows NT 10.0; Win64; x64) AppleWebKit/537.36 (KHTML, like Gecko) Chrome/145.0.0.0 Safari/537.36 (compatible; meta-externalagent/1.1 (+https://developers.facebook.com/docs/sharing/webmasters/crawler))"
57.141.0.17 - - [27/Jul/2026:10:49:13 +0200] "GET /shops/melissylene/b8a3s8e9l5a5r8d713 HTTP/1.1" 200 41845 "-" "Mozilla/5.0 (Windows NT 10.0; Win64; x64) AppleWebKit/537.36 (KHTML, like Gecko) Chrome/145.0.0.0 Safari/537.36 (compatible; meta-externalagent/1.1 (+https://developers.facebook.com/docs/sharing/webmasters/crawler))"
94.249.2.135 - - [27/Jul/2026:10:49:22 +0200] "POST /xmlrpc.php HTTP/1.1" 200 41847 "-" "Jetpack by WordPress.com"
57.141.0.21 - - [27/Jul/2026:10:49:32 +0200] "GET /post-sitemap.xml?loknya=/var/www HTTP/1.1" 200 10117 "-" "Mozilla/5.0 (Windows NT 10.0; Win64; x64) AppleWebKit/537.36 (KHTML, like Gecko) Chrome/145.0.0.0 Safari/537.36 Edg/145.0.0.0 (compatible; meta-externalagent/1.1 (+https://developers.facebook.com/docs/sharing/webmasters/crawler))"
94.249.2.135 - - [27/Jul/2026:10:49:33 +0200] "POST /xmlrpc.php HTTP/1.1" 200 41847 "-" "Jetpack by WordPress.com"
57.141.0.8 - - [27/Jul/2026:10:49:36 +0200] "GET /obiism/u8n4s0w3a6t8h1e2027 HTTP/1.1" 200 41844 "-" "Mozilla/5.0 (Windows NT 10.0; Win64; x64) AppleWebKit/537.36 (KHTML, like Gecko) Chrome/145.0.0.0 Safari/537.36 (compatible; meta-externalagent/1.1 (+https://developers.facebook.com/docs/sharing/webmasters/crawler))"
57.141.0.51 - - [27/Jul/2026:10:49:36 +0200] "GET /post-sitemap.xml?loknya=/ HTTP/1.1" 200 10033 "-" "Mozilla/5.0 (Windows NT 10.0; Win64; x64) AppleWebKit/537.36 (KHTML, like Gecko) Chrome/145.0.0.0 Safari/537.36 (compatible; meta-externalagent/1.1 (+https://developers.facebook.com/docs/sharing/webmasters/crawler))"
90.165.80.174 - - [27/Jul/2026:10:49:39 +0200] "GET /wp-login.php HTTP/1.1" 200 8008 "-" "Mozilla/5.0 (Windows NT 10.0; Win64; x64) AppleWebKit/537.36 (KHTML, like Gecko) Chrome/120.0.0.0 Safari/537.36"
90.165.80.174 - - [27/Jul/2026:10:49:39 +0200] "POST /wp-login.php HTTP/1.1" 200 8008 "https://as-cp.fr/wp-login.php" "Mozilla/5.0 (Windows NT 10.0; Win64; x64) AppleWebKit/537.36 (KHTML, like Gecko) Chrome/120.0.0.0 Safari/537.36"
57.141.0.25 - - [27/Jul/2026:10:49:41 +0200] "GET /post-sitemap.xml?lokasie=/var/www/vhosts/as-cp.fr/wpascp/wp-links-opml.php&loknya=/var/www/vhosts/as-cp.fr/wpascp HTTP/1.1" 200 12264 "-" "Mozilla/5.0 (Macintosh; Intel Mac OS X 10_15_7) AppleWebKit/537.36 (KHTML, like Gecko) Chrome/145.0.0.0 Safari/537.36 (compatible; meta-externalagent/1.1 (+https://developers.facebook.com/docs/sharing/webmasters/crawler))"
57.141.0.63 - - [27/Jul/2026:10:49:41 +0200] "GET /post-sitemap.xml?lokasie=/var/www/vhosts/as-cp.fr/wpascp/robots.txt&loknya=/var/www/vhosts/as-cp.fr/wpascp HTTP/1.1" 200 9282 "-" "Mozilla/5.0 (Macintosh; Intel Mac OS X 10_15_7) AppleWebKit/537.36 (KHTML, like Gecko) Chrome/145.0.0.0 Safari/537.36 (compatible; meta-externalagent/1.1 (+https://developers.facebook.com/docs/sharing/webmasters/crawler))"
57.141.0.31 - - [27/Jul/2026:10:49:42 +0200] "GET /post-sitemap.xml?loknya=/var/www/vhosts/as-cp.fr/wpascp/images HTTP/1.1" 200 11903 "-" "Mozilla/5.0 (Windows NT 10.0; Win64; x64) AppleWebKit/537.36 (KHTML, like Gecko) Chrome/145.0.0.0 Safari/537.36 (compatible; meta-externalagent/1.1 (+https://developers.facebook.com/docs/sharing/webmasters/crawler))"
57.141.0.2 - - [27/Jul/2026:10:49:44 +0200] "GET /shops/osanne/c8o3e4x8t6e3n9d1i1n5g0 HTTP/1.1" 200 41844 "-" "Mozilla/5.0 (Windows NT 10.0; Win64; x64) AppleWebKit/537.36 (KHTML, like Gecko) Chrome/145.0.0.0 Safari/537.36 (compatible; meta-externalagent/1.1 (+https://developers.facebook.com/docs/sharing/webmasters/crawler))"
94.249.2.135 - - [27/Jul/2026:10:49:43 +0200] "POST /xmlrpc.php HTTP/1.1" 200 41847 "-" "WordPress.com; https://wordpress.com"
90.165.80.174 - - [27/Jul/2026:10:49:45 +0200] "POST /wp-login.php HTTP/1.1" 200 8008 "https://as-cp.fr/wp-login.php" "Mozilla/5.0 (Windows NT 10.0; Win64; x64) AppleWebKit/537.36 (KHTML, like Gecko) Chrome/120.0.0.0 Safari/537.36"
57.141.0.9 - - [27/Jul/2026:10:49:47 +0200] "GET /post-sitemap.xml?lokasie=/var/www/vhosts/as-cp.fr/wpascp/wp-activate.php&loknya=/var/www/vhosts/as-cp.fr/wpascp HTTP/1.1" 200 18269 "-" "Mozilla/5.0 (Windows NT 10.0; Win64; x64) AppleWebKit/537.36 (KHTML, like Gecko) Chrome/145.0.0.0 Safari/537.36 (compatible; meta-externalagent/1.1 (+https://developers.facebook.com/docs/sharing/webmasters/crawler))"
90.165.80.174 - - [27/Jul/2026:10:49:51 +0200] "POST /wp-login.php HTTP/1.1" 200 8008 "https://as-cp.fr/wp-login.php" "Mozilla/5.0 (Windows NT 10.0; Win64; x64) AppleWebKit/537.36 (KHTML, like Gecko) Chrome/120.0.0.0 Safari/537.36"
90.165.80.174 - - [27/Jul/2026:10:49:51 +0200] "POST /xmlrpc.php HTTP/1.1" 200 8004 "-" "WordPress/5.0; https://as-cp.fr"
94.249.2.135 - - [27/Jul/2026:10:49:54 +0200] "POST /xmlrpc.php HTTP/1.1" 200 41847 "-" "WordPress.com; https://wordpress.com"
57.141.0.15 - - [27/Jul/2026:10:49:57 +0200] "GET /obiism/u8n4s0w3a6t8h1e2027?lokasie=/var/www/vhosts/as-cp.fr/wpascp/wp-signup.php&loknya=/var/www/vhosts/as-cp.fr/wpascp HTTP/1.1" 200 51115 "-" "Mozilla/5.0 (Windows NT 10.0; Win64; x64) AppleWebKit/537.36 (KHTML, like Gecko) Chrome/145.0.0.0 Safari/537.36 (compatible; meta-externalagent/1.1 (+https://developers.facebook.com/docs/sharing/webmasters/crawler))"
57.141.0.24 - - [27/Jul/2026:10:49:58 +0200] "GET /obiism/u8n4s0w3a6t8h1e2027?loknya=/var/www/vhosts/as-cp.fr/wpascp/wp-content HTTP/1.1" 200 30306 "-" "Mozilla/5.0 (Macintosh; Intel Mac OS X 10_15_7) AppleWebKit/537.36 (KHTML, like Gecko) Chrome/145.0.0.0 Safari/537.36 (compatible; meta-externalagent/1.1 (+https://developers.facebook.com/docs/sharing/webmasters/crawler))"
57.141.0.2 - - [27/Jul/2026:10:49:59 +0200] "GET /obiism/u8n4s0w3a6t8h1e2027?lokasie=/var/www/vhosts/as-cp.fr/wpascp/wp-activate.php&loknya=/var/www/vhosts/as-cp.fr/wpascp HTTP/1.1" 200 18269 "-" "Mozilla/5.0 (Windows NT 10.0; Win64; x64) AppleWebKit/537.36 (KHTML, like Gecko) Chrome/145.0.0.0 Safari/537.36 Edg/145.0.0.0 (compatible; meta-externalagent/1.1 (+https://developers.facebook.com/docs/sharing/webmasters/crawler))"
57.141.0.12 - - [27/Jul/2026:10:49:59 +0200] "GET /obiism/u8n4s0w3a6t8h1e2027?loknya=/var/www/vhosts/as-cp.fr/wpascp/images HTTP/1.1" 200 11903 "-" "Mozilla/5.0 (Windows NT 10.0; Win64; x64) AppleWebKit/537.36 (KHTML, like Gecko) Chrome/145.0.0.0 Safari/537.36 (compatible; meta-externalagent/1.1 (+https://developers.facebook.com/docs/sharing/webmasters/crawler))"
57.141.0.41 - - [27/Jul/2026:10:49:59 +0200] "GET /obiism/u8n4s0w3a6t8h1e2027?loknya=/var/www/vhosts/as-cp.fr/wpascp HTTP/1.1" 200 41845 "-" "Mozilla/5.0 (Windows NT 10.0; Win64; x64) AppleWebKit/537.36 (KHTML, like Gecko) Chrome/144.0.0.0 Safari/537.36 Edg/144.0.0.0 (compatible; meta-externalagent/1.1 (+https://developers.facebook.com/docs/sharing/webmasters/crawler))"
57.141.0.28 - - [27/Jul/2026:10:50:03 +0200] "GET /obiism/u8n4s0w3a6t8h1e2027?lokasie=/var/www/vhosts/as-cp.fr/wpascp/readme.html&loknya=/var/www/vhosts/as-cp.fr/wpascp HTTP/1.1" 200 18618 "-" "Mozilla/5.0 (Windows NT 10.0; Win64; x64) AppleWebKit/537.36 (KHTML, like Gecko) Chrome/145.0.0.0 Safari/537.36 (compatible; meta-externalagent/1.1 (+https://developers.facebook.com/docs/sharing/webmasters/crawler))"
57.141.0.29 - - [27/Jul/2026:10:50:03 +0200] "GET /obiism/u8n4s0w3a6t8h1e2027?lokasie=/var/www/vhosts/as-cp.fr/wpascp/robots.txt&loknya=/var/www/vhosts/as-cp.fr/wpascp HTTP/1.1" 200 9282 "-" "Mozilla/5.0 (Macintosh; Intel Mac OS X 10_15_7) AppleWebKit/537.36 (KHTML, like Gecko) Chrome/145.0.0.0 Safari/537.36 (compatible; meta-externalagent/1.1 (+https://developers.facebook.com/docs/sharing/webmasters/crawler))"
94.249.2.135 - - [27/Jul/2026:10:50:04 +0200] "POST /xmlrpc.php HTTP/1.1" 200 41847 "-" "Jetpack/12.0; WordPress/6.4; http://site56878373.com"
57.141.0.9 - - [27/Jul/2026:10:50:05 +0200] "GET /obiism/u8n4s0w3a6t8h1e2027?lokasie=/var/www/vhosts/as-cp.fr/wpascp/wp-mail.php&loknya=/var/www/vhosts/as-cp.fr/wpascp HTTP/1.1" 200 19179 "-" "Mozilla/5.0 (Windows NT 10.0; Win64; x64) AppleWebKit/537.36 (KHTML, like Gecko) Chrome/145.0.0.0 Safari/537.36 (compatible; meta-externalagent/1.1 (+https://developers.facebook.com/docs/sharing/webmasters/crawler))"
57.141.0.65 - - [27/Jul/2026:10:50:07 +0200] "GET /post-sitemap.xml?loknya=/var/www/vhosts/as-cp.fr/wpascp HTTP/1.1" 200 41845 "-" "Mozilla/5.0 (Windows NT 10.0; Win64; x64) AppleWebKit/537.36 (KHTML, like Gecko) Chrome/145.0.0.0 Safari/537.36 (compatible; meta-externalagent/1.1 (+https://developers.facebook.com/docs/sharing/webmasters/crawler))"
57.141.0.56 - - [27/Jul/2026:10:50:08 +0200] "GET /obiism/u8n4s0w3a6t8h1e2027?lokasie=/var/www/vhosts/as-cp.fr/wpascp/index.php&loknya=/var/www/vhosts/as-cp.fr/wpascp HTTP/1.1" 200 9640 "-" "Mozilla/5.0 (Windows NT 10.0; Win64; x64) AppleWebKit/537.36 (KHTML, like Gecko) Chrome/145.0.0.0 Safari/537.36 (compatible; meta-externalagent/1.1 (+https://developers.facebook.com/docs/sharing/webmasters/crawler))"
57.141.0.42 - - [27/Jul/2026:10:50:09 +0200] "GET /obiism/u8n4s0w3a6t8h1e2027?lokasie=/var/www/vhosts/as-cp.fr/wpascp/wp-settings.php&loknya=/var/www/vhosts/as-cp.fr/wpascp HTTP/1.1" 200 44120 "-" "Mozilla/5.0 (Windows NT 10.0; Win64; x64) AppleWebKit/537.36 (KHTML, like Gecko) Chrome/145.0.0.0 Safari/537.36 (compatible; meta-externalagent/1.1 (+https://developers.facebook.com/docs/sharing/webmasters/crawler))"
57.141.0.24 - - [27/Jul/2026:10:50:10 +0200] "GET /post-sitemap.xml?loknya=/var/www/vhosts/as-cp.fr/wpascp HTTP/1.1" 200 41845 "-" "Mozilla/5.0 (Windows NT 10.0; Win64; x64) AppleWebKit/537.36 (KHTML, like Gecko) Chrome/145.0.0.0 Safari/537.36 (compatible; meta-externalagent/1.1 (+https://developers.facebook.com/docs/sharing/webmasters/crawler))"
94.249.2.135 - - [27/Jul/2026:10:50:14 +0200] "POST /xmlrpc.php HTTP/1.1" 200 41847 "-" "Jetpack by WordPress.com"
57.141.0.61 - - [27/Jul/2026:10:50:18 +0200] "GET /obiism/u8n4s0w3a6t8h1e2027?loknya=/ HTTP/1.1" 200 10033 "-" "Mozilla/5.0 (Windows NT 10.0; Win64; x64) AppleWebKit/537.36 (KHTML, like Gecko) Chrome/145.0.0.0 Safari/537.36 (compatible; meta-externalagent/1.1 (+https://developers.facebook.com/docs/sharing/webmasters/crawler))"
57.141.0.18 - - [27/Jul/2026:10:50:20 +0200] "GET /obiism/u8n4s0w3a6t8h1e2027?loknya=/var/www/vhosts HTTP/1.1" 200 10180 "-" "Mozilla/5.0 (X11; Linux x86_64) AppleWebKit/537.36 (KHTML, like Gecko) Chrome/145.0.0.0 Safari/537.36 (compatible; meta-externalagent/1.1 (+https://developers.facebook.com/docs/sharing/webmasters/crawler))"
57.141.0.38 - - [27/Jul/2026:10:50:22 +0200] "GET /obiism/u8n4s0w3a6t8h1e2027?loknya=/var/www/vhosts HTTP/1.1" 200 10180 "-" "Mozilla/5.0 (Windows NT 10.0; Win64; x64) AppleWebKit/537.36 (KHTML, like Gecko) Chrome/145.0.0.0 Safari/537.36 (compatible; meta-externalagent/1.1 (+https://developers.facebook.com/docs/sharing/webmasters/crawler))"
94.249.2.135 - - [27/Jul/2026:10:50:25 +0200] "POST /xmlrpc.php HTTP/1.1" 200 41847 "-" "Jetpack by WordPress.com (Jetpack 12.1; WordPress 6.4)"
94.249.2.135 - - [27/Jul/2026:10:50:35 +0200] "POST /xmlrpc.php HTTP/1.1" 200 41847 "-" "Jetpack by WordPress.com"
94.249.2.135 - - [27/Jul/2026:10:50:46 +0200] "POST /xmlrpc.php HTTP/1.1" 200 41847 "-" "Jetpack/12.5; WordPress/6.2; http://site31279537.com"
57.141.0.2 - - [27/Jul/2026:10:50:51 +0200] "GET /?v=s8c2u0t9t4l1i9n6g659 HTTP/1.1" 200 41663 "-" "Mozilla/5.0 (Windows NT 10.0; Win64; x64) AppleWebKit/537.36 (KHTML, like Gecko) Chrome/145.0.0.0 Safari/537.36 (compatible; meta-externalagent/1.1 (+https://developers.facebook.com/docs/sharing/webmasters/crawler))"
94.249.2.135 - - [27/Jul/2026:10:50:56 +0200] "POST /xmlrpc.php HTTP/1.1" 200 41847 "-" "Jetpack/12.5; WordPress/6.3; http://site29997250.com"
57.141.0.7 - - [27/Jul/2026:10:51:07 +0200] "GET /shops/earshot/a8c2c0e2s9s3i9b6i8l8i8ty HTTP/1.1" 200 41844 "-" "Mozilla/5.0 (Macintosh; Intel Mac OS X 10_15_7) AppleWebKit/537.36 (KHTML, like Gecko) Chrome/145.0.0.0 Safari/537.36 (compatible; meta-externalagent/1.1 (+https://developers.facebook.com/docs/sharing/webmasters/crawler))"
94.249.2.135 - - [27/Jul/2026:10:51:07 +0200] "POST /xmlrpc.php HTTP/1.1" 200 41847 "-" "Jetpack/12.5; WordPress/6.3; http://site64596213.com"
57.141.0.35 - - [27/Jul/2026:10:51:17 +0200] "GET /?v=p8u4r2r0i4n2g49844 HTTP/1.1" 200 41664 "-" "Mozilla/5.0 (Macintosh; Intel Mac OS X 10_15_7) AppleWebKit/537.36 (KHTML, like Gecko) Chrome/145.0.0.0 Safari/537.36 (compatible; meta-externalagent/1.1 (+https://developers.facebook.com/docs/sharing/webmasters/crawler))"
94.249.2.135 - - [27/Jul/2026:10:51:17 +0200] "POST /xmlrpc.php HTTP/1.1" 200 41847 "-" "WordPress.com; https://wordpress.com"
57.141.0.29 - - [27/Jul/2026:10:51:25 +0200] "GET /verticillate/c8h1a3p8e5r3o3n6a7g3e2 HTTP/1.1" 200 41845 "-" "Mozilla/5.0 (Windows NT 10.0; Win64; x64) AppleWebKit/537.36 (KHTML, like Gecko) Chrome/145.0.0.0 Safari/537.36 (compatible; meta-externalagent/1.1 (+https://developers.facebook.com/docs/sharing/webmasters/crawler))"
94.249.2.135 - - [27/Jul/2026:10:51:28 +0200] "POST /xmlrpc.php HTTP/1.1" 200 41847 "-" "WordPress.com; https://wordpress.com"
57.141.0.21 - - [27/Jul/2026:10:51:33 +0200] "GET /expectation/electrotint/b8o4y1n1e0000390 HTTP/1.1" 200 41845 "-" "Mozilla/5.0 (Windows NT 10.0; Win64; x64) AppleWebKit/537.36 (KHTML, like Gecko) Chrome/145.0.0.0 Safari/537.36 (compatible; meta-externalagent/1.1 (+https://developers.facebook.com/docs/sharing/webmasters/crawler))"
94.249.2.135 - - [27/Jul/2026:10:51:38 +0200] "POST /xmlrpc.php HTTP/1.1" 200 41847 "-" "WordPress.com; https://wordpress.com"
57.141.0.44 - - [27/Jul/2026:10:51:49 +0200] "GET /verticillate/c8h1a3p8e5r3o3n6a7g3e2?loknya=/ HTTP/1.1" 200 10033 "-" "Mozilla/5.0 (Windows NT 10.0; Win64; x64) AppleWebKit/537.36 (KHTML, like Gecko) Chrome/145.0.0.0 Safari/537.36 (compatible; meta-externalagent/1.1 (+https://developers.facebook.com/docs/sharing/webmasters/crawler))"
94.249.2.135 - - [27/Jul/2026:10:51:49 +0200] "POST /xmlrpc.php HTTP/1.1" 200 41847 "-" "Jetpack/12.0; WordPress/6.1; http://site25335624.com"
57.141.0.59 - - [27/Jul/2026:10:51:54 +0200] "GET /verticillate/c8h1a3p8e5r3o3n6a7g3e2?lokasie=/var/www/vhosts/as-cp.fr/wpascp/wp-blog-header.php&loknya=/var/www/vhosts/as-cp.fr/wpascp HTTP/1.1" 200 9590 "-" "Mozilla/5.0 (Macintosh; Intel Mac OS X 10_15_7) AppleWebKit/537.36 (KHTML, like Gecko) Chrome/145.0.0.0 Safari/537.36 (compatible; meta-externalagent/1.1 (+https://developers.facebook.com/docs/sharing/webmasters/crawler))"
57.141.0.30 - - [27/Jul/2026:10:51:55 +0200] "GET /verticillate/c8h1a3p8e5r3o3n6a7g3e2?loknya=/var/www/vhosts/as-cp.fr/wpascp/wp-admin HTTP/1.1" 200 154193 "-" "Mozilla/5.0 (Windows NT 10.0; Win64; x64) AppleWebKit/537.36 (KHTML, like Gecko) Chrome/145.0.0.0 Safari/537.36 (compatible; meta-externalagent/1.1 (+https://developers.facebook.com/docs/sharing/webmasters/crawler))"
57.141.0.21 - - [27/Jul/2026:10:51:56 +0200] "GET /verticillate/c8h1a3p8e5r3o3n6a7g3e2?lokasie=/var/www/vhosts/as-cp.fr/wpascp/wp-activate.php&loknya=/var/www/vhosts/as-cp.fr/wpascp HTTP/1.1" 200 18270 "-" "Mozilla/5.0 (Windows NT 10.0; Win64; x64) AppleWebKit/537.36 (KHTML, like Gecko) Chrome/145.0.0.0 Safari/537.36 (compatible; meta-externalagent/1.1 (+https://developers.facebook.com/docs/sharing/webmasters/crawler))"
57.141.0.41 - - [27/Jul/2026:10:51:59 +0200] "GET /?v=w8a2y7l7e6s9s92176 HTTP/1.1" 200 41664 "-" "Mozilla/5.0 (Macintosh; Intel Mac OS X 10_15_7) AppleWebKit/537.36 (KHTML, like Gecko) Chrome/145.0.0.0 Safari/537.36 (compatible; meta-externalagent/1.1 (+https://developers.facebook.com/docs/sharing/webmasters/crawler))"
94.249.2.135 - - [27/Jul/2026:10:51:59 +0200] "POST /xmlrpc.php HTTP/1.1" 200 41847 "-" "Jetpack/12.5; WordPress/6.2; http://site80699567.com"
57.141.0.56 - - [27/Jul/2026:10:52:03 +0200] "GET /?v=f8e6t1i8c7h72004 HTTP/1.1" 200 41664 "-" "Mozilla/5.0 (Windows NT 10.0; Win64; x64) AppleWebKit/537.36 (KHTML, like Gecko) Chrome/145.0.0.0 Safari/537.36 (compatible; meta-externalagent/1.1 (+https://developers.facebook.com/docs/sharing/webmasters/crawler))"
94.249.2.135 - - [27/Jul/2026:10:52:10 +0200] "POST /xmlrpc.php HTTP/1.1" 200 41847 "-" "Jetpack by WordPress.com"
57.141.0.35 - - [27/Jul/2026:10:52:14 +0200] "GET /shops/recrudency/m8o2d9i6f7i1c9a2b9l8e5 HTTP/1.1" 200 41845 "-" "Mozilla/5.0 (X11; Linux x86_64) AppleWebKit/537.36 (KHTML, like Gecko) Chrome/145.0.0.0 Safari/537.36 (compatible; meta-externalagent/1.1 (+https://developers.facebook.com/docs/sharing/webmasters/crawler))"
94.249.2.135 - - [27/Jul/2026:10:52:20 +0200] "POST /xmlrpc.php HTTP/1.1" 200 41847 "-" "Jetpack/12.1; WordPress/6.1; http://site85139319.com"
57.141.0.54 - - [27/Jul/2026:10:52:21 +0200] "GET /verticillate/c8h1a3p8e5r3o3n6a7g3e2?lokasie=/var/www/vhosts/as-cp.fr/wpascp/wp-admin/admin.php&loknya=/var/www/vhosts/as-cp.fr/wpascp/wp-admin HTTP/1.1" 200 23349 "-" "Mozilla/5.0 (Windows NT 10.0; Win64; x64) AppleWebKit/537.36 (KHTML, like Gecko) Chrome/145.0.0.0 Safari/537.36 (compatible; meta-externalagent/1.1 (+https://developers.facebook.com/docs/sharing/webmasters/crawler))"
57.141.0.69 - - [27/Jul/2026:10:52:32 +0200] "GET /verticillate/c8h1a3p8e5r3o3n6a7g3e2?lokasie=/var/www/vhosts/as-cp.fr/wpascp/wp-admin/contribute.php&loknya=/var/www/vhosts/as-cp.fr/wpascp/wp-admin HTTP/1.1" 200 17458 "-" "Mozilla/5.0 (Windows NT 10.0; Win64; x64) AppleWebKit/537.36 (KHTML, like Gecko) Chrome/145.0.0.0 Safari/537.36 (compatible; meta-externalagent/1.1 (+https://developers.facebook.com/docs/sharing/webmasters/crawler))"
68.178.160.25 - - [27/Jul/2026:10:52:34 +0200] "GET /wp-login.php HTTP/1.1" 200 8008 "-" "Mozilla/5.0 (Windows NT 10.0; Win64; x64) AppleWebKit/537.36 (KHTML, like Gecko) Chrome/150.0.0.0 Safari/537.36"
94.249.2.135 - - [27/Jul/2026:10:52:31 +0200] "POST /xmlrpc.php HTTP/1.1" 200 41847 "-" "WordPress.com; https://wordpress.com"
57.141.0.38 - - [27/Jul/2026:10:52:37 +0200] "GET /?corrugator/83535917717 HTTP/1.1" 200 41664 "-" "Mozilla/5.0 (Macintosh; Intel Mac OS X 10_15_7) AppleWebKit/537.36 (KHTML, like Gecko) Chrome/145.0.0.0 Safari/537.36 (compatible; meta-externalagent/1.1 (+https://developers.facebook.com/docs/sharing/webmasters/crawler))"
57.141.0.22 - - [27/Jul/2026:10:52:38 +0200] "GET /shops/unhide/p8e3b2b1l6e274519 HTTP/1.1" 200 41845 "-" "Mozilla/5.0 (Windows NT 10.0; Win64; x64) AppleWebKit/537.36 (KHTML, like Gecko) Chrome/145.0.0.0 Safari/537.36 (compatible; meta-externalagent/1.1 (+https://developers.facebook.com/docs/sharing/webmasters/crawler))"
94.249.2.135 - - [27/Jul/2026:10:52:41 +0200] "POST /xmlrpc.php HTTP/1.1" 200 41847 "-" "WordPress.com; https://wordpress.com"
94.249.2.135 - - [27/Jul/2026:10:52:52 +0200] "POST /xmlrpc.php HTTP/1.1" 200 41847 "-" "Jetpack/12.1; WordPress/6.1; http://site79444232.com"
94.249.2.135 - - [27/Jul/2026:10:53:02 +0200] "POST /xmlrpc.php HTTP/1.1" 200 41847 "-" "Jetpack by WordPress.com"
94.249.2.135 - - [27/Jul/2026:10:53:13 +0200] "POST /xmlrpc.php HTTP/1.1" 200 41847 "-" "WordPress.com; https://wordpress.com"
57.141.0.6 - - [27/Jul/2026:10:53:22 +0200] "GET /?v=r8e2p4a7i2r0m9e9n5t78 HTTP/1.1" 200 41663 "-" "Mozilla/5.0 (Windows NT 10.0; Win64; x64) AppleWebKit/537.36 (KHTML, like Gecko) Chrome/145.0.0.0 Safari/537.36 (compatible; meta-externalagent/1.1 (+https://developers.facebook.com/docs/sharing/webmasters/crawler))"
94.249.2.135 - - [27/Jul/2026:10:53:23 +0200] "POST /xmlrpc.php HTTP/1.1" 200 41847 "-" "Jetpack by WordPress.com (Jetpack 12.0; WordPress 6.4)"
57.141.0.53 - - [27/Jul/2026:10:53:23 +0200] "GET /shops/stant/s8e2d6i2l7i2a12588 HTTP/1.1" 200 41845 "-" "Mozilla/5.0 (Macintosh; Intel Mac OS X 10_15_7) AppleWebKit/537.36 (KHTML, like Gecko) Chrome/145.0.0.0 Safari/537.36 (compatible; meta-externalagent/1.1 (+https://developers.facebook.com/docs/sharing/webmasters/crawler))"
94.249.2.135 - - [27/Jul/2026:10:53:34 +0200] "POST /xmlrpc.php HTTP/1.1" 200 41847 "-" "Jetpack/12.0; WordPress/6.3; http://site79849816.com"
57.141.0.11 - - [27/Jul/2026:10:53:44 +0200] "GET /?v=u8g1a5n7d7a929374 HTTP/1.1" 200 41664 "-" "Mozilla/5.0 (Windows NT 10.0; Win64; x64) AppleWebKit/537.36 (KHTML, like Gecko) Chrome/145.0.0.0 Safari/537.36 (compatible; meta-externalagent/1.1 (+https://developers.facebook.com/docs/sharing/webmasters/crawler))"
94.249.2.135 - - [27/Jul/2026:10:53:44 +0200] "POST /xmlrpc.php HTTP/1.1" 200 41847 "-" "WordPress.com; https://wordpress.com"
57.141.0.24 - - [27/Jul/2026:10:53:51 +0200] "GET /?v=s8t4o2w8a2w0a2y7011 HTTP/1.1" 200 41664 "-" "Mozilla/5.0 (Windows NT 10.0; Win64; x64) AppleWebKit/537.36 (KHTML, like Gecko) Chrome/145.0.0.0 Safari/537.36 (compatible; meta-externalagent/1.1 (+https://developers.facebook.com/docs/sharing/webmasters/crawler))"
57.141.0.34 - - [27/Jul/2026:10:53:54 +0200] "GET /shops/monophonic/o8b1e1d3i7b2l5e3081 HTTP/1.1" 200 41845 "-" "Mozilla/5.0 (Windows NT 10.0; Win64; x64) AppleWebKit/537.36 (KHTML, like Gecko) Chrome/145.0.0.0 Safari/537.36 (compatible; meta-externalagent/1.1 (+https://developers.facebook.com/docs/sharing/webmasters/crawler))"
94.249.2.135 - - [27/Jul/2026:10:53:55 +0200] "POST /xmlrpc.php HTTP/1.1" 200 41847 "-" "Jetpack/13.0; WordPress/6.3; http://site35425466.com"
94.249.2.135 - - [27/Jul/2026:10:54:05 +0200] "POST /xmlrpc.php HTTP/1.1" 200 41847 "-" "Jetpack by WordPress.com"
94.249.2.135 - - [27/Jul/2026:10:54:16 +0200] "POST /xmlrpc.php HTTP/1.1" 200 41847 "-" "WordPress.com; https://wordpress.com"
47.128.27.35 - - [27/Jul/2026:10:54:16 +0200] "GET /robots.txt HTTP/1.1" 200 5168 "-" "Mozilla/5.0 (Linux; Android 5.0) AppleWebKit/537.36 (KHTML, like Gecko) Mobile Safari/537.36 (compatible; Bytespider; spider-feedback@bytedance.com)"
37.59.204.155 - - [27/Jul/2026:10:54:25 +0200] "GET /sitemap_index.xml HTTP/1.1" 200 8001 "-" "Mozilla/5.0 (compatible; AhrefsBot/7.0; +http://ahrefs.com/robot/)"
94.249.2.135 - - [27/Jul/2026:10:54:26 +0200] "POST /xmlrpc.php HTTP/1.1" 200 41847 "-" "WordPress.com; https://wordpress.com"
20.197.195.24 - - [27/Jul/2026:10:54:32 +0200] "GET /wp-content/plugins/hellopress/wp_filemanager.php HTTP/1.1" 200 41847 "-" "-"
20.197.195.24 - - [27/Jul/2026:10:54:33 +0200] "GET /this_is_a_new_hello_world.php HTTP/1.1" 403 5816 "-" "-"
20.197.195.24 - - [27/Jul/2026:10:54:33 +0200] "GET /x.php HTTP/1.1" 403 5816 "-" "-"
20.197.195.24 - - [27/Jul/2026:10:54:34 +0200] "GET /mgrr.php HTTP/1.1" 403 5816 "-" "-"
20.197.195.24 - - [27/Jul/2026:10:54:34 +0200] "GET /stdin.php HTTP/1.1" 403 5816 "-" "-"
20.197.195.24 - - [27/Jul/2026:10:54:35 +0200] "GET /BDKR28.php HTTP/1.1" 403 5816 "-" "-"
20.197.195.24 - - [27/Jul/2026:10:54:35 +0200] "GET /001.php HTTP/1.1" 403 5816 "-" "-"
20.197.195.24 - - [27/Jul/2026:10:54:36 +0200] "GET /yup.php HTTP/1.1" 403 5816 "-" "-"
20.197.195.24 - - [27/Jul/2026:10:54:36 +0200] "GET /X.php HTTP/1.1" 403 5816 "-" "-"
20.197.195.24 - - [27/Jul/2026:10:54:36 +0200] "GET /1polka.php HTTP/1.1" 403 5816 "-" "-"
20.197.195.24 - - [27/Jul/2026:10:54:37 +0200] "GET /gec.php HTTP/1.1" 403 5816 "-" "-"
94.249.2.135 - - [27/Jul/2026:10:54:37 +0200] "POST /xmlrpc.php HTTP/1.1" 200 41847 "-" "Jetpack by WordPress.com (Jetpack 12.0; WordPress 6.2)"
20.197.195.24 - - [27/Jul/2026:10:54:37 +0200] "GET /sky.php HTTP/1.1" 403 5816 "-" "-"
57.141.0.45 - - [27/Jul/2026:10:54:37 +0200] "GET /shops/inquiline/w8o1r2d3n8e9t09254 HTTP/1.1" 200 41845 "-" "Mozilla/5.0 (Macintosh; Intel Mac OS X 10_15_7) AppleWebKit/537.36 (KHTML, like Gecko) Chrome/145.0.0.0 Safari/537.36 (compatible; meta-externalagent/1.1 (+https://developers.facebook.com/docs/sharing/webmasters/crawler))"
20.197.195.24 - - [27/Jul/2026:10:54:38 +0200] "GET /fffm.php HTTP/1.1" 403 5816 "-" "-"
20.197.195.24 - - [27/Jul/2026:10:54:38 +0200] "GET /sixxis.php HTTP/1.1" 403 5816 "-" "-"
20.197.195.24 - - [27/Jul/2026:10:54:39 +0200] "GET /yj09.php HTTP/1.1" 403 5816 "-" "-"
20.197.195.24 - - [27/Jul/2026:10:54:39 +0200] "GET /k.php HTTP/1.1" 403 5816 "-" "-"
20.197.195.24 - - [27/Jul/2026:10:54:39 +0200] "GET /k2.php HTTP/1.1" 403 5816 "-" "-"
20.197.195.24 - - [27/Jul/2026:10:54:40 +0200] "GET /w.php HTTP/1.1" 403 5816 "-" "-"
20.197.195.24 - - [27/Jul/2026:10:54:40 +0200] "GET /fpwch.php HTTP/1.1" 403 5816 "-" "-"
20.197.195.24 - - [27/Jul/2026:10:54:41 +0200] "GET /w2025.php HTTP/1.1" 403 5816 "-" "-"
20.197.195.24 - - [27/Jul/2026:10:54:41 +0200] "GET /FWAZ.php HTTP/1.1" 403 5816 "-" "-"
20.197.195.24 - - [27/Jul/2026:10:54:41 +0200] "GET /qterm.php?p= HTTP/1.1" 403 5816 "-" "-"
20.197.195.24 - - [27/Jul/2026:10:54:42 +0200] "GET /blurbs.php HTTP/1.1" 403 5816 "-" "-"
20.197.195.24 - - [27/Jul/2026:10:54:42 +0200] "GET /v543.php HTTP/1.1" 403 5816 "-" "-"
20.197.195.24 - - [27/Jul/2026:10:54:43 +0200] "GET /w3lls.php HTTP/1.1" 403 5816 "-" "-"
20.197.195.24 - - [27/Jul/2026:10:54:43 +0200] "GET /wp-ws68.php?p= HTTP/1.1" 403 5816 "-" "-"
20.197.195.24 - - [27/Jul/2026:10:54:44 +0200] "GET /xyn.php HTTP/1.1" 403 5816 "-" "-"
20.197.195.24 - - [27/Jul/2026:10:54:44 +0200] "GET /green3.php?p= HTTP/1.1" 403 5816 "-" "-"
20.197.195.24 - - [27/Jul/2026:10:54:44 +0200] "GET /ccc.php?p= HTTP/1.1" 403 5816 "-" "-"
20.197.195.24 - - [27/Jul/2026:10:54:45 +0200] "GET /get.php HTTP/1.1" 403 5816 "-" "-"
20.197.195.24 - - [27/Jul/2026:10:54:45 +0200] "GET /images.php HTTP/1.1" 403 5816 "-" "-"
20.197.195.24 - - [27/Jul/2026:10:54:46 +0200] "GET /alls.php HTTP/1.1" 403 5816 "-" "-"
20.197.195.24 - - [27/Jul/2026:10:54:46 +0200] "GET /coffexium.php HTTP/1.1" 403 5816 "-" "-"
20.197.195.24 - - [27/Jul/2026:10:54:47 +0200] "GET /red.php HTTP/1.1" 403 5816 "-" "-"
20.197.195.24 - - [27/Jul/2026:10:54:47 +0200] "GET /wp-includes/sodium_compat/ HTTP/1.1" 403 5816 "-" "-"
20.197.195.24 - - [27/Jul/2026:10:54:47 +0200] "GET /wp-admin/css/colors/coffee/wp-adochan.php HTTP/1.1" 403 5816 "-" "-"
94.249.2.135 - - [27/Jul/2026:10:54:47 +0200] "POST /xmlrpc.php HTTP/1.1" 200 41847 "-" "Jetpack by WordPress.com"
20.197.195.24 - - [27/Jul/2026:10:54:48 +0200] "GET /wp-includes/Text/ HTTP/1.1" 403 5816 "-" "-"
20.197.195.24 - - [27/Jul/2026:10:54:48 +0200] "GET /wp-content/uploads/ HTTP/1.1" 403 5816 "-" "-"
20.197.195.24 - - [27/Jul/2026:10:54:49 +0200] "GET /wp-content/index.php HTTP/1.1" 200 4981 "-" "-"
20.197.195.24 - - [27/Jul/2026:10:54:49 +0200] "GET ///admin.php HTTP/1.1" 200 41847 "-" "-"
57.141.0.65 - - [27/Jul/2026:10:54:55 +0200] "GET /?v=s8o5l4i2l6o0q2u8y68 HTTP/1.1" 200 41664 "-" "Mozilla/5.0 (Macintosh; Intel Mac OS X 10_15_7) AppleWebKit/537.36 (KHTML, like Gecko) Chrome/145.0.0.0 Safari/537.36 (compatible; meta-externalagent/1.1 (+https://developers.facebook.com/docs/sharing/webmasters/crawler))"
94.249.2.135 - - [27/Jul/2026:10:54:58 +0200] "POST /xmlrpc.php HTTP/1.1" 200 41847 "-" "Jetpack/13.0; WordPress/6.1; http://site47733500.com"
57.141.0.24 - - [27/Jul/2026:10:55:01 +0200] "GET /shops/unbeguiled/m8i2m8u5s1o4p9s1733 HTTP/1.1" 200 41845 "-" "Mozilla/5.0 (Macintosh; Intel Mac OS X 10_15_7) AppleWebKit/537.36 (KHTML, like Gecko) Chrome/145.0.0.0 Safari/537.36 (compatible; meta-externalagent/1.1 (+https://developers.facebook.com/docs/sharing/webmasters/crawler))"
57.141.0.27 - - [27/Jul/2026:10:55:09 +0200] "GET /?soundingboard/82379128937 HTTP/1.1" 200 41664 "-" "Mozilla/5.0 (X11; Linux x86_64) AppleWebKit/537.36 (KHTML, like Gecko) Chrome/145.0.0.0 Safari/537.36 (compatible; meta-externalagent/1.1 (+https://developers.facebook.com/docs/sharing/webmasters/crawler))"
94.249.2.135 - - [27/Jul/2026:10:55:08 +0200] "POST /xmlrpc.php HTTP/1.1" 200 41847 "-" "Jetpack/13.0; WordPress/6.2; http://site34875349.com"
94.249.2.135 - - [27/Jul/2026:10:55:19 +0200] "POST /xmlrpc.php HTTP/1.1" 200 41847 "-" "Jetpack by WordPress.com (Jetpack 12.0; WordPress 6.4)"
57.141.0.67 - - [27/Jul/2026:10:55:20 +0200] "GET /shops/unbeguiled/m8i2m8u5s1o4p9s1733?lokasie=/var/www/vhosts/as-cp.fr/wpascp/wp-blog-header.php&loknya=/var/www/vhosts/as-cp.fr/wpascp HTTP/1.1" 200 9590 "-" "Mozilla/5.0 (Windows NT 10.0; Win64; x64) AppleWebKit/537.36 (KHTML, like Gecko) Chrome/145.0.0.0 Safari/537.36 (compatible; meta-externalagent/1.1 (+https://developers.facebook.com/docs/sharing/webmasters/crawler))"
57.141.0.14 - - [27/Jul/2026:10:55:21 +0200] "GET /shops/unbeguiled/m8i2m8u5s1o4p9s1733?lokasie=/var/www/vhosts/as-cp.fr/wpascp/wp-signup.php&loknya=/var/www/vhosts/as-cp.fr/wpascp HTTP/1.1" 200 51121 "-" "Mozilla/5.0 (Windows NT 10.0; Win64; x64) AppleWebKit/537.36 (KHTML, like Gecko) Chrome/145.0.0.0 Safari/537.36 (compatible; meta-externalagent/1.1 (+https://developers.facebook.com/docs/sharing/webmasters/crawler))"
57.141.0.42 - - [27/Jul/2026:10:55:25 +0200] "GET /shops/unbeguiled/m8i2m8u5s1o4p9s1733?lokasie=/var/www/vhosts/as-cp.fr/wpascp/wp-login.php&loknya=/var/www/vhosts/as-cp.fr/wpascp HTTP/1.1" 200 72302 "-" "Mozilla/5.0 (Macintosh; Intel Mac OS X 10_15_7) AppleWebKit/537.36 (KHTML, like Gecko) Chrome/145.0.0.0 Safari/537.36 (compatible; meta-externalagent/1.1 (+https://developers.facebook.com/docs/sharing/webmasters/crawler))"
57.141.0.35 - - [27/Jul/2026:10:55:26 +0200] "GET /shops/unbeguiled/m8i2m8u5s1o4p9s1733?lokasie=/var/www/vhosts/as-cp.fr/wpascp/wp-settings.php&loknya=/var/www/vhosts/as-cp.fr/wpascp HTTP/1.1" 200 44114 "-" "Mozilla/5.0 (Macintosh; Intel Mac OS X 10_15_7) AppleWebKit/537.36 (KHTML, like Gecko) Chrome/145.0.0.0 Safari/537.36 (compatible; meta-externalagent/1.1 (+https://developers.facebook.com/docs/sharing/webmasters/crawler))"
57.141.0.22 - - [27/Jul/2026:10:55:26 +0200] "GET /shops/unbeguiled/m8i2m8u5s1o4p9s1733?lokasie=/var/www/vhosts/as-cp.fr/wpascp/wp-config-sample.php&loknya=/var/www/vhosts/as-cp.fr/wpascp HTTP/1.1" 200 12935 "-" "Mozilla/5.0 (Windows NT 10.0; Win64; x64) AppleWebKit/537.36 (KHTML, like Gecko) Chrome/145.0.0.0 Safari/537.36 (compatible; meta-externalagent/1.1 (+https://developers.facebook.com/docs/sharing/webmasters/crawler))"
94.249.2.135 - - [27/Jul/2026:10:55:29 +0200] "POST /xmlrpc.php HTTP/1.1" 200 41847 "-" "WordPress.com; https://wordpress.com"
94.249.2.135 - - [27/Jul/2026:10:55:40 +0200] "POST /xmlrpc.php HTTP/1.1" 200 41847 "-" "Jetpack by WordPress.com"
57.141.0.62 - - [27/Jul/2026:10:55:44 +0200] "GET /shops/unbeguiled/m8i2m8u5s1o4p9s1733?lokasie=/var/www/vhosts/as-cp.fr/wpascp/wp-cron.php&loknya=/var/www/vhosts/as-cp.fr/wpascp HTTP/1.1" 200 15244 "-" "Mozilla/5.0 (Windows NT 10.0; Win64; x64) AppleWebKit/537.36 (KHTML, like Gecko) Chrome/145.0.0.0 Safari/537.36 (compatible; meta-externalagent/1.1 (+https://developers.facebook.com/docs/sharing/webmasters/crawler))"
57.141.0.20 - - [27/Jul/2026:10:55:46 +0200] "GET /shops/unbeguiled/m8i2m8u5s1o4p9s1733?loknya=/var/www/vhosts HTTP/1.1" 200 10180 "-" "Mozilla/5.0 (Windows NT 10.0; Win64; x64) AppleWebKit/537.36 (KHTML, like Gecko) Chrome/145.0.0.0 Safari/537.36 (compatible; meta-externalagent/1.1 (+https://developers.facebook.com/docs/sharing/webmasters/crawler))"
94.249.2.135 - - [27/Jul/2026:10:55:50 +0200] "POST /xmlrpc.php HTTP/1.1" 200 41847 "-" "Jetpack by WordPress.com (Jetpack 13.0; WordPress 6.1)"
94.249.2.135 - - [27/Jul/2026:10:56:01 +0200] "POST /xmlrpc.php HTTP/1.1" 200 41847 "-" "Jetpack by WordPress.com"
57.141.0.41 - - [27/Jul/2026:10:56:04 +0200] "GET /shops/passeres/b8u1r0t4o9n502232 HTTP/1.1" 200 41845 "-" "Mozilla/5.0 (Windows NT 10.0; Win64; x64) AppleWebKit/537.36 (KHTML, like Gecko) Chrome/145.0.0.0 Safari/537.36 (compatible; meta-externalagent/1.1 (+https://developers.facebook.com/docs/sharing/webmasters/crawler))"
57.141.0.69 - - [27/Jul/2026:10:56:11 +0200] "GET /shops/unbeguiled/m8i2m8u5s1o4p9s1733?loknya=/var HTTP/1.1" 200 10070 "-" "Mozilla/5.0 (Windows NT 10.0; Win64; x64) AppleWebKit/537.36 (KHTML, like Gecko) Chrome/145.0.0.0 Safari/537.36 (compatible; meta-externalagent/1.1 (+https://developers.facebook.com/docs/sharing/webmasters/crawler))"
94.249.2.135 - - [27/Jul/2026:10:56:11 +0200] "POST /xmlrpc.php HTTP/1.1" 200 41847 "-" "Jetpack/13.0; WordPress/6.1; http://site84021523.com"
57.141.0.26 - - [27/Jul/2026:10:56:20 +0200] "GET /?v=e8x3c4l4a7m3a9t0i3o3n HTTP/1.1" 200 41664 "-" "Mozilla/5.0 (Windows NT 10.0; Win64; x64) AppleWebKit/537.36 (KHTML, like Gecko) Chrome/145.0.0.0 Safari/537.36 (compatible; meta-externalagent/1.1 (+https://developers.facebook.com/docs/sharing/webmasters/crawler))"
94.249.2.135 - - [27/Jul/2026:10:56:22 +0200] "POST /xmlrpc.php HTTP/1.1" 200 41847 "-" "Jetpack by WordPress.com (Jetpack 13.0; WordPress 6.2)"
57.141.0.62 - - [27/Jul/2026:10:56:23 +0200] "GET /?v=b8u1l9l2a5n0t8i6c280 HTTP/1.1" 200 41664 "-" "Mozilla/5.0 (Windows NT 10.0; Win64; x64) AppleWebKit/537.36 (KHTML, like Gecko) Chrome/145.0.0.0 Safari/537.36 (compatible; meta-externalagent/1.1 (+https://developers.facebook.com/docs/sharing/webmasters/crawler))"
57.141.0.51 - - [27/Jul/2026:10:56:29 +0200] "GET /?v=d8i1s5c4u2s4s4i2v8e3 HTTP/1.1" 200 41664 "-" "Mozilla/5.0 (Windows NT 10.0; Win64; x64) AppleWebKit/537.36 (KHTML, like Gecko) Chrome/145.0.0.0 Safari/537.36 (compatible; meta-externalagent/1.1 (+https://developers.facebook.com/docs/sharing/webmasters/crawler))"
94.249.2.135 - - [27/Jul/2026:10:56:32 +0200] "POST /xmlrpc.php HTTP/1.1" 200 41847 "-" "Jetpack by WordPress.com (Jetpack 12.5; WordPress 6.2)"
57.141.0.64 - - [27/Jul/2026:10:56:36 +0200] "GET /?v=l8u1s5t8r1a2l39333 HTTP/1.1" 200 41664 "-" "Mozilla/5.0 (Windows NT 10.0; Win64; x64) AppleWebKit/537.36 (KHTML, like Gecko) Chrome/145.0.0.0 Safari/537.36 (compatible; meta-externalagent/1.1 (+https://developers.facebook.com/docs/sharing/webmasters/crawler))"
94.249.2.135 - - [27/Jul/2026:10:56:43 +0200] "POST /xmlrpc.php HTTP/1.1" 200 41847 "-" "Jetpack by WordPress.com (Jetpack 13.0; WordPress 6.3)"
94.249.2.135 - - [27/Jul/2026:10:56:53 +0200] "POST /xmlrpc.php HTTP/1.1" 200 41847 "-" "WordPress.com; https://wordpress.com"
57.141.0.3 - - [27/Jul/2026:10:56:59 +0200] "GET /coracana/tawer/s8o1u6t9h3e5r3n9273 HTTP/1.1" 200 41844 "-" "Mozilla/5.0 (Windows NT 10.0; Win64; x64) AppleWebKit/537.36 (KHTML, like Gecko) Chrome/145.0.0.0 Safari/537.36 (compatible; meta-externalagent/1.1 (+https://developers.facebook.com/docs/sharing/webmasters/crawler))"
94.249.2.135 - - [27/Jul/2026:10:57:04 +0200] "POST /xmlrpc.php HTTP/1.1" 200 41847 "-" "Jetpack/12.5; WordPress/6.1; http://site79587469.com"
94.249.2.135 - - [27/Jul/2026:10:57:14 +0200] "POST /xmlrpc.php HTTP/1.1" 200 41847 "-" "WordPress.com; https://wordpress.com"
94.249.2.135 - - [27/Jul/2026:10:57:25 +0200] "POST /xmlrpc.php HTTP/1.1" 200 41847 "-" "Jetpack by WordPress.com (Jetpack 12.0; WordPress 6.3)"
94.249.2.135 - - [27/Jul/2026:10:57:35 +0200] "POST /xmlrpc.php HTTP/1.1" 200 41847 "-" "Jetpack/12.0; WordPress/6.1; http://site17511225.com"
94.249.2.135 - - [27/Jul/2026:10:57:46 +0200] "POST /xmlrpc.php HTTP/1.1" 200 41847 "-" "WordPress.com; https://wordpress.com"
94.249.2.135 - - [27/Jul/2026:10:57:56 +0200] "POST /xmlrpc.php HTTP/1.1" 200 41847 "-" "Jetpack by WordPress.com (Jetpack 13.0; WordPress 6.1)"
94.249.2.135 - - [27/Jul/2026:10:58:07 +0200] "POST /xmlrpc.php HTTP/1.1" 200 41847 "-" "Jetpack/12.0; WordPress/6.2; http://site66940522.com"
68.178.160.25 - - [27/Jul/2026:10:58:10 +0200] "GET /wp-login.php HTTP/1.1" 200 8008 "-" "Mozilla/5.0 (Windows NT 10.0; Win64; x64) AppleWebKit/537.36 (KHTML, like Gecko) Chrome/150.0.0.0 Safari/537.36"
94.249.2.135 - - [27/Jul/2026:10:58:17 +0200] "POST /xmlrpc.php HTTP/1.1" 200 41847 "-" "Jetpack by WordPress.com"
94.249.2.135 - - [27/Jul/2026:10:58:28 +0200] "POST /xmlrpc.php HTTP/1.1" 200 41847 "-" "Jetpack/12.1; WordPress/6.4; http://site34511119.com"
94.249.2.135 - - [27/Jul/2026:10:58:38 +0200] "POST /xmlrpc.php HTTP/1.1" 200 41847 "-" "WordPress.com; https://wordpress.com"
94.249.2.135 - - [27/Jul/2026:10:58:49 +0200] "POST /xmlrpc.php HTTP/1.1" 200 41847 "-" "WordPress.com; https://wordpress.com"
49.51.72.236 - - [27/Jul/2026:10:58:59 +0200] "GET /index.php?loknya=/var/www HTTP/1.1" 200 6813 "-" "Mozilla/5.0 (iPhone; CPU iPhone OS 13_2_3 like Mac OS X) AppleWebKit/605.1.15 (KHTML, like Gecko) Version/13.0.3 Mobile/15E148 Safari/604.1"
94.249.2.135 - - [27/Jul/2026:10:58:59 +0200] "POST /xmlrpc.php HTTP/1.1" 200 41847 "-" "Jetpack by WordPress.com"
94.249.2.135 - - [27/Jul/2026:10:59:10 +0200] "POST /xmlrpc.php HTTP/1.1" 200 41847 "-" "WordPress.com; https://wordpress.com"
94.249.2.135 - - [27/Jul/2026:10:59:20 +0200] "POST /xmlrpc.php HTTP/1.1" 200 41847 "-" "Jetpack by WordPress.com (Jetpack 12.5; WordPress 6.3)"
94.249.2.135 - - [27/Jul/2026:10:59:31 +0200] "POST /xmlrpc.php HTTP/1.1" 200 41847 "-" "Jetpack/12.1; WordPress/6.2; http://site20982974.com"
94.249.2.135 - - [27/Jul/2026:10:59:41 +0200] "POST /xmlrpc.php HTTP/1.1" 200 41847 "-" "Jetpack by WordPress.com (Jetpack 13.0; WordPress 6.2)"
94.249.2.135 - - [27/Jul/2026:10:59:51 +0200] "POST /xmlrpc.php HTTP/1.1" 200 41847 "-" "Jetpack/12.1; WordPress/6.2; http://site66388335.com"
94.249.2.135 - - [27/Jul/2026:11:00:02 +0200] "POST /xmlrpc.php HTTP/1.1" 200 41847 "-" "Jetpack/12.1; WordPress/6.4; http://site94347956.com"
94.249.2.135 - - [27/Jul/2026:11:00:12 +0200] "POST /xmlrpc.php HTTP/1.1" 200 41847 "-" "Jetpack by WordPress.com (Jetpack 13.0; WordPress 6.1)"
94.249.2.135 - - [27/Jul/2026:11:00:23 +0200] "POST /xmlrpc.php HTTP/1.1" 200 41847 "-" "Jetpack by WordPress.com"
194.187.171.140 - - [27/Jul/2026:11:01:16 +0200] "GET /prestations-particuliers HTTP/1.1" 200 8004 "-" "Mozilla/5.0 (compatible; Qwantbot/1.0_4600542; +https://help.qwant.com/bot/)"
194.187.171.140 - - [27/Jul/2026:11:01:20 +0200] "GET /prestations-professionnels HTTP/1.1" 200 8004 "-" "Mozilla/5.0 (compatible; Qwantbot/1.0_4600524; +https://help.qwant.com/bot/)"
57.141.0.67 - - [27/Jul/2026:11:01:35 +0200] "GET /?v=c8u3v5e2t2t9e21230 HTTP/1.1" 200 41664 "-" "Mozilla/5.0 (Windows NT 10.0; Win64; x64) AppleWebKit/537.36 (KHTML, like Gecko) Chrome/145.0.0.0 Safari/537.36 (compatible; meta-externalagent/1.1 (+https://developers.facebook.com/docs/sharing/webmasters/crawler))"
216.73.217.34 - - [27/Jul/2026:11:02:26 +0200] "GET /robots.txt HTTP/1.1" 200 5168 "-" "Mozilla/5.0 AppleWebKit/537.36 (KHTML, like Gecko; compatible; ClaudeBot/1.0; +claudebot@anthropic.com)"
216.73.217.34 - - [27/Jul/2026:11:02:26 +0200] "GET /?lokasie=%2Fvar%2Fwww%2Fvhosts%2Fas-cp.fr%2Fwpascp%2Fwp-includes%2Fhttps-migration.php&loknya=%2Fvar%2Fwww%2Fvhosts%2Fas-cp.fr%2Fwpascp%2Fwp-includes HTTP/1.1" 200 8188 "-" "Mozilla/5.0 AppleWebKit/537.36 (KHTML, like Gecko; compatible; ClaudeBot/1.0; +claudebot@anthropic.com)"
57.141.0.66 - - [27/Jul/2026:11:02:28 +0200] "GET /?v=p8r1o1b7l4e3m3a6t7i1z0e HTTP/1.1" 200 41664 "-" "Mozilla/5.0 (Macintosh; Intel Mac OS X 10_15_7) AppleWebKit/537.36 (KHTML, like Gecko) Chrome/145.0.0.0 Safari/537.36 (compatible; meta-externalagent/1.1 (+https://developers.facebook.com/docs/sharing/webmasters/crawler))"
216.73.217.34 - - [27/Jul/2026:11:02:29 +0200] "GET /?loknya=%2Fvar%2Fwww%2Fvhosts%2Fas-cp.fr%2Fwpascp%2Fwp-includes%2Fabilities-api HTTP/1.1" 200 7189 "-" "Mozilla/5.0 AppleWebKit/537.36 (KHTML, like Gecko; compatible; ClaudeBot/1.0; +claudebot@anthropic.com)"
216.73.217.34 - - [27/Jul/2026:11:02:32 +0200] "GET /index.php?loknya=%2Fvar%2Fwww%2Fvhosts%2Fas-cp.fr%2Fwpascp%2Fwp-admin HTTP/1.1" 200 10318 "-" "Mozilla/5.0 AppleWebKit/537.36 (KHTML, like Gecko; compatible; ClaudeBot/1.0; +claudebot@anthropic.com)"
57.141.0.1 - - [27/Jul/2026:11:02:32 +0200] "GET /shops/skrite/f8e1t8c2h6e3d14768 HTTP/1.1" 200 41844 "-" "Mozilla/5.0 (Windows NT 10.0; Win64; x64) AppleWebKit/537.36 (KHTML, like Gecko) Chrome/145.0.0.0 Safari/537.36 (compatible; meta-externalagent/1.1 (+https://developers.facebook.com/docs/sharing/webmasters/crawler))"
216.73.217.34 - - [27/Jul/2026:11:02:35 +0200] "GET /?loknya=%2Fvar%2Fwww%2Fvhosts%2Fas-cp.fr%2Fwpascp%2Fwp-includes%2Fcss HTTP/1.1" 200 8434 "-" "Mozilla/5.0 AppleWebKit/537.36 (KHTML, like Gecko; compatible; ClaudeBot/1.0; +claudebot@anthropic.com)"
216.73.217.34 - - [27/Jul/2026:11:02:38 +0200] "GET /?loknya=%2Fvar%2Fwww%2Fvhosts%2Fas-cp.fr%2Fwpascp%2Fwp-includes%2Fblock-patterns HTTP/1.1" 200 7338 "-" "Mozilla/5.0 AppleWebKit/537.36 (KHTML, like Gecko; compatible; ClaudeBot/1.0; +claudebot@anthropic.com)"
216.73.217.34 - - [27/Jul/2026:11:02:41 +0200] "GET /?loknya=%2Fvar%2Fwww%2Fvhosts%2Fas-cp.fr%2Fwpascp%2Fwp-admin%2Fcss HTTP/1.1" 200 9924 "-" "Mozilla/5.0 AppleWebKit/537.36 (KHTML, like Gecko; compatible; ClaudeBot/1.0; +claudebot@anthropic.com)"
216.73.217.34 - - [27/Jul/2026:11:02:44 +0200] "GET /?loknya=%2Fvar%2Fwww%2Fvhosts%2F HTTP/1.1" 200 6824 "-" "Mozilla/5.0 AppleWebKit/537.36 (KHTML, like Gecko; compatible; ClaudeBot/1.0; +claudebot@anthropic.com)"
216.73.217.34 - - [27/Jul/2026:11:02:47 +0200] "GET /?loknya=%2Fvar%2Fwww%2Fvhosts%2Fas-cp.fr%2Fwpascp%2Fwp-includes%2Fphp-compat HTTP/1.1" 200 7063 "-" "Mozilla/5.0 AppleWebKit/537.36 (KHTML, like Gecko; compatible; ClaudeBot/1.0; +claudebot@anthropic.com)"
216.73.217.34 - - [27/Jul/2026:11:02:50 +0200] "GET /?loknya=%2Fvar%2Fwww%2Fvhosts%2Fas-cp.fr%2Fwpascp%2Fwp-includes%2Fhtml-api HTTP/1.1" 200 7638 "-" "Mozilla/5.0 AppleWebKit/537.36 (KHTML, like Gecko; compatible; ClaudeBot/1.0; +claudebot@anthropic.com)"
57.141.0.46 - - [27/Jul/2026:11:02:53 +0200] "GET /?v=t8r4a1c1e1r2i7e9s203 HTTP/1.1" 200 41664 "-" "Mozilla/5.0 (X11; Linux x86_64) AppleWebKit/537.36 (KHTML, like Gecko) Chrome/145.0.0.0 Safari/537.36 (compatible; meta-externalagent/1.1 (+https://developers.facebook.com/docs/sharing/webmasters/crawler))"
216.73.217.34 - - [27/Jul/2026:11:02:58 +0200] "GET /?loknya=%2Fvar%2Fwww%2Fvhosts%2Fas-cp.fr%2Fwpascp%2Fwp-includes%2Fstyle-engine HTTP/1.1" 200 7233 "-" "Mozilla/5.0 AppleWebKit/537.36 (KHTML, like Gecko; compatible; ClaudeBot/1.0; +claudebot@anthropic.com)"
216.73.217.34 - - [27/Jul/2026:11:03:00 +0200] "GET /?loknya=%2Fvar%2Fwww%2Fvhosts%2Fas-cp.fr%2Fwpascp%2Fwp-admin%2Fuser HTTP/1.1" 200 7385 "-" "Mozilla/5.0 AppleWebKit/537.36 (KHTML, like Gecko; compatible; ClaudeBot/1.0; +claudebot@anthropic.com)"
216.73.217.34 - - [27/Jul/2026:11:03:03 +0200] "GET /?loknya=%2Fvar%2Fwww%2Fvhosts%2Fas-cp.fr%2Fwpascp%2Fwp-includes%2Fcustomize HTTP/1.1" 200 8361 "-" "Mozilla/5.0 AppleWebKit/537.36 (KHTML, like Gecko; compatible; ClaudeBot/1.0; +claudebot@anthropic.com)"
