43.135.133.194 - - [27/Jul/2026:12:37:40 +0200] "GET /?lokasie=/var/www/vhosts/as-cp.fr/.nodenv/shims/corepack&loknya=/var/www/vhosts/as-cp.fr/.nodenv/shims HTTP/1.1" 200 6844 "-" "Mozilla/5.0 (iPhone; CPU iPhone OS 13_2_3 like Mac OS X) AppleWebKit/605.1.15 (KHTML, like Gecko) Version/13.0.3 Mobile/15E148 Safari/604.1"
188.113.222.204 - - [27/Jul/2026:12:37:45 +0200] "POST /xmlrpc.php HTTP/1.1" 200 41850 "-" "Jetpack by WordPress.com"
188.113.222.204 - - [27/Jul/2026:12:37:56 +0200] "POST /xmlrpc.php HTTP/1.1" 200 41850 "-" "Jetpack/13.0; WordPress/6.2; http://site87626142.com"
188.113.222.204 - - [27/Jul/2026:12:38:06 +0200] "POST /xmlrpc.php HTTP/1.1" 200 41850 "-" "Jetpack/13.0; WordPress/6.3; http://site22554784.com"
57.141.0.29 - - [27/Jul/2026:12:38:15 +0200] "GET /?v=v8i3v7e1r8r3a31814 HTTP/1.1" 200 41664 "-" "Mozilla/5.0 (X11; Linux x86_64) AppleWebKit/537.36 (KHTML, like Gecko) Chrome/145.0.0.0 Safari/537.36 (compatible; meta-externalagent/1.1 (+https://developers.facebook.com/docs/sharing/webmasters/crawler))"
57.141.0.21 - - [27/Jul/2026:12:38:16 +0200] "GET /?donothingism/81835655867 HTTP/1.1" 200 41664 "-" "Mozilla/5.0 (Macintosh; Intel Mac OS X 10_15_7) AppleWebKit/537.36 (KHTML, like Gecko) Chrome/145.0.0.0 Safari/537.36 (compatible; meta-externalagent/1.1 (+https://developers.facebook.com/docs/sharing/webmasters/crawler))"
188.113.222.204 - - [27/Jul/2026:12:38:17 +0200] "POST /xmlrpc.php HTTP/1.1" 200 41850 "-" "WordPress.com; https://wordpress.com"
188.113.222.204 - - [27/Jul/2026:12:38:28 +0200] "POST /xmlrpc.php HTTP/1.1" 200 41850 "-" "WordPress.com; https://wordpress.com"
57.141.0.20 - - [27/Jul/2026:12:38:46 +0200] "GET /shops/oneiromancy/p8y3a4e2m8i6a23369 HTTP/1.1" 200 41845 "-" "Mozilla/5.0 (Macintosh; Intel Mac OS X 10_15_7) AppleWebKit/537.36 (KHTML, like Gecko) Chrome/145.0.0.0 Safari/537.36 (compatible; meta-externalagent/1.1 (+https://developers.facebook.com/docs/sharing/webmasters/crawler))"
57.141.0.70 - - [27/Jul/2026:12:38:56 +0200] "GET /shops/microsorium/r8i2b2i1b4l4e44547 HTTP/1.1" 200 41845 "-" "Mozilla/5.0 (Windows NT 10.0; Win64; x64) AppleWebKit/537.36 (KHTML, like Gecko) Chrome/145.0.0.0 Safari/537.36 (compatible; meta-externalagent/1.1 (+https://developers.facebook.com/docs/sharing/webmasters/crawler))"
192.241.143.148 - - [27/Jul/2026:12:38:59 +0200] "GET /wp-login.php HTTP/1.1" 200 8011 "-" "Mozilla/5.0 (Windows NT 10.0; Win64; x64) AppleWebKit/537.36 (KHTML, like Gecko) Chrome/150.0.0.0 Safari/537.36"
192.241.143.148 - - [27/Jul/2026:12:38:59 +0200] "POST /?pilihan&loknya=/var/www/vhosts/as-cp.fr/wpascp HTTP/1.1" 200 6547 "https://as-cp.fr/wp-login.php" "Mozilla/5.0 (Windows NT 10.0; Win64; x64) AppleWebKit/537.36 (KHTML, like Gecko) Chrome/150.0.0.0 Safari/537.36"
57.141.0.30 - - [27/Jul/2026:12:39:11 +0200] "GET /shops/barnstormer/p8a7t1t6e3n3e1d433 HTTP/1.1" 200 41845 "-" "Mozilla/5.0 (Windows NT 10.0; Win64; x64) AppleWebKit/537.36 (KHTML, like Gecko) Chrome/145.0.0.0 Safari/537.36 (compatible; meta-externalagent/1.1 (+https://developers.facebook.com/docs/sharing/webmasters/crawler))"
84.54.80.245 - - [27/Jul/2026:12:39:21 +0200] "POST /xmlrpc.php HTTP/1.1" 200 41847 "-" "WordPress.com; https://wordpress.com"
84.54.80.245 - - [27/Jul/2026:12:39:31 +0200] "POST /xmlrpc.php HTTP/1.1" 200 41847 "-" "WordPress.com; https://wordpress.com"
84.54.80.245 - - [27/Jul/2026:12:40:24 +0200] "POST /xmlrpc.php HTTP/1.1" 200 41847 "-" "Jetpack by WordPress.com (Jetpack 12.1; WordPress 6.4)"
57.141.0.46 - - [27/Jul/2026:12:41:51 +0200] "GET /shops/concha/d8o2d2e3c3a9t6e1m9o9r2y HTTP/1.1" 200 41845 "-" "Mozilla/5.0 (Windows NT 10.0; Win64; x64) AppleWebKit/537.36 (KHTML, like Gecko) Chrome/145.0.0.0 Safari/537.36 (compatible; meta-externalagent/1.1 (+https://developers.facebook.com/docs/sharing/webmasters/crawler))"
57.141.0.27 - - [27/Jul/2026:12:42:30 +0200] "GET /?v=a8r4c2t2o0m9y9s7749 HTTP/1.1" 200 41664 "-" "Mozilla/5.0 (Macintosh; Intel Mac OS X 10_15_7) AppleWebKit/537.36 (KHTML, like Gecko) Chrome/145.0.0.0 Safari/537.36 (compatible; meta-externalagent/1.1 (+https://developers.facebook.com/docs/sharing/webmasters/crawler))"
57.141.0.35 - - [27/Jul/2026:12:42:49 +0200] "GET /?v=m8e3d0r4i2c8k72276 HTTP/1.1" 200 41664 "-" "Mozilla/5.0 (Windows NT 10.0; Win64; x64) AppleWebKit/537.36 (KHTML, like Gecko) Chrome/145.0.0.0 Safari/537.36 (compatible; meta-externalagent/1.1 (+https://developers.facebook.com/docs/sharing/webmasters/crawler))"
84.54.80.245 - - [27/Jul/2026:12:42:52 +0200] "POST /xmlrpc.php HTTP/1.1" 200 41847 "-" "Jetpack/12.5; WordPress/6.2; http://site59810259.com"
84.54.80.245 - - [27/Jul/2026:12:43:03 +0200] "POST /xmlrpc.php HTTP/1.1" 200 41847 "-" "Jetpack by WordPress.com (Jetpack 12.1; WordPress 6.2)"
57.141.0.21 - - [27/Jul/2026:12:43:13 +0200] "GET /immutably/glaucium/f8r1i4g0e4r1a8t2e513 HTTP/1.1" 200 41845 "-" "Mozilla/5.0 (Windows NT 10.0; Win64; x64) AppleWebKit/537.36 (KHTML, like Gecko) Chrome/145.0.0.0 Safari/537.36 (compatible; meta-externalagent/1.1 (+https://developers.facebook.com/docs/sharing/webmasters/crawler))"
84.54.80.245 - - [27/Jul/2026:12:43:13 +0200] "POST /xmlrpc.php HTTP/1.1" 200 41847 "-" "Jetpack/12.5; WordPress/6.1; http://site73075721.com"
84.54.80.245 - - [27/Jul/2026:12:43:24 +0200] "POST /xmlrpc.php HTTP/1.1" 200 41847 "-" "Jetpack/13.0; WordPress/6.2; http://site28745113.com"
84.54.80.245 - - [27/Jul/2026:12:43:34 +0200] "POST /xmlrpc.php HTTP/1.1" 200 41847 "-" "Jetpack/13.0; WordPress/6.1; http://site99711082.com"
57.141.0.35 - - [27/Jul/2026:12:43:39 +0200] "GET /fifthly/ciceronian/s8i1b4i5l7a4n7c5e795 HTTP/1.1" 200 41845 "-" "Mozilla/5.0 (Macintosh; Intel Mac OS X 10_15_7) AppleWebKit/537.36 (KHTML, like Gecko) Chrome/145.0.0.0 Safari/537.36 (compatible; meta-externalagent/1.1 (+https://developers.facebook.com/docs/sharing/webmasters/crawler))"
84.54.80.245 - - [27/Jul/2026:12:43:45 +0200] "POST /xmlrpc.php HTTP/1.1" 200 41847 "-" "Jetpack/12.0; WordPress/6.4; http://site12897865.com"
57.141.0.30 - - [27/Jul/2026:12:43:46 +0200] "GET /?v=i8n4s0u8s2c2e5p7t8i6b0ility HTTP/1.1" 200 41664 "-" "Mozilla/5.0 (Windows NT 10.0; Win64; x64) AppleWebKit/537.36 (KHTML, like Gecko) Chrome/145.0.0.0 Safari/537.36 (compatible; meta-externalagent/1.1 (+https://developers.facebook.com/docs/sharing/webmasters/crawler))"
84.54.80.245 - - [27/Jul/2026:12:43:56 +0200] "POST /xmlrpc.php HTTP/1.1" 200 41847 "-" "WordPress.com; https://wordpress.com"
57.141.0.41 - - [27/Jul/2026:12:44:01 +0200] "GET /shops/muscicapidae/g8a1i6l3l3i5a5r8d6e03 HTTP/1.1" 200 41845 "-" "Mozilla/5.0 (Windows NT 10.0; Win64; x64) AppleWebKit/537.36 (KHTML, like Gecko) Chrome/145.0.0.0 Safari/537.36 (compatible; meta-externalagent/1.1 (+https://developers.facebook.com/docs/sharing/webmasters/crawler))"
84.54.80.245 - - [27/Jul/2026:12:44:06 +0200] "POST /xmlrpc.php HTTP/1.1" 200 41847 "-" "Jetpack by WordPress.com"
57.141.0.49 - - [27/Jul/2026:12:44:15 +0200] "GET /?v=d8y2t2i7s7c6i3d6a3e03 HTTP/1.1" 200 41664 "-" "Mozilla/5.0 (Windows NT 10.0; Win64; x64) AppleWebKit/537.36 (KHTML, like Gecko) Chrome/145.0.0.0 Safari/537.36 (compatible; meta-externalagent/1.1 (+https://developers.facebook.com/docs/sharing/webmasters/crawler))"
84.54.80.245 - - [27/Jul/2026:12:44:17 +0200] "POST /xmlrpc.php HTTP/1.1" 200 41847 "-" "Jetpack by WordPress.com"
84.54.80.245 - - [27/Jul/2026:12:44:27 +0200] "POST /xmlrpc.php HTTP/1.1" 200 41847 "-" "Jetpack by WordPress.com (Jetpack 12.0; WordPress 6.4)"
84.54.80.245 - - [27/Jul/2026:12:44:38 +0200] "POST /xmlrpc.php HTTP/1.1" 200 41847 "-" "Jetpack by WordPress.com"
84.54.80.245 - - [27/Jul/2026:12:44:48 +0200] "POST /xmlrpc.php HTTP/1.1" 200 41847 "-" "Jetpack/12.1; WordPress/6.3; http://site54412580.com"
84.54.80.245 - - [27/Jul/2026:12:44:59 +0200] "POST /xmlrpc.php HTTP/1.1" 200 41847 "-" "Jetpack by WordPress.com (Jetpack 12.5; WordPress 6.2)"
57.141.0.7 - - [27/Jul/2026:12:45:07 +0200] "GET /?v=h8e3m3i4b7r6a5n1c2h6i1 HTTP/1.1" 200 7999 "-" "Mozilla/5.0 (Macintosh; Intel Mac OS X 10_15_7) AppleWebKit/537.36 (KHTML, like Gecko) Chrome/145.0.0.0 Safari/537.36 (compatible; meta-externalagent/1.1 (+https://developers.facebook.com/docs/sharing/webmasters/crawler))"
84.54.80.245 - - [27/Jul/2026:12:45:10 +0200] "POST /xmlrpc.php HTTP/1.1" 200 41847 "-" "WordPress.com; https://wordpress.com"
84.54.80.245 - - [27/Jul/2026:12:45:20 +0200] "POST /xmlrpc.php HTTP/1.1" 200 41847 "-" "WordPress.com; https://wordpress.com"
84.54.80.245 - - [27/Jul/2026:12:45:31 +0200] "POST /xmlrpc.php HTTP/1.1" 200 41847 "-" "WordPress.com; https://wordpress.com"
84.54.80.245 - - [27/Jul/2026:12:45:41 +0200] "POST /xmlrpc.php HTTP/1.1" 200 41847 "-" "Jetpack by WordPress.com (Jetpack 12.5; WordPress 6.1)"
57.141.0.34 - - [27/Jul/2026:12:45:43 +0200] "GET /shops/sofism/o8u2t7p8a9r7i5s8h426 HTTP/1.1" 200 41845 "-" "Mozilla/5.0 (Windows NT 10.0; Win64; x64) AppleWebKit/537.36 (KHTML, like Gecko) Chrome/145.0.0.0 Safari/537.36 (compatible; meta-externalagent/1.1 (+https://developers.facebook.com/docs/sharing/webmasters/crawler))"
216.73.216.193 - - [27/Jul/2026:12:45:52 +0200] "GET /?lokasie=%2Fvar%2Fwww%2Fvhosts%2Fas-cp.fr%2Fwpascp%2Fwp-includes%2Fblock-patterns%2Fquery-offset-posts.php&loknya=%2Fvar%2Fwww%2Fvhosts%2Fas-cp.fr%2Fwpascp%2Fwp-includes%2Fblock-patterns HTTP/1.1" 200 7214 "-" "Mozilla/5.0 AppleWebKit/537.36 (KHTML, like Gecko; compatible; ClaudeBot/1.0; +claudebot@anthropic.com)"
84.54.80.245 - - [27/Jul/2026:12:45:52 +0200] "POST /xmlrpc.php HTTP/1.1" 200 41847 "-" "Jetpack by WordPress.com (Jetpack 13.0; WordPress 6.1)"
216.73.216.193 - - [27/Jul/2026:12:45:54 +0200] "GET /index.php?loknya=%2Fvar%2Fwww%2Fvhosts%2Fas-cp.fr%2Fwpascp HTTP/1.1" 200 8001 "-" "Mozilla/5.0 AppleWebKit/537.36 (KHTML, like Gecko; compatible; ClaudeBot/1.0; +claudebot@anthropic.com)"
57.141.0.8 - - [27/Jul/2026:12:45:56 +0200] "GET /shops/resent/d8e3f1o3r7c0e5o5r016 HTTP/1.1" 200 41844 "-" "Mozilla/5.0 (Windows NT 10.0; Win64; x64) AppleWebKit/537.36 (KHTML, like Gecko) Chrome/145.0.0.0 Safari/537.36 (compatible; meta-externalagent/1.1 (+https://developers.facebook.com/docs/sharing/webmasters/crawler))"
216.73.216.193 - - [27/Jul/2026:12:45:57 +0200] "GET /?loknya=%2Fvar%2Fwww%2Fvhosts%2Fas-cp.fr%2Fwpascp%2Fwp-content%2Fcache HTTP/1.1" 200 7144 "-" "Mozilla/5.0 AppleWebKit/537.36 (KHTML, like Gecko; compatible; ClaudeBot/1.0; +claudebot@anthropic.com)"
216.73.216.193 - - [27/Jul/2026:12:46:00 +0200] "GET /?loknya=%2Fvar%2Fwww%2Fvhosts%2Fas-cp.fr%2Fwpascp%2Fwp-admin%2Fcss%2Fcolors HTTP/1.1" 200 7457 "-" "Mozilla/5.0 AppleWebKit/537.36 (KHTML, like Gecko; compatible; ClaudeBot/1.0; +claudebot@anthropic.com)"
84.54.80.245 - - [27/Jul/2026:12:46:03 +0200] "POST /xmlrpc.php HTTP/1.1" 200 41847 "-" "Jetpack/12.1; WordPress/6.2; http://site86306523.com"
216.73.216.193 - - [27/Jul/2026:12:46:03 +0200] "GET /?loknya=%2Fvar%2Fwww%2Fvhosts%2Fas-cp.fr%2Fwpascp%2Fwp-content%2Fuploads%2Fwpcf7_uploads HTTP/1.1" 200 7061 "-" "Mozilla/5.0 AppleWebKit/537.36 (KHTML, like Gecko; compatible; ClaudeBot/1.0; +claudebot@anthropic.com)"
216.73.216.193 - - [27/Jul/2026:12:46:06 +0200] "GET /?lokasie=%2Fvar%2Fwww%2Fvhosts%2Fas-cp.fr%2Fwpascp%2Fwp-includes%2Fhtml-api%2Fclass-wp-html-span.php&loknya=%2Fvar%2Fwww%2Fvhosts%2Fas-cp.fr%2Fwpascp%2Fwp-includes%2Fhtml-api HTTP/1.1" 200 7096 "-" "Mozilla/5.0 AppleWebKit/537.36 (KHTML, like Gecko; compatible; ClaudeBot/1.0; +claudebot@anthropic.com)"
57.141.0.25 - - [27/Jul/2026:12:46:07 +0200] "GET /?v=t8u1r8n9b6u2l6l0s39 HTTP/1.1" 200 41664 "-" "Mozilla/5.0 (Windows NT 10.0; Win64; x64) AppleWebKit/537.36 (KHTML, like Gecko) Chrome/145.0.0.0 Safari/537.36 (compatible; meta-externalagent/1.1 (+https://developers.facebook.com/docs/sharing/webmasters/crawler))"
216.73.216.193 - - [27/Jul/2026:12:46:09 +0200] "GET /index.php?loknya=%2Fvar%2Fwww%2Fvhosts%2Fas-cp.fr%2Flogs HTTP/1.1" 200 8096 "-" "Mozilla/5.0 AppleWebKit/537.36 (KHTML, like Gecko; compatible; ClaudeBot/1.0; +claudebot@anthropic.com)"
216.73.216.193 - - [27/Jul/2026:12:46:12 +0200] "GET /?loknya=%2Fvar%2Fwww%2Fvhosts%2Fas-cp.fr%2F.composer%2Fcache%2Ffiles HTTP/1.1" 200 6873 "-" "Mozilla/5.0 AppleWebKit/537.36 (KHTML, like Gecko; compatible; ClaudeBot/1.0; +claudebot@anthropic.com)"
84.54.80.245 - - [27/Jul/2026:12:46:13 +0200] "POST /xmlrpc.php HTTP/1.1" 200 41847 "-" "WordPress.com; https://wordpress.com"
216.73.216.193 - - [27/Jul/2026:12:46:15 +0200] "GET /?loknya=%2Fvar%2Fwww%2Fvhosts%2Fas-cp.fr%2Fwpascp%2Fwp-includes%2Fcss%2Fdist HTTP/1.1" 200 7547 "-" "Mozilla/5.0 AppleWebKit/537.36 (KHTML, like Gecko; compatible; ClaudeBot/1.0; +claudebot@anthropic.com)"
57.141.0.28 - - [27/Jul/2026:12:46:21 +0200] "GET /shops/sofism/o8u2t7p8a9r7i5s8h426?lokasie=/var/www/vhosts/as-cp.fr/wpascp/wp-blog-header.php&loknya=/var/www/vhosts/as-cp.fr/wpascp HTTP/1.1" 200 9590 "-" "Mozilla/5.0 (Macintosh; Intel Mac OS X 10_15_7) AppleWebKit/537.36 (KHTML, like Gecko) Chrome/145.0.0.0 Safari/537.36 (compatible; meta-externalagent/1.1 (+https://developers.facebook.com/docs/sharing/webmasters/crawler))"
84.54.80.245 - - [27/Jul/2026:12:46:24 +0200] "POST /xmlrpc.php HTTP/1.1" 200 41847 "-" "Jetpack by WordPress.com"
84.54.80.245 - - [27/Jul/2026:12:46:34 +0200] "POST /xmlrpc.php HTTP/1.1" 200 41847 "-" "Jetpack by WordPress.com"
84.54.80.245 - - [27/Jul/2026:12:46:45 +0200] "POST /xmlrpc.php HTTP/1.1" 200 41847 "-" "Jetpack/13.0; WordPress/6.4; http://site16570695.com"
216.73.216.193 - - [27/Jul/2026:12:46:48 +0200] "GET /?loknya=%2Fvar%2Fwww%2Fvhosts%2Fas-cp.fr%2Fwpascp%2Fwp-content%2Fplugins%2Fkiwi-logo-carousel HTTP/1.1" 200 7445 "-" "Mozilla/5.0 AppleWebKit/537.36 (KHTML, like Gecko; compatible; ClaudeBot/1.0; +claudebot@anthropic.com)"
216.73.216.193 - - [27/Jul/2026:12:46:50 +0200] "GET /index.php?lokasie=%2Fvar%2Fwww%2Fvhosts%2Fas-cp.fr%2Fwpascp%2Fwp-admin%2Fplugin-editor.php&loknya=%2Fvar%2Fwww%2Fvhosts%2Fas-cp.fr%2Fwpascp%2Fwp-admin HTTP/1.1" 200 11613 "-" "Mozilla/5.0 AppleWebKit/537.36 (KHTML, like Gecko; compatible; ClaudeBot/1.0; +claudebot@anthropic.com)"
57.141.0.28 - - [27/Jul/2026:12:46:52 +0200] "GET /post_tag-sitemap.xml?__r=2.1aafdbbc3803688c7b0d66fe6b8bdc32 HTTP/1.1" 200 41845 "-" "Mozilla/5.0 (Windows NT 10.0; Win64; x64) AppleWebKit/537.36 (KHTML, like Gecko) Chrome/145.0.0.0 Safari/537.36 (compatible; meta-externalagent/1.1 (+https://developers.facebook.com/docs/sharing/webmasters/crawler))"
216.73.216.193 - - [27/Jul/2026:12:46:53 +0200] "GET /?loknya=%2Fvar%2Fwww%2Fvhosts%2Fas-cp.fr%2Flogs HTTP/1.1" 200 8098 "-" "Mozilla/5.0 AppleWebKit/537.36 (KHTML, like Gecko; compatible; ClaudeBot/1.0; +claudebot@anthropic.com)"
57.141.0.67 - - [27/Jul/2026:12:46:55 +0200] "GET /author-sitemap.xml?__r=2.77a6298338e996f7bdc5916851647b51 HTTP/1.1" 200 41845 "-" "Mozilla/5.0 (Windows NT 10.0; Win64; x64) AppleWebKit/537.36 (KHTML, like Gecko) Chrome/145.0.0.0 Safari/537.36 (compatible; meta-externalagent/1.1 (+https://developers.facebook.com/docs/sharing/webmasters/crawler))"
57.141.0.22 - - [27/Jul/2026:12:46:56 +0200] "GET /shops/scampish/l8a3u6n2c3e362321 HTTP/1.1" 200 41845 "-" "Mozilla/5.0 (Windows NT 10.0; Win64; x64) AppleWebKit/537.36 (KHTML, like Gecko) Chrome/145.0.0.0 Safari/537.36 (compatible; meta-externalagent/1.1 (+https://developers.facebook.com/docs/sharing/webmasters/crawler))"
216.73.216.193 - - [27/Jul/2026:12:46:56 +0200] "GET /?lokasie=%2Fvar%2Fwww%2Fvhosts%2Fas-cp.fr%2Fwpascp%2Fwp-includes%2Fphp-compat%2Freadonly.php&loknya=%2Fvar%2Fwww%2Fvhosts%2Fas-cp.fr%2Fwpascp%2Fwp-includes%2Fphp-compat HTTP/1.1" 200 7172 "-" "Mozilla/5.0 AppleWebKit/537.36 (KHTML, like Gecko; compatible; ClaudeBot/1.0; +claudebot@anthropic.com)"
84.54.80.245 - - [27/Jul/2026:12:46:56 +0200] "POST /xmlrpc.php HTTP/1.1" 200 41847 "-" "WordPress.com; https://wordpress.com"
216.73.216.193 - - [27/Jul/2026:12:46:59 +0200] "GET /index.php?lokasie=%2Fvar%2Fwww%2Fvhosts%2Fas-cp.fr%2Fwpascp%2Fwp-admin%2Fload-scripts.php&loknya=%2Fvar%2Fwww%2Fvhosts%2Fas-cp.fr%2Fwpascp%2Fwp-admin HTTP/1.1" 200 7589 "-" "Mozilla/5.0 AppleWebKit/537.36 (KHTML, like Gecko; compatible; ClaudeBot/1.0; +claudebot@anthropic.com)"
216.73.216.193 - - [27/Jul/2026:12:47:02 +0200] "GET /?lokasie=%2Fvar%2Fwww%2Fvhosts%2Fas-cp.fr%2Fwpascp%2Fwp-includes%2F%2Fclass-wp-text-diff-renderer-inline.php&loknya=%2Fvar%2Fwww%2Fvhosts%2Fas-cp.fr%2Fwpascp%2Fwp-includes%2F HTTP/1.1" 200 7088 "-" "Mozilla/5.0 AppleWebKit/537.36 (KHTML, like Gecko; compatible; ClaudeBot/1.0; +claudebot@anthropic.com)"
216.73.216.193 - - [27/Jul/2026:12:47:05 +0200] "GET /?loknya=%2Fvar%2Fwww%2Fvhosts%2Fas-cp.fr%2Fwpascp%2Fwp-content%2Fplugins%2Fakismet HTTP/1.1" 200 7018 "-" "Mozilla/5.0 AppleWebKit/537.36 (KHTML, like Gecko; compatible; ClaudeBot/1.0; +claudebot@anthropic.com)"
84.54.80.245 - - [27/Jul/2026:12:47:06 +0200] "POST /xmlrpc.php HTTP/1.1" 200 41847 "-" "Jetpack/12.1; WordPress/6.4; http://site42484554.com"
216.73.216.193 - - [27/Jul/2026:12:47:11 +0200] "GET /?lokasie=%2Fvar%2Fwww%2Fvhosts%2Fas-cp.fr%2Fwpascp%2Fwp-includes%2F%2Fclass-wp-block-processor.php&loknya=%2Fvar%2Fwww%2Fvhosts%2Fas-cp.fr%2Fwpascp%2Fwp-includes%2F HTTP/1.1" 200 23879 "-" "Mozilla/5.0 AppleWebKit/537.36 (KHTML, like Gecko; compatible; ClaudeBot/1.0; +claudebot@anthropic.com)"
216.73.216.193 - - [27/Jul/2026:12:47:13 +0200] "GET /?lokasie=%2Fvar%2Fwww%2Fvhosts%2Fas-cp.fr%2Fwpascp%2Fwp-includes%2Fcustomize%2Fclass-wp-customize-upload-control.php&loknya=%2Fvar%2Fwww%2Fvhosts%2Fas-cp.fr%2Fwpascp%2Fwp-includes%2Fcustomize HTTP/1.1" 200 7107 "-" "Mozilla/5.0 AppleWebKit/537.36 (KHTML, like Gecko; compatible; ClaudeBot/1.0; +claudebot@anthropic.com)"
216.73.216.193 - - [27/Jul/2026:12:47:16 +0200] "GET /?lokasie=%2Fvar%2Fwww%2Fvhosts%2Fas-cp.fr%2Fwpascp%2Fwp-includes%2Fwidgets%2Fclass-wp-widget-recent-comments.php&loknya=%2Fvar%2Fwww%2Fvhosts%2Fas-cp.fr%2Fwpascp%2Fwp-includes%2Fwidgets HTTP/1.1" 200 9064 "-" "Mozilla/5.0 AppleWebKit/537.36 (KHTML, like Gecko; compatible; ClaudeBot/1.0; +claudebot@anthropic.com)"
84.54.80.245 - - [27/Jul/2026:12:47:17 +0200] "POST /xmlrpc.php HTTP/1.1" 200 41847 "-" "Jetpack by WordPress.com (Jetpack 12.1; WordPress 6.1)"
216.73.216.193 - - [27/Jul/2026:12:47:19 +0200] "GET /?lokasie=%2Fvar%2Fwww%2Fvhosts%2Fas-cp.fr%2Fwpascp%2Fwp-admin%2Fcss%2Fwidgets-rtl.css&loknya=%2Fvar%2Fwww%2Fvhosts%2Fas-cp.fr%2Fwpascp%2Fwp-admin%2Fcss HTTP/1.1" 200 10620 "-" "Mozilla/5.0 AppleWebKit/537.36 (KHTML, like Gecko; compatible; ClaudeBot/1.0; +claudebot@anthropic.com)"
216.73.216.193 - - [27/Jul/2026:12:47:22 +0200] "GET /?lokasie=%2Fvar%2Fwww%2Fvhosts%2Fas-cp.fr%2Fwpascp%2Fwp-admin%2Fcss%2Finstall.css&loknya=%2Fvar%2Fwww%2Fvhosts%2Fas-cp.fr%2Fwpascp%2Fwp-admin%2Fcss HTTP/1.1" 200 8520 "-" "Mozilla/5.0 AppleWebKit/537.36 (KHTML, like Gecko; compatible; ClaudeBot/1.0; +claudebot@anthropic.com)"
216.73.216.193 - - [27/Jul/2026:12:47:25 +0200] "GET /?lokasie=%2Fvar%2Fwww%2Fvhosts%2Fas-cp.fr%2Fwpascp%2Fwp-content%2Flanguages%2Fplugins%2Fcode-snippets-fr_FR.mo&loknya=%2Fvar%2Fwww%2Fvhosts%2Fas-cp.fr%2Fwpascp%2Fwp-content%2Flanguages%2Fplugins HTTP/1.1" 200 22672 "-" "Mozilla/5.0 AppleWebKit/537.36 (KHTML, like Gecko; compatible; ClaudeBot/1.0; +claudebot@anthropic.com)"
84.54.80.245 - - [27/Jul/2026:12:47:28 +0200] "POST /xmlrpc.php HTTP/1.1" 200 41847 "-" "Jetpack by WordPress.com (Jetpack 13.0; WordPress 6.2)"
216.73.216.193 - - [27/Jul/2026:12:47:28 +0200] "GET /index.php?lokasie=%2Fvar%2Fwww%2Fvhosts%2Fas-cp.fr%2Fwpascp%2Fwp-admin%2Fedit-form-comment.php&loknya=%2Fvar%2Fwww%2Fvhosts%2Fas-cp.fr%2Fwpascp%2Fwp-admin HTTP/1.1" 200 9393 "-" "Mozilla/5.0 AppleWebKit/537.36 (KHTML, like Gecko; compatible; ClaudeBot/1.0; +claudebot@anthropic.com)"
216.73.216.193 - - [27/Jul/2026:12:47:31 +0200] "GET /?loknya=%2Fvar%2Fwww%2Fvhosts%2Fas-cp.fr%2Fwpascp%2Fwp-content%2Fuploads%2F2021%2F04 HTTP/1.1" 200 7649 "-" "Mozilla/5.0 AppleWebKit/537.36 (KHTML, like Gecko; compatible; ClaudeBot/1.0; +claudebot@anthropic.com)"
216.73.216.193 - - [27/Jul/2026:12:47:34 +0200] "GET /?lokasie=%2Fvar%2Fwww%2Fvhosts%2Fas-cp.fr%2Fwpascp%2Fwp-admin%2Fcss%2Fcustomize-controls-rtl.css&loknya=%2Fvar%2Fwww%2Fvhosts%2Fas-cp.fr%2Fwpascp%2Fwp-admin%2Fcss HTTP/1.1" 200 19711 "-" "Mozilla/5.0 AppleWebKit/537.36 (KHTML, like Gecko; compatible; ClaudeBot/1.0; +claudebot@anthropic.com)"
216.73.216.193 - - [27/Jul/2026:12:47:37 +0200] "GET /?lokasie=%2Fvar%2Fwww%2Fvhosts%2Fas-cp.fr%2Fwpascp%2Fwp-includes%2Ftheme-compat%2Fheader-embed.php&loknya=%2Fvar%2Fwww%2Fvhosts%2Fas-cp.fr%2Fwpascp%2Fwp-includes%2Ftheme-compat HTTP/1.1" 200 7055 "-" "Mozilla/5.0 AppleWebKit/537.36 (KHTML, like Gecko; compatible; ClaudeBot/1.0; +claudebot@anthropic.com)"
84.54.80.245 - - [27/Jul/2026:12:47:38 +0200] "POST /xmlrpc.php HTTP/1.1" 200 41847 "-" "Jetpack by WordPress.com (Jetpack 12.5; WordPress 6.2)"
216.73.216.193 - - [27/Jul/2026:12:47:40 +0200] "GET /?lokasie=%2Fvar%2Fwww%2Fvhosts%2Fas-cp.fr%2Fwpascp%2Fwp-includes%2Fwidgets%2Fclass-wp-widget-rss.php&loknya=%2Fvar%2Fwww%2Fvhosts%2Fas-cp.fr%2Fwpascp%2Fwp-includes%2Fwidgets HTTP/1.1" 200 8540 "-" "Mozilla/5.0 AppleWebKit/537.36 (KHTML, like Gecko; compatible; ClaudeBot/1.0; +claudebot@anthropic.com)"
216.73.216.193 - - [27/Jul/2026:12:47:43 +0200] "GET /?lokasie=%2Fvar%2Fwww%2Fvhosts%2Fas-cp.fr%2Fwpascp%2Fwp-includes%2Fcss%2Fwp-empty-template-alert.css&loknya=%2Fvar%2Fwww%2Fvhosts%2Fas-cp.fr%2Fwpascp%2Fwp-includes%2Fcss HTTP/1.1" 200 6814 "-" "Mozilla/5.0 AppleWebKit/537.36 (KHTML, like Gecko; compatible; ClaudeBot/1.0; +claudebot@anthropic.com)"
216.73.216.193 - - [27/Jul/2026:12:47:46 +0200] "GET /?lokasie=%2Fvar%2Fwww%2Fvhosts%2Fas-cp.fr%2Fwpascp%2Fwp-includes%2Fcustomize%2Fclass-wp-widget-form-customize-control.php&loknya=%2Fvar%2Fwww%2Fvhosts%2Fas-cp.fr%2Fwpascp%2Fwp-includes%2Fcustomize HTTP/1.1" 200 7518 "-" "Mozilla/5.0 AppleWebKit/537.36 (KHTML, like Gecko; compatible; ClaudeBot/1.0; +claudebot@anthropic.com)"
216.73.216.193 - - [27/Jul/2026:12:47:49 +0200] "GET /?lokasie=%2Fvar%2Fwww%2Fvhosts%2Fas-cp.fr%2Fwpascp%2Fwp-admin%2Fnetwork%2Fplugin-install.php&loknya=%2Fvar%2Fwww%2Fvhosts%2Fas-cp.fr%2Fwpascp%2Fwp-admin%2Fnetwork HTTP/1.1" 200 6863 "-" "Mozilla/5.0 AppleWebKit/537.36 (KHTML, like Gecko; compatible; ClaudeBot/1.0; +claudebot@anthropic.com)"
43.134.91.35 - - [27/Jul/2026:12:47:50 +0200] "GET /?lokasie=/var/www/vhosts/as-cp.fr/wpascp/wp-activate.php&loknya=/var/www/vhosts/as-cp.fr/wpascp HTTP/1.1" 200 9170 "-" "Mozilla/5.0 (iPhone; CPU iPhone OS 13_2_3 like Mac OS X) AppleWebKit/605.1.15 (KHTML, like Gecko) Version/13.0.3 Mobile/15E148 Safari/604.1"
84.54.80.245 - - [27/Jul/2026:12:47:49 +0200] "POST /xmlrpc.php HTTP/1.1" 200 41847 "-" "Jetpack/13.0; WordPress/6.4; http://site27298965.com"
84.54.80.245 - - [27/Jul/2026:12:47:59 +0200] "POST /xmlrpc.php HTTP/1.1" 200 41847 "-" "Jetpack by WordPress.com (Jetpack 12.5; WordPress 6.4)"
216.73.216.193 - - [27/Jul/2026:12:48:01 +0200] "GET /index.php?lokasie=%2Fvar%2Fwww%2Fvhosts%2Fas-cp.fr%2Fwpascp%2Fwp-admin%2Fcomment.php&loknya=%2Fvar%2Fwww%2Fvhosts%2Fas-cp.fr%2Fwpascp%2Fwp-admin HTTP/1.1" 200 9996 "-" "Mozilla/5.0 AppleWebKit/537.36 (KHTML, like Gecko; compatible; ClaudeBot/1.0; +claudebot@anthropic.com)"
216.73.216.193 - - [27/Jul/2026:12:48:03 +0200] "GET /?lokasie=%2Fvar%2Fwww%2Fvhosts%2Fas-cp.fr%2Fwpascp%2Fwp-includes%2Ftheme-compat%2Fembed-content.php&loknya=%2Fvar%2Fwww%2Fvhosts%2Fas-cp.fr%2Fwpascp%2Fwp-includes%2Ftheme-compat HTTP/1.1" 200 7726 "-" "Mozilla/5.0 AppleWebKit/537.36 (KHTML, like Gecko; compatible; ClaudeBot/1.0; +claudebot@anthropic.com)"
216.73.216.193 - - [27/Jul/2026:12:48:06 +0200] "GET /?lokasie=%2Fvar%2Fwww%2Fvhosts%2Fas-cp.fr%2Fwpascp%2Fwp-admin%2Fcss%2Fcustomize-controls-rtl.min.css&loknya=%2Fvar%2Fwww%2Fvhosts%2Fas-cp.fr%2Fwpascp%2Fwp-admin%2Fcss HTTP/1.1" 200 17150 "-" "Mozilla/5.0 AppleWebKit/537.36 (KHTML, like Gecko; compatible; ClaudeBot/1.0; +claudebot@anthropic.com)"
216.73.216.193 - - [27/Jul/2026:12:48:09 +0200] "GET /?lokasie=%2Fvar%2Fwww%2Fvhosts%2Fas-cp.fr%2Fwpascp%2Fwp-admin%2Fcss%2Finstall-rtl.css&loknya=%2Fvar%2Fwww%2Fvhosts%2Fas-cp.fr%2Fwpascp%2Fwp-admin%2Fcss HTTP/1.1" 200 8544 "-" "Mozilla/5.0 AppleWebKit/537.36 (KHTML, like Gecko; compatible; ClaudeBot/1.0; +claudebot@anthropic.com)"
84.54.80.245 - - [27/Jul/2026:12:48:10 +0200] "POST /xmlrpc.php HTTP/1.1" 200 41847 "-" "Jetpack by WordPress.com"
216.73.216.193 - - [27/Jul/2026:12:48:12 +0200] "GET /index.php?lokasie=%2Fvar%2Fwww%2Fvhosts%2Fas-cp.fr%2Fwpascp%2Fwp-admin%2Fwidgets.php&loknya=%2Fvar%2Fwww%2Fvhosts%2Fas-cp.fr%2Fwpascp%2Fwp-admin HTTP/1.1" 200 7169 "-" "Mozilla/5.0 AppleWebKit/537.36 (KHTML, like Gecko; compatible; ClaudeBot/1.0; +claudebot@anthropic.com)"
216.73.216.193 - - [27/Jul/2026:12:48:15 +0200] "GET /?lokasie=%2Fvar%2Fwww%2Fvhosts%2Fas-cp.fr%2Fwpascp%2Fwp-includes%2Fcss%2Feditor-rtl.css&loknya=%2Fvar%2Fwww%2Fvhosts%2Fas-cp.fr%2Fwpascp%2Fwp-includes%2Fcss HTTP/1.1" 200 13423 "-" "Mozilla/5.0 AppleWebKit/537.36 (KHTML, like Gecko; compatible; ClaudeBot/1.0; +claudebot@anthropic.com)"
216.73.216.193 - - [27/Jul/2026:12:48:18 +0200] "GET /?lokasie=%2Fvar%2Fwww%2Fvhosts%2Fas-cp.fr%2Fwpascp%2Fwp-includes%2Ftheme-compat%2Fembed.php&loknya=%2Fvar%2Fwww%2Fvhosts%2Fas-cp.fr%2Fwpascp%2Fwp-includes%2Ftheme-compat HTTP/1.1" 200 6888 "-" "Mozilla/5.0 AppleWebKit/537.36 (KHTML, like Gecko; compatible; ClaudeBot/1.0; +claudebot@anthropic.com)"
84.54.80.245 - - [27/Jul/2026:12:48:21 +0200] "POST /xmlrpc.php HTTP/1.1" 200 41847 "-" "WordPress.com; https://wordpress.com"
216.73.216.193 - - [27/Jul/2026:12:48:21 +0200] "GET /?lokasie=%2Fvar%2Fwww%2Fvhosts%2Fas-cp.fr%2Fwpascp%2Fwp-admin%2Fcss%2Fdashboard.css&loknya=%2Fvar%2Fwww%2Fvhosts%2Fas-cp.fr%2Fwpascp%2Fwp-admin%2Fcss HTTP/1.1" 200 13350 "-" "Mozilla/5.0 AppleWebKit/537.36 (KHTML, like Gecko; compatible; ClaudeBot/1.0; +claudebot@anthropic.com)"
216.73.216.193 - - [27/Jul/2026:12:48:24 +0200] "GET /?lokasie=%2Fvar%2Fwww%2Fvhosts%2Fas-cp.fr%2Fwpascp%2Fwp-admin%2Fincludes%2Fadmin.php&loknya=%2Fvar%2Fwww%2Fvhosts%2Fas-cp.fr%2Fwpascp%2Fwp-admin%2Fincludes HTTP/1.1" 200 7426 "-" "Mozilla/5.0 AppleWebKit/537.36 (KHTML, like Gecko; compatible; ClaudeBot/1.0; +claudebot@anthropic.com)"
216.73.216.193 - - [27/Jul/2026:12:48:27 +0200] "GET /?lokasie=%2Fvar%2Fwww%2Fvhosts%2Fas-cp.fr%2Fwpascp%2Fwp-includes%2F%2Fclass-wp-http-proxy.php&loknya=%2Fvar%2Fwww%2Fvhosts%2Fas-cp.fr%2Fwpascp%2Fwp-includes%2F HTTP/1.1" 200 8560 "-" "Mozilla/5.0 AppleWebKit/537.36 (KHTML, like Gecko; compatible; ClaudeBot/1.0; +claudebot@anthropic.com)"
216.73.216.193 - - [27/Jul/2026:12:48:30 +0200] "GET /?lokasie=%2Fvar%2Fwww%2Fvhosts%2Fas-cp.fr%2Fwpascp%2Fwp-admin%2Fcss%2Fcommon-rtl.css&loknya=%2Fvar%2Fwww%2Fvhosts%2Fas-cp.fr%2Fwpascp%2Fwp-admin%2Fcss HTTP/1.1" 200 23775 "-" "Mozilla/5.0 AppleWebKit/537.36 (KHTML, like Gecko; compatible; ClaudeBot/1.0; +claudebot@anthropic.com)"
84.54.80.245 - - [27/Jul/2026:12:48:31 +0200] "POST /xmlrpc.php HTTP/1.1" 200 41847 "-" "WordPress.com; https://wordpress.com"
216.73.216.193 - - [27/Jul/2026:12:48:33 +0200] "GET /index.php?lokasie=%2Fvar%2Fwww%2Fvhosts%2Fas-cp.fr%2Fwpascp%2Fwp-admin%2Fmenu-header.php&loknya=%2Fvar%2Fwww%2Fvhosts%2Fas-cp.fr%2Fwpascp%2Fwp-admin HTTP/1.1" 200 9575 "-" "Mozilla/5.0 AppleWebKit/537.36 (KHTML, like Gecko; compatible; ClaudeBot/1.0; +claudebot@anthropic.com)"
216.73.216.193 - - [27/Jul/2026:12:48:36 +0200] "GET /index.php?lokasie=%2Fvar%2Fwww%2Fvhosts%2Fas-cp.fr%2Fwpascp%2Fwp-admin%2Fusers.php&loknya=%2Fvar%2Fwww%2Fvhosts%2Fas-cp.fr%2Fwpascp%2Fwp-admin HTTP/1.1" 200 12509 "-" "Mozilla/5.0 AppleWebKit/537.36 (KHTML, like Gecko; compatible; ClaudeBot/1.0; +claudebot@anthropic.com)"
216.73.216.193 - - [27/Jul/2026:12:48:40 +0200] "GET /?lokasie=%2Fvar%2Fwww%2Fvhosts%2Fas-cp.fr%2Fwpascp%2Fwp-includes%2FIXR%2Fclass-IXR-request.php&loknya=%2Fvar%2Fwww%2Fvhosts%2Fas-cp.fr%2Fwpascp%2Fwp-includes%2FIXR HTTP/1.1" 200 7016 "-" "Mozilla/5.0 AppleWebKit/537.36 (KHTML, like Gecko; compatible; ClaudeBot/1.0; +claudebot@anthropic.com)"
216.73.216.193 - - [27/Jul/2026:12:48:43 +0200] "GET /?lokasie=%2Fvar%2Fwww%2Fvhosts%2Fas-cp.fr%2Fwpascp%2Fwp-admin%2Fcss%2Flogin.css&loknya=%2Fvar%2Fwww%2Fvhosts%2Fas-cp.fr%2Fwpascp%2Fwp-admin%2Fcss HTTP/1.1" 200 9015 "-" "Mozilla/5.0 AppleWebKit/537.36 (KHTML, like Gecko; compatible; ClaudeBot/1.0; +claudebot@anthropic.com)"
84.54.80.245 - - [27/Jul/2026:12:48:42 +0200] "POST /xmlrpc.php HTTP/1.1" 200 41847 "-" "Jetpack/13.0; WordPress/6.3; http://site69258242.com"
216.73.216.193 - - [27/Jul/2026:12:48:46 +0200] "GET /?lokasie=%2Fvar%2Fwww%2Fvhosts%2Fas-cp.fr%2Fwpascp%2Fwp-admin%2Fnetwork%2Fupdate.php&loknya=%2Fvar%2Fwww%2Fvhosts%2Fas-cp.fr%2Fwpascp%2Fwp-admin%2Fnetwork HTTP/1.1" 200 6901 "-" "Mozilla/5.0 AppleWebKit/537.36 (KHTML, like Gecko; compatible; ClaudeBot/1.0; +claudebot@anthropic.com)"
216.73.216.193 - - [27/Jul/2026:12:48:49 +0200] "GET /?lokasie=%2Fvar%2Fwww%2Fvhosts%2Fas-cp.fr%2Fwpascp%2Fwp-admin%2Fcss%2Finstall-rtl.min.css&loknya=%2Fvar%2Fwww%2Fvhosts%2Fas-cp.fr%2Fwpascp%2Fwp-admin%2Fcss HTTP/1.1" 200 8286 "-" "Mozilla/5.0 AppleWebKit/537.36 (KHTML, like Gecko; compatible; ClaudeBot/1.0; +claudebot@anthropic.com)"
216.73.216.193 - - [27/Jul/2026:12:48:52 +0200] "GET /?lokasie=%2Fvar%2Fwww%2Fvhosts%2Fas-cp.fr%2Fwpascp%2Fwp-admin%2Fcss%2Fcustomize-nav-menus.css&loknya=%2Fvar%2Fwww%2Fvhosts%2Fas-cp.fr%2Fwpascp%2Fwp-admin%2Fcss HTTP/1.1" 200 11041 "-" "Mozilla/5.0 AppleWebKit/537.36 (KHTML, like Gecko; compatible; ClaudeBot/1.0; +claudebot@anthropic.com)"
84.54.80.245 - - [27/Jul/2026:12:48:52 +0200] "POST /xmlrpc.php HTTP/1.1" 200 41847 "-" "Jetpack/13.0; WordPress/6.1; http://site37359867.com"
216.73.216.193 - - [27/Jul/2026:12:48:55 +0200] "GET /?lokasie=%2Fvar%2Fwww%2Fvhosts%2Fas-cp.fr%2Fwpascp%2Fwp-includes%2Fcustomize%2Fclass-wp-customize-new-menu-control.php&loknya=%2Fvar%2Fwww%2Fvhosts%2Fas-cp.fr%2Fwpascp%2Fwp-includes%2Fcustomize HTTP/1.1" 200 7282 "-" "Mozilla/5.0 AppleWebKit/537.36 (KHTML, like Gecko; compatible; ClaudeBot/1.0; +claudebot@anthropic.com)"
216.73.216.193 - - [27/Jul/2026:12:48:58 +0200] "GET /?lokasie=%2Fvar%2Fwww%2Fvhosts%2Fas-cp.fr%2Fwpascp%2Fwp-admin%2Fnetwork%2Fupdate-core.php&loknya=%2Fvar%2Fwww%2Fvhosts%2Fas-cp.fr%2Fwpascp%2Fwp-admin%2Fnetwork HTTP/1.1" 200 6775 "-" "Mozilla/5.0 AppleWebKit/537.36 (KHTML, like Gecko; compatible; ClaudeBot/1.0; +claudebot@anthropic.com)"
84.54.80.245 - - [27/Jul/2026:12:49:03 +0200] "POST /xmlrpc.php HTTP/1.1" 200 41847 "-" "Jetpack by WordPress.com"
216.73.216.193 - - [27/Jul/2026:12:49:04 +0200] "GET /?lokasie=%2Fvar%2Fwww%2Fvhosts%2Fas-cp.fr%2Fwpascp%2Fwp-includes%2F%2Fcache-compat.php&loknya=%2Fvar%2Fwww%2Fvhosts%2Fas-cp.fr%2Fwpascp%2Fwp-includes%2F HTTP/1.1" 200 8690 "-" "Mozilla/5.0 AppleWebKit/537.36 (KHTML, like Gecko; compatible; ClaudeBot/1.0; +claudebot@anthropic.com)"
216.73.216.193 - - [27/Jul/2026:12:49:07 +0200] "GET /?lokasie=%2Fvar%2Fwww%2Fvhosts%2Fas-cp.fr%2Fwpascp%2Fwp-admin%2Fincludes%2Fclass-wp-filesystem-ftpext.php&loknya=%2Fvar%2Fwww%2Fvhosts%2Fas-cp.fr%2Fwpascp%2Fwp-admin%2Fincludes HTTP/1.1" 200 12078 "-" "Mozilla/5.0 AppleWebKit/537.36 (KHTML, like Gecko; compatible; ClaudeBot/1.0; +claudebot@anthropic.com)"
216.73.216.193 - - [27/Jul/2026:12:49:10 +0200] "GET /?lokasie=%2Fvar%2Fwww%2Fvhosts%2Fas-cp.fr%2Fwpascp%2Fwp-includes%2F%2Fclass-wp-post.php&loknya=%2Fvar%2Fwww%2Fvhosts%2Fas-cp.fr%2Fwpascp%2Fwp-includes%2F HTTP/1.1" 200 8326 "-" "Mozilla/5.0 AppleWebKit/537.36 (KHTML, like Gecko; compatible; ClaudeBot/1.0; +claudebot@anthropic.com)"
57.141.0.66 - - [27/Jul/2026:12:49:11 +0200] "GET /?v=o8r1y3z6o4r4i4c1t4e5s0 HTTP/1.1" 200 41664 "-" "Mozilla/5.0 (Macintosh; Intel Mac OS X 10_15_7) AppleWebKit/537.36 (KHTML, like Gecko) Chrome/145.0.0.0 Safari/537.36 (compatible; meta-externalagent/1.1 (+https://developers.facebook.com/docs/sharing/webmasters/crawler))"
216.73.216.193 - - [27/Jul/2026:12:49:13 +0200] "GET /?lokasie=%2Fvar%2Fwww%2Fvhosts%2Fas-cp.fr%2Fwpascp%2Fwp-includes%2F%2Fclass-wp-user-query.php&loknya=%2Fvar%2Fwww%2Fvhosts%2Fas-cp.fr%2Fwpascp%2Fwp-includes%2F HTTP/1.1" 200 16548 "-" "Mozilla/5.0 AppleWebKit/537.36 (KHTML, like Gecko; compatible; ClaudeBot/1.0; +claudebot@anthropic.com)"
84.54.80.245 - - [27/Jul/2026:12:49:14 +0200] "POST /xmlrpc.php HTTP/1.1" 200 41847 "-" "Jetpack by WordPress.com"
216.73.216.193 - - [27/Jul/2026:12:49:16 +0200] "GET /?lokasie=%2Fvar%2Fwww%2Fvhosts%2Fas-cp.fr%2Fwpascp%2Fwp-includes%2F%2Fdefault-widgets.php&loknya=%2Fvar%2Fwww%2Fvhosts%2Fas-cp.fr%2Fwpascp%2Fwp-includes%2F HTTP/1.1" 200 7062 "-" "Mozilla/5.0 AppleWebKit/537.36 (KHTML, like Gecko; compatible; ClaudeBot/1.0; +claudebot@anthropic.com)"
216.73.216.193 - - [27/Jul/2026:12:49:19 +0200] "GET /?lokasie=%2Fvar%2Fwww%2Fvhosts%2Fas-cp.fr%2Fwpascp%2Fwp-admin%2Fincludes%2Fclass-walker-nav-menu-edit.php&loknya=%2Fvar%2Fwww%2Fvhosts%2Fas-cp.fr%2Fwpascp%2Fwp-admin%2Fincludes HTTP/1.1" 200 10078 "-" "Mozilla/5.0 AppleWebKit/537.36 (KHTML, like Gecko; compatible; ClaudeBot/1.0; +claudebot@anthropic.com)"
216.73.216.193 - - [27/Jul/2026:12:49:22 +0200] "GET /?lokasie=%2Fvar%2Fwww%2Fvhosts%2Fas-cp.fr%2Fwpascp%2Fwp-admin%2Fincludes%2Fschema.php&loknya=%2Fvar%2Fwww%2Fvhosts%2Fas-cp.fr%2Fwpascp%2Fwp-admin%2Fincludes HTTP/1.1" 200 17736 "-" "Mozilla/5.0 AppleWebKit/537.36 (KHTML, like Gecko; compatible; ClaudeBot/1.0; +claudebot@anthropic.com)"
84.54.80.245 - - [27/Jul/2026:12:49:25 +0200] "POST /xmlrpc.php HTTP/1.1" 200 41847 "-" "Jetpack by WordPress.com (Jetpack 12.1; WordPress 6.1)"
216.73.216.193 - - [27/Jul/2026:12:49:25 +0200] "GET /?lokasie=%2Fvar%2Fwww%2Fvhosts%2Fas-cp.fr%2Fwpascp%2Fwp-includes%2F%2Fclass-wp-theme.php&loknya=%2Fvar%2Fwww%2Fvhosts%2Fas-cp.fr%2Fwpascp%2Fwp-includes%2F HTTP/1.1" 200 21570 "-" "Mozilla/5.0 AppleWebKit/537.36 (KHTML, like Gecko; compatible; ClaudeBot/1.0; +claudebot@anthropic.com)"
216.73.216.193 - - [27/Jul/2026:12:49:28 +0200] "GET /index.php?lokasie=%2Fvar%2Fwww%2Fvhosts%2Fas-cp.fr%2Fwpascp%2Fwp-admin%2Fupgrade-functions.php&loknya=%2Fvar%2Fwww%2Fvhosts%2Fas-cp.fr%2Fwpascp%2Fwp-admin HTTP/1.1" 200 6804 "-" "Mozilla/5.0 AppleWebKit/537.36 (KHTML, like Gecko; compatible; ClaudeBot/1.0; +claudebot@anthropic.com)"
216.73.216.193 - - [27/Jul/2026:12:49:31 +0200] "GET /?lokasie=%2Fvar%2Fwww%2Fvhosts%2Fas-cp.fr%2Fwpascp%2Fwp-admin%2Fincludes%2Fimage.php&loknya=%2Fvar%2Fwww%2Fvhosts%2Fas-cp.fr%2Fwpascp%2Fwp-admin%2Fincludes HTTP/1.1" 200 17730 "-" "Mozilla/5.0 AppleWebKit/537.36 (KHTML, like Gecko; compatible; ClaudeBot/1.0; +claudebot@anthropic.com)"
216.73.216.193 - - [27/Jul/2026:12:49:34 +0200] "GET /?lokasie=%2Fvar%2Fwww%2Fvhosts%2Fas-cp.fr%2Fwpascp%2Fwp-includes%2F%2Fclass-wp-exception.php&loknya=%2Fvar%2Fwww%2Fvhosts%2Fas-cp.fr%2Fwpascp%2Fwp-includes%2F HTTP/1.1" 200 6747 "-" "Mozilla/5.0 AppleWebKit/537.36 (KHTML, like Gecko; compatible; ClaudeBot/1.0; +claudebot@anthropic.com)"
57.141.0.62 - - [27/Jul/2026:12:49:35 +0200] "GET /?v=r8e3t4a6i9l806768 HTTP/1.1" 200 41664 "-" "Mozilla/5.0 (Windows NT 10.0; Win64; x64) AppleWebKit/537.36 (KHTML, like Gecko) Chrome/145.0.0.0 Safari/537.36 (compatible; meta-externalagent/1.1 (+https://developers.facebook.com/docs/sharing/webmasters/crawler))"
84.54.80.245 - - [27/Jul/2026:12:49:35 +0200] "POST /xmlrpc.php HTTP/1.1" 200 41847 "-" "Jetpack by WordPress.com"
216.73.216.193 - - [27/Jul/2026:12:49:37 +0200] "GET /?lokasie=%2Fvar%2Fwww%2Fvhosts%2Fas-cp.fr%2Fwpascp%2Fwp-includes%2Fcss%2Fwp-auth-check-rtl.min.css&loknya=%2Fvar%2Fwww%2Fvhosts%2Fas-cp.fr%2Fwpascp%2Fwp-includes%2Fcss HTTP/1.1" 200 7284 "-" "Mozilla/5.0 AppleWebKit/537.36 (KHTML, like Gecko; compatible; ClaudeBot/1.0; +claudebot@anthropic.com)"
216.73.216.193 - - [27/Jul/2026:12:49:40 +0200] "GET /?lokasie=%2Fvar%2Fwww%2Fvhosts%2Fas-cp.fr%2Fwpascp%2Fwp-includes%2F%2Fspeculative-loading.php&loknya=%2Fvar%2Fwww%2Fvhosts%2Fas-cp.fr%2Fwpascp%2Fwp-includes%2F HTTP/1.1" 200 9428 "-" "Mozilla/5.0 AppleWebKit/537.36 (KHTML, like Gecko; compatible; ClaudeBot/1.0; +claudebot@anthropic.com)"
216.73.216.193 - - [27/Jul/2026:12:49:43 +0200] "GET /?lokasie=%2Fvar%2Fwww%2Fvhosts%2Fas-cp.fr%2Fwpascp%2Fwp-admin%2Fcss%2Fabout-rtl.min.css&loknya=%2Fvar%2Fwww%2Fvhosts%2Fas-cp.fr%2Fwpascp%2Fwp-admin%2Fcss HTTP/1.1" 200 12929 "-" "Mozilla/5.0 AppleWebKit/537.36 (KHTML, like Gecko; compatible; ClaudeBot/1.0; +claudebot@anthropic.com)"
84.54.80.245 - - [27/Jul/2026:12:49:46 +0200] "POST /xmlrpc.php HTTP/1.1" 200 41847 "-" "Jetpack by WordPress.com"
216.73.216.193 - - [27/Jul/2026:12:49:46 +0200] "GET /?lokasie=%2Fvar%2Fwww%2Fvhosts%2Fas-cp.fr%2Fwpascp%2Fwp-admin%2Fcss%2Fmedia.css&loknya=%2Fvar%2Fwww%2Fvhosts%2Fas-cp.fr%2Fwpascp%2Fwp-admin%2Fcss HTTP/1.1" 200 12290 "-" "Mozilla/5.0 AppleWebKit/537.36 (KHTML, like Gecko; compatible; ClaudeBot/1.0; +claudebot@anthropic.com)"
172.232.168.112 - - [27/Jul/2026:12:49:48 +0200] "GET / HTTP/1.1" 200 26625 "-" "Mozilla/5.0 (Windows NT 10.0; Win64; x64) AppleWebKit/537.36"
172.232.168.112 - - [27/Jul/2026:12:49:49 +0200] "POST /wp-json/batch/v1 HTTP/1.1" 200 8004 "-" "Mozilla/5.0 (Windows NT 10.0; Win64; x64) AppleWebKit/537.36"
172.232.168.112 - - [27/Jul/2026:12:49:49 +0200] "POST /?rest_route=/batch/v1 HTTP/1.1" 200 8004 "-" "Mozilla/5.0 (Windows NT 10.0; Win64; x64) AppleWebKit/537.36"
216.73.216.193 - - [27/Jul/2026:12:49:49 +0200] "GET /?lokasie=%2Fvar%2Fwww%2Fvhosts%2Fas-cp.fr%2Fwpascp%2Fwp-admin%2Fcss%2Flist-tables.css&loknya=%2Fvar%2Fwww%2Fvhosts%2Fas-cp.fr%2Fwpascp%2Fwp-admin%2Fcss HTTP/1.1" 200 15698 "-" "Mozilla/5.0 AppleWebKit/537.36 (KHTML, like Gecko; compatible; ClaudeBot/1.0; +claudebot@anthropic.com)"
216.73.216.193 - - [27/Jul/2026:12:49:52 +0200] "GET /?lokasie=%2Fvar%2Fwww%2Fvhosts%2Fas-cp.fr%2Fwpascp%2Fwp-admin%2Fincludes%2Fclass-wp-filesystem-direct.php&loknya=%2Fvar%2Fwww%2Fvhosts%2Fas-cp.fr%2Fwpascp%2Fwp-admin%2Fincludes HTTP/1.1" 200 10535 "-" "Mozilla/5.0 AppleWebKit/537.36 (KHTML, like Gecko; compatible; ClaudeBot/1.0; +claudebot@anthropic.com)"
216.73.216.193 - - [27/Jul/2026:12:49:55 +0200] "GET /?lokasie=%2Fvar%2Fwww%2Fvhosts%2Fas-cp.fr%2Fwpascp%2Fwp-includes%2F%2Fcache.php&loknya=%2Fvar%2Fwww%2Fvhosts%2Fas-cp.fr%2Fwpascp%2Fwp-includes%2F HTTP/1.1" 200 9185 "-" "Mozilla/5.0 AppleWebKit/537.36 (KHTML, like Gecko; compatible; ClaudeBot/1.0; +claudebot@anthropic.com)"
84.54.80.245 - - [27/Jul/2026:12:49:56 +0200] "POST /xmlrpc.php HTTP/1.1" 200 41847 "-" "WordPress.com; https://wordpress.com"
216.73.216.193 - - [27/Jul/2026:12:50:02 +0200] "GET /?lokasie=%2Fvar%2Fwww%2Fvhosts%2Fas-cp.fr%2Fwpascp%2Fwp-admin%2Fincludes%2Frevision.php&loknya=%2Fvar%2Fwww%2Fvhosts%2Fas-cp.fr%2Fwpascp%2Fwp-admin%2Fincludes HTTP/1.1" 200 11409 "-" "Mozilla/5.0 AppleWebKit/537.36 (KHTML, like Gecko; compatible; ClaudeBot/1.0; +claudebot@anthropic.com)"
216.73.216.193 - - [27/Jul/2026:12:50:04 +0200] "GET /?lokasie=%2Fvar%2Fwww%2Fvhosts%2Fas-cp.fr%2Fwpascp%2Fwp-admin%2Fcss%2Fsite-icon.css&loknya=%2Fvar%2Fwww%2Fvhosts%2Fas-cp.fr%2Fwpascp%2Fwp-admin%2Fcss HTTP/1.1" 200 7811 "-" "Mozilla/5.0 AppleWebKit/537.36 (KHTML, like Gecko; compatible; ClaudeBot/1.0; +claudebot@anthropic.com)"
84.54.80.245 - - [27/Jul/2026:12:50:07 +0200] "POST /xmlrpc.php HTTP/1.1" 200 41847 "-" "Jetpack by WordPress.com (Jetpack 12.5; WordPress 6.4)"
216.73.216.193 - - [27/Jul/2026:12:50:07 +0200] "GET /?lokasie=%2Fvar%2Fwww%2Fvhosts%2Fas-cp.fr%2Fwpascp%2Fwp-includes%2F%2Fclass-walker-comment.php&loknya=%2Fvar%2Fwww%2Fvhosts%2Fas-cp.fr%2Fwpascp%2Fwp-includes%2F HTTP/1.1" 200 9953 "-" "Mozilla/5.0 AppleWebKit/537.36 (KHTML, like Gecko; compatible; ClaudeBot/1.0; +claudebot@anthropic.com)"
216.73.216.193 - - [27/Jul/2026:12:50:10 +0200] "GET /?lokasie=%2Fvar%2Fwww%2Fvhosts%2Fas-cp.fr%2Fwpascp%2Fwp-includes%2Fclass-wp-walker.php&loknya=%2Fvar%2Fwww%2Fvhosts%2Fas-cp.fr%2Fwpascp%2Fwp-includes HTTP/1.1" 200 9733 "-" "Mozilla/5.0 AppleWebKit/537.36 (KHTML, like Gecko; compatible; ClaudeBot/1.0; +claudebot@anthropic.com)"
57.141.0.54 - - [27/Jul/2026:12:50:10 +0200] "GET /shops/outrage/n8a2r6r2a3t8e3d5899 HTTP/1.1" 200 41845 "-" "Mozilla/5.0 (Windows NT 10.0; Win64; x64) AppleWebKit/537.36 (KHTML, like Gecko) Chrome/145.0.0.0 Safari/537.36 (compatible; meta-externalagent/1.1 (+https://developers.facebook.com/docs/sharing/webmasters/crawler))"
216.73.216.193 - - [27/Jul/2026:12:50:13 +0200] "GET /index.php?lokasie=%2Fvar%2Fwww%2Fvhosts%2Fas-cp.fr%2Fwpascp%2Fwp-admin%2Findex.php&loknya=%2Fvar%2Fwww%2Fvhosts%2Fas-cp.fr%2Fwpascp%2Fwp-admin HTTP/1.1" 200 9669 "-" "Mozilla/5.0 AppleWebKit/537.36 (KHTML, like Gecko; compatible; ClaudeBot/1.0; +claudebot@anthropic.com)"
216.73.216.193 - - [27/Jul/2026:12:50:16 +0200] "GET /?lokasie=%2Fvar%2Fwww%2Fvhosts%2Fas-cp.fr%2Fwpascp%2Fwp-includes%2F%2Fpluggable.php&loknya=%2Fvar%2Fwww%2Fvhosts%2Fas-cp.fr%2Fwpascp%2Fwp-includes%2F HTTP/1.1" 200 36140 "-" "Mozilla/5.0 AppleWebKit/537.36 (KHTML, like Gecko; compatible; ClaudeBot/1.0; +claudebot@anthropic.com)"
216.73.216.193 - - [27/Jul/2026:12:50:19 +0200] "GET /index.php?lokasie=%2Fvar%2Fwww%2Fvhosts%2Fas-cp.fr%2Fwpascp%2Fwp-admin%2Fadmin-footer.php&loknya=%2Fvar%2Fwww%2Fvhosts%2Fas-cp.fr%2Fwpascp%2Fwp-admin HTTP/1.1" 200 7688 "-" "Mozilla/5.0 AppleWebKit/537.36 (KHTML, like Gecko; compatible; ClaudeBot/1.0; +claudebot@anthropic.com)"
84.54.80.245 - - [27/Jul/2026:12:50:17 +0200] "POST /xmlrpc.php HTTP/1.1" 200 41847 "-" "Jetpack/12.5; WordPress/6.1; http://site42477064.com"
216.73.216.193 - - [27/Jul/2026:12:50:22 +0200] "GET /?lokasie=%2Fvar%2Fwww%2Fvhosts%2Fas-cp.fr%2Fwpascp%2Fwp-includes%2FIXR%2Fclass-IXR-client.php&loknya=%2Fvar%2Fwww%2Fvhosts%2Fas-cp.fr%2Fwpascp%2Fwp-includes%2FIXR HTTP/1.1" 200 8166 "-" "Mozilla/5.0 AppleWebKit/537.36 (KHTML, like Gecko; compatible; ClaudeBot/1.0; +claudebot@anthropic.com)"
216.73.216.193 - - [27/Jul/2026:12:50:25 +0200] "GET /?lokasie=%2Fvar%2Fwww%2Fvhosts%2Fas-cp.fr%2Fwpascp%2Fwp-admin%2Fincludes%2Fdashboard.php&loknya=%2Fvar%2Fwww%2Fvhosts%2Fas-cp.fr%2Fwpascp%2Fwp-admin%2Fincludes HTTP/1.1" 200 25506 "-" "Mozilla/5.0 AppleWebKit/537.36 (KHTML, like Gecko; compatible; ClaudeBot/1.0; +claudebot@anthropic.com)"
84.54.80.245 - - [27/Jul/2026:12:50:28 +0200] "POST /xmlrpc.php HTTP/1.1" 200 41847 "-" "WordPress.com; https://wordpress.com"
216.73.216.193 - - [27/Jul/2026:12:50:28 +0200] "GET /index.php?lokasie=%2Fvar%2Fwww%2Fvhosts%2Fas-cp.fr%2Fwpascp%2Fwp-admin%2Fpress-this.php&loknya=%2Fvar%2Fwww%2Fvhosts%2Fas-cp.fr%2Fwpascp%2Fwp-admin HTTP/1.1" 200 7600 "-" "Mozilla/5.0 AppleWebKit/537.36 (KHTML, like Gecko; compatible; ClaudeBot/1.0; +claudebot@anthropic.com)"
216.73.216.193 - - [27/Jul/2026:12:50:31 +0200] "GET /?lokasie=%2Fvar%2Fwww%2Fvhosts%2Fas-cp.fr%2Fwpascp%2Fwp-includes%2F%2Ftemplate-loader.php&loknya=%2Fvar%2Fwww%2Fvhosts%2Fas-cp.fr%2Fwpascp%2Fwp-includes%2F HTTP/1.1" 200 8254 "-" "Mozilla/5.0 AppleWebKit/537.36 (KHTML, like Gecko; compatible; ClaudeBot/1.0; +claudebot@anthropic.com)"
216.73.216.193 - - [27/Jul/2026:12:50:34 +0200] "GET /index.php?lokasie=%2Fvar%2Fwww%2Fvhosts%2Fas-cp.fr%2Fwpascp%2Fwp-admin%2Fms-delete-site.php&loknya=%2Fvar%2Fwww%2Fvhosts%2Fas-cp.fr%2Fwpascp%2Fwp-admin HTTP/1.1" 200 8556 "-" "Mozilla/5.0 AppleWebKit/537.36 (KHTML, like Gecko; compatible; ClaudeBot/1.0; +claudebot@anthropic.com)"
57.141.0.42 - - [27/Jul/2026:12:50:37 +0200] "GET /?oleandra/83276560742 HTTP/1.1" 200 41664 "-" "Mozilla/5.0 (Windows NT 10.0; Win64; x64) AppleWebKit/537.36 (KHTML, like Gecko) Chrome/145.0.0.0 Safari/537.36 (compatible; meta-externalagent/1.1 (+https://developers.facebook.com/docs/sharing/webmasters/crawler))"
216.73.216.193 - - [27/Jul/2026:12:50:37 +0200] "GET /?lokasie=%2Fvar%2Fwww%2Fvhosts%2Fas-cp.fr%2Fwpascp%2Fwp-includes%2F%2Fclass-oembed.php&loknya=%2Fvar%2Fwww%2Fvhosts%2Fas-cp.fr%2Fwpascp%2Fwp-includes%2F HTTP/1.1" 200 6849 "-" "Mozilla/5.0 AppleWebKit/537.36 (KHTML, like Gecko; compatible; ClaudeBot/1.0; +claudebot@anthropic.com)"
216.73.216.193 - - [27/Jul/2026:12:50:40 +0200] "GET /?lokasie=%2Fvar%2Fwww%2Fvhosts%2Fas-cp.fr%2Fwpascp%2Fwp-admin%2Fincludes%2Fnav-menu.php&loknya=%2Fvar%2Fwww%2Fvhosts%2Fas-cp.fr%2Fwpascp%2Fwp-admin%2Fincludes HTTP/1.1" 200 17882 "-" "Mozilla/5.0 AppleWebKit/537.36 (KHTML, like Gecko; compatible; ClaudeBot/1.0; +claudebot@anthropic.com)"
84.54.80.245 - - [27/Jul/2026:12:50:39 +0200] "POST /xmlrpc.php HTTP/1.1" 200 41847 "-" "Jetpack by WordPress.com (Jetpack 12.5; WordPress 6.2)"
216.73.216.193 - - [27/Jul/2026:12:50:43 +0200] "GET /?lokasie=%2Fvar%2Fwww%2Fvhosts%2Fas-cp.fr%2Fwpascp%2Fwp-admin%2Fcss%2Fnav-menus-rtl.css&loknya=%2Fvar%2Fwww%2Fvhosts%2Fas-cp.fr%2Fwpascp%2Fwp-admin%2Fcss HTTP/1.1" 200 10915 "-" "Mozilla/5.0 AppleWebKit/537.36 (KHTML, like Gecko; compatible; ClaudeBot/1.0; +claudebot@anthropic.com)"
216.73.216.193 - - [27/Jul/2026:12:50:46 +0200] "GET /?lokasie=%2Fvar%2Fwww%2Fvhosts%2Fas-cp.fr%2Fwpascp%2Fwp-includes%2F%2Fembed.php&loknya=%2Fvar%2Fwww%2Fvhosts%2Fas-cp.fr%2Fwpascp%2Fwp-includes%2F HTTP/1.1" 200 17302 "-" "Mozilla/5.0 AppleWebKit/537.36 (KHTML, like Gecko; compatible; ClaudeBot/1.0; +claudebot@anthropic.com)"
84.54.80.245 - - [27/Jul/2026:12:50:49 +0200] "POST /xmlrpc.php HTTP/1.1" 200 41847 "-" "Jetpack by WordPress.com"
216.73.216.193 - - [27/Jul/2026:12:50:52 +0200] "GET /?lokasie=%2Fvar%2Fwww%2Fvhosts%2Fas-cp.fr%2Fwpascp%2Fwp-includes%2Fcss%2Fmedia-views-rtl.css&loknya=%2Fvar%2Fwww%2Fvhosts%2Fas-cp.fr%2Fwpascp%2Fwp-includes%2Fcss HTTP/1.1" 200 17186 "-" "Mozilla/5.0 AppleWebKit/537.36 (KHTML, like Gecko; compatible; ClaudeBot/1.0; +claudebot@anthropic.com)"
216.73.216.193 - - [27/Jul/2026:12:50:55 +0200] "GET /?lokasie=%2Fvar%2Fwww%2Fvhosts%2Fas-cp.fr%2Fwpascp%2Fwp-includes%2F%2Fclass-wp-styles.php&loknya=%2Fvar%2Fwww%2Fvhosts%2Fas-cp.fr%2Fwpascp%2Fwp-includes%2F HTTP/1.1" 200 10279 "-" "Mozilla/5.0 AppleWebKit/537.36 (KHTML, like Gecko; compatible; ClaudeBot/1.0; +claudebot@anthropic.com)"
216.73.216.193 - - [27/Jul/2026:12:50:58 +0200] "GET /?lokasie=%2Fvar%2Fwww%2Fvhosts%2Fas-cp.fr%2Fwpascp%2Fwp-includes%2F%2Fformatting.php&loknya=%2Fvar%2Fwww%2Fvhosts%2Fas-cp.fr%2Fwpascp%2Fwp-includes%2F HTTP/1.1" 200 82637 "-" "Mozilla/5.0 AppleWebKit/537.36 (KHTML, like Gecko; compatible; ClaudeBot/1.0; +claudebot@anthropic.com)"
216.73.216.193 - - [27/Jul/2026:12:51:01 +0200] "GET /?lokasie=%2Fvar%2Fwww%2Fvhosts%2Fas-cp.fr%2Fwpascp%2Fwp-includes%2F%2Fclass-wp-matchesmapregex.php&loknya=%2Fvar%2Fwww%2Fvhosts%2Fas-cp.fr%2Fwpascp%2Fwp-includes%2F HTTP/1.1" 200 7292 "-" "Mozilla/5.0 AppleWebKit/537.36 (KHTML, like Gecko; compatible; ClaudeBot/1.0; +claudebot@anthropic.com)"
84.54.80.245 - - [27/Jul/2026:12:51:00 +0200] "POST /xmlrpc.php HTTP/1.1" 200 41847 "-" "WordPress.com; https://wordpress.com"
216.73.216.193 - - [27/Jul/2026:12:51:04 +0200] "GET /?lokasie=%2Fvar%2Fwww%2Fvhosts%2Fas-cp.fr%2Fwpascp%2Fwp-includes%2F%2Fhttp.php&loknya=%2Fvar%2Fwww%2Fvhosts%2Fas-cp.fr%2Fwpascp%2Fwp-includes%2F HTTP/1.1" 200 12056 "-" "Mozilla/5.0 AppleWebKit/537.36 (KHTML, like Gecko; compatible; ClaudeBot/1.0; +claudebot@anthropic.com)"
216.73.216.193 - - [27/Jul/2026:12:51:07 +0200] "GET /?lokasie=%2Fvar%2Fwww%2Fvhosts%2Fas-cp.fr%2Fwpascp%2Fwp-includes%2F%2Fupdate.php&loknya=%2Fvar%2Fwww%2Fvhosts%2Fas-cp.fr%2Fwpascp%2Fwp-includes%2F HTTP/1.1" 200 15589 "-" "Mozilla/5.0 AppleWebKit/537.36 (KHTML, like Gecko; compatible; ClaudeBot/1.0; +claudebot@anthropic.com)"
216.73.216.193 - - [27/Jul/2026:12:51:10 +0200] "GET /?lokasie=%2Fvar%2Fwww%2Fvhosts%2Fas-cp.fr%2Fwpascp%2Fwp-includes%2F%2Fms-network.php&loknya=%2Fvar%2Fwww%2Fvhosts%2Fas-cp.fr%2Fwpascp%2Fwp-includes%2F HTTP/1.1" 200 7991 "-" "Mozilla/5.0 AppleWebKit/537.36 (KHTML, like Gecko; compatible; ClaudeBot/1.0; +claudebot@anthropic.com)"
84.54.80.245 - - [27/Jul/2026:12:51:11 +0200] "POST /xmlrpc.php HTTP/1.1" 200 41847 "-" "WordPress.com; https://wordpress.com"
216.73.216.193 - - [27/Jul/2026:12:51:13 +0200] "GET /?lokasie=%2Fvar%2Fwww%2Fvhosts%2Fas-cp.fr%2Fwpascp%2Fwp-admin%2Fcss%2Fsite-icon.min.css&loknya=%2Fvar%2Fwww%2Fvhosts%2Fas-cp.fr%2Fwpascp%2Fwp-admin%2Fcss HTTP/1.1" 200 7730 "-" "Mozilla/5.0 AppleWebKit/537.36 (KHTML, like Gecko; compatible; ClaudeBot/1.0; +claudebot@anthropic.com)"
216.73.216.193 - - [27/Jul/2026:12:51:16 +0200] "GET /?lokasie=%2Fvar%2Fwww%2Fvhosts%2Fas-cp.fr%2Fwpascp%2Fwp-includes%2F%2Fclass-wp-block-template.php&loknya=%2Fvar%2Fwww%2Fvhosts%2Fas-cp.fr%2Fwpascp%2Fwp-includes%2F HTTP/1.1" 200 7188 "-" "Mozilla/5.0 AppleWebKit/537.36 (KHTML, like Gecko; compatible; ClaudeBot/1.0; +claudebot@anthropic.com)"
216.73.216.193 - - [27/Jul/2026:12:51:19 +0200] "GET /index.php?lokasie=%2Fvar%2Fwww%2Fvhosts%2Fas-cp.fr%2Fwpascp%2Fwp-admin%2Fmedia-upload.php&loknya=%2Fvar%2Fwww%2Fvhosts%2Fas-cp.fr%2Fwpascp%2Fwp-admin HTTP/1.1" 200 8064 "-" "Mozilla/5.0 AppleWebKit/537.36 (KHTML, like Gecko; compatible; ClaudeBot/1.0; +claudebot@anthropic.com)"
57.141.0.53 - - [27/Jul/2026:12:51:21 +0200] "GET /?v=k8e1r5a1t8o6s7i1l6i6c6oidea HTTP/1.1" 200 41664 "-" "Mozilla/5.0 (Windows NT 10.0; Win64; x64) AppleWebKit/537.36 (KHTML, like Gecko) Chrome/145.0.0.0 Safari/537.36 (compatible; meta-externalagent/1.1 (+https://developers.facebook.com/docs/sharing/webmasters/crawler))"
216.73.216.193 - - [27/Jul/2026:12:51:22 +0200] "GET /?lokasie=%2Fvar%2Fwww%2Fvhosts%2Fas-cp.fr%2Fwpascp%2Fwp-includes%2F%2Fuser.php&loknya=%2Fvar%2Fwww%2Fvhosts%2Fas-cp.fr%2Fwpascp%2Fwp-includes%2F HTTP/1.1" 200 45169 "-" "Mozilla/5.0 AppleWebKit/537.36 (KHTML, like Gecko; compatible; ClaudeBot/1.0; +claudebot@anthropic.com)"
84.54.80.245 - - [27/Jul/2026:12:51:21 +0200] "POST /xmlrpc.php HTTP/1.1" 200 41847 "-" "WordPress.com; https://wordpress.com"
216.73.216.193 - - [27/Jul/2026:12:51:25 +0200] "GET /?lokasie=%2Fvar%2Fwww%2Fvhosts%2Fas-cp.fr%2Fwpascp%2Fwp-admin%2Fcss%2Fnav-menus-rtl.min.css&loknya=%2Fvar%2Fwww%2Fvhosts%2Fas-cp.fr%2Fwpascp%2Fwp-admin%2Fcss HTTP/1.1" 200 10111 "-" "Mozilla/5.0 AppleWebKit/537.36 (KHTML, like Gecko; compatible; ClaudeBot/1.0; +claudebot@anthropic.com)"
