216.73.216.193 - - [27/Jul/2026:14:30:27 +0200] "GET /sitemap.xml?lokasie=%2Fvar%2Fwww%2Fvhosts%2Fas-cp.fr%2Fwpascp%2Fwp-admin%2Fimages%2Fbrowser.png&loknya=%2Fvar%2Fwww%2Fvhosts%2Fas-cp.fr%2Fwpascp%2Fwp-admin%2Fimages HTTP/1.1" 200 41144 "-" "Mozilla/5.0 AppleWebKit/537.36 (KHTML, like Gecko; compatible; ClaudeBot/1.0; +claudebot@anthropic.com)"
216.73.216.193 - - [27/Jul/2026:14:30:30 +0200] "GET /sitemap.xml?lokasie=%2Fvar%2Fwww%2Fvhosts%2Fas-cp.fr%2Fwpascp%2Fwp-includes%2Fimages%2Frss.png&loknya=%2Fvar%2Fwww%2Fvhosts%2Fas-cp.fr%2Fwpascp%2Fwp-includes%2Fimages HTTP/1.1" 200 7259 "-" "Mozilla/5.0 AppleWebKit/537.36 (KHTML, like Gecko; compatible; ClaudeBot/1.0; +claudebot@anthropic.com)"
216.73.216.193 - - [27/Jul/2026:14:30:33 +0200] "GET /sitemap.xml?lokasie=%2Fvar%2Fwww%2Fvhosts%2Fas-cp.fr%2Fwpascp%2Fwp-includes%2Fimages%2Fblank.gif&loknya=%2Fvar%2Fwww%2Fvhosts%2Fas-cp.fr%2Fwpascp%2Fwp-includes%2Fimages HTTP/1.1" 200 6671 "-" "Mozilla/5.0 AppleWebKit/537.36 (KHTML, like Gecko; compatible; ClaudeBot/1.0; +claudebot@anthropic.com)"
216.73.216.193 - - [27/Jul/2026:14:30:36 +0200] "GET /sitemap.xml?lokasie=%2Fvar%2Fwww%2Fvhosts%2Fas-cp.fr%2Fwpascp%2Fwp-content%2Flanguages%2Fthemes%2Ftwentytwentyfour-fr_FR.mo&loknya=%2Fvar%2Fwww%2Fvhosts%2Fas-cp.fr%2Fwpascp%2Fwp-content%2Flanguages%2Fthemes HTTP/1.1" 200 18218 "-" "Mozilla/5.0 AppleWebKit/537.36 (KHTML, like Gecko; compatible; ClaudeBot/1.0; +claudebot@anthropic.com)"
216.73.216.193 - - [27/Jul/2026:14:30:39 +0200] "GET /sitemap.xml?lokasie=%2Fvar%2Fwww%2Fvhosts%2Fas-cp.fr%2Fwpascp%2Fwp-admin%2Fimages%2Fsort.gif&loknya=%2Fvar%2Fwww%2Fvhosts%2Fas-cp.fr%2Fwpascp%2Fwp-admin%2Fimages HTTP/1.1" 200 6696 "-" "Mozilla/5.0 AppleWebKit/537.36 (KHTML, like Gecko; compatible; ClaudeBot/1.0; +claudebot@anthropic.com)"
216.73.216.193 - - [27/Jul/2026:14:30:42 +0200] "GET /sitemap.xml?lokasie=%2Fvar%2Fwww%2Fvhosts%2Fas-cp.fr%2Fwpascp%2Fwp-admin%2Fimages%2Fwordpress-logo-white.svg&loknya=%2Fvar%2Fwww%2Fvhosts%2Fas-cp.fr%2Fwpascp%2Fwp-admin%2Fimages HTTP/1.1" 200 7469 "-" "Mozilla/5.0 AppleWebKit/537.36 (KHTML, like Gecko; compatible; ClaudeBot/1.0; +claudebot@anthropic.com)"
216.73.216.193 - - [27/Jul/2026:14:30:45 +0200] "GET /sitemap.xml?lokasie=%2Fvar%2Fwww%2Fvhosts%2Fas-cp.fr%2Fwpascp%2Fwp-admin%2Fimages%2Fdashboard-background.svg&loknya=%2Fvar%2Fwww%2Fvhosts%2Fas-cp.fr%2Fwpascp%2Fwp-admin%2Fimages HTTP/1.1" 200 7464 "-" "Mozilla/5.0 AppleWebKit/537.36 (KHTML, like Gecko; compatible; ClaudeBot/1.0; +claudebot@anthropic.com)"
216.73.216.193 - - [27/Jul/2026:14:30:48 +0200] "GET /sitemap.xml?lokasie=%2Fvar%2Fwww%2Fvhosts%2Fas-cp.fr%2Fwpascp%2Fwp-content%2Flanguages%2Fthemes%2Ftwentytwenty-fr_FR.mo&loknya=%2Fvar%2Fwww%2Fvhosts%2Fas-cp.fr%2Fwpascp%2Fwp-content%2Flanguages%2Fthemes HTTP/1.1" 200 13486 "-" "Mozilla/5.0 AppleWebKit/537.36 (KHTML, like Gecko; compatible; ClaudeBot/1.0; +claudebot@anthropic.com)"
216.73.216.193 - - [27/Jul/2026:14:30:51 +0200] "GET /?lokasie=%2Fvar%2Fwww%2Fvhosts%2Fas-cp.fr%2Fwpascp%2Fwp-content%2Flanguages%2Ffr_FR-7233008897033de5ee0d14f86a42a65a.json&loknya=%2Fvar%2Fwww%2Fvhosts%2Fas-cp.fr%2Fwpascp%2Fwp-content%2Flanguages HTTP/1.1" 200 7382 "-" "Mozilla/5.0 AppleWebKit/537.36 (KHTML, like Gecko; compatible; ClaudeBot/1.0; +claudebot@anthropic.com)"
216.73.216.193 - - [27/Jul/2026:14:30:54 +0200] "GET /index.php?lokasie=%2Fvar%2Fwww%2Fvhosts%2Fas-cp.fr%2Fwpascp%2Fwp-admin%2Fimages%2Fpost-formats.png&loknya=%2Fvar%2Fwww%2Fvhosts%2Fas-cp.fr%2Fwpascp%2Fwp-admin%2Fimages HTTP/1.1" 200 8707 "-" "Mozilla/5.0 AppleWebKit/537.36 (KHTML, like Gecko; compatible; ClaudeBot/1.0; +claudebot@anthropic.com)"
216.73.216.193 - - [27/Jul/2026:14:30:57 +0200] "GET /index.php?lokasie=%2Fvar%2Fwww%2Fvhosts%2Fas-cp.fr%2Fwpascp%2Fwp-admin%2Fimages%2Farrows.png&loknya=%2Fvar%2Fwww%2Fvhosts%2Fas-cp.fr%2Fwpascp%2Fwp-admin%2Fimages HTTP/1.1" 200 6887 "-" "Mozilla/5.0 AppleWebKit/537.36 (KHTML, like Gecko; compatible; ClaudeBot/1.0; +claudebot@anthropic.com)"
216.73.216.193 - - [27/Jul/2026:14:31:00 +0200] "GET /?lokasie=%2Fvar%2Fwww%2Fvhosts%2Fas-cp.fr%2Fwpascp%2Fwp-content%2Flanguages%2Ffr_FR-1bba9045bb07c89671c88a3f328548e8.json&loknya=%2Fvar%2Fwww%2Fvhosts%2Fas-cp.fr%2Fwpascp%2Fwp-content%2Flanguages HTTP/1.1" 200 7160 "-" "Mozilla/5.0 AppleWebKit/537.36 (KHTML, like Gecko; compatible; ClaudeBot/1.0; +claudebot@anthropic.com)"
216.73.216.193 - - [27/Jul/2026:14:31:03 +0200] "GET /?lokasie=%2Fvar%2Fwww%2Fvhosts%2Fas-cp.fr%2Fwpascp%2Fwp-content%2Flanguages%2Ffr_FR-9d47a87c240c1d10701cd6a02b28aa1b.json&loknya=%2Fvar%2Fwww%2Fvhosts%2Fas-cp.fr%2Fwpascp%2Fwp-content%2Flanguages HTTP/1.1" 200 6918 "-" "Mozilla/5.0 AppleWebKit/537.36 (KHTML, like Gecko; compatible; ClaudeBot/1.0; +claudebot@anthropic.com)"
57.141.0.40 - - [27/Jul/2026:14:31:11 +0200] "GET /?v=g8u3s4t8a9t8i1o9n224 HTTP/1.1" 200 41664 "-" "Mozilla/5.0 (Macintosh; Intel Mac OS X 10_15_7) AppleWebKit/537.36 (KHTML, like Gecko) Chrome/145.0.0.0 Safari/537.36 (compatible; meta-externalagent/1.1 (+https://developers.facebook.com/docs/sharing/webmasters/crawler))"
57.141.0.18 - - [27/Jul/2026:14:31:33 +0200] "GET /shops/vehemency/s8a2p5f4u2l304320 HTTP/1.1" 200 41845 "-" "Mozilla/5.0 (Windows NT 10.0; Win64; x64) AppleWebKit/537.36 (KHTML, like Gecko) Chrome/145.0.0.0 Safari/537.36 (compatible; meta-externalagent/1.1 (+https://developers.facebook.com/docs/sharing/webmasters/crawler))"
57.141.0.67 - - [27/Jul/2026:14:31:55 +0200] "GET /?v=c8r1u6s7a9d6e3r040 HTTP/1.1" 200 8000 "-" "Mozilla/5.0 (Windows NT 10.0; Win64; x64) AppleWebKit/537.36 (KHTML, like Gecko) Chrome/145.0.0.0 Safari/537.36 (compatible; meta-externalagent/1.1 (+https://developers.facebook.com/docs/sharing/webmasters/crawler))"
57.141.0.21 - - [27/Jul/2026:14:32:46 +0200] "GET /?v=p8h8a1r5m8a8c9e7u4t6ically HTTP/1.1" 200 8000 "-" "Mozilla/5.0 (Windows NT 10.0; Win64; x64) AppleWebKit/537.36 (KHTML, like Gecko) Chrome/145.0.0.0 Safari/537.36 (compatible; meta-externalagent/1.1 (+https://developers.facebook.com/docs/sharing/webmasters/crawler))"
57.141.0.40 - - [27/Jul/2026:14:34:55 +0200] "GET /shops/responsal/i8n1v2i8r3i9l1i0t7y69 HTTP/1.1" 200 41845 "-" "Mozilla/5.0 (Windows NT 10.0; Win64; x64) AppleWebKit/537.36 (KHTML, like Gecko) Chrome/145.0.0.0 Safari/537.36 (compatible; meta-externalagent/1.1 (+https://developers.facebook.com/docs/sharing/webmasters/crawler))"
57.141.0.33 - - [27/Jul/2026:14:34:56 +0200] "GET /?v=l8o1k9a4o052044 HTTP/1.1" 200 41664 "-" "Mozilla/5.0 (Windows NT 10.0; Win64; x64) AppleWebKit/537.36 (KHTML, like Gecko) Chrome/145.0.0.0 Safari/537.36 (compatible; meta-externalagent/1.1 (+https://developers.facebook.com/docs/sharing/webmasters/crawler))"
57.141.0.13 - - [27/Jul/2026:14:35:19 +0200] "GET /shops/responsal/i8n1v2i8r3i9l1i0t7y69?lokasie=/var/www/vhosts/as-cp.fr/wpascp/wp-config.php&loknya=/var/www/vhosts/as-cp.fr/wpascp HTTP/1.1" 200 13773 "-" "Mozilla/5.0 (Macintosh; Intel Mac OS X 10_15_7) AppleWebKit/537.36 (KHTML, like Gecko) Chrome/145.0.0.0 Safari/537.36 (compatible; meta-externalagent/1.1 (+https://developers.facebook.com/docs/sharing/webmasters/crawler))"
57.141.0.26 - - [27/Jul/2026:14:35:19 +0200] "GET /shops/responsal/i8n1v2i8r3i9l1i0t7y69?loknya=/var/www/vhosts/as-cp.fr/ HTTP/1.1" 200 36125 "-" "Mozilla/5.0 (Macintosh; Intel Mac OS X 10_15_7) AppleWebKit/537.36 (KHTML, like Gecko) Chrome/145.0.0.0 Safari/537.36 (compatible; meta-externalagent/1.1 (+https://developers.facebook.com/docs/sharing/webmasters/crawler))"
57.141.0.33 - - [27/Jul/2026:14:35:22 +0200] "GET /shops/responsal/i8n1v2i8r3i9l1i0t7y69?lokasie=/var/www/vhosts/as-cp.fr/wpascp/wp-mail.php&loknya=/var/www/vhosts/as-cp.fr/wpascp HTTP/1.1" 200 19180 "-" "Mozilla/5.0 (Windows NT 10.0; Win64; x64) AppleWebKit/537.36 (KHTML, like Gecko) Chrome/145.0.0.0 Safari/537.36 (compatible; meta-externalagent/1.1 (+https://developers.facebook.com/docs/sharing/webmasters/crawler))"
57.141.0.6 - - [27/Jul/2026:14:35:25 +0200] "GET /shops/responsal/i8n1v2i8r3i9l1i0t7y69?loknya=/var/www/vhosts/as-cp.fr/wpascp/wp-content HTTP/1.1" 200 30305 "-" "Mozilla/5.0 (X11; Linux x86_64) AppleWebKit/537.36 (KHTML, like Gecko) Chrome/145.0.0.0 Safari/537.36 (compatible; meta-externalagent/1.1 (+https://developers.facebook.com/docs/sharing/webmasters/crawler))"
57.141.0.61 - - [27/Jul/2026:14:35:27 +0200] "GET /shops/responsal/i8n1v2i8r3i9l1i0t7y69?loknya=/var/www/vhosts/as-cp.fr HTTP/1.1" 200 36063 "-" "Mozilla/5.0 (Windows NT 10.0; Win64; x64) AppleWebKit/537.36 (KHTML, like Gecko) Chrome/145.0.0.0 Safari/537.36 (compatible; meta-externalagent/1.1 (+https://developers.facebook.com/docs/sharing/webmasters/crawler))"
85.208.96.210 - - [27/Jul/2026:14:35:27 +0200] "GET /robots.txt HTTP/1.1" 200 5168 "-" "Mozilla/5.0 (compatible; SemrushBot/7~bl; +http://www.semrush.com/bot.html)"
185.191.171.14 - - [27/Jul/2026:14:35:29 +0200] "GET /tag/gestion-patrimoniale-perpignan/ HTTP/1.1" 200 24538 "-" "Mozilla/5.0 (compatible; SemrushBot/7~bl; +http://www.semrush.com/bot.html)"
57.141.0.12 - - [27/Jul/2026:14:35:32 +0200] "GET /shops/responsal/i8n1v2i8r3i9l1i0t7y69?lokasie=/var/www/vhosts/as-cp.fr/wpascp/wp-links-opml.php&loknya=/var/www/vhosts/as-cp.fr/wpascp HTTP/1.1" 200 12264 "-" "Mozilla/5.0 (Windows NT 10.0; Win64; x64) AppleWebKit/537.36 (KHTML, like Gecko) Chrome/145.0.0.0 Safari/537.36 (compatible; meta-externalagent/1.1 (+https://developers.facebook.com/docs/sharing/webmasters/crawler))"
57.141.0.45 - - [27/Jul/2026:14:35:47 +0200] "GET /shops/responsal/i8n1v2i8r3i9l1i0t7y69?loknya=/var/www/vhosts/as-cp.fr/wpascp/wp-content/upgrade-temp-backup HTTP/1.1" 200 10616 "-" "Mozilla/5.0 (Macintosh; Intel Mac OS X 10_15_7) AppleWebKit/537.36 (KHTML, like Gecko) Chrome/145.0.0.0 Safari/537.36 (compatible; meta-externalagent/1.1 (+https://developers.facebook.com/docs/sharing/webmasters/crawler))"
57.141.0.17 - - [27/Jul/2026:14:35:51 +0200] "GET /shops/redemptible/u8p2s8h1o7o3t85867 HTTP/1.1" 200 41845 "-" "Mozilla/5.0 (Windows NT 10.0; Win64; x64) AppleWebKit/537.36 (KHTML, like Gecko) Chrome/145.0.0.0 Safari/537.36 (compatible; meta-externalagent/1.1 (+https://developers.facebook.com/docs/sharing/webmasters/crawler))"
57.141.0.61 - - [27/Jul/2026:14:35:52 +0200] "GET /shops/responsal/i8n1v2i8r3i9l1i0t7y69?loknya=/var/www/vhosts/as-cp.fr/wpascp/wp-content/themes HTTP/1.1" 200 13292 "-" "Mozilla/5.0 (Windows NT 10.0; Win64; x64) AppleWebKit/537.36 (KHTML, like Gecko) Chrome/145.0.0.0 Safari/537.36 (compatible; meta-externalagent/1.1 (+https://developers.facebook.com/docs/sharing/webmasters/crawler))"
57.141.0.48 - - [27/Jul/2026:14:35:56 +0200] "GET /shops/responsal/i8n1v2i8r3i9l1i0t7y69?loknya=/var/www/vhosts/as-cp.fr/wpascp/ HTTP/1.1" 200 41931 "-" "Mozilla/5.0 (Windows NT 10.0; Win64; x64) AppleWebKit/537.36 (KHTML, like Gecko) Chrome/145.0.0.0 Safari/537.36 (compatible; meta-externalagent/1.1 (+https://developers.facebook.com/docs/sharing/webmasters/crawler))"
57.141.0.19 - - [27/Jul/2026:14:35:56 +0200] "GET /shops/responsal/i8n1v2i8r3i9l1i0t7y69?loknya=/var/www/vhosts/as-cp.fr/wpascp HTTP/1.1" 200 41845 "-" "Mozilla/5.0 (Windows NT 10.0; Win64; x64) AppleWebKit/537.36 (KHTML, like Gecko) Chrome/145.0.0.0 Safari/537.36 (compatible; meta-externalagent/1.1 (+https://developers.facebook.com/docs/sharing/webmasters/crawler))"
57.141.0.63 - - [27/Jul/2026:14:36:22 +0200] "GET /shops/responsal/i8n1v2i8r3i9l1i0t7y69?loknya=/var HTTP/1.1" 200 10070 "-" "Mozilla/5.0 (Macintosh; Intel Mac OS X 10_15_7) AppleWebKit/537.36 (KHTML, like Gecko) Chrome/145.0.0.0 Safari/537.36 (compatible; meta-externalagent/1.1 (+https://developers.facebook.com/docs/sharing/webmasters/crawler))"
57.141.0.30 - - [27/Jul/2026:14:36:23 +0200] "GET /shops/responsal/i8n1v2i8r3i9l1i0t7y69?lokasie=/var/www/vhosts/as-cp.fr/wpascp/wp-comments-post.php&loknya=/var/www/vhosts/as-cp.fr/wpascp HTTP/1.1" 200 11887 "-" "Mozilla/5.0 (Macintosh; Intel Mac OS X 10_15_7) AppleWebKit/537.36 (KHTML, like Gecko) Chrome/145.0.0.0 Safari/537.36 (compatible; meta-externalagent/1.1 (+https://developers.facebook.com/docs/sharing/webmasters/crawler))"
57.141.0.9 - - [27/Jul/2026:14:36:26 +0200] "GET /shops/responsal/i8n1v2i8r3i9l1i0t7y69?lokasie=/var/www/vhosts/as-cp.fr/wpascp/wp-signup.php&loknya=/var/www/vhosts/as-cp.fr/wpascp HTTP/1.1" 200 51120 "-" "Mozilla/5.0 (Windows NT 10.0; Win64; x64) AppleWebKit/537.36 (KHTML, like Gecko) Chrome/145.0.0.0 Safari/537.36 (compatible; meta-externalagent/1.1 (+https://developers.facebook.com/docs/sharing/webmasters/crawler))"
85.208.96.201 - - [27/Jul/2026:14:36:49 +0200] "GET /category/retraite/ HTTP/1.1" 200 23153 "-" "Mozilla/5.0 (compatible; SemrushBot/7~bl; +http://www.semrush.com/bot.html)"
57.141.0.31 - - [27/Jul/2026:14:37:20 +0200] "GET /rackabones/i8n1t1e0r2n1a9t7i6o4n7alism HTTP/1.1" 200 41845 "-" "Mozilla/5.0 (Windows NT 10.0; Win64; x64) AppleWebKit/537.36 (KHTML, like Gecko) Chrome/145.0.0.0 Safari/537.36 (compatible; meta-externalagent/1.1 (+https://developers.facebook.com/docs/sharing/webmasters/crawler))"
57.141.0.21 - - [27/Jul/2026:14:38:51 +0200] "GET /?v=p8r3o3p8i3t2i9a5t5o6r4 HTTP/1.1" 200 8000 "-" "Mozilla/5.0 (X11; Linux x86_64) AppleWebKit/537.36 (KHTML, like Gecko) Chrome/145.0.0.0 Safari/537.36 (compatible; meta-externalagent/1.1 (+https://developers.facebook.com/docs/sharing/webmasters/crawler))"
57.141.0.21 - - [27/Jul/2026:14:39:12 +0200] "GET /?v=c8a2v0e1r9n7o2u9s483 HTTP/1.1" 200 41664 "-" "Mozilla/5.0 (Macintosh; Intel Mac OS X 10_15_7) AppleWebKit/537.36 (KHTML, like Gecko) Chrome/145.0.0.0 Safari/537.36 (compatible; meta-externalagent/1.1 (+https://developers.facebook.com/docs/sharing/webmasters/crawler))"
62.238.57.203 - - [27/Jul/2026:14:40:52 +0200] "GET /wp-content/uploads/2024/12/conseiller_financier_a_perpignan-1.jpg HTTP/1.1" 200 5104 "-" "Mozilla/5.0 (X11; Ubuntu; Linux x86_64; rv:72.0) Gecko/20100101 Firefox/72.0"
57.141.0.70 - - [27/Jul/2026:14:41:22 +0200] "GET /?v=a8r2t7h4r5o0d8e3s2i6s5 HTTP/1.1" 200 8001 "-" "Mozilla/5.0 (Windows NT 10.0; Win64; x64) AppleWebKit/537.36 (KHTML, like Gecko) Chrome/145.0.0.0 Safari/537.36 (compatible; meta-externalagent/1.1 (+https://developers.facebook.com/docs/sharing/webmasters/crawler))"
57.141.0.32 - - [27/Jul/2026:14:41:52 +0200] "GET /?v=c8o3u8n3t8e1r5s5t8o6c4k HTTP/1.1" 200 7998 "-" "Mozilla/5.0 (Windows NT 10.0; Win64; x64) AppleWebKit/537.36 (KHTML, like Gecko) Chrome/145.0.0.0 Safari/537.36 (compatible; meta-externalagent/1.1 (+https://developers.facebook.com/docs/sharing/webmasters/crawler))"
194.187.171.140 - - [27/Jul/2026:14:42:56 +0200] "GET /pourquoi-faire-appel-a-un-conseiller-en-investissement-a-perpignan-et-alentours HTTP/1.1" 200 8004 "-" "Mozilla/5.0 (compatible; Qwantbot/1.0_4600212; +https://help.qwant.com/bot/)"
57.141.0.59 - - [27/Jul/2026:14:43:11 +0200] "GET /?v=i8l1l6e3g4i9b3i4l2i2t5y HTTP/1.1" 200 41664 "-" "Mozilla/5.0 (Windows NT 10.0; Win64; x64) AppleWebKit/537.36 (KHTML, like Gecko) Chrome/145.0.0.0 Safari/537.36 (compatible; meta-externalagent/1.1 (+https://developers.facebook.com/docs/sharing/webmasters/crawler))"
57.141.0.20 - - [27/Jul/2026:14:43:16 +0200] "GET /?v=e8d4g0i5n6g6l1y0299 HTTP/1.1" 200 8001 "-" "Mozilla/5.0 (Windows NT 10.0; Win64; x64) AppleWebKit/537.36 (KHTML, like Gecko) Chrome/145.0.0.0 Safari/537.36 (compatible; meta-externalagent/1.1 (+https://developers.facebook.com/docs/sharing/webmasters/crawler))"
172.202.44.182 - - [27/Jul/2026:14:43:47 +0200] "GET /wp-configs.php HTTP/1.1" 403 5816 "-" "Mozilla/5.0 (Windows NT 10.0; Win64; x64) AppleWebKit/537.36 (KHTML, like Gecko) Chrome/120.0.0.0 Safari/537.36"
172.202.44.182 - - [27/Jul/2026:14:43:47 +0200] "GET /wp-admin/css/colors/midnight/colors.php HTTP/1.1" 403 5816 "-" "Mozilla/5.0 (Windows NT 10.0; Win64; x64) AppleWebKit/537.36 (KHTML, like Gecko) Chrome/120.0.0.0 Safari/537.36"
172.202.44.182 - - [27/Jul/2026:14:43:47 +0200] "GET /db.php HTTP/1.1" 403 5816 "-" "Mozilla/5.0 (Windows NT 10.0; Win64; x64) AppleWebKit/537.36 (KHTML, like Gecko) Chrome/120.0.0.0 Safari/537.36"
172.202.44.182 - - [27/Jul/2026:14:43:47 +0200] "GET /wp-admin/pages.php HTTP/1.1" 403 5816 "-" "Mozilla/5.0 (Windows NT 10.0; Win64; x64) AppleWebKit/537.36 (KHTML, like Gecko) Chrome/120.0.0.0 Safari/537.36"
172.202.44.182 - - [27/Jul/2026:14:43:47 +0200] "GET /wp-load.php HTTP/1.1" 200 8006 "-" "Mozilla/5.0 (Windows NT 10.0; Win64; x64) AppleWebKit/537.36 (KHTML, like Gecko) Chrome/120.0.0.0 Safari/537.36"
57.141.0.58 - - [27/Jul/2026:14:45:01 +0200] "GET /shops/dekameter/u8n5p4l5e2a2s4a6n3t HTTP/1.1" 200 41845 "-" "Mozilla/5.0 (X11; Linux x86_64) AppleWebKit/537.36 (KHTML, like Gecko) Chrome/145.0.0.0 Safari/537.36 (compatible; meta-externalagent/1.1 (+https://developers.facebook.com/docs/sharing/webmasters/crawler))"
57.141.0.51 - - [27/Jul/2026:14:45:56 +0200] "GET /?v=f8o1r9g2e3t8t7e4r181 HTTP/1.1" 200 8000 "-" "Mozilla/5.0 (Windows NT 10.0; Win64; x64) AppleWebKit/537.36 (KHTML, like Gecko) Chrome/145.0.0.0 Safari/537.36 (compatible; meta-externalagent/1.1 (+https://developers.facebook.com/docs/sharing/webmasters/crawler))"
57.141.0.66 - - [27/Jul/2026:14:46:17 +0200] "GET /?selfrepulsive/83252778632 HTTP/1.1" 200 41664 "-" "Mozilla/5.0 (Windows NT 10.0; Win64; x64) AppleWebKit/537.36 (KHTML, like Gecko) Chrome/145.0.0.0 Safari/537.36 (compatible; meta-externalagent/1.1 (+https://developers.facebook.com/docs/sharing/webmasters/crawler))"
57.141.0.64 - - [27/Jul/2026:14:46:57 +0200] "GET /shops/houseroom/l8e1v9i2a7b4l1e4393 HTTP/1.1" 200 41845 "-" "Mozilla/5.0 (Windows NT 10.0; Win64; x64) AppleWebKit/537.36 (KHTML, like Gecko) Chrome/145.0.0.0 Safari/537.36 (compatible; meta-externalagent/1.1 (+https://developers.facebook.com/docs/sharing/webmasters/crawler))"
57.141.0.45 - - [27/Jul/2026:14:47:01 +0200] "GET /?v=o8l2i9v9i7l37550 HTTP/1.1" 200 41664 "-" "Mozilla/5.0 (Windows NT 10.0; Win64; x64) AppleWebKit/537.36 (KHTML, like Gecko) Chrome/145.0.0.0 Safari/537.36 (compatible; meta-externalagent/1.1 (+https://developers.facebook.com/docs/sharing/webmasters/crawler))"
57.141.0.49 - - [27/Jul/2026:14:47:39 +0200] "GET /shops/experimentist/t8e2l6l7u0r8i2z0e153 HTTP/1.1" 200 41845 "-" "Mozilla/5.0 (Windows NT 10.0; Win64; x64) AppleWebKit/537.36 (KHTML, like Gecko) Chrome/145.0.0.0 Safari/537.36 (compatible; meta-externalagent/1.1 (+https://developers.facebook.com/docs/sharing/webmasters/crawler))"
57.141.0.17 - - [27/Jul/2026:14:47:49 +0200] "GET /?v=w8i5n2d7f7e5r1t8ilized HTTP/1.1" 200 8000 "-" "Mozilla/5.0 (X11; Linux x86_64) AppleWebKit/537.36 (KHTML, like Gecko) Chrome/145.0.0.0 Safari/537.36 (compatible; meta-externalagent/1.1 (+https://developers.facebook.com/docs/sharing/webmasters/crawler))"
57.141.0.23 - - [27/Jul/2026:14:50:09 +0200] "GET /sitemap-sub-2419.xml HTTP/1.1" 200 41845 "-" "Mozilla/5.0 (Windows NT 10.0; Win64; x64) AppleWebKit/537.36 (KHTML, like Gecko) Chrome/145.0.0.0 Safari/537.36 (compatible; meta-externalagent/1.1 (+https://developers.facebook.com/docs/sharing/webmasters/crawler))"
57.141.0.12 - - [27/Jul/2026:14:50:20 +0200] "GET /?v=e8f1f2u6l4g8i8n3g169 HTTP/1.1" 200 41664 "-" "Mozilla/5.0 (Macintosh; Intel Mac OS X 10_15_7) AppleWebKit/537.36 (KHTML, like Gecko) Chrome/145.0.0.0 Safari/537.36 (compatible; meta-externalagent/1.1 (+https://developers.facebook.com/docs/sharing/webmasters/crawler))"
57.141.0.50 - - [27/Jul/2026:14:50:38 +0200] "GET /sitemap-sub-2419.xml?lokasie=/var/www/vhosts/as-cp.fr/wpascp/wp-config.php&loknya=/var/www/vhosts/as-cp.fr/wpascp HTTP/1.1" 200 13773 "-" "Mozilla/5.0 (Windows NT 10.0; Win64; x64) AppleWebKit/537.36 (KHTML, like Gecko) Chrome/145.0.0.0 Safari/537.36 (compatible; meta-externalagent/1.1 (+https://developers.facebook.com/docs/sharing/webmasters/crawler))"
57.141.0.69 - - [27/Jul/2026:14:50:39 +0200] "GET /sitemap-sub-2419.xml?lokasie=/var/www/vhosts/as-cp.fr/wpascp/wp-cron.php&loknya=/var/www/vhosts/as-cp.fr/wpascp HTTP/1.1" 200 15244 "-" "Mozilla/5.0 (Windows NT 10.0; Win64; x64) AppleWebKit/537.36 (KHTML, like Gecko) Chrome/145.0.0.0 Safari/537.36 (compatible; meta-externalagent/1.1 (+https://developers.facebook.com/docs/sharing/webmasters/crawler))"
57.141.0.32 - - [27/Jul/2026:14:50:39 +0200] "GET /sitemap-sub-2419.xml?loknya=/var HTTP/1.1" 200 10070 "-" "Mozilla/5.0 (Windows NT 10.0; Win64; x64) AppleWebKit/537.36 (KHTML, like Gecko) Chrome/145.0.0.0 Safari/537.36 (compatible; meta-externalagent/1.1 (+https://developers.facebook.com/docs/sharing/webmasters/crawler))"
57.141.0.56 - - [27/Jul/2026:14:50:39 +0200] "GET /sitemap-sub-2419.xml?lokasie=/var/www/vhosts/as-cp.fr/wpascp/license.txt&loknya=/var/www/vhosts/as-cp.fr/wpascp HTTP/1.1" 200 29445 "-" "Mozilla/5.0 (Macintosh; Intel Mac OS X 10_15_7) AppleWebKit/537.36 (KHTML, like Gecko) Chrome/145.0.0.0 Safari/537.36 (compatible; meta-externalagent/1.1 (+https://developers.facebook.com/docs/sharing/webmasters/crawler))"
57.141.0.55 - - [27/Jul/2026:14:50:59 +0200] "GET /sitemap-sub-2419.xml?lokasie=/var/www/vhosts/as-cp.fr/wpascp/wp-comments-post.php&loknya=/var/www/vhosts/as-cp.fr/wpascp HTTP/1.1" 200 11887 "-" "Mozilla/5.0 (Windows NT 10.0; Win64; x64) AppleWebKit/537.36 (KHTML, like Gecko) Chrome/145.0.0.0 Safari/537.36 (compatible; meta-externalagent/1.1 (+https://developers.facebook.com/docs/sharing/webmasters/crawler))"
57.141.0.14 - - [27/Jul/2026:14:51:01 +0200] "GET /sitemap-sub-2419.xml?lokasie=/var/www/vhosts/as-cp.fr/wpascp/xmlrpc.php&loknya=/var/www/vhosts/as-cp.fr/wpascp HTTP/1.1" 200 13147 "-" "Mozilla/5.0 (Windows NT 10.0; Win64; x64) AppleWebKit/537.36 (KHTML, like Gecko) Chrome/145.0.0.0 Safari/537.36 (compatible; meta-externalagent/1.1 (+https://developers.facebook.com/docs/sharing/webmasters/crawler))"
192.42.116.12 - - [27/Jul/2026:14:52:47 +0200] "GET / HTTP/1.1" 200 99398 "as-cp.fr" "Mozilla/5.0 (Linux; Android 8.0.0; HTC 10 Build/OPR1.170623.027; wv) AppleWebKit/537.36 (KHTML, like Gecko) Version/4.0 Chrome/81.0.4044.117 Mobile Safari/537.36 [FB_IAB/FB4A;FBAV/268.1.0.54.121;]"
57.141.0.12 - - [27/Jul/2026:14:53:46 +0200] "GET /?v=g8u4i1l3t9r3i5d0d9e9n4 HTTP/1.1" 200 8000 "-" "Mozilla/5.0 (Windows NT 10.0; Win64; x64) AppleWebKit/537.36 (KHTML, like Gecko) Chrome/145.0.0.0 Safari/537.36 Edg/145.0.0.0 (compatible; meta-externalagent/1.1 (+https://developers.facebook.com/docs/sharing/webmasters/crawler))"
102.141.49.193 - - [27/Jul/2026:14:54:11 +0200] "GET /category/investissement/ HTTP/1.1" 200 24220 "-" "Mozilla/5.0 (Macintosh; Intel Mac OS X 10_15_7) AppleWebKit/537.36 (KHTML, like Gecko) Chrome/123.0.0.0 Safari/537.36"
57.141.0.69 - - [27/Jul/2026:14:54:20 +0200] "GET /?v=m8o2n6t7r5e6a6l729 HTTP/1.1" 200 8001 "-" "Mozilla/5.0 (Macintosh; Intel Mac OS X 10_15_7) AppleWebKit/537.36 (KHTML, like Gecko) Chrome/145.0.0.0 Safari/537.36 (compatible; meta-externalagent/1.1 (+https://developers.facebook.com/docs/sharing/webmasters/crawler))"
57.141.0.24 - - [27/Jul/2026:14:54:24 +0200] "GET /sitemap-sub-2545.xml HTTP/1.1" 200 41845 "-" "Mozilla/5.0 (Windows NT 10.0; Win64; x64) AppleWebKit/537.36 (KHTML, like Gecko) Chrome/145.0.0.0 Safari/537.36 (compatible; meta-externalagent/1.1 (+https://developers.facebook.com/docs/sharing/webmasters/crawler))"
216.73.216.193 - - [27/Jul/2026:14:57:02 +0200] "GET /?loknya=%2Fvar%2Fwww%2Fvhosts%2Fas-cp.fr%2Fwpascp%2Fwp-includes%2Fblocks%2Fquery-title HTTP/1.1" 200 7215 "-" "Mozilla/5.0 AppleWebKit/537.36 (KHTML, like Gecko; compatible; ClaudeBot/1.0; +claudebot@anthropic.com)"
57.141.0.59 - - [27/Jul/2026:14:57:03 +0200] "GET /?v=e8s1c9h2e4w7e5r9958 HTTP/1.1" 200 8001 "-" "Mozilla/5.0 (Windows NT 10.0; Win64; x64) AppleWebKit/537.36 (KHTML, like Gecko) Chrome/145.0.0.0 Safari/537.36 (compatible; meta-externalagent/1.1 (+https://developers.facebook.com/docs/sharing/webmasters/crawler))"
216.73.216.193 - - [27/Jul/2026:14:57:04 +0200] "GET /?loknya=%2Fvar%2Fwww%2Fvhosts%2Fas-cp.fr%2Fwpascp%2Fwp-includes%2Fblocks%2Fcomments-title HTTP/1.1" 200 7218 "-" "Mozilla/5.0 AppleWebKit/537.36 (KHTML, like Gecko; compatible; ClaudeBot/1.0; +claudebot@anthropic.com)"
216.73.216.193 - - [27/Jul/2026:14:57:07 +0200] "GET /?loknya=%2Fvar%2Fwww%2Fvhosts%2Fas-cp.fr%2Fwpascp%2Fwp-includes%2Fblocks%2Fcolumn HTTP/1.1" 200 7068 "-" "Mozilla/5.0 AppleWebKit/537.36 (KHTML, like Gecko; compatible; ClaudeBot/1.0; +claudebot@anthropic.com)"
216.73.216.193 - - [27/Jul/2026:14:57:10 +0200] "GET /?loknya=%2Fvar%2Fwww%2Fvhosts%2Fas-cp.fr%2Fwpascp%2Fwp-includes%2Fjs%2Fjquery HTTP/1.1" 200 7785 "-" "Mozilla/5.0 AppleWebKit/537.36 (KHTML, like Gecko; compatible; ClaudeBot/1.0; +claudebot@anthropic.com)"
216.73.216.193 - - [27/Jul/2026:14:57:13 +0200] "GET /?loknya=%2Fvar%2Fwww%2Fvhosts%2Fas-cp.fr%2Fwpascp%2Fwp-includes%2Fblocks%2Fcomment-content HTTP/1.1" 200 7216 "-" "Mozilla/5.0 AppleWebKit/537.36 (KHTML, like Gecko; compatible; ClaudeBot/1.0; +claudebot@anthropic.com)"
216.73.216.193 - - [27/Jul/2026:14:57:16 +0200] "GET /?loknya=%2Fvar%2Fwww%2Fvhosts%2Fas-cp.fr%2Fwpascp%2Fwp-includes%2Fblocks%2Fcomment-template HTTP/1.1" 200 7225 "-" "Mozilla/5.0 AppleWebKit/537.36 (KHTML, like Gecko; compatible; ClaudeBot/1.0; +claudebot@anthropic.com)"
216.73.216.193 - - [27/Jul/2026:14:57:19 +0200] "GET /?loknya=%2Fvar%2Fwww%2Fvhosts%2Fas-cp.fr%2Fwpascp%2Fwp-includes%2Fblocks%2Ffootnotes HTTP/1.1" 200 7219 "-" "Mozilla/5.0 AppleWebKit/537.36 (KHTML, like Gecko; compatible; ClaudeBot/1.0; +claudebot@anthropic.com)"
216.73.216.193 - - [27/Jul/2026:14:57:22 +0200] "GET /?loknya=%2Fvar%2Fwww%2Fvhosts%2Fas-cp.fr%2Fwpascp%2Fwp-includes%2Fblocks%2Fcomment-reply-link HTTP/1.1" 200 7219 "-" "Mozilla/5.0 AppleWebKit/537.36 (KHTML, like Gecko; compatible; ClaudeBot/1.0; +claudebot@anthropic.com)"
216.73.216.193 - - [27/Jul/2026:14:57:25 +0200] "GET /?loknya=%2Fvar%2Fwww%2Fvhosts%2Fas-cp.fr%2Fwpascp%2Fwp-includes%2Fblocks%2Fterm-count HTTP/1.1" 200 7211 "-" "Mozilla/5.0 AppleWebKit/537.36 (KHTML, like Gecko; compatible; ClaudeBot/1.0; +claudebot@anthropic.com)"
216.73.216.193 - - [27/Jul/2026:14:57:28 +0200] "GET /?loknya=%2Fvar%2Fwww%2Fvhosts%2Fas-cp.fr%2Fwpascp%2Fwp-includes%2Fblocks%2Fseparator HTTP/1.1" 200 7435 "-" "Mozilla/5.0 AppleWebKit/537.36 (KHTML, like Gecko; compatible; ClaudeBot/1.0; +claudebot@anthropic.com)"
216.73.216.193 - - [27/Jul/2026:14:57:31 +0200] "GET /?loknya=%2Fvar%2Fwww%2Fvhosts%2Fas-cp.fr%2Fwpascp%2Fwp-includes%2Fblocks%2Fcomment-date HTTP/1.1" 200 7213 "-" "Mozilla/5.0 AppleWebKit/537.36 (KHTML, like Gecko; compatible; ClaudeBot/1.0; +claudebot@anthropic.com)"
216.73.216.193 - - [27/Jul/2026:14:57:34 +0200] "GET /?loknya=%2Fvar%2Fwww%2Fvhosts%2Fas-cp.fr%2Fwpascp%2Fwp-includes%2Fblocks%2Fnavigation HTTP/1.1" 200 7544 "-" "Mozilla/5.0 AppleWebKit/537.36 (KHTML, like Gecko; compatible; ClaudeBot/1.0; +claudebot@anthropic.com)"
57.141.0.15 - - [27/Jul/2026:14:57:35 +0200] "GET /parachute/epicardium/c8e1c5i0d7o1m1y7i4d9a9e HTTP/1.1" 200 41845 "-" "Mozilla/5.0 (Macintosh; Intel Mac OS X 10_15_7) AppleWebKit/537.36 (KHTML, like Gecko) Chrome/145.0.0.0 Safari/537.36 (compatible; meta-externalagent/1.1 (+https://developers.facebook.com/docs/sharing/webmasters/crawler))"
216.73.216.193 - - [27/Jul/2026:14:57:37 +0200] "GET /?loknya=%2Fvar%2Fwww%2Fvhosts%2Fas-cp.fr%2Fwpascp%2Fwp-includes%2Fblocks%2Fnavigation-submenu HTTP/1.1" 200 7228 "-" "Mozilla/5.0 AppleWebKit/537.36 (KHTML, like Gecko; compatible; ClaudeBot/1.0; +claudebot@anthropic.com)"
216.73.216.193 - - [27/Jul/2026:14:57:40 +0200] "GET /?loknya=%2Fvar%2Fwww%2Fvhosts%2Fas-cp.fr%2Fwpascp%2Fwp-includes%2Fblocks%2Ftable HTTP/1.1" 200 7429 "-" "Mozilla/5.0 AppleWebKit/537.36 (KHTML, like Gecko; compatible; ClaudeBot/1.0; +claudebot@anthropic.com)"
216.73.216.193 - - [27/Jul/2026:14:57:43 +0200] "GET /?loknya=%2Fvar%2Fwww%2Fvhosts%2Fas-cp.fr%2Fwpascp%2Fwp-includes%2Fblocks%2Fquery HTTP/1.1" 200 7350 "-" "Mozilla/5.0 AppleWebKit/537.36 (KHTML, like Gecko; compatible; ClaudeBot/1.0; +claudebot@anthropic.com)"
216.73.216.193 - - [27/Jul/2026:14:57:46 +0200] "GET /?loknya=%2Fvar%2Fwww%2Fvhosts%2Fas-cp.fr%2Fwpascp%2Fwp-includes%2Fblocks%2Fpost-comments-count HTTP/1.1" 200 7220 "-" "Mozilla/5.0 AppleWebKit/537.36 (KHTML, like Gecko; compatible; ClaudeBot/1.0; +claudebot@anthropic.com)"
57.141.0.41 - - [27/Jul/2026:14:57:46 +0200] "GET /shops/receptible/c8o1r6r9e0s3p2o5n3d83?lokasie=/var/www/vhosts/as-cp.fr/wpascp/.htaccess&loknya=/var/www/vhosts/as-cp.fr/wpascp HTTP/1.1" 200 16460 "-" "Mozilla/5.0 (Macintosh; Intel Mac OS X 10_15_7) AppleWebKit/537.36 (KHTML, like Gecko) Chrome/145.0.0.0 Safari/537.36 (compatible; meta-externalagent/1.1 (+https://developers.facebook.com/docs/sharing/webmasters/crawler))"
216.73.216.193 - - [27/Jul/2026:14:57:53 +0200] "GET /?lokasie=%2Fvar%2Fwww%2Fvhosts%2Fas-cp.fr%2Fwpascp%2Fwp-admin%2F%2Fload-scripts.php&loknya=%2Fvar%2Fwww%2Fvhosts%2Fas-cp.fr%2Fwpascp%2Fwp-admin%2F HTTP/1.1" 200 7591 "-" "Mozilla/5.0 AppleWebKit/537.36 (KHTML, like Gecko; compatible; ClaudeBot/1.0; +claudebot@anthropic.com)"
216.73.216.193 - - [27/Jul/2026:14:57:56 +0200] "GET /?loknya=%2Fvar%2Fwww%2Fvhosts%2Fas-cp.fr%2Fwpascp%2Fwp-includes%2Fblocks%2Fsocial-link HTTP/1.1" 200 7214 "-" "Mozilla/5.0 AppleWebKit/537.36 (KHTML, like Gecko; compatible; ClaudeBot/1.0; +claudebot@anthropic.com)"
216.73.216.193 - - [27/Jul/2026:14:57:59 +0200] "GET /?loknya=%2Fvar%2Fwww%2Fvhosts%2Fas-cp.fr%2Fwpascp%2Fwp-includes%2Fblocks%2Fpost-author-biography HTTP/1.1" 200 7222 "-" "Mozilla/5.0 AppleWebKit/537.36 (KHTML, like Gecko; compatible; ClaudeBot/1.0; +claudebot@anthropic.com)"
216.73.216.193 - - [27/Jul/2026:14:58:02 +0200] "GET /?lokasie=%2Fvar%2Fwww%2Fvhosts%2Fas-cp.fr%2Fwpascp%2Fwp-includes%2Fblocks%2Fshortcode.php&loknya=%2Fvar%2Fwww%2Fvhosts%2Fas-cp.fr%2Fwpascp%2Fwp-includes%2Fblocks HTTP/1.1" 200 6942 "-" "Mozilla/5.0 AppleWebKit/537.36 (KHTML, like Gecko; compatible; ClaudeBot/1.0; +claudebot@anthropic.com)"
216.73.216.193 - - [27/Jul/2026:14:58:05 +0200] "GET /?loknya=%2Fvar%2Fwww%2Fvhosts%2Fas-cp.fr%2Fwpascp%2Fwp-includes%2Fjs%2Fimgareaselect HTTP/1.1" 200 7240 "-" "Mozilla/5.0 AppleWebKit/537.36 (KHTML, like Gecko; compatible; ClaudeBot/1.0; +claudebot@anthropic.com)"
216.73.216.193 - - [27/Jul/2026:14:58:08 +0200] "GET /?loknya=%2Fvar%2Fwww%2Fvhosts%2Fas-cp.fr%2Fwpascp%2Fwp-includes%2Fblocks%2Fhome-link HTTP/1.1" 200 7070 "-" "Mozilla/5.0 AppleWebKit/537.36 (KHTML, like Gecko; compatible; ClaudeBot/1.0; +claudebot@anthropic.com)"
216.73.216.193 - - [27/Jul/2026:14:58:11 +0200] "GET /?loknya=%2Fvar%2Fwww%2Fvhosts%2Fas-cp.fr%2Fwpascp%2Fwp-includes%2Fblocks%2Fdetails HTTP/1.1" 200 7321 "-" "Mozilla/5.0 AppleWebKit/537.36 (KHTML, like Gecko; compatible; ClaudeBot/1.0; +claudebot@anthropic.com)"
216.73.216.193 - - [27/Jul/2026:14:58:14 +0200] "GET /?loknya=%2Fvar%2Fwww%2Fvhosts%2Fas-cp.fr%2Fwpascp%2Fwp-includes%2Fblocks%2Fquery-no-results HTTP/1.1" 200 7073 "-" "Mozilla/5.0 AppleWebKit/537.36 (KHTML, like Gecko; compatible; ClaudeBot/1.0; +claudebot@anthropic.com)"
216.73.216.193 - - [27/Jul/2026:14:58:17 +0200] "GET /?loknya=%2Fvar%2Fwww%2Fvhosts%2Fas-cp.fr%2Fwpascp%2Fwp-includes%2Fblocks%2Fpost-time-to-read HTTP/1.1" 200 7219 "-" "Mozilla/5.0 AppleWebKit/537.36 (KHTML, like Gecko; compatible; ClaudeBot/1.0; +claudebot@anthropic.com)"
57.141.0.64 - - [27/Jul/2026:14:58:18 +0200] "GET /?v=m8a1g9i9a9n716995 HTTP/1.1" 200 7999 "-" "Mozilla/5.0 (Windows NT 10.0; Win64; x64) AppleWebKit/537.36 (KHTML, like Gecko) Chrome/145.0.0.0 Safari/537.36 (compatible; meta-externalagent/1.1 (+https://developers.facebook.com/docs/sharing/webmasters/crawler))"
216.73.216.193 - - [27/Jul/2026:14:58:20 +0200] "GET /?loknya=%2Fvar%2Fwww%2Fvhosts%2Fas-cp.fr%2Fwpascp%2Fwp-includes%2Fblocks%2Fsite-logo HTTP/1.1" 200 7328 "-" "Mozilla/5.0 AppleWebKit/537.36 (KHTML, like Gecko; compatible; ClaudeBot/1.0; +claudebot@anthropic.com)"
216.73.216.193 - - [27/Jul/2026:14:58:23 +0200] "GET /?loknya=%2Fvar%2Fwww%2Fvhosts%2Fas-cp.fr%2Fwpascp%2Fwp-includes%2Fblocks%2Fsite-title HTTP/1.1" 200 7326 "-" "Mozilla/5.0 AppleWebKit/537.36 (KHTML, like Gecko; compatible; ClaudeBot/1.0; +claudebot@anthropic.com)"
216.73.216.193 - - [27/Jul/2026:14:58:28 +0200] "GET /?lokasie=%2Fvar%2Fwww%2Fvhosts%2Fas-cp.fr%2Fwpascp%2Fwp-includes%2Fblocks%2Fterm-description.php&loknya=%2Fvar%2Fwww%2Fvhosts%2Fas-cp.fr%2Fwpascp%2Fwp-includes%2Fblocks HTTP/1.1" 200 7307 "-" "Mozilla/5.0 AppleWebKit/537.36 (KHTML, like Gecko; compatible; ClaudeBot/1.0; +claudebot@anthropic.com)"
57.141.0.56 - - [27/Jul/2026:14:58:29 +0200] "GET /?v=u8r3o1l1o4g0y61890 HTTP/1.1" 200 8001 "-" "Mozilla/5.0 (Macintosh; Intel Mac OS X 10_15_7) AppleWebKit/537.36 (KHTML, like Gecko) Chrome/145.0.0.0 Safari/537.36 (compatible; meta-externalagent/1.1 (+https://developers.facebook.com/docs/sharing/webmasters/crawler))"
216.73.216.193 - - [27/Jul/2026:14:58:31 +0200] "GET /?lokasie=%2Fvar%2Fwww%2Fvhosts%2Fas-cp.fr%2Fwpascp%2Fwp-includes%2Fjs%2Fapi-request.min.js&loknya=%2Fvar%2Fwww%2Fvhosts%2Fas-cp.fr%2Fwpascp%2Fwp-includes%2Fjs HTTP/1.1" 200 7208 "-" "Mozilla/5.0 AppleWebKit/537.36 (KHTML, like Gecko; compatible; ClaudeBot/1.0; +claudebot@anthropic.com)"
216.73.216.193 - - [27/Jul/2026:14:58:34 +0200] "GET /?lokasie=%2Fvar%2Fwww%2Fvhosts%2Fas-cp.fr%2Fwpascp%2Fwp-includes%2Fblocks%2Fblocks-json.php&loknya=%2Fvar%2Fwww%2Fvhosts%2Fas-cp.fr%2Fwpascp%2Fwp-includes%2Fblocks HTTP/1.1" 200 27248 "-" "Mozilla/5.0 AppleWebKit/537.36 (KHTML, like Gecko; compatible; ClaudeBot/1.0; +claudebot@anthropic.com)"
216.73.216.193 - - [27/Jul/2026:14:58:37 +0200] "GET /?lokasie=%2Fvar%2Fwww%2Fvhosts%2Fas-cp.fr%2Fwpascp%2Fwp-admin%2F%2Fasync-upload.php&loknya=%2Fvar%2Fwww%2Fvhosts%2Fas-cp.fr%2Fwpascp%2Fwp-admin%2F HTTP/1.1" 200 8896 "-" "Mozilla/5.0 AppleWebKit/537.36 (KHTML, like Gecko; compatible; ClaudeBot/1.0; +claudebot@anthropic.com)"
216.73.216.193 - - [27/Jul/2026:14:58:40 +0200] "GET /?lokasie=%2Fvar%2Fwww%2Fvhosts%2Fas-cp.fr%2Fwpascp%2Fwp-admin%2F%2Fcustom-header.php&loknya=%2Fvar%2Fwww%2Fvhosts%2Fas-cp.fr%2Fwpascp%2Fwp-admin%2F HTTP/1.1" 200 6870 "-" "Mozilla/5.0 AppleWebKit/537.36 (KHTML, like Gecko; compatible; ClaudeBot/1.0; +claudebot@anthropic.com)"
216.73.216.193 - - [27/Jul/2026:14:58:43 +0200] "GET /?lokasie=%2Fvar%2Fwww%2Fvhosts%2Fas-cp.fr%2Fwpascp%2Fwp-includes%2Fblocks%2Fcomment-template.php&loknya=%2Fvar%2Fwww%2Fvhosts%2Fas-cp.fr%2Fwpascp%2Fwp-includes%2Fblocks HTTP/1.1" 200 8245 "-" "Mozilla/5.0 AppleWebKit/537.36 (KHTML, like Gecko; compatible; ClaudeBot/1.0; +claudebot@anthropic.com)"
57.141.0.49 - - [27/Jul/2026:14:58:45 +0200] "GET /shops/pointingstock/m8a9i7o5i9d20833 HTTP/1.1" 200 41845 "-" "Mozilla/5.0 (Windows NT 10.0; Win64; x64) AppleWebKit/537.36 (KHTML, like Gecko) Chrome/145.0.0.0 Safari/537.36 (compatible; meta-externalagent/1.1 (+https://developers.facebook.com/docs/sharing/webmasters/crawler))"
216.73.216.193 - - [27/Jul/2026:14:58:46 +0200] "GET /?lokasie=%2Fvar%2Fwww%2Fvhosts%2Fas-cp.fr%2Fwpascp%2Fwp-admin%2F%2Fexport.php&loknya=%2Fvar%2Fwww%2Fvhosts%2Fas-cp.fr%2Fwpascp%2Fwp-admin%2F HTTP/1.1" 200 9887 "-" "Mozilla/5.0 AppleWebKit/537.36 (KHTML, like Gecko; compatible; ClaudeBot/1.0; +claudebot@anthropic.com)"
216.73.216.193 - - [27/Jul/2026:14:58:49 +0200] "GET /?lokasie=%2Fvar%2Fwww%2Fvhosts%2Fas-cp.fr%2Fwpascp%2Fwp-admin%2F%2Fusers.php&loknya=%2Fvar%2Fwww%2Fvhosts%2Fas-cp.fr%2Fwpascp%2Fwp-admin%2F HTTP/1.1" 200 12510 "-" "Mozilla/5.0 AppleWebKit/537.36 (KHTML, like Gecko; compatible; ClaudeBot/1.0; +claudebot@anthropic.com)"
216.73.216.193 - - [27/Jul/2026:14:58:52 +0200] "GET /?lokasie=%2Fvar%2Fwww%2Fvhosts%2Fas-cp.fr%2Fwpascp%2Fwp-includes%2Fblocks%2Ffootnotes.php&loknya=%2Fvar%2Fwww%2Fvhosts%2Fas-cp.fr%2Fwpascp%2Fwp-includes%2Fblocks HTTP/1.1" 200 7999 "-" "Mozilla/5.0 AppleWebKit/537.36 (KHTML, like Gecko; compatible; ClaudeBot/1.0; +claudebot@anthropic.com)"
216.73.216.193 - - [27/Jul/2026:14:58:55 +0200] "GET /?lokasie=%2Fvar%2Fwww%2Fvhosts%2Fas-cp.fr%2Fwpascp%2Fwp-includes%2Fblocks%2Fquery-total.php&loknya=%2Fvar%2Fwww%2Fvhosts%2Fas-cp.fr%2Fwpascp%2Fwp-includes%2Fblocks HTTP/1.1" 200 7617 "-" "Mozilla/5.0 AppleWebKit/537.36 (KHTML, like Gecko; compatible; ClaudeBot/1.0; +claudebot@anthropic.com)"
216.73.216.193 - - [27/Jul/2026:14:58:58 +0200] "GET /?lokasie=%2Fvar%2Fwww%2Fvhosts%2Fas-cp.fr%2Fwpascp%2Fwp-includes%2Fblocks%2Fcomment-date.php&loknya=%2Fvar%2Fwww%2Fvhosts%2Fas-cp.fr%2Fwpascp%2Fwp-includes%2Fblocks HTTP/1.1" 200 7373 "-" "Mozilla/5.0 AppleWebKit/537.36 (KHTML, like Gecko; compatible; ClaudeBot/1.0; +claudebot@anthropic.com)"
216.73.216.193 - - [27/Jul/2026:14:59:01 +0200] "GET /?lokasie=%2Fvar%2Fwww%2Fvhosts%2Fas-cp.fr%2Fwpascp%2Fwp-includes%2Fblocks%2Fterm-count.php&loknya=%2Fvar%2Fwww%2Fvhosts%2Fas-cp.fr%2Fwpascp%2Fwp-includes%2Fblocks HTTP/1.1" 200 7368 "-" "Mozilla/5.0 AppleWebKit/537.36 (KHTML, like Gecko; compatible; ClaudeBot/1.0; +claudebot@anthropic.com)"
216.73.216.193 - - [27/Jul/2026:14:59:04 +0200] "GET /?lokasie=%2Fvar%2Fwww%2Fvhosts%2Fas-cp.fr%2Fwpascp%2Fwp-admin%2F%2Fmenu-header.php&loknya=%2Fvar%2Fwww%2Fvhosts%2Fas-cp.fr%2Fwpascp%2Fwp-admin%2F HTTP/1.1" 200 9576 "-" "Mozilla/5.0 AppleWebKit/537.36 (KHTML, like Gecko; compatible; ClaudeBot/1.0; +claudebot@anthropic.com)"
57.141.0.68 - - [27/Jul/2026:14:59:05 +0200] "GET /shops/pointingstock/m8a9i7o5i9d20833?loknya=/ HTTP/1.1" 200 10033 "-" "Mozilla/5.0 (Macintosh; Intel Mac OS X 10_15_7) AppleWebKit/537.36 (KHTML, like Gecko) Chrome/145.0.0.0 Safari/537.36 (compatible; meta-externalagent/1.1 (+https://developers.facebook.com/docs/sharing/webmasters/crawler))"
57.141.0.56 - - [27/Jul/2026:14:59:06 +0200] "GET /shops/pointingstock/m8a9i7o5i9d20833?lokasie=/var/www/vhosts/as-cp.fr/wpascp/wp-blog-header.php&loknya=/var/www/vhosts/as-cp.fr/wpascp HTTP/1.1" 200 9590 "-" "Mozilla/5.0 (Windows NT 10.0; Win64; x64) AppleWebKit/537.36 (KHTML, like Gecko) Chrome/145.0.0.0 Safari/537.36 (compatible; meta-externalagent/1.1 (+https://developers.facebook.com/docs/sharing/webmasters/crawler))"
216.73.216.193 - - [27/Jul/2026:14:59:07 +0200] "GET /?lokasie=%2Fvar%2Fwww%2Fvhosts%2Fas-cp.fr%2Fwpascp%2Fwp-includes%2Fblock-bindings%2Fpattern-overrides.php&loknya=%2Fvar%2Fwww%2Fvhosts%2Fas-cp.fr%2Fwpascp%2Fwp-includes%2Fblock-bindings HTTP/1.1" 200 7199 "-" "Mozilla/5.0 AppleWebKit/537.36 (KHTML, like Gecko; compatible; ClaudeBot/1.0; +claudebot@anthropic.com)"
216.73.216.193 - - [27/Jul/2026:14:59:10 +0200] "GET /index.php?lokasie=%2Fvar%2Fwww%2Fvhosts%2Fas-cp.fr%2Fwpascp%2Fwp-includes%2FPHPMailer%2FException.php&loknya=%2Fvar%2Fwww%2Fvhosts%2Fas-cp.fr%2Fwpascp%2Fwp-includes%2FPHPMailer HTTP/1.1" 200 7285 "-" "Mozilla/5.0 AppleWebKit/537.36 (KHTML, like Gecko; compatible; ClaudeBot/1.0; +claudebot@anthropic.com)"
216.73.216.193 - - [27/Jul/2026:14:59:13 +0200] "GET /?lokasie=%2Fvar%2Fwww%2Fvhosts%2Fas-cp.fr%2Fwpascp%2Fwp-includes%2Fblocks%2Fquery-title.php&loknya=%2Fvar%2Fwww%2Fvhosts%2Fas-cp.fr%2Fwpascp%2Fwp-includes%2Fblocks HTTP/1.1" 200 7657 "-" "Mozilla/5.0 AppleWebKit/537.36 (KHTML, like Gecko; compatible; ClaudeBot/1.0; +claudebot@anthropic.com)"
114.119.157.221 - - [27/Jul/2026:14:59:14 +0200] "GET /category/retraite/ HTTP/1.1" 200 23151 "https://as-cp.fr/retraite-en-2023/" "Mozilla/5.0 (Linux; Android 7.0;) AppleWebKit/537.36 (HTML, like Gecko) Mobile Safari/537.36 (compatible; PetalBot;+https://webmaster.petalsearch.com/site/petalbot)"
57.141.0.49 - - [27/Jul/2026:14:59:14 +0200] "GET /shops/pointingstock/m8a9i7o5i9d20833?lokasie=/var/www/vhosts/as-cp.fr/wpascp/wp-comments-post.php&loknya=/var/www/vhosts/as-cp.fr/wpascp HTTP/1.1" 200 11887 "-" "Mozilla/5.0 (Windows NT 10.0; Win64; x64) AppleWebKit/537.36 (KHTML, like Gecko) Chrome/145.0.0.0 Safari/537.36 (compatible; meta-externalagent/1.1 (+https://developers.facebook.com/docs/sharing/webmasters/crawler))"
216.73.216.193 - - [27/Jul/2026:14:59:16 +0200] "GET /?lokasie=%2Fvar%2Fwww%2Fvhosts%2Fas-cp.fr%2Fwpascp%2Fwp-admin%2F%2Fms-admin.php&loknya=%2Fvar%2Fwww%2Fvhosts%2Fas-cp.fr%2Fwpascp%2Fwp-admin%2F HTTP/1.1" 200 6748 "-" "Mozilla/5.0 AppleWebKit/537.36 (KHTML, like Gecko; compatible; ClaudeBot/1.0; +claudebot@anthropic.com)"
216.73.216.193 - - [27/Jul/2026:14:59:19 +0200] "GET /?lokasie=%2Fvar%2Fwww%2Fvhosts%2Fas-cp.fr%2Fwpascp%2Fwp-includes%2Fblocks%2Fcomment-content.php&loknya=%2Fvar%2Fwww%2Fvhosts%2Fas-cp.fr%2Fwpascp%2Fwp-includes%2Fblocks HTTP/1.1" 200 7527 "-" "Mozilla/5.0 AppleWebKit/537.36 (KHTML, like Gecko; compatible; ClaudeBot/1.0; +claudebot@anthropic.com)"
216.73.216.193 - - [27/Jul/2026:14:59:22 +0200] "GET /?lokasie=%2Fvar%2Fwww%2Fvhosts%2Fas-cp.fr%2Fwpascp%2Fwp-admin%2F%2Fexport-personal-data.php&loknya=%2Fvar%2Fwww%2Fvhosts%2Fas-cp.fr%2Fwpascp%2Fwp-admin%2F HTTP/1.1" 200 9619 "-" "Mozilla/5.0 AppleWebKit/537.36 (KHTML, like Gecko; compatible; ClaudeBot/1.0; +claudebot@anthropic.com)"
216.73.216.193 - - [27/Jul/2026:14:59:25 +0200] "GET /index.php?lokasie=%2Fvar%2Fwww%2Fvhosts%2Fas-cp.fr%2Fwpascp%2Fwp-includes%2FPHPMailer%2FOAuthTokenProvider.php&loknya=%2Fvar%2Fwww%2Fvhosts%2Fas-cp.fr%2Fwpascp%2Fwp-includes%2FPHPMailer HTTP/1.1" 200 7376 "-" "Mozilla/5.0 AppleWebKit/537.36 (KHTML, like Gecko; compatible; ClaudeBot/1.0; +claudebot@anthropic.com)"
216.73.216.193 - - [27/Jul/2026:14:59:28 +0200] "GET /?lokasie=%2Fvar%2Fwww%2Fvhosts%2Fas-cp.fr%2Fwpascp%2Fwp-includes%2Fblocks%2Fnavigation.php&loknya=%2Fvar%2Fwww%2Fvhosts%2Fas-cp.fr%2Fwpascp%2Fwp-includes%2Fblocks HTTP/1.1" 200 17937 "-" "Mozilla/5.0 AppleWebKit/537.36 (KHTML, like Gecko; compatible; ClaudeBot/1.0; +claudebot@anthropic.com)"
216.73.216.193 - - [27/Jul/2026:14:59:31 +0200] "GET /?lokasie=%2Fvar%2Fwww%2Fvhosts%2Fas-cp.fr%2Fwpascp%2Fwp-includes%2Fblocks%2Fpost-comments-count.php&loknya=%2Fvar%2Fwww%2Fvhosts%2Fas-cp.fr%2Fwpascp%2Fwp-includes%2Fblocks HTTP/1.1" 200 7138 "-" "Mozilla/5.0 AppleWebKit/537.36 (KHTML, like Gecko; compatible; ClaudeBot/1.0; +claudebot@anthropic.com)"
216.73.216.193 - - [27/Jul/2026:14:59:35 +0200] "GET /index.php?lokasie=%2Fvar%2Fwww%2Fvhosts%2Fas-cp.fr%2Fwpascp%2F%2Fwp-activate.php&loknya=%2Fvar%2Fwww%2Fvhosts%2Fas-cp.fr%2Fwpascp%2F HTTP/1.1" 200 9174 "-" "Mozilla/5.0 AppleWebKit/537.36 (KHTML, like Gecko; compatible; ClaudeBot/1.0; +claudebot@anthropic.com)"
216.73.216.193 - - [27/Jul/2026:14:59:38 +0200] "GET /?lokasie=%2Fvar%2Fwww%2Fvhosts%2Fas-cp.fr%2Fwpascp%2Fwp-includes%2Fblocks%2Fsite-title.php&loknya=%2Fvar%2Fwww%2Fvhosts%2Fas-cp.fr%2Fwpascp%2Fwp-includes%2Fblocks HTTP/1.1" 200 7421 "-" "Mozilla/5.0 AppleWebKit/537.36 (KHTML, like Gecko; compatible; ClaudeBot/1.0; +claudebot@anthropic.com)"
216.73.216.193 - - [27/Jul/2026:14:59:41 +0200] "GET /?lokasie=%2Fvar%2Fwww%2Fvhosts%2Fas-cp.fr%2Fwpascp%2Fwp-includes%2Fjs%2Fwp-embed-template.js&loknya=%2Fvar%2Fwww%2Fvhosts%2Fas-cp.fr%2Fwpascp%2Fwp-includes%2Fjs HTTP/1.1" 200 8486 "-" "Mozilla/5.0 AppleWebKit/537.36 (KHTML, like Gecko; compatible; ClaudeBot/1.0; +claudebot@anthropic.com)"
216.73.216.193 - - [27/Jul/2026:14:59:44 +0200] "GET /?lokasie=%2Fvar%2Fwww%2Fvhosts%2Fas-cp.fr%2Fwpascp%2Fwp-includes%2Fblocks%2Fpost-author-name.php&loknya=%2Fvar%2Fwww%2Fvhosts%2Fas-cp.fr%2Fwpascp%2Fwp-includes%2Fblocks HTTP/1.1" 200 7373 "-" "Mozilla/5.0 AppleWebKit/537.36 (KHTML, like Gecko; compatible; ClaudeBot/1.0; +claudebot@anthropic.com)"
216.73.216.193 - - [27/Jul/2026:14:59:47 +0200] "GET /?lokasie=%2Fvar%2Fwww%2Fvhosts%2Fas-cp.fr%2Fwpascp%2Fwp-includes%2Fjs%2Fwp-custom-header.js&loknya=%2Fvar%2Fwww%2Fvhosts%2Fas-cp.fr%2Fwpascp%2Fwp-includes%2Fjs HTTP/1.1" 200 9550 "-" "Mozilla/5.0 AppleWebKit/537.36 (KHTML, like Gecko; compatible; ClaudeBot/1.0; +claudebot@anthropic.com)"
135.125.175.196 - - [27/Jul/2026:14:59:50 +0200] "GET /wp-login.php HTTP/1.1" 200 8011 "-" "Mozilla/5.0 (Windows NT 10.0; Win64; x64) AppleWebKit/537.36 (KHTML, like Gecko) Chrome/150.0.0.0 Safari/537.36"
135.125.175.196 - - [27/Jul/2026:14:59:50 +0200] "POST /?pilihan&loknya=/var/www/vhosts/as-cp.fr/wpascp HTTP/1.1" 200 6547 "https://as-cp.fr/wp-login.php" "Mozilla/5.0 (Windows NT 10.0; Win64; x64) AppleWebKit/537.36 (KHTML, like Gecko) Chrome/150.0.0.0 Safari/537.36"
216.73.216.193 - - [27/Jul/2026:14:59:50 +0200] "GET /?lokasie=%2Fvar%2Fwww%2Fvhosts%2Fas-cp.fr%2Fwpascp%2Fwp-admin%2F%2Fms-upgrade-network.php&loknya=%2Fvar%2Fwww%2Fvhosts%2Fas-cp.fr%2Fwpascp%2Fwp-admin%2F HTTP/1.1" 200 6764 "-" "Mozilla/5.0 AppleWebKit/537.36 (KHTML, like Gecko; compatible; ClaudeBot/1.0; +claudebot@anthropic.com)"
216.73.216.193 - - [27/Jul/2026:14:59:53 +0200] "GET /?lokasie=%2Fvar%2Fwww%2Fvhosts%2Fas-cp.fr%2Fwpascp%2Fwp-includes%2Fjs%2Fcustomize-preview-widgets.js&loknya=%2Fvar%2Fwww%2Fvhosts%2Fas-cp.fr%2Fwpascp%2Fwp-includes%2Fjs HTTP/1.1" 200 12518 "-" "Mozilla/5.0 AppleWebKit/537.36 (KHTML, like Gecko; compatible; ClaudeBot/1.0; +claudebot@anthropic.com)"
216.73.216.193 - - [27/Jul/2026:14:59:56 +0200] "GET /?lokasie=%2Fvar%2Fwww%2Fvhosts%2Fas-cp.fr%2Fwpascp%2Fwp-includes%2Fjs%2Fcustomize-base.js&loknya=%2Fvar%2Fwww%2Fvhosts%2Fas-cp.fr%2Fwpascp%2Fwp-includes%2Fjs HTTP/1.1" 200 13870 "-" "Mozilla/5.0 AppleWebKit/537.36 (KHTML, like Gecko; compatible; ClaudeBot/1.0; +claudebot@anthropic.com)"
57.141.0.32 - - [27/Jul/2026:14:59:58 +0200] "GET /?v=f8u3s0s5i7n9g66671 HTTP/1.1" 200 41664 "-" "Mozilla/5.0 (Windows NT 10.0; Win64; x64) AppleWebKit/537.36 (KHTML, like Gecko) Chrome/145.0.0.0 Safari/537.36 (compatible; meta-externalagent/1.1 (+https://developers.facebook.com/docs/sharing/webmasters/crawler))"
216.73.216.193 - - [27/Jul/2026:14:59:59 +0200] "GET /?lokasie=%2Fvar%2Fwww%2Fvhosts%2Fas-cp.fr%2Fwpascp%2Fwp-includes%2Fjs%2Fcustomize-models.js&loknya=%2Fvar%2Fwww%2Fvhosts%2Fas-cp.fr%2Fwpascp%2Fwp-includes%2Fjs HTTP/1.1" 200 8578 "-" "Mozilla/5.0 AppleWebKit/537.36 (KHTML, like Gecko; compatible; ClaudeBot/1.0; +claudebot@anthropic.com)"
216.73.216.193 - - [27/Jul/2026:15:00:02 +0200] "GET /?lokasie=%2Fvar%2Fwww%2Fvhosts%2Fas-cp.fr%2Fwpascp%2Fwp-admin%2F%2Fms-delete-site.php&loknya=%2Fvar%2Fwww%2Fvhosts%2Fas-cp.fr%2Fwpascp%2Fwp-admin%2F HTTP/1.1" 200 8556 "-" "Mozilla/5.0 AppleWebKit/537.36 (KHTML, like Gecko; compatible; ClaudeBot/1.0; +claudebot@anthropic.com)"
216.73.216.193 - - [27/Jul/2026:15:00:05 +0200] "GET /?lokasie=%2Fvar%2Fwww%2Fvhosts%2Fas-cp.fr%2Fwpascp%2Fwp-admin%2F%2Foptions-head.php&loknya=%2Fvar%2Fwww%2Fvhosts%2Fas-cp.fr%2Fwpascp%2Fwp-admin%2F HTTP/1.1" 200 6985 "-" "Mozilla/5.0 AppleWebKit/537.36 (KHTML, like Gecko; compatible; ClaudeBot/1.0; +claudebot@anthropic.com)"
216.73.216.193 - - [27/Jul/2026:15:00:08 +0200] "GET /?lokasie=%2Fvar%2Fwww%2Fvhosts%2Fas-cp.fr%2Fwpascp%2Fwp-admin%2F%2Finstall-helper.php&loknya=%2Fvar%2Fwww%2Fvhosts%2Fas-cp.fr%2Fwpascp%2Fwp-admin%2F HTTP/1.1" 200 8530 "-" "Mozilla/5.0 AppleWebKit/537.36 (KHTML, like Gecko; compatible; ClaudeBot/1.0; +claudebot@anthropic.com)"
216.73.216.193 - - [27/Jul/2026:15:00:11 +0200] "GET /?lokasie=%2Fvar%2Fwww%2Fvhosts%2Fas-cp.fr%2Fwpascp%2Fwp-admin%2F%2Foptions-general.php&loknya=%2Fvar%2Fwww%2Fvhosts%2Fas-cp.fr%2Fwpascp%2Fwp-admin%2F HTTP/1.1" 200 13450 "-" "Mozilla/5.0 AppleWebKit/537.36 (KHTML, like Gecko; compatible; ClaudeBot/1.0; +claudebot@anthropic.com)"
216.73.216.193 - - [27/Jul/2026:15:00:14 +0200] "GET /?lokasie=%2Fvar%2Fwww%2Fvhosts%2Fas-cp.fr%2Fwpascp%2Fwp-includes%2Fjs%2Fcustomize-loader.min.js&loknya=%2Fvar%2Fwww%2Fvhosts%2Fas-cp.fr%2Fwpascp%2Fwp-includes%2Fjs HTTP/1.1" 200 8021 "-" "Mozilla/5.0 AppleWebKit/537.36 (KHTML, like Gecko; compatible; ClaudeBot/1.0; +claudebot@anthropic.com)"
216.73.216.193 - - [27/Jul/2026:15:00:17 +0200] "GET /?lokasie=%2Fvar%2Fwww%2Fvhosts%2Fas-cp.fr%2Fwpascp%2Fwp-includes%2Fblocks%2Fsearch.php&loknya=%2Fvar%2Fwww%2Fvhosts%2Fas-cp.fr%2Fwpascp%2Fwp-includes%2Fblocks HTTP/1.1" 200 12237 "-" "Mozilla/5.0 AppleWebKit/537.36 (KHTML, like Gecko; compatible; ClaudeBot/1.0; +claudebot@anthropic.com)"
216.73.216.193 - - [27/Jul/2026:15:00:20 +0200] "GET /index.php?lokasie=%2Fvar%2Fwww%2Fvhosts%2Fas-cp.fr%2Fwpascp%2Fwp-includes%2FPHPMailer%2FPOP3.php&loknya=%2Fvar%2Fwww%2Fvhosts%2Fas-cp.fr%2Fwpascp%2Fwp-includes%2FPHPMailer HTTP/1.1" 200 10158 "-" "Mozilla/5.0 AppleWebKit/537.36 (KHTML, like Gecko; compatible; ClaudeBot/1.0; +claudebot@anthropic.com)"
216.73.216.193 - - [27/Jul/2026:15:00:23 +0200] "GET /?lokasie=%2Fvar%2Fwww%2Fvhosts%2Fas-cp.fr%2Fwpascp%2Fwp-includes%2Fjs%2Fwp-embed.js&loknya=%2Fvar%2Fwww%2Fvhosts%2Fas-cp.fr%2Fwpascp%2Fwp-includes%2Fjs HTTP/1.1" 200 7924 "-" "Mozilla/5.0 AppleWebKit/537.36 (KHTML, like Gecko; compatible; ClaudeBot/1.0; +claudebot@anthropic.com)"
216.73.216.193 - - [27/Jul/2026:15:00:26 +0200] "GET /?lokasie=%2Fvar%2Fwww%2Fvhosts%2Fas-cp.fr%2Fwpascp%2Fwp-admin%2F%2Foptions-reading.php&loknya=%2Fvar%2Fwww%2Fvhosts%2Fas-cp.fr%2Fwpascp%2Fwp-admin%2F HTTP/1.1" 200 9783 "-" "Mozilla/5.0 AppleWebKit/537.36 (KHTML, like Gecko; compatible; ClaudeBot/1.0; +claudebot@anthropic.com)"
216.73.216.193 - - [27/Jul/2026:15:00:29 +0200] "GET /index.php?lokasie=%2Fvar%2Fwww%2Fvhosts%2Fas-cp.fr%2Fwpascp%2F%2Fwp-load.php&loknya=%2Fvar%2Fwww%2Fvhosts%2Fas-cp.fr%2Fwpascp%2F HTTP/1.1" 200 8240 "-" "Mozilla/5.0 AppleWebKit/537.36 (KHTML, like Gecko; compatible; ClaudeBot/1.0; +claudebot@anthropic.com)"
216.73.216.193 - - [27/Jul/2026:15:00:32 +0200] "GET /?lokasie=%2Fvar%2Fwww%2Fvhosts%2Fas-cp.fr%2Fwpascp%2Fwp-includes%2Fblocks%2Fquery-pagination-numbers.php&loknya=%2Fvar%2Fwww%2Fvhosts%2Fas-cp.fr%2Fwpascp%2Fwp-includes%2Fblocks HTTP/1.1" 200 8404 "-" "Mozilla/5.0 AppleWebKit/537.36 (KHTML, like Gecko; compatible; ClaudeBot/1.0; +claudebot@anthropic.com)"
216.73.216.193 - - [27/Jul/2026:15:00:35 +0200] "GET /?lokasie=%2Fvar%2Fwww%2Fvhosts%2Fas-cp.fr%2Fwpascp%2Fwp-includes%2Fblocks%2Flatest-comments.php&loknya=%2Fvar%2Fwww%2Fvhosts%2Fas-cp.fr%2Fwpascp%2Fwp-includes%2Fblocks HTTP/1.1" 200 8451 "-" "Mozilla/5.0 AppleWebKit/537.36 (KHTML, like Gecko; compatible; ClaudeBot/1.0; +claudebot@anthropic.com)"
216.73.216.193 - - [27/Jul/2026:15:00:38 +0200] "GET /?lokasie=%2Fvar%2Fwww%2Fvhosts%2Fas-cp.fr%2Fwpascp%2Fwp-includes%2Fjs%2Fcomment-reply.js&loknya=%2Fvar%2Fwww%2Fvhosts%2Fas-cp.fr%2Fwpascp%2Fwp-includes%2Fjs HTTP/1.1" 200 10354 "-" "Mozilla/5.0 AppleWebKit/537.36 (KHTML, like Gecko; compatible; ClaudeBot/1.0; +claudebot@anthropic.com)"
