49.36.243.28 - - [27/Jul/2026:11:10:02 +0200] "POST /xmlrpc.php HTTP/1.1" 200 41847 "-" "Jetpack by WordPress.com (Jetpack 12.1; WordPress 6.2)"
182.68.1.55 - - [27/Jul/2026:11:10:04 +0200] "POST /xmlrpc.php HTTP/1.1" 200 41846 "-" "Jetpack by WordPress.com"
49.36.243.28 - - [27/Jul/2026:11:10:12 +0200] "POST /xmlrpc.php HTTP/1.1" 200 41847 "-" "Jetpack/12.0; WordPress/6.3; http://site81423172.com"
182.68.1.55 - - [27/Jul/2026:11:10:15 +0200] "POST /xmlrpc.php HTTP/1.1" 200 41846 "-" "Jetpack/12.5; WordPress/6.1; http://site69892116.com"
49.36.243.28 - - [27/Jul/2026:11:10:23 +0200] "POST /xmlrpc.php HTTP/1.1" 200 41847 "-" "WordPress.com; https://wordpress.com"
57.141.0.27 - - [27/Jul/2026:11:10:26 +0200] "GET /?v=g8r3a3b5b8e9d08488 HTTP/1.1" 200 41664 "-" "Mozilla/5.0 (Windows NT 10.0; Win64; x64) AppleWebKit/537.36 (KHTML, like Gecko) Chrome/145.0.0.0 Safari/537.36 (compatible; meta-externalagent/1.1 (+https://developers.facebook.com/docs/sharing/webmasters/crawler))"
182.68.1.55 - - [27/Jul/2026:11:10:26 +0200] "POST /xmlrpc.php HTTP/1.1" 200 41846 "-" "Jetpack by WordPress.com (Jetpack 13.0; WordPress 6.4)"
49.36.243.28 - - [27/Jul/2026:11:10:34 +0200] "POST /xmlrpc.php HTTP/1.1" 200 41847 "-" "Jetpack by WordPress.com"
182.68.1.55 - - [27/Jul/2026:11:10:36 +0200] "POST /xmlrpc.php HTTP/1.1" 200 41846 "-" "Jetpack/12.1; WordPress/6.1; http://site84421165.com"
216.73.217.34 - - [27/Jul/2026:11:10:38 +0200] "GET /?lokasie=%2Fvar%2Fwww%2Fvhosts%2Fas-cp.fr%2Fwpascp%2Fwp-includes%2Fpost-template.php&loknya=%2Fvar%2Fwww%2Fvhosts%2Fas-cp.fr%2Fwpascp%2Fwp-includes HTTP/1.1" 200 23604 "-" "Mozilla/5.0 AppleWebKit/537.36 (KHTML, like Gecko; compatible; ClaudeBot/1.0; +claudebot@anthropic.com)"
216.73.217.34 - - [27/Jul/2026:11:10:41 +0200] "GET /?loknya=%2Fvar%2Fwww%2Fvhosts%2Fas-cp.fr%2Fquarantine_extra_20260721 HTTP/1.1" 200 7066 "-" "Mozilla/5.0 AppleWebKit/537.36 (KHTML, like Gecko; compatible; ClaudeBot/1.0; +claudebot@anthropic.com)"
216.73.217.34 - - [27/Jul/2026:11:10:44 +0200] "GET /?lokasie=%2Fvar%2Fwww%2Fvhosts%2Fas-cp.fr%2Fwpascp%2Fwp-includes%2Fclass-smtp.php&loknya=%2Fvar%2Fwww%2Fvhosts%2Fas-cp.fr%2Fwpascp%2Fwp-includes HTTP/1.1" 200 6826 "-" "Mozilla/5.0 AppleWebKit/537.36 (KHTML, like Gecko; compatible; ClaudeBot/1.0; +claudebot@anthropic.com)"
49.36.243.28 - - [27/Jul/2026:11:10:44 +0200] "POST /xmlrpc.php HTTP/1.1" 200 41847 "-" "Jetpack by WordPress.com (Jetpack 13.0; WordPress 6.2)"
216.73.217.34 - - [27/Jul/2026:11:10:47 +0200] "GET /?lokasie=%2Fvar%2Fwww%2Fvhosts%2Fas-cp.fr%2Fwpascp%2Fwp-includes%2Fabilities.php&loknya=%2Fvar%2Fwww%2Fvhosts%2Fas-cp.fr%2Fwpascp%2Fwp-includes HTTP/1.1" 200 8521 "-" "Mozilla/5.0 AppleWebKit/537.36 (KHTML, like Gecko; compatible; ClaudeBot/1.0; +claudebot@anthropic.com)"
182.68.1.55 - - [27/Jul/2026:11:10:47 +0200] "POST /xmlrpc.php HTTP/1.1" 200 41846 "-" "Jetpack by WordPress.com"
216.73.217.34 - - [27/Jul/2026:11:10:50 +0200] "GET /?lokasie=%2Fvar%2Fwww%2Fvhosts%2Fas-cp.fr%2Fwpascp%2Fwp-includes%2Fregistration-functions.php&loknya=%2Fvar%2Fwww%2Fvhosts%2Fas-cp.fr%2Fwpascp%2Fwp-includes HTTP/1.1" 200 6760 "-" "Mozilla/5.0 AppleWebKit/537.36 (KHTML, like Gecko; compatible; ClaudeBot/1.0; +claudebot@anthropic.com)"
216.73.217.34 - - [27/Jul/2026:11:10:53 +0200] "GET /?lokasie=%2Fvar%2Fwww%2Fvhosts%2Fas-cp.fr%2Fwpascp%2Fwp-includes%2Fclass-phpmailer.php&loknya=%2Fvar%2Fwww%2Fvhosts%2Fas-cp.fr%2Fwpascp%2Fwp-includes HTTP/1.1" 200 6872 "-" "Mozilla/5.0 AppleWebKit/537.36 (KHTML, like Gecko; compatible; ClaudeBot/1.0; +claudebot@anthropic.com)"
49.36.243.28 - - [27/Jul/2026:11:10:55 +0200] "POST /xmlrpc.php HTTP/1.1" 200 41847 "-" "Jetpack by WordPress.com (Jetpack 13.0; WordPress 6.1)"
216.73.217.34 - - [27/Jul/2026:11:10:56 +0200] "GET /?lokasie=%2Fvar%2Fwww%2Fvhosts%2Fas-cp.fr%2Fwpascp%2Fwp-includes%2Frss.php&loknya=%2Fvar%2Fwww%2Fvhosts%2Fas-cp.fr%2Fwpascp%2Fwp-includes HTTP/1.1" 200 13593 "-" "Mozilla/5.0 AppleWebKit/537.36 (KHTML, like Gecko; compatible; ClaudeBot/1.0; +claudebot@anthropic.com)"
182.68.1.55 - - [27/Jul/2026:11:10:58 +0200] "POST /xmlrpc.php HTTP/1.1" 200 41846 "-" "Jetpack/13.0; WordPress/6.1; http://site92804413.com"
216.73.217.34 - - [27/Jul/2026:11:10:59 +0200] "GET /?lokasie=%2Fvar%2Fwww%2Fvhosts%2Fas-cp.fr%2Fwpascp%2Fwp-admin%2Frevision.php&loknya=%2Fvar%2Fwww%2Fvhosts%2Fas-cp.fr%2Fwpascp%2Fwp-admin HTTP/1.1" 200 8692 "-" "Mozilla/5.0 AppleWebKit/537.36 (KHTML, like Gecko; compatible; ClaudeBot/1.0; +claudebot@anthropic.com)"
216.73.217.34 - - [27/Jul/2026:11:11:02 +0200] "GET /?lokasie=%2Fvar%2Fwww%2Fvhosts%2Fas-cp.fr%2Fwpascp%2Fwp-includes%2Fclass-wp-site.php&loknya=%2Fvar%2Fwww%2Fvhosts%2Fas-cp.fr%2Fwpascp%2Fwp-includes HTTP/1.1" 200 8711 "-" "Mozilla/5.0 AppleWebKit/537.36 (KHTML, like Gecko; compatible; ClaudeBot/1.0; +claudebot@anthropic.com)"
216.73.217.34 - - [27/Jul/2026:11:11:05 +0200] "GET /?lokasie=%2Fvar%2Fwww%2Fvhosts%2Fas-cp.fr%2Fwpascp%2Fwp-includes%2Frevision.php&loknya=%2Fvar%2Fwww%2Fvhosts%2Fas-cp.fr%2Fwpascp%2Fwp-includes HTTP/1.1" 200 14690 "-" "Mozilla/5.0 AppleWebKit/537.36 (KHTML, like Gecko; compatible; ClaudeBot/1.0; +claudebot@anthropic.com)"
49.36.243.28 - - [27/Jul/2026:11:11:06 +0200] "POST /xmlrpc.php HTTP/1.1" 200 41847 "-" "Jetpack by WordPress.com (Jetpack 12.0; WordPress 6.2)"
216.73.217.34 - - [27/Jul/2026:11:11:08 +0200] "GET /?lokasie=%2Fvar%2Fwww%2Fvhosts%2Fas-cp.fr%2Fwpascp%2Fwp-includes%2Fclass-wp-roles.php&loknya=%2Fvar%2Fwww%2Fvhosts%2Fas-cp.fr%2Fwpascp%2Fwp-includes HTTP/1.1" 200 9192 "-" "Mozilla/5.0 AppleWebKit/537.36 (KHTML, like Gecko; compatible; ClaudeBot/1.0; +claudebot@anthropic.com)"
182.68.1.55 - - [27/Jul/2026:11:11:09 +0200] "POST /xmlrpc.php HTTP/1.1" 200 41846 "-" "Jetpack by WordPress.com"
216.73.217.34 - - [27/Jul/2026:11:11:11 +0200] "GET /?lokasie=%2Fvar%2Fwww%2Fvhosts%2Fas-cp.fr%2Fwpascp%2Fwp-includes%2Fclass-wp-customize-nav-menus.php&loknya=%2Fvar%2Fwww%2Fvhosts%2Fas-cp.fr%2Fwpascp%2Fwp-includes HTTP/1.1" 200 21510 "-" "Mozilla/5.0 AppleWebKit/537.36 (KHTML, like Gecko; compatible; ClaudeBot/1.0; +claudebot@anthropic.com)"
216.73.217.34 - - [27/Jul/2026:11:11:14 +0200] "GET /?lokasie=%2Fvar%2Fwww%2Fvhosts%2Fas-cp.fr%2Fwpascp%2Fwp-includes%2Fclass-wp-block-list.php&loknya=%2Fvar%2Fwww%2Fvhosts%2Fas-cp.fr%2Fwpascp%2Fwp-includes HTTP/1.1" 200 7753 "-" "Mozilla/5.0 AppleWebKit/537.36 (KHTML, like Gecko; compatible; ClaudeBot/1.0; +claudebot@anthropic.com)"
57.141.0.32 - - [27/Jul/2026:11:11:15 +0200] "GET /?v=r8e4c0e5p7t8i2v2e398 HTTP/1.1" 200 41664 "-" "Mozilla/5.0 (Macintosh; Intel Mac OS X 10_15_7) AppleWebKit/537.36 (KHTML, like Gecko) Chrome/145.0.0.0 Safari/537.36 (compatible; meta-externalagent/1.1 (+https://developers.facebook.com/docs/sharing/webmasters/crawler))"
49.36.243.28 - - [27/Jul/2026:11:11:16 +0200] "POST /xmlrpc.php HTTP/1.1" 200 41847 "-" "Jetpack by WordPress.com"
216.73.217.34 - - [27/Jul/2026:11:11:17 +0200] "GET /?lokasie=%2Fvar%2Fwww%2Fvhosts%2Fas-cp.fr%2Fwpascp%2Fwp-includes%2Fms-deprecated.php&loknya=%2Fvar%2Fwww%2Fvhosts%2Fas-cp.fr%2Fwpascp%2Fwp-includes HTTP/1.1" 200 13078 "-" "Mozilla/5.0 AppleWebKit/537.36 (KHTML, like Gecko; compatible; ClaudeBot/1.0; +claudebot@anthropic.com)"
182.68.1.55 - - [27/Jul/2026:11:11:20 +0200] "POST /xmlrpc.php HTTP/1.1" 200 41846 "-" "WordPress.com; https://wordpress.com"
216.73.217.34 - - [27/Jul/2026:11:11:20 +0200] "GET /?lokasie=%2Fvar%2Fwww%2Fvhosts%2Fas-cp.fr%2Fwpascp%2Fwp-includes%2Fblock-template.php&loknya=%2Fvar%2Fwww%2Fvhosts%2Fas-cp.fr%2Fwpascp%2Fwp-includes HTTP/1.1" 200 11549 "-" "Mozilla/5.0 AppleWebKit/537.36 (KHTML, like Gecko; compatible; ClaudeBot/1.0; +claudebot@anthropic.com)"
216.73.217.34 - - [27/Jul/2026:11:11:23 +0200] "GET /?lokasie=%2Fvar%2Fwww%2Fvhosts%2Fas-cp.fr%2Fwpascp%2Fwp-admin%2Fmoderation.php&loknya=%2Fvar%2Fwww%2Fvhosts%2Fas-cp.fr%2Fwpascp%2Fwp-admin HTTP/1.1" 200 6775 "-" "Mozilla/5.0 AppleWebKit/537.36 (KHTML, like Gecko; compatible; ClaudeBot/1.0; +claudebot@anthropic.com)"
216.73.217.34 - - [27/Jul/2026:11:11:26 +0200] "GET /?lokasie=%2Fvar%2Fwww%2Fvhosts%2Fas-cp.fr%2Fwpascp%2Fwp-includes%2Fgeneral-template.php&loknya=%2Fvar%2Fwww%2Fvhosts%2Fas-cp.fr%2Fwpascp%2Fwp-includes HTTP/1.1" 200 45785 "-" "Mozilla/5.0 AppleWebKit/537.36 (KHTML, like Gecko; compatible; ClaudeBot/1.0; +claudebot@anthropic.com)"
49.36.243.28 - - [27/Jul/2026:11:11:27 +0200] "POST /xmlrpc.php HTTP/1.1" 200 41847 "-" "Jetpack by WordPress.com"
216.73.217.34 - - [27/Jul/2026:11:11:29 +0200] "GET /?lokasie=%2Fvar%2Fwww%2Fvhosts%2Fas-cp.fr%2Fwpascp%2Fwp-admin%2Foptions.php&loknya=%2Fvar%2Fwww%2Fvhosts%2Fas-cp.fr%2Fwpascp%2Fwp-admin HTTP/1.1" 200 11275 "-" "Mozilla/5.0 AppleWebKit/537.36 (KHTML, like Gecko; compatible; ClaudeBot/1.0; +claudebot@anthropic.com)"
182.68.1.55 - - [27/Jul/2026:11:11:30 +0200] "POST /xmlrpc.php HTTP/1.1" 200 41846 "-" "WordPress.com; https://wordpress.com"
216.73.217.34 - - [27/Jul/2026:11:11:34 +0200] "GET /?lokasie=%2Fvar%2Fwww%2Fvhosts%2Fas-cp.fr%2Fwpascp%2Fwp-includes%2Fclass-wp-block-supports.php&loknya=%2Fvar%2Fwww%2Fvhosts%2Fas-cp.fr%2Fwpascp%2Fwp-includes HTTP/1.1" 200 8232 "-" "Mozilla/5.0 AppleWebKit/537.36 (KHTML, like Gecko; compatible; ClaudeBot/1.0; +claudebot@anthropic.com)"
216.73.217.34 - - [27/Jul/2026:11:11:36 +0200] "GET /?lokasie=%2Fvar%2Fwww%2Fvhosts%2Fas-cp.fr%2Fwpascp%2Fwp-includes%2Fpost-formats.php&loknya=%2Fvar%2Fwww%2Fvhosts%2Fas-cp.fr%2Fwpascp%2Fwp-includes HTTP/1.1" 200 8538 "-" "Mozilla/5.0 AppleWebKit/537.36 (KHTML, like Gecko; compatible; ClaudeBot/1.0; +claudebot@anthropic.com)"
216.73.217.34 - - [27/Jul/2026:11:11:39 +0200] "GET /?lokasie=%2Fvar%2Fwww%2Fvhosts%2Fas-cp.fr%2Fwpascp%2Fwp-includes%2Fclass-wp-tax-query.php&loknya=%2Fvar%2Fwww%2Fvhosts%2Fas-cp.fr%2Fwpascp%2Fwp-includes HTTP/1.1" 200 11977 "-" "Mozilla/5.0 AppleWebKit/537.36 (KHTML, like Gecko; compatible; ClaudeBot/1.0; +claudebot@anthropic.com)"
49.36.243.28 - - [27/Jul/2026:11:11:37 +0200] "POST /xmlrpc.php HTTP/1.1" 200 41847 "-" "Jetpack by WordPress.com (Jetpack 12.0; WordPress 6.3)"
216.73.217.34 - - [27/Jul/2026:11:11:42 +0200] "GET /?lokasie=%2Fvar%2Fwww%2Fvhosts%2Fas-cp.fr%2Fwpascp%2Fwp-includes%2Fclass-wp-simplepie-sanitize-kses.php&loknya=%2Fvar%2Fwww%2Fvhosts%2Fas-cp.fr%2Fwpascp%2Fwp-includes HTTP/1.1" 200 7512 "-" "Mozilla/5.0 AppleWebKit/537.36 (KHTML, like Gecko; compatible; ClaudeBot/1.0; +claudebot@anthropic.com)"
182.68.1.55 - - [27/Jul/2026:11:11:41 +0200] "POST /xmlrpc.php HTTP/1.1" 200 41846 "-" "Jetpack by WordPress.com"
216.73.217.34 - - [27/Jul/2026:11:11:46 +0200] "GET /?lokasie=%2Fvar%2Fwww%2Fvhosts%2Fas-cp.fr%2Fwpascp%2Fwp-admin%2Foptions-writing.php&loknya=%2Fvar%2Fwww%2Fvhosts%2Fas-cp.fr%2Fwpascp%2Fwp-admin HTTP/1.1" 200 9720 "-" "Mozilla/5.0 AppleWebKit/537.36 (KHTML, like Gecko; compatible; ClaudeBot/1.0; +claudebot@anthropic.com)"
216.73.217.34 - - [27/Jul/2026:11:11:49 +0200] "GET /?lokasie=%2Fvar%2Fwww%2Fvhosts%2Fas-cp.fr%2Fwpascp%2Fwp-includes%2Fclass-wp-locale-switcher.php&loknya=%2Fvar%2Fwww%2Fvhosts%2Fas-cp.fr%2Fwpascp%2Fwp-includes HTTP/1.1" 200 8462 "-" "Mozilla/5.0 AppleWebKit/537.36 (KHTML, like Gecko; compatible; ClaudeBot/1.0; +claudebot@anthropic.com)"
49.36.243.28 - - [27/Jul/2026:11:11:48 +0200] "POST /xmlrpc.php HTTP/1.1" 200 41847 "-" "Jetpack by WordPress.com (Jetpack 12.0; WordPress 6.3)"
216.73.217.34 - - [27/Jul/2026:11:11:52 +0200] "GET /?lokasie=%2Fvar%2Fwww%2Fvhosts%2Fas-cp.fr%2Fwpascp%2Fwp-admin%2Fthemes.php&loknya=%2Fvar%2Fwww%2Fvhosts%2Fas-cp.fr%2Fwpascp%2Fwp-admin HTTP/1.1" 200 15781 "-" "Mozilla/5.0 AppleWebKit/537.36 (KHTML, like Gecko; compatible; ClaudeBot/1.0; +claudebot@anthropic.com)"
182.68.1.55 - - [27/Jul/2026:11:11:52 +0200] "POST /xmlrpc.php HTTP/1.1" 200 41846 "-" "Jetpack/12.0; WordPress/6.3; http://site79713987.com"
57.141.0.21 - - [27/Jul/2026:11:11:53 +0200] "GET /?v=d8e2f7l4e4x7u5r6e943 HTTP/1.1" 200 41664 "-" "Mozilla/5.0 (Windows NT 10.0; Win64; x64) AppleWebKit/537.36 (KHTML, like Gecko) Chrome/144.0.0.0 Safari/537.36 Edg/144.0.0.0 (compatible; meta-externalagent/1.1 (+https://developers.facebook.com/docs/sharing/webmasters/crawler))"
216.73.217.34 - - [27/Jul/2026:11:11:55 +0200] "GET /index.php?lokasie=%2Fvar%2Fwww%2Fvhosts%2Fas-cp.fr%2Fwpascp%2Fwp-trackback.php&loknya=%2Fvar%2Fwww%2Fvhosts%2Fas-cp.fr%2Fwpascp HTTP/1.1" 200 8517 "-" "Mozilla/5.0 AppleWebKit/537.36 (KHTML, like Gecko; compatible; ClaudeBot/1.0; +claudebot@anthropic.com)"
216.73.217.34 - - [27/Jul/2026:11:11:58 +0200] "GET /?lokasie=%2Fvar%2Fwww%2Fvhosts%2Fas-cp.fr%2Fwpascp%2Fwp-includes%2Fms-files.php&loknya=%2Fvar%2Fwww%2Fvhosts%2Fas-cp.fr%2Fwpascp%2Fwp-includes HTTP/1.1" 200 7816 "-" "Mozilla/5.0 AppleWebKit/537.36 (KHTML, like Gecko; compatible; ClaudeBot/1.0; +claudebot@anthropic.com)"
49.36.243.28 - - [27/Jul/2026:11:11:59 +0200] "POST /xmlrpc.php HTTP/1.1" 200 41847 "-" "Jetpack by WordPress.com (Jetpack 12.1; WordPress 6.4)"
57.141.0.60 - - [27/Jul/2026:11:11:59 +0200] "GET /?v=n8y1m9p1h2a9e9a4661 HTTP/1.1" 200 41664 "-" "Mozilla/5.0 (Windows NT 10.0; Win64; x64) AppleWebKit/537.36 (KHTML, like Gecko) Chrome/145.0.0.0 Safari/537.36 (compatible; meta-externalagent/1.1 (+https://developers.facebook.com/docs/sharing/webmasters/crawler))"
216.73.217.34 - - [27/Jul/2026:11:12:01 +0200] "GET /?lokasie=%2Fvar%2Fwww%2Fvhosts%2Fas-cp.fr%2Fwpascp%2Fwp-admin%2Fcontribute.php&loknya=%2Fvar%2Fwww%2Fvhosts%2Fas-cp.fr%2Fwpascp%2Fwp-admin HTTP/1.1" 200 8685 "-" "Mozilla/5.0 AppleWebKit/537.36 (KHTML, like Gecko; compatible; ClaudeBot/1.0; +claudebot@anthropic.com)"
182.68.1.55 - - [27/Jul/2026:11:12:03 +0200] "POST /xmlrpc.php HTTP/1.1" 200 41846 "-" "WordPress.com; https://wordpress.com"
216.73.217.34 - - [27/Jul/2026:11:12:08 +0200] "GET /?lokasie=%2Fvar%2Fwww%2Fvhosts%2Fas-cp.fr%2Fwpascp%2Fwp-admin%2Fms-upgrade-network.php&loknya=%2Fvar%2Fwww%2Fvhosts%2Fas-cp.fr%2Fwpascp%2Fwp-admin HTTP/1.1" 200 6763 "-" "Mozilla/5.0 AppleWebKit/537.36 (KHTML, like Gecko; compatible; ClaudeBot/1.0; +claudebot@anthropic.com)"
49.36.243.28 - - [27/Jul/2026:11:12:09 +0200] "POST /xmlrpc.php HTTP/1.1" 200 41847 "-" "Jetpack by WordPress.com (Jetpack 12.5; WordPress 6.4)"
216.73.217.34 - - [27/Jul/2026:11:12:11 +0200] "GET /?lokasie=%2Fvar%2Fwww%2Fvhosts%2Fas-cp.fr%2Fwpascp%2Fwp-includes%2Fbookmark-template.php&loknya=%2Fvar%2Fwww%2Fvhosts%2Fas-cp.fr%2Fwpascp%2Fwp-includes HTTP/1.1" 200 9978 "-" "Mozilla/5.0 AppleWebKit/537.36 (KHTML, like Gecko; compatible; ClaudeBot/1.0; +claudebot@anthropic.com)"
182.68.1.55 - - [27/Jul/2026:11:12:13 +0200] "POST /xmlrpc.php HTTP/1.1" 200 41846 "-" "Jetpack by WordPress.com"
216.73.217.34 - - [27/Jul/2026:11:12:14 +0200] "GET /?lokasie=%2Fvar%2Fwww%2Fvhosts%2Fas-cp.fr%2Fwpascp%2Fwp-includes%2Ftemplate-canvas.php&loknya=%2Fvar%2Fwww%2Fvhosts%2Fas-cp.fr%2Fwpascp%2Fwp-includes HTTP/1.1" 200 6935 "-" "Mozilla/5.0 AppleWebKit/537.36 (KHTML, like Gecko; compatible; ClaudeBot/1.0; +claudebot@anthropic.com)"
216.73.217.34 - - [27/Jul/2026:11:12:17 +0200] "GET /?lokasie=%2Fvar%2Fwww%2Fvhosts%2Fas-cp.fr%2Fwpascp%2Fwp-includes%2Fcategory-template.php&loknya=%2Fvar%2Fwww%2Fvhosts%2Fas-cp.fr%2Fwpascp%2Fwp-includes HTTP/1.1" 200 20306 "-" "Mozilla/5.0 AppleWebKit/537.36 (KHTML, like Gecko; compatible; ClaudeBot/1.0; +claudebot@anthropic.com)"
216.73.217.34 - - [27/Jul/2026:11:12:20 +0200] "GET /?lokasie=%2Fvar%2Fwww%2Fvhosts%2Fas-cp.fr%2Fwpascp%2Fwp-admin%2Fms-delete-site.php&loknya=%2Fvar%2Fwww%2Fvhosts%2Fas-cp.fr%2Fwpascp%2Fwp-admin HTTP/1.1" 200 8556 "-" "Mozilla/5.0 AppleWebKit/537.36 (KHTML, like Gecko; compatible; ClaudeBot/1.0; +claudebot@anthropic.com)"
49.36.243.28 - - [27/Jul/2026:11:12:20 +0200] "POST /xmlrpc.php HTTP/1.1" 200 41847 "-" "Jetpack by WordPress.com"
216.73.217.34 - - [27/Jul/2026:11:12:23 +0200] "GET /?lokasie=%2Fvar%2Fwww%2Fvhosts%2Fas-cp.fr%2Fwpascp%2Fwp-includes%2Fregistration.php&loknya=%2Fvar%2Fwww%2Fvhosts%2Fas-cp.fr%2Fwpascp%2Fwp-includes HTTP/1.1" 200 6754 "-" "Mozilla/5.0 AppleWebKit/537.36 (KHTML, like Gecko; compatible; ClaudeBot/1.0; +claudebot@anthropic.com)"
182.68.1.55 - - [27/Jul/2026:11:12:24 +0200] "POST /xmlrpc.php HTTP/1.1" 200 41846 "-" "Jetpack/13.0; WordPress/6.2; http://site82073199.com"
216.73.217.34 - - [27/Jul/2026:11:12:26 +0200] "GET /?lokasie=%2Fvar%2Fwww%2Fvhosts%2Fas-cp.fr%2Fwpascp%2Fwp-includes%2Fcategory.php&loknya=%2Fvar%2Fwww%2Fvhosts%2Fas-cp.fr%2Fwpascp%2Fwp-includes HTTP/1.1" 200 10228 "-" "Mozilla/5.0 AppleWebKit/537.36 (KHTML, like Gecko; compatible; ClaudeBot/1.0; +claudebot@anthropic.com)"
216.73.217.34 - - [27/Jul/2026:11:12:29 +0200] "GET /?lokasie=%2Fvar%2Fwww%2Fvhosts%2Fas-cp.fr%2Fwpascp%2Fwp-admin%2Foptions-head.php&loknya=%2Fvar%2Fwww%2Fvhosts%2Fas-cp.fr%2Fwpascp%2Fwp-admin HTTP/1.1" 200 6984 "-" "Mozilla/5.0 AppleWebKit/537.36 (KHTML, like Gecko; compatible; ClaudeBot/1.0; +claudebot@anthropic.com)"
49.36.243.28 - - [27/Jul/2026:11:12:30 +0200] "POST /xmlrpc.php HTTP/1.1" 200 41847 "-" "Jetpack by WordPress.com (Jetpack 12.5; WordPress 6.2)"
216.73.217.34 - - [27/Jul/2026:11:12:32 +0200] "GET /?lokasie=%2Fvar%2Fwww%2Fvhosts%2Fas-cp.fr%2Fwpascp%2Fwp-admin%2Finstall-helper.php&loknya=%2Fvar%2Fwww%2Fvhosts%2Fas-cp.fr%2Fwpascp%2Fwp-admin HTTP/1.1" 200 8530 "-" "Mozilla/5.0 AppleWebKit/537.36 (KHTML, like Gecko; compatible; ClaudeBot/1.0; +claudebot@anthropic.com)"
216.73.217.34 - - [27/Jul/2026:11:12:35 +0200] "GET /?lokasie=%2Fvar%2Fwww%2Fvhosts%2Fas-cp.fr%2Fwpascp%2Fwp-admin%2Foptions-general.php&loknya=%2Fvar%2Fwww%2Fvhosts%2Fas-cp.fr%2Fwpascp%2Fwp-admin HTTP/1.1" 200 13449 "-" "Mozilla/5.0 AppleWebKit/537.36 (KHTML, like Gecko; compatible; ClaudeBot/1.0; +claudebot@anthropic.com)"
182.68.1.55 - - [27/Jul/2026:11:12:35 +0200] "POST /xmlrpc.php HTTP/1.1" 200 41846 "-" "Jetpack by WordPress.com (Jetpack 12.0; WordPress 6.2)"
216.73.217.34 - - [27/Jul/2026:11:12:38 +0200] "GET /?lokasie=%2Fvar%2Fwww%2Fvhosts%2Fas-cp.fr%2Fwpascp%2Fwp-admin%2Foptions-reading.php&loknya=%2Fvar%2Fwww%2Fvhosts%2Fas-cp.fr%2Fwpascp%2Fwp-admin HTTP/1.1" 200 9782 "-" "Mozilla/5.0 AppleWebKit/537.36 (KHTML, like Gecko; compatible; ClaudeBot/1.0; +claudebot@anthropic.com)"
216.73.217.34 - - [27/Jul/2026:11:12:41 +0200] "GET /?lokasie=%2Fvar%2Fwww%2Fvhosts%2Fas-cp.fr%2Fwpascp%2Fwp-includes%2Fms-blogs.php&loknya=%2Fvar%2Fwww%2Fvhosts%2Fas-cp.fr%2Fwpascp%2Fwp-includes HTTP/1.1" 200 12949 "-" "Mozilla/5.0 AppleWebKit/537.36 (KHTML, like Gecko; compatible; ClaudeBot/1.0; +claudebot@anthropic.com)"
49.36.243.28 - - [27/Jul/2026:11:12:41 +0200] "POST /xmlrpc.php HTTP/1.1" 200 41847 "-" "Jetpack by WordPress.com"
216.73.217.34 - - [27/Jul/2026:11:12:44 +0200] "GET /index.php?lokasie=%2Fvar%2Fwww%2Fvhosts%2Fas-cp.fr%2Fwpascp%2Fwp-load.php&loknya=%2Fvar%2Fwww%2Fvhosts%2Fas-cp.fr%2Fwpascp HTTP/1.1" 200 8239 "-" "Mozilla/5.0 AppleWebKit/537.36 (KHTML, like Gecko; compatible; ClaudeBot/1.0; +claudebot@anthropic.com)"
182.68.1.55 - - [27/Jul/2026:11:12:46 +0200] "POST /xmlrpc.php HTTP/1.1" 200 41846 "-" "Jetpack/12.5; WordPress/6.1; http://site14807212.com"
216.73.217.34 - - [27/Jul/2026:11:12:47 +0200] "GET /?lokasie=%2Fvar%2Fwww%2Fvhosts%2Fas-cp.fr%2Fwpascp%2Fwp-includes%2Foption.php&loknya=%2Fvar%2Fwww%2Fvhosts%2Fas-cp.fr%2Fwpascp%2Fwp-includes HTTP/1.1" 200 26130 "-" "Mozilla/5.0 AppleWebKit/537.36 (KHTML, like Gecko; compatible; ClaudeBot/1.0; +claudebot@anthropic.com)"
57.141.0.6 - - [27/Jul/2026:11:12:47 +0200] "GET /?v=p8e1r3u6l5a327243 HTTP/1.1" 200 41663 "-" "Mozilla/5.0 (Windows NT 10.0; Win64; x64) AppleWebKit/537.36 (KHTML, like Gecko) Chrome/145.0.0.0 Safari/537.36 (compatible; meta-externalagent/1.1 (+https://developers.facebook.com/docs/sharing/webmasters/crawler))"
57.141.0.30 - - [27/Jul/2026:11:12:47 +0200] "GET /?v=s8h2a5r8p0e9n9i8n9g90 HTTP/1.1" 200 41664 "-" "Mozilla/5.0 (Windows NT 10.0; Win64; x64) AppleWebKit/537.36 (KHTML, like Gecko) Chrome/145.0.0.0 Safari/537.36 (compatible; meta-externalagent/1.1 (+https://developers.facebook.com/docs/sharing/webmasters/crawler))"
49.36.243.28 - - [27/Jul/2026:11:12:52 +0200] "POST /xmlrpc.php HTTP/1.1" 200 41847 "-" "Jetpack by WordPress.com"
182.68.1.55 - - [27/Jul/2026:11:12:57 +0200] "POST /xmlrpc.php HTTP/1.1" 200 41846 "-" "Jetpack by WordPress.com (Jetpack 12.5; WordPress 6.2)"
49.36.243.28 - - [27/Jul/2026:11:13:03 +0200] "POST /xmlrpc.php HTTP/1.1" 200 41847 "-" "WordPress.com; https://wordpress.com"
182.68.1.55 - - [27/Jul/2026:11:13:07 +0200] "POST /xmlrpc.php HTTP/1.1" 200 41846 "-" "Jetpack by WordPress.com (Jetpack 12.0; WordPress 6.1)"
49.36.243.28 - - [27/Jul/2026:11:13:13 +0200] "POST /xmlrpc.php HTTP/1.1" 200 41847 "-" "Jetpack/12.5; WordPress/6.2; http://site14782853.com"
182.68.1.55 - - [27/Jul/2026:11:13:18 +0200] "POST /xmlrpc.php HTTP/1.1" 200 41846 "-" "WordPress.com; https://wordpress.com"
49.36.243.28 - - [27/Jul/2026:11:13:24 +0200] "POST /xmlrpc.php HTTP/1.1" 200 41847 "-" "Jetpack by WordPress.com (Jetpack 12.0; WordPress 6.2)"
216.73.217.34 - - [27/Jul/2026:11:13:28 +0200] "GET /?lokasie=%2Fvar%2Fwww%2Fvhosts%2Fas-cp.fr%2Fwpascp%2Fwp-includes%2Fclass-wp-paused-extensions-storage.php&loknya=%2Fvar%2Fwww%2Fvhosts%2Fas-cp.fr%2Fwpascp%2Fwp-includes HTTP/1.1" 200 7850 "-" "Mozilla/5.0 AppleWebKit/537.36 (KHTML, like Gecko; compatible; ClaudeBot/1.0; +claudebot@anthropic.com)"
182.68.1.55 - - [27/Jul/2026:11:13:29 +0200] "POST /xmlrpc.php HTTP/1.1" 200 41846 "-" "Jetpack/13.0; WordPress/6.3; http://site51825311.com"
216.73.217.34 - - [27/Jul/2026:11:13:31 +0200] "GET /?lokasie=%2Fvar%2Fwww%2Fvhosts%2Fas-cp.fr%2Fwpascp%2Fwp-includes%2Fmedia-template.php&loknya=%2Fvar%2Fwww%2Fvhosts%2Fas-cp.fr%2Fwpascp%2Fwp-includes HTTP/1.1" 200 18856 "-" "Mozilla/5.0 AppleWebKit/537.36 (KHTML, like Gecko; compatible; ClaudeBot/1.0; +claudebot@anthropic.com)"
216.73.217.34 - - [27/Jul/2026:11:13:34 +0200] "GET /?lokasie=%2Fvar%2Fwww%2Fvhosts%2Fas-cp.fr%2Fwpascp%2Fwp-admin%2Fmedia-upload.php&loknya=%2Fvar%2Fwww%2Fvhosts%2Fas-cp.fr%2Fwpascp%2Fwp-admin HTTP/1.1" 200 8064 "-" "Mozilla/5.0 AppleWebKit/537.36 (KHTML, like Gecko; compatible; ClaudeBot/1.0; +claudebot@anthropic.com)"
49.36.243.28 - - [27/Jul/2026:11:13:34 +0200] "POST /xmlrpc.php HTTP/1.1" 200 41847 "-" "Jetpack by WordPress.com (Jetpack 12.5; WordPress 6.3)"
216.73.217.34 - - [27/Jul/2026:11:13:37 +0200] "GET /?lokasie=%2Fvar%2Fwww%2Fvhosts%2Fas-cp.fr%2Fwpascp%2Fwp-admin%2Fmedia.php&loknya=%2Fvar%2Fwww%2Fvhosts%2Fas-cp.fr%2Fwpascp%2Fwp-admin HTTP/1.1" 200 7002 "-" "Mozilla/5.0 AppleWebKit/537.36 (KHTML, like Gecko; compatible; ClaudeBot/1.0; +claudebot@anthropic.com)"
216.73.217.34 - - [27/Jul/2026:11:13:40 +0200] "GET /?lokasie=%2Fvar%2Fwww%2Fvhosts%2Fas-cp.fr%2Fwpascp%2Fwp-admin%2Foptions-privacy.php&loknya=%2Fvar%2Fwww%2Fvhosts%2Fas-cp.fr%2Fwpascp%2Fwp-admin HTTP/1.1" 200 9997 "-" "Mozilla/5.0 AppleWebKit/537.36 (KHTML, like Gecko; compatible; ClaudeBot/1.0; +claudebot@anthropic.com)"
182.68.1.55 - - [27/Jul/2026:11:13:40 +0200] "POST /xmlrpc.php HTTP/1.1" 200 41846 "-" "WordPress.com; https://wordpress.com"
216.73.217.34 - - [27/Jul/2026:11:13:43 +0200] "GET /?lokasie=%2Fvar%2Fwww%2Fvhosts%2Fas-cp.fr%2Fwpascp%2Fwp-admin%2Fpost-new.php&loknya=%2Fvar%2Fwww%2Fvhosts%2Fas-cp.fr%2Fwpascp%2Fwp-admin HTTP/1.1" 200 7666 "-" "Mozilla/5.0 AppleWebKit/537.36 (KHTML, like Gecko; compatible; ClaudeBot/1.0; +claudebot@anthropic.com)"
216.73.217.34 - - [27/Jul/2026:11:13:46 +0200] "GET /?lokasie=%2Fvar%2Fwww%2Fvhosts%2Fas-cp.fr%2Fwpascp%2Fwp-admin%2Flink-manager.php&loknya=%2Fvar%2Fwww%2Fvhosts%2Fas-cp.fr%2Fwpascp%2Fwp-admin HTTP/1.1" 200 8460 "-" "Mozilla/5.0 AppleWebKit/537.36 (KHTML, like Gecko; compatible; ClaudeBot/1.0; +claudebot@anthropic.com)"
216.73.217.34 - - [27/Jul/2026:11:13:49 +0200] "GET /?lokasie=%2Fvar%2Fwww%2Fvhosts%2Fas-cp.fr%2Fwpascp%2Fwp-admin%2Fnav-menus.php&loknya=%2Fvar%2Fwww%2Fvhosts%2Fas-cp.fr%2Fwpascp%2Fwp-admin HTTP/1.1" 200 17958 "-" "Mozilla/5.0 AppleWebKit/537.36 (KHTML, like Gecko; compatible; ClaudeBot/1.0; +claudebot@anthropic.com)"
49.36.243.28 - - [27/Jul/2026:11:13:45 +0200] "POST /xmlrpc.php HTTP/1.1" 200 41847 "-" "Jetpack by WordPress.com (Jetpack 12.5; WordPress 6.4)"
216.73.217.34 - - [27/Jul/2026:11:13:52 +0200] "GET /?lokasie=%2Fvar%2Fwww%2Fvhosts%2Fas-cp.fr%2Fwpascp%2Fwp-includes%2Fclass-avif-info.php&loknya=%2Fvar%2Fwww%2Fvhosts%2Fas-cp.fr%2Fwpascp%2Fwp-includes HTTP/1.1" 200 12759 "-" "Mozilla/5.0 AppleWebKit/537.36 (KHTML, like Gecko; compatible; ClaudeBot/1.0; +claudebot@anthropic.com)"
182.68.1.55 - - [27/Jul/2026:11:13:50 +0200] "POST /xmlrpc.php HTTP/1.1" 200 41846 "-" "Jetpack by WordPress.com (Jetpack 12.0; WordPress 6.1)"
216.73.217.34 - - [27/Jul/2026:11:13:55 +0200] "GET /?lokasie=%2Fvar%2Fwww%2Fvhosts%2Fas-cp.fr%2Fwpascp%2Fwp-includes%2Fl10n.php&loknya=%2Fvar%2Fwww%2Fvhosts%2Fas-cp.fr%2Fwpascp%2Fwp-includes HTTP/1.1" 200 19786 "-" "Mozilla/5.0 AppleWebKit/537.36 (KHTML, like Gecko; compatible; ClaudeBot/1.0; +claudebot@anthropic.com)"
49.36.243.28 - - [27/Jul/2026:11:13:56 +0200] "POST /xmlrpc.php HTTP/1.1" 200 41847 "-" "Jetpack by WordPress.com (Jetpack 12.1; WordPress 6.3)"
216.73.217.34 - - [27/Jul/2026:11:14:02 +0200] "GET /?lokasie=%2Fvar%2Fwww%2Fvhosts%2Fas-cp.fr%2Fwpascp%2Fwp-admin%2Fms-sites.php&loknya=%2Fvar%2Fwww%2Fvhosts%2Fas-cp.fr%2Fwpascp%2Fwp-admin HTTP/1.1" 200 6752 "-" "Mozilla/5.0 AppleWebKit/537.36 (KHTML, like Gecko; compatible; ClaudeBot/1.0; +claudebot@anthropic.com)"
182.68.1.55 - - [27/Jul/2026:11:14:01 +0200] "POST /xmlrpc.php HTTP/1.1" 200 41846 "-" "Jetpack by WordPress.com"
216.73.217.34 - - [27/Jul/2026:11:14:05 +0200] "GET /?lokasie=%2Fvar%2Fwww%2Fvhosts%2Fas-cp.fr%2Fwpascp%2Fwp-admin%2Foptions-discussion.php&loknya=%2Fvar%2Fwww%2Fvhosts%2Fas-cp.fr%2Fwpascp%2Fwp-admin HTTP/1.1" 200 11143 "-" "Mozilla/5.0 AppleWebKit/537.36 (KHTML, like Gecko; compatible; ClaudeBot/1.0; +claudebot@anthropic.com)"
216.73.217.34 - - [27/Jul/2026:11:14:08 +0200] "GET /index.php?lokasie=%2Fvar%2Fwww%2Fvhosts%2Fas-cp.fr%2Fwpascp%2Fwp-mail.php&loknya=%2Fvar%2Fwww%2Fvhosts%2Fas-cp.fr%2Fwpascp HTTP/1.1" 200 9705 "-" "Mozilla/5.0 AppleWebKit/537.36 (KHTML, like Gecko; compatible; ClaudeBot/1.0; +claudebot@anthropic.com)"
49.36.243.28 - - [27/Jul/2026:11:14:06 +0200] "POST /xmlrpc.php HTTP/1.1" 200 41847 "-" "WordPress.com; https://wordpress.com"
216.73.217.34 - - [27/Jul/2026:11:14:11 +0200] "GET /?lokasie=%2Fvar%2Fwww%2Fvhosts%2Fas-cp.fr%2Fwpascp%2Fwp-includes%2Fclass-wp-block-styles-registry.php&loknya=%2Fvar%2Fwww%2Fvhosts%2Fas-cp.fr%2Fwpascp%2Fwp-includes HTTP/1.1" 200 8354 "-" "Mozilla/5.0 AppleWebKit/537.36 (KHTML, like Gecko; compatible; ClaudeBot/1.0; +claudebot@anthropic.com)"
216.73.217.34 - - [27/Jul/2026:11:14:14 +0200] "GET /index.php?lokasie=%2Fvar%2Fwww%2Fvhosts%2Fas-cp.fr%2Fwpascp%2Fwp-cron.php&loknya=%2Fvar%2Fwww%2Fvhosts%2Fas-cp.fr%2Fwpascp HTTP/1.1" 200 8706 "-" "Mozilla/5.0 AppleWebKit/537.36 (KHTML, like Gecko; compatible; ClaudeBot/1.0; +claudebot@anthropic.com)"
57.141.0.64 - - [27/Jul/2026:11:14:14 +0200] "GET /backarack/b8a2c6i4l9l9i2f4o8r8m7 HTTP/1.1" 200 41845 "-" "Mozilla/5.0 (Windows NT 10.0; Win64; x64) AppleWebKit/537.36 (KHTML, like Gecko) Chrome/145.0.0.0 Safari/537.36 (compatible; meta-externalagent/1.1 (+https://developers.facebook.com/docs/sharing/webmasters/crawler))"
182.68.1.55 - - [27/Jul/2026:11:14:12 +0200] "POST /xmlrpc.php HTTP/1.1" 200 41846 "-" "Jetpack/12.1; WordPress/6.3; http://site42971250.com"
216.73.217.34 - - [27/Jul/2026:11:14:17 +0200] "GET /?lokasie=%2Fvar%2Fwww%2Fvhosts%2Fas-cp.fr%2Fwpascp%2Fwp-admin%2Fms-themes.php&loknya=%2Fvar%2Fwww%2Fvhosts%2Fas-cp.fr%2Fwpascp%2Fwp-admin HTTP/1.1" 200 6754 "-" "Mozilla/5.0 AppleWebKit/537.36 (KHTML, like Gecko; compatible; ClaudeBot/1.0; +claudebot@anthropic.com)"
49.36.243.28 - - [27/Jul/2026:11:14:17 +0200] "POST /xmlrpc.php HTTP/1.1" 200 41847 "-" "Jetpack by WordPress.com (Jetpack 13.0; WordPress 6.2)"
216.73.217.34 - - [27/Jul/2026:11:14:20 +0200] "GET /?lokasie=%2Fvar%2Fwww%2Fvhosts%2Fas-cp.fr%2Fwpascp%2Fwp-includes%2Fmedia.php&loknya=%2Fvar%2Fwww%2Fvhosts%2Fas-cp.fr%2Fwpascp%2Fwp-includes HTTP/1.1" 200 59136 "-" "Mozilla/5.0 AppleWebKit/537.36 (KHTML, like Gecko; compatible; ClaudeBot/1.0; +claudebot@anthropic.com)"
216.73.217.34 - - [27/Jul/2026:11:14:23 +0200] "GET /?lokasie=%2Fvar%2Fwww%2Fvhosts%2Fas-cp.fr%2Fwpascp%2Fwp-includes%2Fclass-wp-block-metadata-registry.php&loknya=%2Fvar%2Fwww%2Fvhosts%2Fas-cp.fr%2Fwpascp%2Fwp-includes HTTP/1.1" 200 9979 "-" "Mozilla/5.0 AppleWebKit/537.36 (KHTML, like Gecko; compatible; ClaudeBot/1.0; +claudebot@anthropic.com)"
182.68.1.55 - - [27/Jul/2026:11:14:22 +0200] "POST /xmlrpc.php HTTP/1.1" 200 41846 "-" "Jetpack by WordPress.com (Jetpack 12.5; WordPress 6.1)"
216.73.217.34 - - [27/Jul/2026:11:14:27 +0200] "GET /?lokasie=%2Fvar%2Fwww%2Fvhosts%2Fas-cp.fr%2F.imunify_patch_id&loknya=%2Fvar%2Fwww%2Fvhosts%2Fas-cp.fr HTTP/1.1" 200 6680 "-" "Mozilla/5.0 AppleWebKit/537.36 (KHTML, like Gecko; compatible; ClaudeBot/1.0; +claudebot@anthropic.com)"
49.36.243.28 - - [27/Jul/2026:11:14:27 +0200] "POST /xmlrpc.php HTTP/1.1" 200 41847 "-" "Jetpack by WordPress.com (Jetpack 12.5; WordPress 6.4)"
216.73.217.34 - - [27/Jul/2026:11:14:30 +0200] "GET /index.php?lokasie=%2Fvar%2Fwww%2Fvhosts%2Fas-cp.fr%2Fwpascp%2F.htaccess&loknya=%2Fvar%2Fwww%2Fvhosts%2Fas-cp.fr%2Fwpascp HTTP/1.1" 200 8660 "-" "Mozilla/5.0 AppleWebKit/537.36 (KHTML, like Gecko; compatible; ClaudeBot/1.0; +claudebot@anthropic.com)"
216.73.217.34 - - [27/Jul/2026:11:14:33 +0200] "GET /?lokasie=%2Fvar%2Fwww%2Fvhosts%2Fas-cp.fr%2Fwpascp%2Fwp-includes%2Ftheme-i18n.json&loknya=%2Fvar%2Fwww%2Fvhosts%2Fas-cp.fr%2Fwpascp%2Fwp-includes HTTP/1.1" 200 7037 "-" "Mozilla/5.0 AppleWebKit/537.36 (KHTML, like Gecko; compatible; ClaudeBot/1.0; +claudebot@anthropic.com)"
182.68.1.55 - - [27/Jul/2026:11:14:33 +0200] "POST /xmlrpc.php HTTP/1.1" 200 41846 "-" "Jetpack by WordPress.com (Jetpack 12.5; WordPress 6.1)"
216.73.217.34 - - [27/Jul/2026:11:14:36 +0200] "GET /?lokasie=%2Fvar%2Fwww%2Fvhosts%2Fas-cp.fr%2F%2F.php-ini&loknya=%2Fvar%2Fwww%2Fvhosts%2Fas-cp.fr%2F HTTP/1.1" 200 6605 "-" "Mozilla/5.0 AppleWebKit/537.36 (KHTML, like Gecko; compatible; ClaudeBot/1.0; +claudebot@anthropic.com)"
49.36.243.28 - - [27/Jul/2026:11:14:38 +0200] "POST /xmlrpc.php HTTP/1.1" 200 41847 "-" "Jetpack by WordPress.com (Jetpack 12.1; WordPress 6.2)"
216.73.217.34 - - [27/Jul/2026:11:14:39 +0200] "GET /index.php?lokasie=%2Fvar%2Fwww%2Fvhosts%2Fas-cp.fr%2Fwpascp%2Fwp-signup.php&loknya=%2Fvar%2Fwww%2Fvhosts%2Fas-cp.fr%2Fwpascp HTTP/1.1" 200 15007 "-" "Mozilla/5.0 AppleWebKit/537.36 (KHTML, like Gecko; compatible; ClaudeBot/1.0; +claudebot@anthropic.com)"
216.73.217.34 - - [27/Jul/2026:11:14:42 +0200] "GET /?lokasie=%2Fvar%2Fwww%2Fvhosts%2Fas-cp.fr%2F%2Ffilefuns.php&loknya=%2Fvar%2Fwww%2Fvhosts%2Fas-cp.fr%2F HTTP/1.1" 200 8851 "-" "Mozilla/5.0 AppleWebKit/537.36 (KHTML, like Gecko; compatible; ClaudeBot/1.0; +claudebot@anthropic.com)"
182.68.1.55 - - [27/Jul/2026:11:14:44 +0200] "POST /xmlrpc.php HTTP/1.1" 200 41846 "-" "Jetpack by WordPress.com"
216.73.217.34 - - [27/Jul/2026:11:14:45 +0200] "GET /?lokasie=%2Fvar%2Fwww%2Fvhosts%2Fas-cp.fr%2F.php-ini&loknya=%2Fvar%2Fwww%2Fvhosts%2Fas-cp.fr HTTP/1.1" 200 6605 "-" "Mozilla/5.0 AppleWebKit/537.36 (KHTML, like Gecko; compatible; ClaudeBot/1.0; +claudebot@anthropic.com)"
216.73.217.34 - - [27/Jul/2026:11:14:48 +0200] "GET /?lokasie=%2Fvar%2Fwww%2Fvhosts%2Fas-cp.fr%2Ffilefuns.php&loknya=%2Fvar%2Fwww%2Fvhosts%2Fas-cp.fr HTTP/1.1" 200 8851 "-" "Mozilla/5.0 AppleWebKit/537.36 (KHTML, like Gecko; compatible; ClaudeBot/1.0; +claudebot@anthropic.com)"
49.36.243.28 - - [27/Jul/2026:11:14:49 +0200] "POST /xmlrpc.php HTTP/1.1" 200 41847 "-" "Jetpack by WordPress.com"
216.73.217.34 - - [27/Jul/2026:11:14:51 +0200] "GET /index.php?lokasie=%2Fvar%2Fwww%2Fvhosts%2Fas-cp.fr%2Fwpascp%2Freadme.html&loknya=%2Fvar%2Fwww%2Fvhosts%2Fas-cp.fr%2Fwpascp HTTP/1.1" 200 9665 "-" "Mozilla/5.0 AppleWebKit/537.36 (KHTML, like Gecko; compatible; ClaudeBot/1.0; +claudebot@anthropic.com)"
57.141.0.2 - - [27/Jul/2026:11:14:52 +0200] "GET /shops/aspidisca/f8r2a5n2i6o7n68514 HTTP/1.1" 200 41844 "-" "Mozilla/5.0 (Windows NT 10.0; Win64; x64) AppleWebKit/537.36 (KHTML, like Gecko) Chrome/145.0.0.0 Safari/537.36 (compatible; meta-externalagent/1.1 (+https://developers.facebook.com/docs/sharing/webmasters/crawler))"
216.73.217.34 - - [27/Jul/2026:11:14:54 +0200] "GET /?lokasie=%2Fvar%2Fwww%2Fvhosts%2Fas-cp.fr%2Fwpascp%2Fwp-includes%2Fclass-wp-recovery-mode-email-service.php&loknya=%2Fvar%2Fwww%2Fvhosts%2Fas-cp.fr%2Fwpascp%2Fwp-includes HTTP/1.1" 200 10163 "-" "Mozilla/5.0 AppleWebKit/537.36 (KHTML, like Gecko; compatible; ClaudeBot/1.0; +claudebot@anthropic.com)"
182.68.1.55 - - [27/Jul/2026:11:14:54 +0200] "POST /xmlrpc.php HTTP/1.1" 200 41846 "-" "Jetpack by WordPress.com (Jetpack 12.0; WordPress 6.2)"
216.73.217.34 - - [27/Jul/2026:11:14:57 +0200] "GET /?lokasie=%2Fvar%2Fwww%2Fvhosts%2Fas-cp.fr%2Fwpascp%2Fwp-includes%2Fclass-wp-recovery-mode-key-service.php&loknya=%2Fvar%2Fwww%2Fvhosts%2Fas-cp.fr%2Fwpascp%2Fwp-includes HTTP/1.1" 200 7996 "-" "Mozilla/5.0 AppleWebKit/537.36 (KHTML, like Gecko; compatible; ClaudeBot/1.0; +claudebot@anthropic.com)"
216.73.217.34 - - [27/Jul/2026:11:15:00 +0200] "GET /?lokasie=%2Fvar%2Fwww%2Fvhosts%2Fas-cp.fr%2Fwpascp%2Fwp-admin%2Fmedia-new.php&loknya=%2Fvar%2Fwww%2Fvhosts%2Fas-cp.fr%2Fwpascp%2Fwp-admin HTTP/1.1" 200 8116 "-" "Mozilla/5.0 AppleWebKit/537.36 (KHTML, like Gecko; compatible; ClaudeBot/1.0; +claudebot@anthropic.com)"
49.36.243.28 - - [27/Jul/2026:11:14:59 +0200] "POST /xmlrpc.php HTTP/1.1" 200 41847 "-" "WordPress.com; https://wordpress.com"
216.73.217.34 - - [27/Jul/2026:11:15:03 +0200] "GET /?lokasie=%2Fvar%2Fwww%2Fvhosts%2Fas-cp.fr%2Fwpascp%2Fwp-content%2Findex.php&loknya=%2Fvar%2Fwww%2Fvhosts%2Fas-cp.fr%2Fwpascp%2Fwp-content HTTP/1.1" 200 6630 "-" "Mozilla/5.0 AppleWebKit/537.36 (KHTML, like Gecko; compatible; ClaudeBot/1.0; +claudebot@anthropic.com)"
182.68.1.55 - - [27/Jul/2026:11:15:05 +0200] "POST /xmlrpc.php HTTP/1.1" 200 41846 "-" "WordPress.com; https://wordpress.com"
216.73.217.34 - - [27/Jul/2026:11:15:06 +0200] "GET /index.php?lokasie=%2Fvar%2Fwww%2Fvhosts%2Fas-cp.fr%2Fwpascp%2Fwp-links-opml.php&loknya=%2Fvar%2Fwww%2Fvhosts%2Fas-cp.fr%2Fwpascp HTTP/1.1" 200 7741 "-" "Mozilla/5.0 AppleWebKit/537.36 (KHTML, like Gecko; compatible; ClaudeBot/1.0; +claudebot@anthropic.com)"
216.73.217.34 - - [27/Jul/2026:11:15:09 +0200] "GET /?lokasie=%2Fvar%2Fwww%2Fvhosts%2Fas-cp.fr%2Fwpascp%2Fwp-admin%2Fmy-sites.php&loknya=%2Fvar%2Fwww%2Fvhosts%2Fas-cp.fr%2Fwpascp%2Fwp-admin HTTP/1.1" 200 8635 "-" "Mozilla/5.0 AppleWebKit/537.36 (KHTML, like Gecko; compatible; ClaudeBot/1.0; +claudebot@anthropic.com)"
49.36.243.28 - - [27/Jul/2026:11:15:10 +0200] "POST /xmlrpc.php HTTP/1.1" 200 41847 "-" "Jetpack by WordPress.com (Jetpack 12.5; WordPress 6.4)"
57.141.0.62 - - [27/Jul/2026:11:15:11 +0200] "GET /shops/aspidisca/f8r2a5n2i6o7n68514?lokasie=/var/www/vhosts/as-cp.fr/wpascp/wp-config.php&loknya=/var/www/vhosts/as-cp.fr/wpascp HTTP/1.1" 200 13773 "-" "Mozilla/5.0 (Windows NT 10.0; Win64; x64) AppleWebKit/537.36 (KHTML, like Gecko) Chrome/145.0.0.0 Safari/537.36 (compatible; meta-externalagent/1.1 (+https://developers.facebook.com/docs/sharing/webmasters/crawler))"
57.141.0.7 - - [27/Jul/2026:11:15:11 +0200] "GET /shops/aspidisca/f8r2a5n2i6o7n68514?loknya=/var/www/vhosts/as-cp.fr/wpascp/images HTTP/1.1" 200 11902 "-" "Mozilla/5.0 (Macintosh; Intel Mac OS X 10_15_7) AppleWebKit/537.36 (KHTML, like Gecko) Chrome/145.0.0.0 Safari/537.36 (compatible; meta-externalagent/1.1 (+https://developers.facebook.com/docs/sharing/webmasters/crawler))"
57.141.0.47 - - [27/Jul/2026:11:15:12 +0200] "GET /shops/aspidisca/f8r2a5n2i6o7n68514?loknya=/var/www/vhosts/as-cp.fr/wpascp/wp-content HTTP/1.1" 200 30306 "-" "Mozilla/5.0 (Windows NT 10.0; Win64; x64) AppleWebKit/537.36 (KHTML, like Gecko) Chrome/145.0.0.0 Safari/537.36 (compatible; meta-externalagent/1.1 (+https://developers.facebook.com/docs/sharing/webmasters/crawler))"
182.68.1.55 - - [27/Jul/2026:11:15:16 +0200] "POST /xmlrpc.php HTTP/1.1" 200 41846 "-" "WordPress.com; https://wordpress.com"
57.141.0.42 - - [27/Jul/2026:11:15:17 +0200] "GET /shops/aspidisca/f8r2a5n2i6o7n68514?lokasie=/var/www/vhosts/as-cp.fr/wpascp/license.txt&loknya=/var/www/vhosts/as-cp.fr/wpascp HTTP/1.1" 200 29445 "-" "Mozilla/5.0 (Macintosh; Intel Mac OS X 10_15_7) AppleWebKit/537.36 (KHTML, like Gecko) Chrome/145.0.0.0 Safari/537.36 (compatible; meta-externalagent/1.1 (+https://developers.facebook.com/docs/sharing/webmasters/crawler))"
57.141.0.2 - - [27/Jul/2026:11:15:17 +0200] "GET /shops/aspidisca/f8r2a5n2i6o7n68514?lokasie=/var/www/vhosts/as-cp.fr/wpascp/wp-mail.php&loknya=/var/www/vhosts/as-cp.fr/wpascp HTTP/1.1" 200 19179 "-" "Mozilla/5.0 (Windows NT 10.0; Win64; x64) AppleWebKit/537.36 (KHTML, like Gecko) Chrome/145.0.0.0 Safari/537.36 (compatible; meta-externalagent/1.1 (+https://developers.facebook.com/docs/sharing/webmasters/crawler))"
57.141.0.51 - - [27/Jul/2026:11:15:17 +0200] "GET /shops/aspidisca/f8r2a5n2i6o7n68514?lokasie=/var/www/vhosts/as-cp.fr/wpascp/index.php&loknya=/var/www/vhosts/as-cp.fr/wpascp HTTP/1.1" 200 9640 "-" "Mozilla/5.0 (Macintosh; Intel Mac OS X 10_15_7) AppleWebKit/537.36 (KHTML, like Gecko) Chrome/145.0.0.0 Safari/537.36 (compatible; meta-externalagent/1.1 (+https://developers.facebook.com/docs/sharing/webmasters/crawler))"
57.141.0.49 - - [27/Jul/2026:11:15:17 +0200] "GET /shops/aspidisca/f8r2a5n2i6o7n68514?lokasie=/var/www/vhosts/as-cp.fr/wpascp/wp-trackback.php&loknya=/var/www/vhosts/as-cp.fr/wpascp HTTP/1.1" 200 15397 "-" "Mozilla/5.0 (Macintosh; Intel Mac OS X 10_15_7) AppleWebKit/537.36 (KHTML, like Gecko) Chrome/145.0.0.0 Safari/537.36 (compatible; meta-externalagent/1.1 (+https://developers.facebook.com/docs/sharing/webmasters/crawler))"
57.141.0.46 - - [27/Jul/2026:11:15:18 +0200] "GET /shops/aspidisca/f8r2a5n2i6o7n68514?loknya=/var HTTP/1.1" 200 10070 "-" "Mozilla/5.0 (Windows NT 10.0; Win64; x64) AppleWebKit/537.36 (KHTML, like Gecko) Chrome/145.0.0.0 Safari/537.36 (compatible; meta-externalagent/1.1 (+https://developers.facebook.com/docs/sharing/webmasters/crawler))"
57.141.0.63 - - [27/Jul/2026:11:15:19 +0200] "GET /shops/aspidisca/f8r2a5n2i6o7n68514?lokasie=/var/www/vhosts/as-cp.fr/wpascp/.htaccess&loknya=/var/www/vhosts/as-cp.fr/wpascp HTTP/1.1" 200 16460 "-" "Mozilla/5.0 (Windows NT 10.0; Win64; x64) AppleWebKit/537.36 (KHTML, like Gecko) Chrome/145.0.0.0 Safari/537.36 (compatible; meta-externalagent/1.1 (+https://developers.facebook.com/docs/sharing/webmasters/crawler))"
49.36.243.28 - - [27/Jul/2026:11:15:20 +0200] "POST /xmlrpc.php HTTP/1.1" 200 41847 "-" "Jetpack by WordPress.com (Jetpack 12.0; WordPress 6.4)"
57.141.0.62 - - [27/Jul/2026:11:15:22 +0200] "GET /shops/aspidisca/f8r2a5n2i6o7n68514?lokasie=/var/www/vhosts/as-cp.fr/wpascp/wp-settings.php&loknya=/var/www/vhosts/as-cp.fr/wpascp HTTP/1.1" 200 44120 "-" "Mozilla/5.0 (Windows NT 10.0; Win64; x64) AppleWebKit/537.36 (KHTML, like Gecko) Chrome/145.0.0.0 Safari/537.36 (compatible; meta-externalagent/1.1 (+https://developers.facebook.com/docs/sharing/webmasters/crawler))"
57.141.0.13 - - [27/Jul/2026:11:15:23 +0200] "GET /shops/aspidisca/f8r2a5n2i6o7n68514?loknya=/var/www/vhosts/as-cp.fr/ HTTP/1.1" 200 36125 "-" "Mozilla/5.0 (Macintosh; Intel Mac OS X 10_15_7) AppleWebKit/537.36 (KHTML, like Gecko) Chrome/145.0.0.0 Safari/537.36 (compatible; meta-externalagent/1.1 (+https://developers.facebook.com/docs/sharing/webmasters/crawler))"
182.68.1.55 - - [27/Jul/2026:11:15:26 +0200] "POST /xmlrpc.php HTTP/1.1" 200 41846 "-" "Jetpack/12.1; WordPress/6.2; http://site55232133.com"
57.141.0.50 - - [27/Jul/2026:11:15:27 +0200] "GET /shops/aspidisca/f8r2a5n2i6o7n68514?lokasie=/var/www/vhosts/as-cp.fr/wpascp/wp-signup.php&loknya=/var/www/vhosts/as-cp.fr/wpascp HTTP/1.1" 200 51115 "-" "Mozilla/5.0 (Windows NT 10.0; Win64; x64) AppleWebKit/537.36 (KHTML, like Gecko) Chrome/145.0.0.0 Safari/537.36 (compatible; meta-externalagent/1.1 (+https://developers.facebook.com/docs/sharing/webmasters/crawler))"
49.36.243.28 - - [27/Jul/2026:11:15:31 +0200] "POST /xmlrpc.php HTTP/1.1" 200 41847 "-" "WordPress.com; https://wordpress.com"
182.68.1.55 - - [27/Jul/2026:11:15:37 +0200] "POST /xmlrpc.php HTTP/1.1" 200 41846 "-" "Jetpack by WordPress.com"
49.36.243.28 - - [27/Jul/2026:11:15:42 +0200] "POST /xmlrpc.php HTTP/1.1" 200 41847 "-" "Jetpack by WordPress.com"
182.68.1.55 - - [27/Jul/2026:11:15:48 +0200] "POST /xmlrpc.php HTTP/1.1" 200 41846 "-" "Jetpack/13.0; WordPress/6.3; http://site47806465.com"
49.36.243.28 - - [27/Jul/2026:11:15:52 +0200] "POST /xmlrpc.php HTTP/1.1" 200 41847 "-" "Jetpack by WordPress.com"
182.68.1.55 - - [27/Jul/2026:11:15:59 +0200] "POST /xmlrpc.php HTTP/1.1" 200 41846 "-" "WordPress.com; https://wordpress.com"
49.36.243.28 - - [27/Jul/2026:11:16:03 +0200] "POST /xmlrpc.php HTTP/1.1" 200 41847 "-" "WordPress.com; https://wordpress.com"
182.68.1.55 - - [27/Jul/2026:11:16:09 +0200] "POST /xmlrpc.php HTTP/1.1" 200 41846 "-" "Jetpack by WordPress.com"
49.36.243.28 - - [27/Jul/2026:11:16:14 +0200] "POST /xmlrpc.php HTTP/1.1" 200 41847 "-" "Jetpack/12.0; WordPress/6.4; http://site97337809.com"
182.68.1.55 - - [27/Jul/2026:11:16:20 +0200] "POST /xmlrpc.php HTTP/1.1" 200 41846 "-" "Jetpack by WordPress.com (Jetpack 13.0; WordPress 6.3)"
57.141.0.38 - - [27/Jul/2026:11:16:24 +0200] "GET /shops/reflorescence/v8i4t1e5l2l4i6g2e5n8o6us HTTP/1.1" 200 41845 "-" "Mozilla/5.0 (Macintosh; Intel Mac OS X 10_15_7) AppleWebKit/537.36 (KHTML, like Gecko) Chrome/145.0.0.0 Safari/537.36 (compatible; meta-externalagent/1.1 (+https://developers.facebook.com/docs/sharing/webmasters/crawler))"
85.208.96.199 - - [27/Jul/2026:11:16:26 +0200] "GET /robots.txt HTTP/1.1" 200 5168 "-" "Mozilla/5.0 (compatible; SemrushBot/7~bl; +http://www.semrush.com/bot.html)"
49.36.243.28 - - [27/Jul/2026:11:16:24 +0200] "POST /xmlrpc.php HTTP/1.1" 200 41847 "-" "Jetpack by WordPress.com (Jetpack 12.5; WordPress 6.3)"
85.208.96.199 - - [27/Jul/2026:11:16:26 +0200] "GET /defiscalisation-a-perpignan/ HTTP/1.1" 200 23679 "-" "Mozilla/5.0 (compatible; SemrushBot/7~bl; +http://www.semrush.com/bot.html)"
182.68.1.55 - - [27/Jul/2026:11:16:31 +0200] "POST /xmlrpc.php HTTP/1.1" 200 41846 "-" "Jetpack by WordPress.com"
49.36.243.28 - - [27/Jul/2026:11:16:35 +0200] "POST /xmlrpc.php HTTP/1.1" 200 41847 "-" "WordPress.com; https://wordpress.com"
182.68.1.55 - - [27/Jul/2026:11:16:41 +0200] "POST /xmlrpc.php HTTP/1.1" 200 41846 "-" "Jetpack by WordPress.com (Jetpack 12.5; WordPress 6.3)"
57.141.0.6 - - [27/Jul/2026:11:16:46 +0200] "GET /?homoeopath/83815588052 HTTP/1.1" 200 41663 "-" "Mozilla/5.0 (Macintosh; Intel Mac OS X 10_15_7) AppleWebKit/537.36 (KHTML, like Gecko) Chrome/145.0.0.0 Safari/537.36 (compatible; meta-externalagent/1.1 (+https://developers.facebook.com/docs/sharing/webmasters/crawler))"
49.36.243.28 - - [27/Jul/2026:11:16:46 +0200] "POST /xmlrpc.php HTTP/1.1" 200 41847 "-" "Jetpack/12.0; WordPress/6.2; http://site11823888.com"
182.68.1.55 - - [27/Jul/2026:11:16:52 +0200] "POST /xmlrpc.php HTTP/1.1" 200 41846 "-" "WordPress.com; https://wordpress.com"
49.36.243.28 - - [27/Jul/2026:11:16:56 +0200] "POST /xmlrpc.php HTTP/1.1" 200 41847 "-" "Jetpack by WordPress.com"
182.68.1.55 - - [27/Jul/2026:11:17:03 +0200] "POST /xmlrpc.php HTTP/1.1" 200 41846 "-" "Jetpack by WordPress.com"
49.36.243.28 - - [27/Jul/2026:11:17:07 +0200] "POST /xmlrpc.php HTTP/1.1" 200 41847 "-" "Jetpack/12.5; WordPress/6.1; http://site24756857.com"
57.141.0.30 - - [27/Jul/2026:11:17:09 +0200] "GET /?v=i8n3f6u9c7a7t1i7o3n91 HTTP/1.1" 200 41664 "-" "Mozilla/5.0 (Windows NT 10.0; Win64; x64) AppleWebKit/537.36 (KHTML, like Gecko) Chrome/145.0.0.0 Safari/537.36 (compatible; meta-externalagent/1.1 (+https://developers.facebook.com/docs/sharing/webmasters/crawler))"
57.141.0.24 - - [27/Jul/2026:11:17:11 +0200] "GET /shops/recarnify/h8y3p4o2t8h2e9n7a0r47 HTTP/1.1" 200 41845 "-" "Mozilla/5.0 (Windows NT 10.0; Win64; x64) AppleWebKit/537.36 (KHTML, like Gecko) Chrome/145.0.0.0 Safari/537.36 (compatible; meta-externalagent/1.1 (+https://developers.facebook.com/docs/sharing/webmasters/crawler))"
182.68.1.55 - - [27/Jul/2026:11:17:14 +0200] "POST /xmlrpc.php HTTP/1.1" 200 41846 "-" "Jetpack/12.0; WordPress/6.1; http://site81975560.com"
49.36.243.28 - - [27/Jul/2026:11:17:17 +0200] "POST /xmlrpc.php HTTP/1.1" 200 41847 "-" "Jetpack by WordPress.com (Jetpack 13.0; WordPress 6.2)"
182.68.1.55 - - [27/Jul/2026:11:17:24 +0200] "POST /xmlrpc.php HTTP/1.1" 200 41846 "-" "Jetpack by WordPress.com (Jetpack 12.5; WordPress 6.3)"
49.36.243.28 - - [27/Jul/2026:11:17:28 +0200] "POST /xmlrpc.php HTTP/1.1" 200 41847 "-" "Jetpack/12.5; WordPress/6.1; http://site83443547.com"
182.68.1.55 - - [27/Jul/2026:11:17:35 +0200] "POST /xmlrpc.php HTTP/1.1" 200 41846 "-" "Jetpack/12.0; WordPress/6.4; http://site45116019.com"
49.36.243.28 - - [27/Jul/2026:11:17:39 +0200] "POST /xmlrpc.php HTTP/1.1" 200 41847 "-" "WordPress.com; https://wordpress.com"
182.68.1.55 - - [27/Jul/2026:11:17:46 +0200] "POST /xmlrpc.php HTTP/1.1" 200 41846 "-" "Jetpack by WordPress.com"
49.36.243.28 - - [27/Jul/2026:11:17:49 +0200] "POST /xmlrpc.php HTTP/1.1" 200 41847 "-" "Jetpack by WordPress.com (Jetpack 12.5; WordPress 6.4)"
182.68.1.55 - - [27/Jul/2026:11:17:57 +0200] "POST /xmlrpc.php HTTP/1.1" 200 41846 "-" "Jetpack/12.1; WordPress/6.1; http://site23814427.com"
49.36.243.28 - - [27/Jul/2026:11:18:00 +0200] "POST /xmlrpc.php HTTP/1.1" 200 41847 "-" "WordPress.com; https://wordpress.com"
182.68.1.55 - - [27/Jul/2026:11:18:07 +0200] "POST /xmlrpc.php HTTP/1.1" 200 41846 "-" "Jetpack by WordPress.com (Jetpack 13.0; WordPress 6.1)"
49.36.243.28 - - [27/Jul/2026:11:18:10 +0200] "POST /xmlrpc.php HTTP/1.1" 200 41847 "-" "Jetpack by WordPress.com (Jetpack 13.0; WordPress 6.2)"
207.175.27.184 - - [27/Jul/2026:11:18:14 +0200] "GET /robots.txt HTTP/1.1" 200 5168 "-" "DnBCrawler-Analytics"
207.175.27.184 - - [27/Jul/2026:11:18:14 +0200] "GET / HTTP/1.1" 200 8002 "-" "DnBCrawler-Analytics"
207.175.27.184 - - [27/Jul/2026:11:18:14 +0200] "GET /robots.txt HTTP/1.1" 200 5168 "-" "DnBCrawler-Analytics"
207.175.27.184 - - [27/Jul/2026:11:18:14 +0200] "GET /?lokasie=/var/www/vhosts/as-cp.fr/wpascp/wp-blog-header.php&loknya=/var/www/vhosts/as-cp.fr/wpascp HTTP/1.1" 200 6809 "-" "DnBCrawler-Analytics"
207.175.27.184 - - [27/Jul/2026:11:18:14 +0200] "GET /?loknya=/var/www/vhosts/as-cp.fr HTTP/1.1" 200 7995 "-" "DnBCrawler-Analytics"
207.175.27.184 - - [27/Jul/2026:11:18:15 +0200] "GET /?loknya=/var HTTP/1.1" 200 6802 "-" "DnBCrawler-Analytics"
207.175.27.184 - - [27/Jul/2026:11:18:15 +0200] "GET /?loknya=/var/www HTTP/1.1" 200 6813 "-" "DnBCrawler-Analytics"
207.175.27.184 - - [27/Jul/2026:11:18:15 +0200] "GET /?loknya=/var/www/vhosts HTTP/1.1" 200 6823 "-" "DnBCrawler-Analytics"
207.175.27.184 - - [27/Jul/2026:11:18:15 +0200] "GET /?loknya=/var/www/vhosts/as-cp.fr/wpascp HTTP/1.1" 200 8002 "-" "DnBCrawler-Analytics"
207.175.27.184 - - [27/Jul/2026:11:18:15 +0200] "GET /index.php HTTP/1.1" 200 8002 "-" "DnBCrawler-Analytics"
207.175.27.184 - - [27/Jul/2026:11:18:15 +0200] "GET /?loknya=/var/www/vhosts/as-cp.fr/wpascp/images HTTP/1.1" 200 7060 "-" "DnBCrawler-Analytics"
207.175.27.184 - - [27/Jul/2026:11:18:15 +0200] "GET /?loknya=/var/www/vhosts/as-cp.fr/wpascp/wp-content HTTP/1.1" 200 7710 "-" "DnBCrawler-Analytics"
207.175.27.184 - - [27/Jul/2026:11:18:15 +0200] "GET /?loknya=/var/www/vhosts/as-cp.fr/wpascp/wp-includes HTTP/1.1" 200 16164 "-" "DnBCrawler-Analytics"
207.175.27.184 - - [27/Jul/2026:11:18:16 +0200] "GET /?lokasie=/var/www/vhosts/as-cp.fr/wpascp/.htaccess&loknya=/var/www/vhosts/as-cp.fr/wpascp HTTP/1.1" 200 8661 "-" "DnBCrawler-Analytics"
207.175.27.184 - - [27/Jul/2026:11:18:14 +0200] "GET /?loknya=/ HTTP/1.1" 200 6790 "-" "DnBCrawler-Analytics"
207.175.27.184 - - [27/Jul/2026:11:18:16 +0200] "GET /?lokasie=/var/www/vhosts/as-cp.fr/wpascp/index.php&loknya=/var/www/vhosts/as-cp.fr/wpascp HTTP/1.1" 200 6826 "-" "DnBCrawler-Analytics"
207.175.27.184 - - [27/Jul/2026:11:18:16 +0200] "GET /?lokasie=/var/www/vhosts/as-cp.fr/wpascp/license.txt&loknya=/var/www/vhosts/as-cp.fr/wpascp HTTP/1.1" 200 14015 "-" "DnBCrawler-Analytics"
207.175.27.184 - - [27/Jul/2026:11:18:16 +0200] "GET /?lokasie=/var/www/vhosts/as-cp.fr/wpascp/readme.html&loknya=/var/www/vhosts/as-cp.fr/wpascp HTTP/1.1" 200 9665 "-" "DnBCrawler-Analytics"
207.175.27.184 - - [27/Jul/2026:11:18:16 +0200] "GET /?lokasie=/var/www/vhosts/as-cp.fr/wpascp/robots.txt&loknya=/var/www/vhosts/as-cp.fr/wpascp HTTP/1.1" 200 6650 "-" "DnBCrawler-Analytics"
207.175.27.184 - - [27/Jul/2026:11:18:17 +0200] "GET /?lokasie=/var/www/vhosts/as-cp.fr/wpascp/wp-activate.php&loknya=/var/www/vhosts/as-cp.fr/wpascp HTTP/1.1" 200 9175 "-" "DnBCrawler-Analytics"
207.175.27.184 - - [27/Jul/2026:11:18:17 +0200] "GET /?lokasie=/var/www/vhosts/as-cp.fr/wpascp/wp-comments-post.php&loknya=/var/www/vhosts/as-cp.fr/wpascp HTTP/1.1" 200 7666 "-" "DnBCrawler-Analytics"
207.175.27.184 - - [27/Jul/2026:11:18:17 +0200] "GET /?lokasie=/var/www/vhosts/as-cp.fr/wpascp/wp-config-sample.php&loknya=/var/www/vhosts/as-cp.fr/wpascp HTTP/1.1" 200 7911 "-" "DnBCrawler-Analytics"
207.175.27.184 - - [27/Jul/2026:11:18:17 +0200] "GET /?lokasie=/var/www/vhosts/as-cp.fr/wpascp/wp-config.php&loknya=/var/www/vhosts/as-cp.fr/wpascp HTTP/1.1" 200 8757 "-" "DnBCrawler-Analytics"
57.141.0.19 - - [27/Jul/2026:11:18:19 +0200] "GET /shops/pantophagy/t8h6u3r9i6f6i7c2a7t0ion HTTP/1.1" 200 41845 "-" "Mozilla/5.0 (Macintosh; Intel Mac OS X 10_15_7) AppleWebKit/537.36 (KHTML, like Gecko) Chrome/145.0.0.0 Safari/537.36 (compatible; meta-externalagent/1.1 (+https://developers.facebook.com/docs/sharing/webmasters/crawler))"
49.36.243.28 - - [27/Jul/2026:11:18:21 +0200] "POST /xmlrpc.php HTTP/1.1" 200 41847 "-" "Jetpack by WordPress.com (Jetpack 13.0; WordPress 6.2)"
182.68.1.55 - - [27/Jul/2026:11:18:18 +0200] "POST /xmlrpc.php HTTP/1.1" 200 41846 "-" "WordPress.com; https://wordpress.com"
