216.73.217.34 - - [27/Jul/2026:10:02:25 +0200] "GET /?lokasie=%2Fvar%2Fwww%2Fvhosts%2Fas-cp.fr%2Fwpascp%2Fwp-activate.php&loknya=%2Fvar%2Fwww%2Fvhosts%2Fas-cp.fr%2Fwpascp HTTP/1.1" 200 9173 "-" "Mozilla/5.0 AppleWebKit/537.36 (KHTML, like Gecko; compatible; ClaudeBot/1.0; +claudebot@anthropic.com)"
157.143.201.8 - - [27/Jul/2026:10:02:25 +0200] "GET /prestations-particuliers/ HTTP/1.1" 200 23096 "https://as-cp.fr/" "Mozilla/5.0 (iPhone; CPU iPhone OS 18_7 like Mac OS X) AppleWebKit/605.1.15 (KHTML, like Gecko) Version/26.2 Mobile/15E148 Safari/604.1"
157.143.201.8 - - [27/Jul/2026:10:02:26 +0200] "GET /wp-content/uploads/2021/03/bg-bandeau.jpg HTTP/1.1" 200 5080 "https://as-cp.fr/prestations-particuliers/" "Mozilla/5.0 (iPhone; CPU iPhone OS 18_7 like Mac OS X) AppleWebKit/605.1.15 (KHTML, like Gecko) Version/26.2 Mobile/15E148 Safari/604.1"
157.143.201.8 - - [27/Jul/2026:10:02:26 +0200] "GET /wp-content/uploads/la_icon_sets/style.min.css?ver=6.9.4 HTTP/1.1" 304 5020 "https://as-cp.fr/prestations-particuliers/" "Mozilla/5.0 (iPhone; CPU iPhone OS 18_7 like Mac OS X) AppleWebKit/605.1.15 (KHTML, like Gecko) Version/26.2 Mobile/15E148 Safari/604.1"
157.143.201.8 - - [27/Jul/2026:10:02:26 +0200] "GET /wp-content/themes/agencepointcom/img/sep-bandeau.png HTTP/1.1" 200 5090 "https://as-cp.fr/prestations-particuliers/" "Mozilla/5.0 (iPhone; CPU iPhone OS 18_7 like Mac OS X) AppleWebKit/605.1.15 (KHTML, like Gecko) Version/26.2 Mobile/15E148 Safari/604.1"
157.143.201.8 - - [27/Jul/2026:10:02:26 +0200] "GET /wp-content/uploads/2021/03/image-presta-1-700x700.jpg HTTP/1.1" 200 5092 "https://as-cp.fr/prestations-particuliers/" "Mozilla/5.0 (iPhone; CPU iPhone OS 18_7 like Mac OS X) AppleWebKit/605.1.15 (KHTML, like Gecko) Version/26.2 Mobile/15E148 Safari/604.1"
157.143.201.8 - - [27/Jul/2026:10:02:26 +0200] "GET /wp-content/uploads/2025/07/Salle_de_reunion-700x700.jpg HTTP/1.1" 200 5094 "https://as-cp.fr/prestations-particuliers/" "Mozilla/5.0 (iPhone; CPU iPhone OS 18_7 like Mac OS X) AppleWebKit/605.1.15 (KHTML, like Gecko) Version/26.2 Mobile/15E148 Safari/604.1"
157.143.201.8 - - [27/Jul/2026:10:02:28 +0200] "GET /wp-content/uploads/2021/03/image-presta-1-700x700.jpg HTTP/1.1" 200 5092 "-" "NetworkingExtension/8623.1.14.10.9 Network/5569.60.39.0.3 iOS/26.2.1"
157.143.201.8 - - [27/Jul/2026:10:02:28 +0200] "GET /wp-content/uploads/2025/07/Salle_de_reunion-700x700.jpg HTTP/1.1" 200 5094 "-" "NetworkingExtension/8623.1.14.10.9 Network/5569.60.39.0.3 iOS/26.2.1"
157.143.201.8 - - [27/Jul/2026:10:02:28 +0200] "GET /wp-content/uploads/2021/03/favicon-150x150.jpg HTTP/1.1" 200 5085 "-" "NetworkingExtension/8623.1.14.10.9 Network/5569.60.39.0.3 iOS/26.2.1"
157.143.201.8 - - [27/Jul/2026:10:02:28 +0200] "GET /wp-content/uploads/2021/03/favicon.jpg HTTP/1.1" 200 5077 "-" "NetworkingExtension/8623.1.14.10.9 Network/5569.60.39.0.3 iOS/26.2.1"
157.143.201.8 - - [27/Jul/2026:10:02:28 +0200] "GET /wp-content/uploads/2021/03/favicon.jpg HTTP/1.1" 200 5077 "-" "NetworkingExtension/8623.1.14.10.9 Network/5569.60.39.0.3 iOS/26.2.1"
157.143.201.8 - - [27/Jul/2026:10:02:28 +0200] "GET /favicon.ico HTTP/1.1" 200 8002 "-" "NetworkingExtension/8623.1.14.10.9 Network/5569.60.39.0.3 iOS/26.2.1"
157.143.201.8 - - [27/Jul/2026:10:02:28 +0200] "GET /apple-touch-icon.png HTTP/1.1" 200 8002 "-" "NetworkingExtension/8623.1.14.10.9 Network/5569.60.39.0.3 iOS/26.2.1"
157.143.201.8 - - [27/Jul/2026:10:02:28 +0200] "GET /apple-touch-icon-precomposed.png HTTP/1.1" 200 8002 "-" "NetworkingExtension/8623.1.14.10.9 Network/5569.60.39.0.3 iOS/26.2.1"
103.214.61.30 - - [27/Jul/2026:10:02:34 +0200] "POST /xmlrpc.php HTTP/1.1" 200 41848 "-" "Jetpack by WordPress.com (Jetpack 12.1; WordPress 6.4)"
157.143.201.8 - - [27/Jul/2026:10:02:34 +0200] "GET /wp-content/plugins/superfly-menu/img/close3.png HTTP/1.1" 304 5020 "https://as-cp.fr/prestations-particuliers/" "Mozilla/5.0 (iPhone; CPU iPhone OS 18_7 like Mac OS X) AppleWebKit/605.1.15 (KHTML, like Gecko) Version/26.2 Mobile/15E148 Safari/604.1"
157.143.201.8 - - [27/Jul/2026:10:02:35 +0200] "GET /prestations-professionnels/ HTTP/1.1" 200 22839 "https://as-cp.fr/prestations-particuliers/" "Mozilla/5.0 (iPhone; CPU iPhone OS 18_7 like Mac OS X) AppleWebKit/605.1.15 (KHTML, like Gecko) Version/26.2 Mobile/15E148 Safari/604.1"
157.143.201.8 - - [27/Jul/2026:10:02:35 +0200] "GET /wp-content/uploads/la_icon_sets/style.min.css?ver=6.9.4 HTTP/1.1" 304 5020 "https://as-cp.fr/prestations-professionnels/" "Mozilla/5.0 (iPhone; CPU iPhone OS 18_7 like Mac OS X) AppleWebKit/605.1.15 (KHTML, like Gecko) Version/26.2 Mobile/15E148 Safari/604.1"
157.143.201.8 - - [27/Jul/2026:10:02:35 +0200] "GET /wp-content/uploads/2021/03/image-presta-2-700x700.jpg HTTP/1.1" 200 5092 "https://as-cp.fr/prestations-professionnels/" "Mozilla/5.0 (iPhone; CPU iPhone OS 18_7 like Mac OS X) AppleWebKit/605.1.15 (KHTML, like Gecko) Version/26.2 Mobile/15E148 Safari/604.1"
157.143.201.8 - - [27/Jul/2026:10:02:35 +0200] "GET /wp-content/plugins/wp-rocket/assets/js/wpr-beacon.min.js HTTP/1.1" 200 5115 "https://as-cp.fr/prestations-professionnels/" "Mozilla/5.0 (iPhone; CPU iPhone OS 18_7 like Mac OS X) AppleWebKit/605.1.15 (KHTML, like Gecko) Version/26.2 Mobile/15E148 Safari/604.1"
157.143.201.8 - - [27/Jul/2026:10:02:35 +0200] "GET /wp-content/uploads/2021/03/bg-bandeau-2.jpg HTTP/1.1" 200 5082 "https://as-cp.fr/prestations-professionnels/" "Mozilla/5.0 (iPhone; CPU iPhone OS 18_7 like Mac OS X) AppleWebKit/605.1.15 (KHTML, like Gecko) Version/26.2 Mobile/15E148 Safari/604.1"
157.143.201.8 - - [27/Jul/2026:10:02:35 +0200] "GET /wp-content/uploads/2025/07/Accueil-700x700.jpeg HTTP/1.1" 200 5086 "https://as-cp.fr/prestations-professionnels/" "Mozilla/5.0 (iPhone; CPU iPhone OS 18_7 like Mac OS X) AppleWebKit/605.1.15 (KHTML, like Gecko) Version/26.2 Mobile/15E148 Safari/604.1"
57.141.0.22 - - [27/Jul/2026:10:02:37 +0200] "GET /shops/tidytips/a8n2n0u1l0o6s5e014 HTTP/1.1" 200 41845 "-" "Mozilla/5.0 (Windows NT 10.0; Win64; x64) AppleWebKit/537.36 (KHTML, like Gecko) Chrome/145.0.0.0 Safari/537.36 (compatible; meta-externalagent/1.1 (+https://developers.facebook.com/docs/sharing/webmasters/crawler))"
157.143.201.8 - - [27/Jul/2026:10:02:37 +0200] "GET /wp-content/uploads/2021/03/image-presta-2-700x700.jpg HTTP/1.1" 200 5092 "-" "NetworkingExtension/8623.1.14.10.9 Network/5569.60.39.0.3 iOS/26.2.1"
157.143.201.8 - - [27/Jul/2026:10:02:37 +0200] "GET /wp-content/uploads/2021/03/favicon-150x150.jpg HTTP/1.1" 200 5085 "-" "NetworkingExtension/8623.1.14.10.9 Network/5569.60.39.0.3 iOS/26.2.1"
157.143.201.8 - - [27/Jul/2026:10:02:37 +0200] "GET /wp-content/uploads/2025/07/Accueil-700x700.jpeg HTTP/1.1" 200 5086 "-" "NetworkingExtension/8623.1.14.10.9 Network/5569.60.39.0.3 iOS/26.2.1"
157.143.201.8 - - [27/Jul/2026:10:02:37 +0200] "GET /wp-content/uploads/2021/03/favicon.jpg HTTP/1.1" 200 5077 "-" "NetworkingExtension/8623.1.14.10.9 Network/5569.60.39.0.3 iOS/26.2.1"
157.143.201.8 - - [27/Jul/2026:10:02:37 +0200] "GET /favicon.ico HTTP/1.1" 200 8002 "-" "NetworkingExtension/8623.1.14.10.9 Network/5569.60.39.0.3 iOS/26.2.1"
157.143.201.8 - - [27/Jul/2026:10:02:37 +0200] "GET /apple-touch-icon-precomposed.png HTTP/1.1" 200 8002 "-" "NetworkingExtension/8623.1.14.10.9 Network/5569.60.39.0.3 iOS/26.2.1"
157.143.201.8 - - [27/Jul/2026:10:02:37 +0200] "GET /wp-content/uploads/2021/03/favicon.jpg HTTP/1.1" 200 5077 "-" "NetworkingExtension/8623.1.14.10.9 Network/5569.60.39.0.3 iOS/26.2.1"
57.141.0.20 - - [27/Jul/2026:10:02:40 +0200] "GET /sitemap.txt HTTP/1.1" 200 41845 "-" "Mozilla/5.0 (Windows NT 10.0; Win64; x64) AppleWebKit/537.36 (KHTML, like Gecko) Chrome/145.0.0.0 Safari/537.36 (compatible; meta-externalagent/1.1 (+https://developers.facebook.com/docs/sharing/webmasters/crawler))"
157.143.201.8 - - [27/Jul/2026:10:02:37 +0200] "GET /apple-touch-icon.png HTTP/1.1" 200 8002 "-" "NetworkingExtension/8623.1.14.10.9 Network/5569.60.39.0.3 iOS/26.2.1"
103.214.61.30 - - [27/Jul/2026:10:02:45 +0200] "POST /xmlrpc.php HTTP/1.1" 200 41848 "-" "Jetpack by WordPress.com"
103.214.61.30 - - [27/Jul/2026:10:02:55 +0200] "POST /xmlrpc.php HTTP/1.1" 200 41848 "-" "WordPress.com; https://wordpress.com"
216.73.217.34 - - [27/Jul/2026:10:03:05 +0200] "GET /?lokasie=%2Fvar%2Fwww%2Fvhosts%2Fas-cp.fr%2Fwpascp%2Fwp-cron.php&loknya=%2Fvar%2Fwww%2Fvhosts%2Fas-cp.fr%2Fwpascp HTTP/1.1" 200 8706 "-" "Mozilla/5.0 AppleWebKit/537.36 (KHTML, like Gecko; compatible; ClaudeBot/1.0; +claudebot@anthropic.com)"
103.214.61.30 - - [27/Jul/2026:10:03:06 +0200] "POST /xmlrpc.php HTTP/1.1" 200 41848 "-" "Jetpack/13.0; WordPress/6.1; http://site62735651.com"
57.141.0.44 - - [27/Jul/2026:10:03:14 +0200] "GET /?v=s8u1c0c0e7s2s7a0r2y89 HTTP/1.1" 200 41664 "-" "Mozilla/5.0 (X11; Linux x86_64) AppleWebKit/537.36 (KHTML, like Gecko) Chrome/145.0.0.0 Safari/537.36 (compatible; meta-externalagent/1.1 (+https://developers.facebook.com/docs/sharing/webmasters/crawler))"
103.214.61.30 - - [27/Jul/2026:10:03:17 +0200] "POST /xmlrpc.php HTTP/1.1" 200 41848 "-" "Jetpack by WordPress.com"
157.143.201.8 - - [27/Jul/2026:10:03:21 +0200] "GET /wp-content/uploads/la_icon_sets/style.min.css?ver=6.9.4 HTTP/1.1" 304 5020 "https://as-cp.fr/" "Mozilla/5.0 (iPhone; CPU iPhone OS 18_7 like Mac OS X) AppleWebKit/605.1.15 (KHTML, like Gecko) Version/26.2 Mobile/15E148 Safari/604.1"
157.143.201.8 - - [27/Jul/2026:10:03:24 +0200] "GET / HTTP/1.1" 200 8002 "-" "Mozilla/5.0 (Macintosh; Intel Mac OS X 10_11_1) AppleWebKit/601.2.4 (KHTML, like Gecko) Version/9.0.1 Safari/601.2.4 facebookexternalhit/1.1 Facebot Twitterbot/1.0"
157.143.201.8 - - [27/Jul/2026:10:03:24 +0200] "GET /apple-touch-icon.png HTTP/1.1" 200 8002 "-" "NetworkingExtension/8623.1.14.10.9 Network/5569.60.39.0.3 iOS/26.2.1"
157.143.201.8 - - [27/Jul/2026:10:03:24 +0200] "GET /apple-touch-icon-precomposed.png HTTP/1.1" 200 8002 "-" "NetworkingExtension/8623.1.14.10.9 Network/5569.60.39.0.3 iOS/26.2.1"
157.143.201.8 - - [27/Jul/2026:10:03:24 +0200] "GET /favicon.ico HTTP/1.1" 200 8002 "-" "NetworkingExtension/8623.1.14.10.9 Network/5569.60.39.0.3 iOS/26.2.1"
103.214.61.30 - - [27/Jul/2026:10:03:28 +0200] "POST /xmlrpc.php HTTP/1.1" 200 41848 "-" "Jetpack/12.1; WordPress/6.4; http://site31083357.com"
103.214.61.30 - - [27/Jul/2026:10:03:38 +0200] "POST /xmlrpc.php HTTP/1.1" 200 41848 "-" "Jetpack/12.0; WordPress/6.3; http://site41856174.com"
103.214.61.30 - - [27/Jul/2026:10:03:49 +0200] "POST /xmlrpc.php HTTP/1.1" 200 41848 "-" "Jetpack by WordPress.com (Jetpack 12.1; WordPress 6.3)"
57.141.0.7 - - [27/Jul/2026:10:03:52 +0200] "GET /kwlogos-carousel-sitemap.xml?__r=1.01a4c28940a053438d5fe8a87c41872d HTTP/1.1" 200 41844 "-" "Mozilla/5.0 (Windows NT 10.0; Win64; x64) AppleWebKit/537.36 (KHTML, like Gecko) Chrome/145.0.0.0 Safari/537.36 (compatible; meta-externalagent/1.1 (+https://developers.facebook.com/docs/sharing/webmasters/crawler))"
103.214.61.30 - - [27/Jul/2026:10:04:00 +0200] "POST /xmlrpc.php HTTP/1.1" 200 41848 "-" "Jetpack by WordPress.com"
103.214.61.30 - - [27/Jul/2026:10:04:11 +0200] "POST /xmlrpc.php HTTP/1.1" 200 41848 "-" "Jetpack by WordPress.com"
103.214.61.30 - - [27/Jul/2026:10:04:21 +0200] "POST /xmlrpc.php HTTP/1.1" 200 41848 "-" "Jetpack by WordPress.com"
68.178.160.25 - - [27/Jul/2026:10:04:25 +0200] "GET /wp-login.php HTTP/1.1" 200 8008 "-" "Mozilla/5.0 (Windows NT 10.0; Win64; x64) AppleWebKit/537.36 (KHTML, like Gecko) Chrome/150.0.0.0 Safari/537.36"
103.174.51.103 - - [27/Jul/2026:10:04:28 +0200] "GET /wp-login.php HTTP/1.1" 200 8010 "-" "Mozilla/5.0 (Windows NT 10.0; Win64; x64) AppleWebKit/537.36 (KHTML, like Gecko) Chrome/150.0.0.0 Safari/537.36"
103.214.61.30 - - [27/Jul/2026:10:04:32 +0200] "POST /xmlrpc.php HTTP/1.1" 200 41848 "-" "Jetpack by WordPress.com (Jetpack 13.0; WordPress 6.3)"
57.141.0.23 - - [27/Jul/2026:10:04:36 +0200] "GET /jaguarondi/fullers/b8e3n8g8a1l5e9s9e938?lokasie=/var/www/vhosts/as-cp.fr/wpascp/wp-config-sample.php&loknya=/var/www/vhosts/as-cp.fr/wpascp HTTP/1.1" 200 12935 "-" "Mozilla/5.0 (Windows NT 10.0; Win64; x64) AppleWebKit/537.36 (KHTML, like Gecko) Chrome/145.0.0.0 Safari/537.36 (compatible; meta-externalagent/1.1 (+https://developers.facebook.com/docs/sharing/webmasters/crawler))"
103.214.61.30 - - [27/Jul/2026:10:04:43 +0200] "POST /xmlrpc.php HTTP/1.1" 200 41848 "-" "Jetpack/13.0; WordPress/6.4; http://site55604580.com"
216.73.217.34 - - [27/Jul/2026:10:04:51 +0200] "GET /?lokasie=%2Fvar%2Fwww%2Fvhosts%2Fas-cp.fr%2Fwpascp%2Fwp-login.php&loknya=%2Fvar%2Fwww%2Fvhosts%2Fas-cp.fr%2Fwpascp HTTP/1.1" 200 20016 "-" "Mozilla/5.0 AppleWebKit/537.36 (KHTML, like Gecko; compatible; ClaudeBot/1.0; +claudebot@anthropic.com)"
103.214.61.30 - - [27/Jul/2026:10:04:53 +0200] "POST /xmlrpc.php HTTP/1.1" 200 41848 "-" "Jetpack by WordPress.com"
57.141.0.7 - - [27/Jul/2026:10:04:57 +0200] "GET /?fineer/81076108627 HTTP/1.1" 200 41663 "-" "Mozilla/5.0 (Macintosh; Intel Mac OS X 10_15_7) AppleWebKit/537.36 (KHTML, like Gecko) Chrome/145.0.0.0 Safari/537.36 (compatible; meta-externalagent/1.1 (+https://developers.facebook.com/docs/sharing/webmasters/crawler))"
216.73.217.34 - - [27/Jul/2026:10:05:04 +0200] "GET /?lokasie=%2Fvar%2Fwww%2Fvhosts%2Fas-cp.fr%2Fwpascp%2Fwp-config.php&loknya=%2Fvar%2Fwww%2Fvhosts%2Fas-cp.fr%2Fwpascp HTTP/1.1" 200 8756 "-" "Mozilla/5.0 AppleWebKit/537.36 (KHTML, like Gecko; compatible; ClaudeBot/1.0; +claudebot@anthropic.com)"
103.214.61.30 - - [27/Jul/2026:10:05:04 +0200] "POST /xmlrpc.php HTTP/1.1" 200 41848 "-" "Jetpack by WordPress.com (Jetpack 13.0; WordPress 6.4)"
216.73.217.34 - - [27/Jul/2026:10:05:13 +0200] "GET /?lokasie=%2Fvar%2Fwww%2Fvhosts%2Fas-cp.fr%2Fwpascp%2Findex.php&loknya=%2Fvar%2Fwww%2Fvhosts%2Fas-cp.fr%2Fwpascp HTTP/1.1" 200 6823 "-" "Mozilla/5.0 AppleWebKit/537.36 (KHTML, like Gecko; compatible; ClaudeBot/1.0; +claudebot@anthropic.com)"
103.214.61.30 - - [27/Jul/2026:10:05:15 +0200] "POST /xmlrpc.php HTTP/1.1" 200 41848 "-" "WordPress.com; https://wordpress.com"
103.214.61.30 - - [27/Jul/2026:10:05:25 +0200] "POST /xmlrpc.php HTTP/1.1" 200 41848 "-" "WordPress.com; https://wordpress.com"
103.214.61.30 - - [27/Jul/2026:10:05:36 +0200] "POST /xmlrpc.php HTTP/1.1" 200 41848 "-" "Jetpack/13.0; WordPress/6.1; http://site68696482.com"
216.73.217.34 - - [27/Jul/2026:10:05:39 +0200] "GET /?lokasie=%2Fvar%2Fwww%2Fvhosts%2Fas-cp.fr%2Fwpascp%2Fwp-blog-header.php&loknya=%2Fvar%2Fwww%2Fvhosts%2Fas-cp.fr%2Fwpascp HTTP/1.1" 200 6808 "-" "Mozilla/5.0 AppleWebKit/537.36 (KHTML, like Gecko; compatible; ClaudeBot/1.0; +claudebot@anthropic.com)"
103.214.61.30 - - [27/Jul/2026:10:05:47 +0200] "POST /xmlrpc.php HTTP/1.1" 200 41848 "-" "WordPress.com; https://wordpress.com"
216.73.217.34 - - [27/Jul/2026:10:05:48 +0200] "GET /?lokasie=%2Fvar%2Fwww%2Fvhosts%2Fas-cp.fr%2Fwpascp%2Fwp-links-opml.php&loknya=%2Fvar%2Fwww%2Fvhosts%2Fas-cp.fr%2Fwpascp HTTP/1.1" 200 7741 "-" "Mozilla/5.0 AppleWebKit/537.36 (KHTML, like Gecko; compatible; ClaudeBot/1.0; +claudebot@anthropic.com)"
103.214.61.30 - - [27/Jul/2026:10:05:57 +0200] "POST /xmlrpc.php HTTP/1.1" 200 41848 "-" "Jetpack/12.5; WordPress/6.3; http://site98961312.com"
57.141.0.22 - - [27/Jul/2026:10:06:00 +0200] "GET /?v=e8p2i9t3h9e9l3i7u2m9s0 HTTP/1.1" 200 41664 "-" "Mozilla/5.0 (X11; Linux x86_64) AppleWebKit/537.36 (KHTML, like Gecko) Chrome/145.0.0.0 Safari/537.36 (compatible; meta-externalagent/1.1 (+https://developers.facebook.com/docs/sharing/webmasters/crawler))"
103.214.61.30 - - [27/Jul/2026:10:06:08 +0200] "POST /xmlrpc.php HTTP/1.1" 200 41848 "-" "Jetpack by WordPress.com"
103.214.61.30 - - [27/Jul/2026:10:06:19 +0200] "POST /xmlrpc.php HTTP/1.1" 200 41848 "-" "Jetpack/12.0; WordPress/6.3; http://site55607427.com"
103.214.61.30 - - [27/Jul/2026:10:06:30 +0200] "POST /xmlrpc.php HTTP/1.1" 200 41848 "-" "Jetpack/12.1; WordPress/6.3; http://site97329361.com"
57.141.0.64 - - [27/Jul/2026:10:06:44 +0200] "GET /?v=v8a3l2e1d0i3c1t0o1r2y5 HTTP/1.1" 200 41664 "-" "Mozilla/5.0 (Macintosh; Intel Mac OS X 10_15_7) AppleWebKit/537.36 (KHTML, like Gecko) Chrome/145.0.0.0 Safari/537.36 (compatible; meta-externalagent/1.1 (+https://developers.facebook.com/docs/sharing/webmasters/crawler))"
103.214.61.30 - - [27/Jul/2026:10:06:40 +0200] "POST /xmlrpc.php HTTP/1.1" 200 41848 "-" "WordPress.com; https://wordpress.com"
103.214.61.30 - - [27/Jul/2026:10:06:51 +0200] "POST /xmlrpc.php HTTP/1.1" 200 41848 "-" "Jetpack by WordPress.com (Jetpack 13.0; WordPress 6.1)"
57.141.0.14 - - [27/Jul/2026:10:07:03 +0200] "GET /?v=p8o2r5r7i6n2g4e6r663 HTTP/1.1" 200 41664 "-" "Mozilla/5.0 (Windows NT 10.0; Win64; x64) AppleWebKit/537.36 (KHTML, like Gecko) Chrome/145.0.0.0 Safari/537.36 (compatible; meta-externalagent/1.1 (+https://developers.facebook.com/docs/sharing/webmasters/crawler))"
103.214.61.30 - - [27/Jul/2026:10:07:02 +0200] "POST /xmlrpc.php HTTP/1.1" 200 41848 "-" "WordPress.com; https://wordpress.com"
103.214.61.30 - - [27/Jul/2026:10:07:13 +0200] "POST /xmlrpc.php HTTP/1.1" 200 41848 "-" "Jetpack by WordPress.com (Jetpack 13.0; WordPress 6.4)"
216.73.217.34 - - [27/Jul/2026:10:07:16 +0200] "GET /?lokasie=%2Fvar%2Fwww%2Fvhosts%2Fas-cp.fr%2Fwpascp%2Freadme.html&loknya=%2Fvar%2Fwww%2Fvhosts%2Fas-cp.fr%2Fwpascp HTTP/1.1" 200 9665 "-" "Mozilla/5.0 AppleWebKit/537.36 (KHTML, like Gecko; compatible; ClaudeBot/1.0; +claudebot@anthropic.com)"
216.73.217.34 - - [27/Jul/2026:10:07:25 +0200] "GET /?lokasie=%2Fvar%2Fwww%2Fvhosts%2Fas-cp.fr%2Fwpascp%2Fwp-signup.php&loknya=%2Fvar%2Fwww%2Fvhosts%2Fas-cp.fr%2Fwpascp HTTP/1.1" 200 15007 "-" "Mozilla/5.0 AppleWebKit/537.36 (KHTML, like Gecko; compatible; ClaudeBot/1.0; +claudebot@anthropic.com)"
103.214.61.30 - - [27/Jul/2026:10:07:23 +0200] "POST /xmlrpc.php HTTP/1.1" 200 41848 "-" "Jetpack by WordPress.com"
57.141.0.55 - - [27/Jul/2026:10:07:27 +0200] "GET /disobeying/b8e1c4k0o2n0i8n4g637 HTTP/1.1" 200 41845 "-" "Mozilla/5.0 (Windows NT 10.0; Win64; x64) AppleWebKit/537.36 (KHTML, like Gecko) Chrome/145.0.0.0 Safari/537.36 (compatible; meta-externalagent/1.1 (+https://developers.facebook.com/docs/sharing/webmasters/crawler))"
103.214.61.30 - - [27/Jul/2026:10:07:34 +0200] "POST /xmlrpc.php HTTP/1.1" 200 41848 "-" "Jetpack by WordPress.com"
103.214.61.30 - - [27/Jul/2026:10:07:45 +0200] "POST /xmlrpc.php HTTP/1.1" 200 41848 "-" "Jetpack by WordPress.com"
103.214.61.30 - - [27/Jul/2026:10:07:55 +0200] "POST /xmlrpc.php HTTP/1.1" 200 41848 "-" "Jetpack/12.0; WordPress/6.3; http://site10624881.com"
103.214.61.30 - - [27/Jul/2026:10:08:06 +0200] "POST /xmlrpc.php HTTP/1.1" 200 41848 "-" "WordPress.com; https://wordpress.com"
57.141.0.71 - - [27/Jul/2026:10:08:09 +0200] "GET /?v=m8a4t1e6s488086 HTTP/1.1" 200 41664 "-" "Mozilla/5.0 (Windows NT 10.0; Win64; x64) AppleWebKit/537.36 (KHTML, like Gecko) Chrome/144.0.0.0 Safari/537.36 Edg/144.0.0.0 (compatible; meta-externalagent/1.1 (+https://developers.facebook.com/docs/sharing/webmasters/crawler))"
216.73.217.34 - - [27/Jul/2026:10:08:13 +0200] "GET /?lokasie=%2Fvar%2Fwww%2Fvhosts%2Fas-cp.fr%2Fwpascp%2F.htaccess&loknya=%2Fvar%2Fwww%2Fvhosts%2Fas-cp.fr%2Fwpascp HTTP/1.1" 200 8660 "-" "Mozilla/5.0 AppleWebKit/537.36 (KHTML, like Gecko; compatible; ClaudeBot/1.0; +claudebot@anthropic.com)"
103.214.61.30 - - [27/Jul/2026:10:08:17 +0200] "POST /xmlrpc.php HTTP/1.1" 200 41848 "-" "WordPress.com; https://wordpress.com"
103.214.61.30 - - [27/Jul/2026:10:08:27 +0200] "POST /xmlrpc.php HTTP/1.1" 200 41848 "-" "WordPress.com; https://wordpress.com"
216.73.217.34 - - [27/Jul/2026:10:08:28 +0200] "GET /?lokasie=%2Fvar%2Fwww%2Fvhosts%2Fas-cp.fr%2Fwpascp%2Frobots.txt&loknya=%2Fvar%2Fwww%2Fvhosts%2Fas-cp.fr%2Fwpascp HTTP/1.1" 200 6649 "-" "Mozilla/5.0 AppleWebKit/537.36 (KHTML, like Gecko; compatible; ClaudeBot/1.0; +claudebot@anthropic.com)"
103.214.61.30 - - [27/Jul/2026:10:08:38 +0200] "POST /xmlrpc.php HTTP/1.1" 200 41848 "-" "Jetpack by WordPress.com"
103.214.61.30 - - [27/Jul/2026:10:08:49 +0200] "POST /xmlrpc.php HTTP/1.1" 200 41848 "-" "Jetpack by WordPress.com (Jetpack 12.5; WordPress 6.2)"
103.214.61.30 - - [27/Jul/2026:10:09:00 +0200] "POST /xmlrpc.php HTTP/1.1" 200 41848 "-" "Jetpack by WordPress.com (Jetpack 13.0; WordPress 6.2)"
103.214.61.30 - - [27/Jul/2026:10:09:11 +0200] "POST /xmlrpc.php HTTP/1.1" 200 41848 "-" "Jetpack by WordPress.com (Jetpack 12.5; WordPress 6.2)"
216.73.217.34 - - [27/Jul/2026:10:09:20 +0200] "GET /?lokasie=%2Fvar%2Fwww%2Fvhosts%2Fas-cp.fr%2Fwpascp%2Flicense.txt&loknya=%2Fvar%2Fwww%2Fvhosts%2Fas-cp.fr%2Fwpascp HTTP/1.1" 200 14014 "-" "Mozilla/5.0 AppleWebKit/537.36 (KHTML, like Gecko; compatible; ClaudeBot/1.0; +claudebot@anthropic.com)"
103.214.61.30 - - [27/Jul/2026:10:09:21 +0200] "POST /xmlrpc.php HTTP/1.1" 200 41848 "-" "Jetpack/13.0; WordPress/6.1; http://site21996634.com"
103.214.61.30 - - [27/Jul/2026:10:09:32 +0200] "POST /xmlrpc.php HTTP/1.1" 200 41848 "-" "Jetpack by WordPress.com"
103.214.61.30 - - [27/Jul/2026:10:09:43 +0200] "POST /xmlrpc.php HTTP/1.1" 200 41848 "-" "WordPress.com; https://wordpress.com"
103.255.134.61 - - [27/Jul/2026:10:09:49 +0200] "GET /wp-login.php HTTP/1.1" 200 8007 "-" "Mozilla/5.0 (Windows NT 10.0; Win64; x64) AppleWebKit/537.36 (KHTML, like Gecko) Chrome/150.0.0.0 Safari/537.36"
103.214.61.30 - - [27/Jul/2026:10:09:54 +0200] "POST /xmlrpc.php HTTP/1.1" 200 41848 "-" "Jetpack/12.1; WordPress/6.2; http://site77201632.com"
52.232.35.131 - - [27/Jul/2026:10:09:58 +0200] "GET /wp-login.php HTTP/1.1" 200 8009 "-" "Mozilla/5.0 (Windows NT 10.0; Win64; x64) AppleWebKit/537.36 (KHTML, like Gecko) Chrome/150.0.0.0 Safari/537.36"
57.141.0.27 - - [27/Jul/2026:10:10:00 +0200] "GET /?v=a8f3f1e9c0t5i1o1n8e5d3 HTTP/1.1" 200 41664 "-" "Mozilla/5.0 (Macintosh; Intel Mac OS X 10_15_7) AppleWebKit/537.36 (KHTML, like Gecko) Chrome/145.0.0.0 Safari/537.36 (compatible; meta-externalagent/1.1 (+https://developers.facebook.com/docs/sharing/webmasters/crawler))"
57.141.0.22 - - [27/Jul/2026:10:10:02 +0200] "GET /metropolitan/scorned/81919285409?lokasie=/var/www/vhosts/as-cp.fr/wpascp/wp-includes/compat.php&loknya=/var/www/vhosts/as-cp.fr/wpascp/wp-includes HTTP/1.1" 200 27990 "-" "Mozilla/5.0 (Macintosh; Intel Mac OS X 10_15_7) AppleWebKit/537.36 (KHTML, like Gecko) Chrome/145.0.0.0 Safari/537.36 (compatible; meta-externalagent/1.1 (+https://developers.facebook.com/docs/sharing/webmasters/crawler))"
103.214.61.30 - - [27/Jul/2026:10:10:04 +0200] "POST /xmlrpc.php HTTP/1.1" 200 41848 "-" "Jetpack/13.0; WordPress/6.1; http://site89780218.com"
103.214.61.30 - - [27/Jul/2026:10:10:15 +0200] "POST /xmlrpc.php HTTP/1.1" 200 41848 "-" "Jetpack by WordPress.com"
17.246.15.15 - - [27/Jul/2026:10:10:27 +0200] "GET /category/credit/feed/ HTTP/1.1" 200 8001 "-" "Mozilla/5.0 (Macintosh; Intel Mac OS X 10_15_7) AppleWebKit/605.1.15 (KHTML, like Gecko) Version/17.4 Safari/605.1.15 (Applebot/0.1; +http://www.apple.com/go/applebot)"
103.214.61.30 - - [27/Jul/2026:10:10:26 +0200] "POST /xmlrpc.php HTTP/1.1" 200 41848 "-" "WordPress.com; https://wordpress.com"
103.214.61.30 - - [27/Jul/2026:10:10:36 +0200] "POST /xmlrpc.php HTTP/1.1" 200 41848 "-" "Jetpack by WordPress.com"
103.214.61.30 - - [27/Jul/2026:10:10:47 +0200] "POST /xmlrpc.php HTTP/1.1" 200 41848 "-" "Jetpack by WordPress.com"
103.214.61.30 - - [27/Jul/2026:10:10:58 +0200] "POST /xmlrpc.php HTTP/1.1" 200 41848 "-" "Jetpack/13.0; WordPress/6.2; http://site22923207.com"
57.141.0.24 - - [27/Jul/2026:10:11:11 +0200] "GET /shops/judicially/g8e4l9d8e1d31803 HTTP/1.1" 200 41845 "-" "Mozilla/5.0 (Macintosh; Intel Mac OS X 10_15_7) AppleWebKit/537.36 (KHTML, like Gecko) Chrome/145.0.0.0 Safari/537.36 (compatible; meta-externalagent/1.1 (+https://developers.facebook.com/docs/sharing/webmasters/crawler))"
103.214.61.30 - - [27/Jul/2026:10:11:09 +0200] "POST /xmlrpc.php HTTP/1.1" 200 41848 "-" "Jetpack by WordPress.com"
103.214.61.30 - - [27/Jul/2026:10:11:19 +0200] "POST /xmlrpc.php HTTP/1.1" 200 41848 "-" "Jetpack by WordPress.com (Jetpack 13.0; WordPress 6.3)"
57.141.0.37 - - [27/Jul/2026:10:11:21 +0200] "GET /?v=g8l2a3i4r4e959351 HTTP/1.1" 200 41664 "-" "Mozilla/5.0 (Windows NT 10.0; Win64; x64) AppleWebKit/537.36 (KHTML, like Gecko) Chrome/145.0.0.0 Safari/537.36 (compatible; meta-externalagent/1.1 (+https://developers.facebook.com/docs/sharing/webmasters/crawler))"
103.214.61.30 - - [27/Jul/2026:10:11:31 +0200] "POST /xmlrpc.php HTTP/1.1" 200 41848 "-" "Jetpack/12.1; WordPress/6.3; http://site29014719.com"
66.249.68.70 - - [27/Jul/2026:10:11:33 +0200] "GET /pourquoi-le-cabinet-as-conseil-patrimoine-est-votre-meilleur-choix-de-courtier-en-assurance-a-saint-esteve/ HTTP/1.1" 200 24210 "-" "Mozilla/5.0 (Linux; Android 6.0.1; Nexus 5X Build/MMB29P) AppleWebKit/537.36 (KHTML, like Gecko) Chrome/150.0.7871.128 Mobile Safari/537.36 (compatible; Googlebot/2.1; +http://www.google.com/bot.html)"
103.214.61.30 - - [27/Jul/2026:10:11:41 +0200] "POST /xmlrpc.php HTTP/1.1" 200 41848 "-" "Jetpack by WordPress.com"
57.141.0.16 - - [27/Jul/2026:10:11:51 +0200] "GET /?v=r8i1s3o1t0t6o06906 HTTP/1.1" 200 41664 "-" "Mozilla/5.0 (Macintosh; Intel Mac OS X 10_15_7) AppleWebKit/537.36 (KHTML, like Gecko) Chrome/145.0.0.0 Safari/537.36 (compatible; meta-externalagent/1.1 (+https://developers.facebook.com/docs/sharing/webmasters/crawler))"
103.214.61.30 - - [27/Jul/2026:10:11:52 +0200] "POST /xmlrpc.php HTTP/1.1" 200 41848 "-" "Jetpack by WordPress.com"
49.51.204.74 - - [27/Jul/2026:10:12:00 +0200] "GET /?loknya=/var/ HTTP/1.1" 200 6802 "-" "Mozilla/5.0 (iPhone; CPU iPhone OS 13_2_3 like Mac OS X) AppleWebKit/605.1.15 (KHTML, like Gecko) Version/13.0.3 Mobile/15E148 Safari/604.1"
103.214.61.30 - - [27/Jul/2026:10:12:03 +0200] "POST /xmlrpc.php HTTP/1.1" 200 41848 "-" "Jetpack/13.0; WordPress/6.3; http://site54996289.com"
66.249.68.70 - - [27/Jul/2026:10:12:14 +0200] "GET /wp-content/themes/agencepointcom/js/skip-link-focus-fix.js?ver=20151215 HTTP/1.1" 200 5518 "https://as-cp.fr/pourquoi-le-cabinet-as-conseil-patrimoine-est-votre-meilleur-choix-de-courtier-en-assurance-a-saint-esteve/" "Mozilla/5.0 (Linux; Android 6.0.1; Nexus 5X Build/MMB29P) AppleWebKit/537.36 (KHTML, like Gecko) Chrome/150.0.7871.128 Mobile Safari/537.36 (compatible; Googlebot/2.1; +http://www.google.com/bot.html)"
103.214.61.30 - - [27/Jul/2026:10:12:14 +0200] "POST /xmlrpc.php HTTP/1.1" 200 41848 "-" "Jetpack/12.5; WordPress/6.4; http://site16632034.com"
103.214.61.30 - - [27/Jul/2026:10:12:25 +0200] "POST /xmlrpc.php HTTP/1.1" 200 41848 "-" "Jetpack/12.1; WordPress/6.1; http://site23550047.com"
103.214.61.30 - - [27/Jul/2026:10:12:35 +0200] "POST /xmlrpc.php HTTP/1.1" 200 41848 "-" "WordPress.com; https://wordpress.com"
103.214.61.30 - - [27/Jul/2026:10:12:46 +0200] "POST /xmlrpc.php HTTP/1.1" 200 41848 "-" "Jetpack by WordPress.com"
57.141.0.27 - - [27/Jul/2026:10:12:52 +0200] "GET /?v=p8u3r5p7o6s0e5l1e7s2s9 HTTP/1.1" 200 41664 "-" "Mozilla/5.0 (Windows NT 10.0; Win64; x64) AppleWebKit/537.36 (KHTML, like Gecko) Chrome/145.0.0.0 Safari/537.36 (compatible; meta-externalagent/1.1 (+https://developers.facebook.com/docs/sharing/webmasters/crawler))"
57.141.0.32 - - [27/Jul/2026:10:12:56 +0200] "GET /?v=u8r1b9a2n1449999 HTTP/1.1" 200 41664 "-" "Mozilla/5.0 (Windows NT 10.0; Win64; x64) AppleWebKit/537.36 (KHTML, like Gecko) Chrome/145.0.0.0 Safari/537.36 (compatible; meta-externalagent/1.1 (+https://developers.facebook.com/docs/sharing/webmasters/crawler))"
66.249.68.70 - - [27/Jul/2026:10:12:56 +0200] "GET /preparer-sa-succession-les-etapes-essentielles-a-suivre-avec-laccompagnement-de-votre-conseil-en-patrimoine-a-perpignan/ HTTP/1.1" 200 23860 "-" "Mozilla/5.0 (Linux; Android 6.0.1; Nexus 5X Build/MMB29P) AppleWebKit/537.36 (KHTML, like Gecko) Chrome/150.0.7871.128 Mobile Safari/537.36 (compatible; Googlebot/2.1; +http://www.google.com/bot.html)"
103.214.61.30 - - [27/Jul/2026:10:12:57 +0200] "POST /xmlrpc.php HTTP/1.1" 200 41848 "-" "Jetpack/12.0; WordPress/6.2; http://site24596510.com"
57.141.0.46 - - [27/Jul/2026:10:13:03 +0200] "GET /shops/takingoff/f8i2b3r0i3l9l3o9s4e91 HTTP/1.1" 200 41845 "-" "Mozilla/5.0 (Windows NT 10.0; Win64; x64) AppleWebKit/537.36 (KHTML, like Gecko) Chrome/145.0.0.0 Safari/537.36 (compatible; meta-externalagent/1.1 (+https://developers.facebook.com/docs/sharing/webmasters/crawler))"
103.214.61.30 - - [27/Jul/2026:10:13:08 +0200] "POST /xmlrpc.php HTTP/1.1" 200 41848 "-" "Jetpack by WordPress.com"
57.141.0.21 - - [27/Jul/2026:10:13:12 +0200] "GET /shops/galeopsis/m8a4i2l3s7h3e7l0l854 HTTP/1.1" 200 41845 "-" "Mozilla/5.0 (X11; Linux x86_64) AppleWebKit/537.36 (KHTML, like Gecko) Chrome/145.0.0.0 Safari/537.36 (compatible; meta-externalagent/1.1 (+https://developers.facebook.com/docs/sharing/webmasters/crawler))"
57.141.0.16 - - [27/Jul/2026:10:13:13 +0200] "GET /?v=i8n1s9u5b8m5i3s3s6i2o8n HTTP/1.1" 200 41664 "-" "Mozilla/5.0 (X11; Linux x86_64) AppleWebKit/537.36 (KHTML, like Gecko) Chrome/145.0.0.0 Safari/537.36 (compatible; meta-externalagent/1.1 (+https://developers.facebook.com/docs/sharing/webmasters/crawler))"
57.141.0.50 - - [27/Jul/2026:10:13:15 +0200] "GET /?v=g8l1a7c9i5e9r17803 HTTP/1.1" 200 41664 "-" "Mozilla/5.0 (Windows NT 10.0; Win64; x64) AppleWebKit/537.36 (KHTML, like Gecko) Chrome/145.0.0.0 Safari/537.36 (compatible; meta-externalagent/1.1 (+https://developers.facebook.com/docs/sharing/webmasters/crawler))"
103.214.61.30 - - [27/Jul/2026:10:13:18 +0200] "POST /xmlrpc.php HTTP/1.1" 200 41848 "-" "Jetpack/12.5; WordPress/6.2; http://site22170142.com"
57.141.0.4 - - [27/Jul/2026:10:13:25 +0200] "GET /?v=e8g2y8p2t6o6l1o4g8e4r4 HTTP/1.1" 200 41663 "-" "Mozilla/5.0 (Windows NT 10.0; Win64; x64) AppleWebKit/537.36 (KHTML, like Gecko) Chrome/145.0.0.0 Safari/537.36 (compatible; meta-externalagent/1.1 (+https://developers.facebook.com/docs/sharing/webmasters/crawler))"
57.141.0.3 - - [27/Jul/2026:10:13:26 +0200] "GET /shops/takingoff/f8i2b3r0i3l9l3o9s4e91?lokasie=/var/www/vhosts/as-cp.fr/wpascp/wp-links-opml.php&loknya=/var/www/vhosts/as-cp.fr/wpascp HTTP/1.1" 200 12263 "-" "Mozilla/5.0 (Windows NT 10.0; Win64; x64) AppleWebKit/537.36 (KHTML, like Gecko) Chrome/145.0.0.0 Safari/537.36 Edg/145.0.0.0 (compatible; meta-externalagent/1.1 (+https://developers.facebook.com/docs/sharing/webmasters/crawler))"
103.214.61.30 - - [27/Jul/2026:10:13:29 +0200] "POST /xmlrpc.php HTTP/1.1" 200 41848 "-" "Jetpack by WordPress.com"
103.214.61.30 - - [27/Jul/2026:10:13:40 +0200] "POST /xmlrpc.php HTTP/1.1" 200 41848 "-" "WordPress.com; https://wordpress.com"
103.214.61.30 - - [27/Jul/2026:10:13:51 +0200] "POST /xmlrpc.php HTTP/1.1" 200 41848 "-" "Jetpack by WordPress.com"
57.141.0.53 - - [27/Jul/2026:10:13:54 +0200] "GET /shops/takingoff/f8i2b3r0i3l9l3o9s4e91?loknya=/ HTTP/1.1" 200 10033 "-" "Mozilla/5.0 (Windows NT 10.0; Win64; x64) AppleWebKit/537.36 (KHTML, like Gecko) Chrome/145.0.0.0 Safari/537.36 (compatible; meta-externalagent/1.1 (+https://developers.facebook.com/docs/sharing/webmasters/crawler))"
45.3.44.239 - - [27/Jul/2026:10:14:04 +0200] "HEAD / HTTP/1.1" 200 5008 "-" "curl/7.88.1"
65.111.3.33 - - [27/Jul/2026:10:14:05 +0200] "POST /xmlrpc.php HTTP/1.1" 200 8005 "-" "Wget/1.21.4"
65.111.3.33 - - [27/Jul/2026:10:14:06 +0200] "POST /xmlrpc.php HTTP/1.1" 200 8005 "-" "curl/7.88.1"
65.111.3.33 - - [27/Jul/2026:10:14:07 +0200] "POST /xmlrpc.php HTTP/1.1" 200 8005 "-" "Wget/1.21.4"
65.111.3.33 - - [27/Jul/2026:10:14:07 +0200] "POST /xmlrpc.php HTTP/1.1" 200 8005 "-" "curl/7.88.1"
104.207.42.158 - - [27/Jul/2026:10:14:10 +0200] "GET /wp-login.php HTTP/1.1" 200 8011 "-" "curl/7.88.1"
65.111.3.33 - - [27/Jul/2026:10:14:08 +0200] "POST /xmlrpc.php HTTP/1.1" 200 8005 "-" "Wget/1.21.4"
104.207.42.158 - - [27/Jul/2026:10:14:10 +0200] "GET /wp-login.php HTTP/1.1" 200 8011 "-" "curl/7.88.1"
104.207.42.158 - - [27/Jul/2026:10:14:11 +0200] "GET /wp-admin/ HTTP/1.1" 200 10324 "-" "Wget/1.21.4"
104.207.42.158 - - [27/Jul/2026:10:14:12 +0200] "GET /my-account/ HTTP/1.1" 200 8004 "-" "curl/7.88.1"
65.111.3.33 - - [27/Jul/2026:10:14:09 +0200] "POST /xmlrpc.php HTTP/1.1" 200 8005 "-" "Wget/1.21.4"
57.141.0.49 - - [27/Jul/2026:10:14:39 +0200] "GET /shops/maraschino/h8y2p6o6p8t7i2l2u2m7s7 HTTP/1.1" 200 41845 "-" "Mozilla/5.0 (Macintosh; Intel Mac OS X 10_15_7) AppleWebKit/537.36 (KHTML, like Gecko) Chrome/145.0.0.0 Safari/537.36 (compatible; meta-externalagent/1.1 (+https://developers.facebook.com/docs/sharing/webmasters/crawler))"
57.141.0.5 - - [27/Jul/2026:10:15:19 +0200] "GET /shops/chaffless/c8o3m8p6o9s6i0t4o3u2s8 HTTP/1.1" 200 41844 "-" "Mozilla/5.0 (X11; Linux x86_64) AppleWebKit/537.36 (KHTML, like Gecko) Chrome/145.0.0.0 Safari/537.36 (compatible; meta-externalagent/1.1 (+https://developers.facebook.com/docs/sharing/webmasters/crawler))"
160.191.139.115 - - [27/Jul/2026:10:15:58 +0200] "GET /wp-login.php HTTP/1.1" 200 8009 "-" "Mozilla/5.0 (Windows NT 10.0; Win64; x64) AppleWebKit/537.36 (KHTML, like Gecko) Chrome/120.0.0.0 Safari/537.36"
57.141.0.10 - - [27/Jul/2026:10:16:16 +0200] "GET /?v=t8w1a9n5g5i9n0g465 HTTP/1.1" 200 41664 "-" "Mozilla/5.0 (Macintosh; Intel Mac OS X 10_15_7) AppleWebKit/537.36 (KHTML, like Gecko) Chrome/145.0.0.0 Safari/537.36 (compatible; meta-externalagent/1.1 (+https://developers.facebook.com/docs/sharing/webmasters/crawler))"
68.178.160.25 - - [27/Jul/2026:10:16:19 +0200] "GET /wp-login.php HTTP/1.1" 200 8008 "-" "Mozilla/5.0 (Windows NT 10.0; Win64; x64) AppleWebKit/537.36 (KHTML, like Gecko) Chrome/150.0.0.0 Safari/537.36"
57.141.0.10 - - [27/Jul/2026:10:17:04 +0200] "GET /shops/allumette/t8r3a6c6t9a3b4i8l6i7t6y HTTP/1.1" 200 41845 "-" "Mozilla/5.0 (Windows NT 10.0; Win64; x64) AppleWebKit/537.36 (KHTML, like Gecko) Chrome/145.0.0.0 Safari/537.36 (compatible; meta-externalagent/1.1 (+https://developers.facebook.com/docs/sharing/webmasters/crawler))"
45.3.52.64 - - [27/Jul/2026:10:17:24 +0200] "GET /wp-login.php HTTP/1.1" 200 8006 "-" "curl/7.88.1"
104.207.53.106 - - [27/Jul/2026:10:17:22 +0200] "POST /xmlrpc.php HTTP/1.1" 200 8007 "-" "curl/7.88.1"
104.207.53.106 - - [27/Jul/2026:10:17:22 +0200] "POST /xmlrpc.php HTTP/1.1" 200 8007 "-" "curl/8.6.0"
104.207.53.106 - - [27/Jul/2026:10:17:23 +0200] "POST /xmlrpc.php HTTP/1.1" 200 8007 "-" "curl/8.6.0"
104.207.53.106 - - [27/Jul/2026:10:17:23 +0200] "POST /xmlrpc.php HTTP/1.1" 200 8007 "-" "curl/8.6.0"
104.207.53.106 - - [27/Jul/2026:10:17:23 +0200] "POST /xmlrpc.php HTTP/1.1" 200 8007 "-" "curl/7.88.1"
104.207.53.106 - - [27/Jul/2026:10:17:23 +0200] "POST /xmlrpc.php HTTP/1.1" 200 8007 "-" "curl/7.88.1"
57.141.0.49 - - [27/Jul/2026:10:17:24 +0200] "GET /?v=f8a3n9t8a5s9t1i0c546 HTTP/1.1" 200 41664 "-" "Mozilla/5.0 (Windows NT 10.0; Win64; x64) AppleWebKit/537.36 (KHTML, like Gecko) Chrome/145.0.0.0 Safari/537.36 (compatible; meta-externalagent/1.1 (+https://developers.facebook.com/docs/sharing/webmasters/crawler))"
45.3.52.64 - - [27/Jul/2026:10:17:25 +0200] "GET /wp-login.php HTTP/1.1" 200 8006 "-" "curl/8.6.0"
45.3.52.64 - - [27/Jul/2026:10:17:26 +0200] "GET /wp-admin/ HTTP/1.1" 200 10319 "-" "curl/7.88.1"
45.3.52.64 - - [27/Jul/2026:10:17:27 +0200] "GET /my-account/ HTTP/1.1" 200 7999 "-" "curl/7.88.1"
57.141.0.51 - - [27/Jul/2026:10:17:31 +0200] "GET /?v=s8t3e3r4n4a6l00894 HTTP/1.1" 200 41664 "-" "Mozilla/5.0 (Windows NT 10.0; Win64; x64) AppleWebKit/537.36 (KHTML, like Gecko) Chrome/145.0.0.0 Safari/537.36 (compatible; meta-externalagent/1.1 (+https://developers.facebook.com/docs/sharing/webmasters/crawler))"
57.141.0.30 - - [27/Jul/2026:10:17:35 +0200] "GET /blirt/s8i1l5i0c9i5d4e1697?loknya=/var/www/vhosts/as-cp.fr/wpascp/images HTTP/1.1" 200 11903 "-" "Mozilla/5.0 (Windows NT 10.0; Win64; x64) AppleWebKit/537.36 (KHTML, like Gecko) Chrome/145.0.0.0 Safari/537.36 Edg/145.0.0.0 (compatible; meta-externalagent/1.1 (+https://developers.facebook.com/docs/sharing/webmasters/crawler))"
57.141.0.63 - - [27/Jul/2026:10:18:01 +0200] "GET /shops/misworshiper/t8e5e8m9l5e8s7s154 HTTP/1.1" 200 41845 "-" "Mozilla/5.0 (Macintosh; Intel Mac OS X 10_15_7) AppleWebKit/537.36 (KHTML, like Gecko) Chrome/145.0.0.0 Safari/537.36 (compatible; meta-externalagent/1.1 (+https://developers.facebook.com/docs/sharing/webmasters/crawler))"
57.141.0.59 - - [27/Jul/2026:10:18:03 +0200] "GET /shops/govinda/f8l1a7t9f6o4o0t7648 HTTP/1.1" 200 41845 "-" "Mozilla/5.0 (Windows NT 10.0; Win64; x64) AppleWebKit/537.36 (KHTML, like Gecko) Chrome/145.0.0.0 Safari/537.36 (compatible; meta-externalagent/1.1 (+https://developers.facebook.com/docs/sharing/webmasters/crawler))"
57.141.0.19 - - [27/Jul/2026:10:18:28 +0200] "GET /shops/misworshiper/t8e5e8m9l5e8s7s154?loknya=/ HTTP/1.1" 200 10033 "-" "Mozilla/5.0 (Macintosh; Intel Mac OS X 10_15_7) AppleWebKit/537.36 (KHTML, like Gecko) Chrome/145.0.0.0 Safari/537.36 (compatible; meta-externalagent/1.1 (+https://developers.facebook.com/docs/sharing/webmasters/crawler))"
57.141.0.29 - - [27/Jul/2026:10:18:31 +0200] "GET /shops/misworshiper/t8e5e8m9l5e8s7s154?lokasie=/var/www/vhosts/as-cp.fr/wpascp/wp-signup.php&loknya=/var/www/vhosts/as-cp.fr/wpascp HTTP/1.1" 200 51121 "-" "Mozilla/5.0 (Windows NT 10.0; Win64; x64) AppleWebKit/537.36 (KHTML, like Gecko) Chrome/145.0.0.0 Safari/537.36 (compatible; meta-externalagent/1.1 (+https://developers.facebook.com/docs/sharing/webmasters/crawler))"
57.141.0.61 - - [27/Jul/2026:10:18:32 +0200] "GET /shops/misworshiper/t8e5e8m9l5e8s7s154?lokasie=/var/www/vhosts/as-cp.fr/wpascp/index.php&loknya=/var/www/vhosts/as-cp.fr/wpascp HTTP/1.1" 200 9640 "-" "Mozilla/5.0 (Windows NT 10.0; Win64; x64) AppleWebKit/537.36 (KHTML, like Gecko) Chrome/144.0.0.0 Safari/537.36 Edg/144.0.0.0 (compatible; meta-externalagent/1.1 (+https://developers.facebook.com/docs/sharing/webmasters/crawler))"
57.141.0.9 - - [27/Jul/2026:10:18:33 +0200] "GET /shops/misworshiper/t8e5e8m9l5e8s7s154?lokasie=/var/www/vhosts/as-cp.fr/wpascp/wp-load.php&loknya=/var/www/vhosts/as-cp.fr/wpascp HTTP/1.1" 200 13796 "-" "Mozilla/5.0 (Windows NT 10.0; Win64; x64) AppleWebKit/537.36 (KHTML, like Gecko) Chrome/145.0.0.0 Safari/537.36 (compatible; meta-externalagent/1.1 (+https://developers.facebook.com/docs/sharing/webmasters/crawler))"
57.141.0.5 - - [27/Jul/2026:10:18:38 +0200] "GET /sitemap-sub-1843.xml HTTP/1.1" 200 41844 "-" "Mozilla/5.0 (Windows NT 10.0; Win64; x64) AppleWebKit/537.36 (KHTML, like Gecko) Chrome/145.0.0.0 Safari/537.36 (compatible; meta-externalagent/1.1 (+https://developers.facebook.com/docs/sharing/webmasters/crawler))"
54.205.5.196 - - [27/Jul/2026:10:18:58 +0200] "GET /?p=306 HTTP/1.1" 200 8002 "-" "Mozilla/5.0 AppleWebKit/605.1.15 (KHTML, like Gecko) Chrome/139.0.0.0 Safari/605.1.15"
57.141.0.51 - - [27/Jul/2026:10:19:03 +0200] "GET /sitemap-sub-1843.xml?loknya=/var/www/vhosts/as-cp.fr/ HTTP/1.1" 200 36125 "-" "Mozilla/5.0 (Windows NT 10.0; Win64; x64) AppleWebKit/537.36 (KHTML, like Gecko) Chrome/145.0.0.0 Safari/537.36 (compatible; meta-externalagent/1.1 (+https://developers.facebook.com/docs/sharing/webmasters/crawler))"
57.141.0.7 - - [27/Jul/2026:10:19:22 +0200] "GET /sitemap-sub-1843.xml?loknya=/var/www/vhosts/ HTTP/1.1" 200 10181 "-" "Mozilla/5.0 (Windows NT 10.0; Win64; x64) AppleWebKit/537.36 (KHTML, like Gecko) Chrome/145.0.0.0 Safari/537.36 (compatible; meta-externalagent/1.1 (+https://developers.facebook.com/docs/sharing/webmasters/crawler))"
57.141.0.15 - - [27/Jul/2026:10:19:23 +0200] "GET /sitemap-sub-1843.xml?loknya=/var HTTP/1.1" 200 10070 "-" "Mozilla/5.0 (Windows NT 10.0; Win64; x64) AppleWebKit/537.36 (KHTML, like Gecko) Chrome/145.0.0.0 Safari/537.36 (compatible; meta-externalagent/1.1 (+https://developers.facebook.com/docs/sharing/webmasters/crawler))"
57.141.0.68 - - [27/Jul/2026:10:19:27 +0200] "GET /sitemap-sub-1843.xml?lokasie=/var/www/vhosts/as-cp.fr//wp-config.php.bak-20260721&loknya=/var/www/vhosts/as-cp.fr/ HTTP/1.1" 200 13710 "-" "Mozilla/5.0 (X11; Linux x86_64) AppleWebKit/537.36 (KHTML, like Gecko) Chrome/145.0.0.0 Safari/537.36 (compatible; meta-externalagent/1.1 (+https://developers.facebook.com/docs/sharing/webmasters/crawler))"
57.141.0.14 - - [27/Jul/2026:10:19:31 +0200] "GET /sitemap-sub-1843.xml?loknya=/var/www/vhosts/as-cp.fr/.trash HTTP/1.1" 200 10356 "-" "Mozilla/5.0 (Windows NT 10.0; Win64; x64) AppleWebKit/537.36 (KHTML, like Gecko) Chrome/145.0.0.0 Safari/537.36 (compatible; meta-externalagent/1.1 (+https://developers.facebook.com/docs/sharing/webmasters/crawler))"
57.141.0.16 - - [27/Jul/2026:10:20:08 +0200] "GET /shops/outerly/f8u1s5i1o8n997972 HTTP/1.1" 200 41845 "-" "Mozilla/5.0 (Windows NT 10.0; Win64; x64) AppleWebKit/537.36 (KHTML, like Gecko) Chrome/145.0.0.0 Safari/537.36 (compatible; meta-externalagent/1.1 (+https://developers.facebook.com/docs/sharing/webmasters/crawler))"
54.235.137.122 - - [27/Jul/2026:10:20:23 +0200] "GET /embed/ HTTP/1.1" 200 8002 "-" "Mozilla/5.0 AppleWebKit/605.1.15 (KHTML, like Gecko) Chrome/139.0.0.0 Safari/605.1.15"
57.141.0.61 - - [27/Jul/2026:10:20:24 +0200] "GET /?v=p8o3r5t7r2e6e7v5e040 HTTP/1.1" 200 41664 "-" "Mozilla/5.0 (Windows NT 10.0; Win64; x64) AppleWebKit/537.36 (KHTML, like Gecko) Chrome/145.0.0.0 Safari/537.36 (compatible; meta-externalagent/1.1 (+https://developers.facebook.com/docs/sharing/webmasters/crawler))"
57.141.0.63 - - [27/Jul/2026:10:21:01 +0200] "GET /shops/prettyism/a8c2h0e2n9i4u8m777 HTTP/1.1" 200 41845 "-" "Mozilla/5.0 (Macintosh; Intel Mac OS X 10_15_7) AppleWebKit/537.36 (KHTML, like Gecko) Chrome/145.0.0.0 Safari/537.36 (compatible; meta-externalagent/1.1 (+https://developers.facebook.com/docs/sharing/webmasters/crawler))"
43.153.79.218 - - [27/Jul/2026:10:21:25 +0200] "GET /index.php HTTP/1.1" 200 8003 "-" "Mozilla/5.0 (iPhone; CPU iPhone OS 13_2_3 like Mac OS X) AppleWebKit/605.1.15 (KHTML, like Gecko) Version/13.0.3 Mobile/15E148 Safari/604.1"
160.187.68.132 - - [27/Jul/2026:10:21:35 +0200] "GET /wp-login.php HTTP/1.1" 200 8008 "-" "Mozilla/5.0 (Windows NT 10.0; Win64; x64) AppleWebKit/537.36 (KHTML, like Gecko) Chrome/150.0.0.0 Safari/537.36"
54.210.155.69 - - [27/Jul/2026:10:21:38 +0200] "GET /wp-json/wp/v2/posts/310 HTTP/1.1" 200 8003 "-" "Mozilla/5.0 AppleWebKit/537.36 (KHTML, like Gecko; compatible; Amazonbot/0.1; +https://developer.amazon.com/support/amazonbot) Chrome/119.0.6045.214 Safari/537.36"
113.160.142.119 - - [27/Jul/2026:10:21:40 +0200] "GET /wp-login.php HTTP/1.1" 200 8012 "-" "Mozilla/5.0 (Windows NT 10.0; Win64; x64) AppleWebKit/537.36 (KHTML, like Gecko) Chrome/150.0.0.0 Safari/537.36"
57.141.0.40 - - [27/Jul/2026:10:22:04 +0200] "GET /?v=c8y9g2n9o2p1s2i2s08 HTTP/1.1" 200 41664 "-" "Mozilla/5.0 (Windows NT 10.0; Win64; x64) AppleWebKit/537.36 (KHTML, like Gecko) Chrome/145.0.0.0 Safari/537.36 (compatible; meta-externalagent/1.1 (+https://developers.facebook.com/docs/sharing/webmasters/crawler))"
57.141.0.52 - - [27/Jul/2026:10:22:05 +0200] "GET /smutched/m8a1d9g5e1520642 HTTP/1.1" 200 41845 "-" "Mozilla/5.0 (Windows NT 10.0; Win64; x64) AppleWebKit/537.36 (KHTML, like Gecko) Chrome/145.0.0.0 Safari/537.36 (compatible; meta-externalagent/1.1 (+https://developers.facebook.com/docs/sharing/webmasters/crawler))"
57.141.0.23 - - [27/Jul/2026:10:22:12 +0200] "GET /?v=i8m3p6u9g6n8i3n1g614 HTTP/1.1" 200 41664 "-" "Mozilla/5.0 (Macintosh; Intel Mac OS X 10_15_7) AppleWebKit/537.36 (KHTML, like Gecko) Chrome/145.0.0.0 Safari/537.36 (compatible; meta-externalagent/1.1 (+https://developers.facebook.com/docs/sharing/webmasters/crawler))"
57.141.0.64 - - [27/Jul/2026:10:22:49 +0200] "GET /shops/antiorgastic/l8e1g1a3c9y840818 HTTP/1.1" 200 41845 "-" "Mozilla/5.0 (Windows NT 10.0; Win64; x64) AppleWebKit/537.36 (KHTML, like Gecko) Chrome/145.0.0.0 Safari/537.36 (compatible; meta-externalagent/1.1 (+https://developers.facebook.com/docs/sharing/webmasters/crawler))"
57.141.0.67 - - [27/Jul/2026:10:22:50 +0200] "GET /?v=b8o3r4a4m9e6z33756 HTTP/1.1" 200 41664 "-" "Mozilla/5.0 (Macintosh; Intel Mac OS X 10_15_7) AppleWebKit/537.36 (KHTML, like Gecko) Chrome/145.0.0.0 Safari/537.36 (compatible; meta-externalagent/1.1 (+https://developers.facebook.com/docs/sharing/webmasters/crawler))"
57.141.0.37 - - [27/Jul/2026:10:23:20 +0200] "GET /shops/markhoor/a8c1t4o7r3011617 HTTP/1.1" 200 41845 "-" "Mozilla/5.0 (Macintosh; Intel Mac OS X 10_15_7) AppleWebKit/537.36 (KHTML, like Gecko) Chrome/145.0.0.0 Safari/537.36 (compatible; meta-externalagent/1.1 (+https://developers.facebook.com/docs/sharing/webmasters/crawler))"
57.141.0.38 - - [27/Jul/2026:10:23:21 +0200] "GET /aulic/a8n5a0n6a6s35587 HTTP/1.1" 200 41845 "-" "Mozilla/5.0 (Windows NT 10.0; Win64; x64) AppleWebKit/537.36 (KHTML, like Gecko) Chrome/145.0.0.0 Safari/537.36 (compatible; meta-externalagent/1.1 (+https://developers.facebook.com/docs/sharing/webmasters/crawler))"
57.141.0.39 - - [27/Jul/2026:10:24:51 +0200] "GET /shops/junkyard/p8e4r1m6a4n1g1a5n7a7t7e HTTP/1.1" 200 41845 "-" "Mozilla/5.0 (X11; Linux x86_64) AppleWebKit/537.36 (KHTML, like Gecko) Chrome/145.0.0.0 Safari/537.36 (compatible; meta-externalagent/1.1 (+https://developers.facebook.com/docs/sharing/webmasters/crawler))"
57.141.0.27 - - [27/Jul/2026:10:25:02 +0200] "GET /?v=p8a2l8m2a8t7u7m9418 HTTP/1.1" 200 41664 "-" "Mozilla/5.0 (Windows NT 10.0; Win64; x64) AppleWebKit/537.36 (KHTML, like Gecko) Chrome/145.0.0.0 Safari/537.36 (compatible; meta-externalagent/1.1 (+https://developers.facebook.com/docs/sharing/webmasters/crawler))"
57.141.0.28 - - [27/Jul/2026:10:25:54 +0200] "GET /?v=h8u3m9i5d6166225 HTTP/1.1" 200 41664 "-" "Mozilla/5.0 (Macintosh; Intel Mac OS X 10_15_7) AppleWebKit/537.36 (KHTML, like Gecko) Chrome/145.0.0.0 Safari/537.36 (compatible; meta-externalagent/1.1 (+https://developers.facebook.com/docs/sharing/webmasters/crawler))"
209.50.175.137 - - [27/Jul/2026:10:26:24 +0200] "GET /wp-login.php HTTP/1.1" 200 8010 "-" "curl/7.88.1"
104.207.63.59 - - [27/Jul/2026:10:26:23 +0200] "POST /xmlrpc.php HTTP/1.1" 200 8007 "-" "curl/7.88.1"
104.207.63.59 - - [27/Jul/2026:10:26:23 +0200] "POST /xmlrpc.php HTTP/1.1" 200 8007 "-" "curl/8.6.0"
104.207.63.59 - - [27/Jul/2026:10:26:24 +0200] "POST /xmlrpc.php HTTP/1.1" 200 8007 "-" "curl/8.6.0"
217.181.90.1 - - [27/Jul/2026:10:26:23 +0200] "HEAD / HTTP/1.1" 200 5008 "-" "Wget/1.21.4"
209.50.175.137 - - [27/Jul/2026:10:26:25 +0200] "GET /wp-admin/ HTTP/1.1" 200 10323 "-" "curl/7.88.1"
209.50.175.137 - - [27/Jul/2026:10:26:26 +0200] "GET /my-account/ HTTP/1.1" 200 8003 "-" "curl/8.6.0"
45.3.52.163 - - [27/Jul/2026:10:26:27 +0200] "GET /wp-login.php HTTP/1.1" 200 8010 "-" "Mozilla/5.0 (Windows NT 10.0; Win64; x64) AppleWebKit/537.36 (KHTML, like Gecko) Chrome/119.0.0.0 Safari/537.36"
37.120.210.2 - - [27/Jul/2026:10:26:30 +0200] "GET / HTTP/1.1" 200 26625 "-" "Mozilla/5.0+(compatible;+Googlebot/2.1;++http://www.google.com/bot.html)"
37.120.210.2 - - [27/Jul/2026:10:26:31 +0200] "GET /wp-content/uploads/2021/02/logo.png HTTP/1.1" 200 5073 "https://as-cp.fr/" "Mozilla/5.0+(compatible;+Googlebot/2.1;++http://www.google.com/bot.html)"
37.120.210.2 - - [27/Jul/2026:10:26:31 +0200] "GET /wp-content/uploads/la_icon_sets/style.min.css?ver=6.9.4 HTTP/1.1" 200 5068 "https://as-cp.fr/" "Mozilla/5.0+(compatible;+Googlebot/2.1;++http://www.google.com/bot.html)"
37.120.210.2 - - [27/Jul/2026:10:26:31 +0200] "GET /wp-content/plugins/kiwi-logo-carousel/custom-styles.css?ver=6.9.4 HTTP/1.1" 200 5107 "https://as-cp.fr/" "Mozilla/5.0+(compatible;+Googlebot/2.1;++http://www.google.com/bot.html)"
37.120.210.2 - - [27/Jul/2026:10:26:31 +0200] "GET /wp-content/plugins/revslider/public/assets/css/rs6.css?ver=6.3.9 HTTP/1.1" 200 5106 "https://as-cp.fr/" "Mozilla/5.0+(compatible;+Googlebot/2.1;++http://www.google.com/bot.html)"
37.120.210.2 - - [27/Jul/2026:10:26:31 +0200] "GET /wp-content/themes/agencepointcom/style.css?ver=6.9.4 HTTP/1.1" 200 5094 "https://as-cp.fr/" "Mozilla/5.0+(compatible;+Googlebot/2.1;++http://www.google.com/bot.html)"
37.120.210.2 - - [27/Jul/2026:10:26:31 +0200] "GET /wp-includes/js/jquery/jquery.min.js?ver=3.7.1 HTTP/1.1" 200 5094 "https://as-cp.fr/" "Mozilla/5.0+(compatible;+Googlebot/2.1;++http://www.google.com/bot.html)"
37.120.210.2 - - [27/Jul/2026:10:26:31 +0200] "GET /wp-content/plugins/superfly-menu/includes/vendor/looks_awesome/icon_manager/js/md5.js?ver=1.0,0 HTTP/1.1" 200 5144 "https://as-cp.fr/" "Mozilla/5.0+(compatible;+Googlebot/2.1;++http://www.google.com/bot.html)"
37.120.210.2 - - [27/Jul/2026:10:26:31 +0200] "GET /wp-content/plugins/superfly-menu/includes/vendor/looks_awesome/icon_manager/js/util.js?ver=1.0,0 HTTP/1.1" 200 5395 "https://as-cp.fr/" "Mozilla/5.0+(compatible;+Googlebot/2.1;++http://www.google.com/bot.html)"
37.120.210.2 - - [27/Jul/2026:10:26:31 +0200] "GET /wp-includes/js/jquery/jquery-migrate.min.js?ver=3.4.1 HTTP/1.1" 200 5102 "https://as-cp.fr/" "Mozilla/5.0+(compatible;+Googlebot/2.1;++http://www.google.com/bot.html)"
37.120.210.2 - - [27/Jul/2026:10:26:31 +0200] "GET /wp-content/plugins/revslider/public/assets/js/rbtools.min.js?ver=6.3.9 HTTP/1.1" 200 5119 "https://as-cp.fr/" "Mozilla/5.0+(compatible;+Googlebot/2.1;++http://www.google.com/bot.html)"
37.120.210.2 - - [27/Jul/2026:10:26:31 +0200] "GET /wp-content/plugins/superfly-menu/css/public.min.css?ver=6.9.4 HTTP/1.1" 200 5103 "https://as-cp.fr/" "Mozilla/5.0+(compatible;+Googlebot/2.1;++http://www.google.com/bot.html)"
37.120.210.2 - - [27/Jul/2026:10:26:31 +0200] "GET /wp-content/plugins/revslider/public/assets/js/rs6.min.js?ver=6.3.9 HTTP/1.1" 200 5115 "https://as-cp.fr/" "Mozilla/5.0+(compatible;+Googlebot/2.1;++http://www.google.com/bot.html)"
37.120.210.2 - - [27/Jul/2026:10:26:31 +0200] "GET /wp-content/plugins/superfly-menu/js/public.min.js?ver=5.0.19 HTTP/1.1" 200 5108 "https://as-cp.fr/" "Mozilla/5.0+(compatible;+Googlebot/2.1;++http://www.google.com/bot.html)"
37.120.210.2 - - [27/Jul/2026:10:26:31 +0200] "GET /wp-content/themes/agencepointcom/js/script-frontend.js HTTP/1.1" 200 5444 "https://as-cp.fr/" "Mozilla/5.0+(compatible;+Googlebot/2.1;++http://www.google.com/bot.html)"
