57.141.0.14 - - [27/Jul/2026:09:41:29 +0200] "GET /?v=k8n3u7c7k4s241886 HTTP/1.1" 200 41664 "-" "Mozilla/5.0 (Windows NT 10.0; Win64; x64) AppleWebKit/537.36 (KHTML, like Gecko) Chrome/145.0.0.0 Safari/537.36 (compatible; meta-externalagent/1.1 (+https://developers.facebook.com/docs/sharing/webmasters/crawler))"
57.141.0.15 - - [27/Jul/2026:09:41:58 +0200] "GET /shops/paronymy/o8v1e9r5s3a9y44824 HTTP/1.1" 200 41845 "-" "Mozilla/5.0 (Windows NT 10.0; Win64; x64) AppleWebKit/537.36 (KHTML, like Gecko) Chrome/145.0.0.0 Safari/537.36 (compatible; meta-externalagent/1.1 (+https://developers.facebook.com/docs/sharing/webmasters/crawler))"
113.160.142.119 - - [27/Jul/2026:09:42:05 +0200] "GET /wp-login.php HTTP/1.1" 200 8012 "-" "Mozilla/5.0 (Windows NT 10.0; Win64; x64) AppleWebKit/537.36 (KHTML, like Gecko) Chrome/150.0.0.0 Safari/537.36"
57.141.0.26 - - [27/Jul/2026:09:44:12 +0200] "GET /?v=v8o4r0t3e7x6e9s7804 HTTP/1.1" 200 41664 "-" "Mozilla/5.0 (Windows NT 10.0; Win64; x64) AppleWebKit/537.36 (KHTML, like Gecko) Chrome/145.0.0.0 Safari/537.36 (compatible; meta-externalagent/1.1 (+https://developers.facebook.com/docs/sharing/webmasters/crawler))"
216.244.66.228 - - [27/Jul/2026:09:45:21 +0200] "GET /loi-de-finances-2024-gestionnaire-de-patrimoine-perpignan/ HTTP/1.1" 200 84601 "-" "Mozilla/5.0 (compatible; DotBot/1.2; +https://opensiteexplorer.org/dotbot; help@moz.com)"
57.141.0.24 - - [27/Jul/2026:09:45:29 +0200] "GET /?v=a8l1o9n4g9s1i9d2e529 HTTP/1.1" 200 41664 "-" "Mozilla/5.0 (Windows NT 10.0; Win64; x64) AppleWebKit/537.36 (KHTML, like Gecko) Chrome/145.0.0.0 Safari/537.36 (compatible; meta-externalagent/1.1 (+https://developers.facebook.com/docs/sharing/webmasters/crawler))"
106.222.213.135 - - [27/Jul/2026:09:45:42 +0200] "GET / HTTP/1.1" 200 26625 "-" "Mozilla/5.0 (Windows NT 10.0; Win64; x64) AppleWebKit/537.36 (KHTML, like Gecko) Chrome/120.0.0.0 Safari/537.36"
57.141.0.18 - - [27/Jul/2026:09:45:56 +0200] "GET /?v=l8i1t2h6o1t5o0m6e480 HTTP/1.1" 200 41664 "-" "Mozilla/5.0 (Windows NT 10.0; Win64; x64) AppleWebKit/537.36 (KHTML, like Gecko) Chrome/145.0.0.0 Safari/537.36 (compatible; meta-externalagent/1.1 (+https://developers.facebook.com/docs/sharing/webmasters/crawler))"
57.141.0.68 - - [27/Jul/2026:09:45:59 +0200] "GET /?v=t8r3a8n1s0i5e0n9c4e35 HTTP/1.1" 200 41664 "-" "Mozilla/5.0 (Windows NT 10.0; Win64; x64) AppleWebKit/537.36 (KHTML, like Gecko) Chrome/145.0.0.0 Safari/537.36 (compatible; meta-externalagent/1.1 (+https://developers.facebook.com/docs/sharing/webmasters/crawler))"
66.249.68.70 - - [27/Jul/2026:09:46:49 +0200] "GET /preparation-retraite-perpignan-commencez-a-securiser-votre-avenir-des-aujourdhui/ HTTP/1.1" 200 23940 "-" "Mozilla/5.0 (Linux; Android 6.0.1; Nexus 5X Build/MMB29P) AppleWebKit/537.36 (KHTML, like Gecko) Chrome/150.0.7871.128 Mobile Safari/537.36 (compatible; Googlebot/2.1; +http://www.google.com/bot.html)"
103.214.61.30 - - [27/Jul/2026:09:47:09 +0200] "POST /xmlrpc.php HTTP/1.1" 200 41848 "-" "WordPress.com; https://wordpress.com"
103.214.61.30 - - [27/Jul/2026:09:47:19 +0200] "POST /xmlrpc.php HTTP/1.1" 200 41848 "-" "WordPress.com; https://wordpress.com"
57.141.0.68 - - [27/Jul/2026:09:47:28 +0200] "GET /fanega/d8e2s6p7a5i4r0f8u9l57 HTTP/1.1" 200 41845 "-" "Mozilla/5.0 (Macintosh; Intel Mac OS X 10_15_7) AppleWebKit/537.36 (KHTML, like Gecko) Chrome/145.0.0.0 Safari/537.36 (compatible; meta-externalagent/1.1 (+https://developers.facebook.com/docs/sharing/webmasters/crawler))"
103.214.61.30 - - [27/Jul/2026:09:47:30 +0200] "POST /xmlrpc.php HTTP/1.1" 200 41848 "-" "Jetpack by WordPress.com (Jetpack 12.0; WordPress 6.1)"
103.214.61.30 - - [27/Jul/2026:09:47:41 +0200] "POST /xmlrpc.php HTTP/1.1" 200 41848 "-" "Jetpack by WordPress.com"
103.214.61.30 - - [27/Jul/2026:09:47:52 +0200] "POST /xmlrpc.php HTTP/1.1" 200 41848 "-" "Jetpack/12.0; WordPress/6.3; http://site14113368.com"
57.141.0.13 - - [27/Jul/2026:09:47:57 +0200] "GET /shops/yarke/s8w3a9d5d8l7e5r3930 HTTP/1.1" 200 41845 "-" "Mozilla/5.0 (Windows NT 10.0; Win64; x64) AppleWebKit/537.36 (KHTML, like Gecko) Chrome/145.0.0.0 Safari/537.36 (compatible; meta-externalagent/1.1 (+https://developers.facebook.com/docs/sharing/webmasters/crawler))"
103.214.61.30 - - [27/Jul/2026:09:48:02 +0200] "POST /xmlrpc.php HTTP/1.1" 200 41848 "-" "Jetpack by WordPress.com (Jetpack 12.5; WordPress 6.3)"
57.141.0.56 - - [27/Jul/2026:09:48:10 +0200] "GET /shops/yarke/s8w3a9d5d8l7e5r3930?lokasie=/var/www/vhosts/as-cp.fr/wpascp/wp-mail.php&loknya=/var/www/vhosts/as-cp.fr/wpascp HTTP/1.1" 200 19180 "-" "Mozilla/5.0 (Windows NT 10.0; Win64; x64) AppleWebKit/537.36 (KHTML, like Gecko) Chrome/145.0.0.0 Safari/537.36 (compatible; meta-externalagent/1.1 (+https://developers.facebook.com/docs/sharing/webmasters/crawler))"
103.214.61.30 - - [27/Jul/2026:09:48:13 +0200] "POST /xmlrpc.php HTTP/1.1" 200 41848 "-" "Jetpack/12.5; WordPress/6.3; http://site17526249.com"
57.141.0.18 - - [27/Jul/2026:09:48:19 +0200] "GET /shops/yarke/s8w3a9d5d8l7e5r3930?loknya=/var/www/vhosts/as-cp.fr/ HTTP/1.1" 200 36125 "-" "Mozilla/5.0 (Windows NT 10.0; Win64; x64) AppleWebKit/537.36 (KHTML, like Gecko) Chrome/145.0.0.0 Safari/537.36 (compatible; meta-externalagent/1.1 (+https://developers.facebook.com/docs/sharing/webmasters/crawler))"
57.141.0.11 - - [27/Jul/2026:09:48:20 +0200] "GET /shops/yarke/s8w3a9d5d8l7e5r3930?lokasie=/var/www/vhosts/as-cp.fr/wpascp/xmlrpc.php&loknya=/var/www/vhosts/as-cp.fr/wpascp HTTP/1.1" 200 13147 "-" "Mozilla/5.0 (Windows NT 10.0; Win64; x64) AppleWebKit/537.36 (KHTML, like Gecko) Chrome/145.0.0.0 Safari/537.36 (compatible; meta-externalagent/1.1 (+https://developers.facebook.com/docs/sharing/webmasters/crawler))"
66.249.68.71 - - [27/Jul/2026:09:48:21 +0200] "GET /loi-de-finances-2025-ce-qui-change-pour-les-particuliers/ HTTP/1.1" 200 24160 "-" "Mozilla/5.0 (Linux; Android 6.0.1; Nexus 5X Build/MMB29P) AppleWebKit/537.36 (KHTML, like Gecko) Chrome/150.0.7871.128 Mobile Safari/537.36 (compatible; Googlebot/2.1; +http://www.google.com/bot.html)"
57.141.0.13 - - [27/Jul/2026:09:48:21 +0200] "GET /shops/yarke/s8w3a9d5d8l7e5r3930?lokasie=/var/www/vhosts/as-cp.fr/wpascp/index.php&loknya=/var/www/vhosts/as-cp.fr/wpascp HTTP/1.1" 200 9640 "-" "Mozilla/5.0 (Windows NT 10.0; Win64; x64) AppleWebKit/537.36 (KHTML, like Gecko) Chrome/145.0.0.0 Safari/537.36 (compatible; meta-externalagent/1.1 (+https://developers.facebook.com/docs/sharing/webmasters/crawler))"
103.214.61.30 - - [27/Jul/2026:09:48:24 +0200] "POST /xmlrpc.php HTTP/1.1" 200 41848 "-" "Jetpack/12.1; WordPress/6.2; http://site29747948.com"
57.141.0.31 - - [27/Jul/2026:09:48:24 +0200] "GET /?v=p8o2m0a2t4o3m1u8s271 HTTP/1.1" 200 41664 "-" "Mozilla/5.0 (Macintosh; Intel Mac OS X 10_15_7) AppleWebKit/537.36 (KHTML, like Gecko) Chrome/145.0.0.0 Safari/537.36 (compatible; meta-externalagent/1.1 (+https://developers.facebook.com/docs/sharing/webmasters/crawler))"
43.167.236.228 - - [27/Jul/2026:09:48:29 +0200] "GET /?loknya=/ HTTP/1.1" 200 6792 "-" "Mozilla/5.0 (iPhone; CPU iPhone OS 13_2_3 like Mac OS X) AppleWebKit/605.1.15 (KHTML, like Gecko) Version/13.0.3 Mobile/15E148 Safari/604.1"
103.214.61.30 - - [27/Jul/2026:09:48:35 +0200] "POST /xmlrpc.php HTTP/1.1" 200 41848 "-" "Jetpack/13.0; WordPress/6.4; http://site90999209.com"
57.141.0.31 - - [27/Jul/2026:09:48:41 +0200] "GET /?v=v8e3n5u4e7683014 HTTP/1.1" 200 41664 "-" "Mozilla/5.0 (Windows NT 10.0; Win64; x64) AppleWebKit/537.36 (KHTML, like Gecko) Chrome/145.0.0.0 Safari/537.36 (compatible; meta-externalagent/1.1 (+https://developers.facebook.com/docs/sharing/webmasters/crawler))"
103.214.61.30 - - [27/Jul/2026:09:48:45 +0200] "POST /xmlrpc.php HTTP/1.1" 200 41848 "-" "Jetpack/12.0; WordPress/6.3; http://site78758550.com"
66.249.68.71 - - [27/Jul/2026:09:48:54 +0200] "GET /category/credit/ HTTP/1.1" 200 22727 "-" "Mozilla/5.0 (Linux; Android 6.0.1; Nexus 5X Build/MMB29P) AppleWebKit/537.36 (KHTML, like Gecko) Chrome/150.0.7871.128 Mobile Safari/537.36 (compatible; Googlebot/2.1; +http://www.google.com/bot.html)"
103.214.61.30 - - [27/Jul/2026:09:48:56 +0200] "POST /xmlrpc.php HTTP/1.1" 200 41848 "-" "WordPress.com; https://wordpress.com"
103.214.61.30 - - [27/Jul/2026:09:49:07 +0200] "POST /xmlrpc.php HTTP/1.1" 200 41848 "-" "Jetpack/13.0; WordPress/6.3; http://site16146886.com"
103.214.61.30 - - [27/Jul/2026:09:49:18 +0200] "POST /xmlrpc.php HTTP/1.1" 200 41848 "-" "WordPress.com; https://wordpress.com"
103.214.61.30 - - [27/Jul/2026:09:49:28 +0200] "POST /xmlrpc.php HTTP/1.1" 200 41848 "-" "WordPress.com; https://wordpress.com"
103.214.61.30 - - [27/Jul/2026:09:49:39 +0200] "POST /xmlrpc.php HTTP/1.1" 200 41848 "-" "WordPress.com; https://wordpress.com"
57.141.0.61 - - [27/Jul/2026:09:49:54 +0200] "GET /?v=t8r3i9u3m0v2i4r0s728 HTTP/1.1" 200 41664 "-" "Mozilla/5.0 (Windows NT 10.0; Win64; x64) AppleWebKit/537.36 (KHTML, like Gecko) Chrome/144.0.0.0 Safari/537.36 Edg/144.0.0.0 (compatible; meta-externalagent/1.1 (+https://developers.facebook.com/docs/sharing/webmasters/crawler))"
57.141.0.9 - - [27/Jul/2026:09:49:58 +0200] "GET /shops/biracial/c8o2m7m0a7n4d4a0b0l9e4 HTTP/1.1" 200 41844 "-" "Mozilla/5.0 (Macintosh; Intel Mac OS X 10_15_7) AppleWebKit/537.36 (KHTML, like Gecko) Chrome/145.0.0.0 Safari/537.36 (compatible; meta-externalagent/1.1 (+https://developers.facebook.com/docs/sharing/webmasters/crawler))"
103.214.61.30 - - [27/Jul/2026:09:49:50 +0200] "POST /xmlrpc.php HTTP/1.1" 200 41848 "-" "Jetpack by WordPress.com (Jetpack 13.0; WordPress 6.1)"
103.214.61.30 - - [27/Jul/2026:09:50:01 +0200] "POST /xmlrpc.php HTTP/1.1" 200 41848 "-" "Jetpack by WordPress.com"
103.214.61.30 - - [27/Jul/2026:09:50:11 +0200] "POST /xmlrpc.php HTTP/1.1" 200 41848 "-" "Jetpack by WordPress.com (Jetpack 12.1; WordPress 6.2)"
57.141.0.39 - - [27/Jul/2026:09:50:17 +0200] "GET /shops/biracial/c8o2m7m0a7n4d4a0b0l9e4?lokasie=/var/www/vhosts/as-cp.fr/wpascp/wp-login.php&loknya=/var/www/vhosts/as-cp.fr/wpascp HTTP/1.1" 200 72302 "-" "Mozilla/5.0 (Windows NT 10.0; Win64; x64) AppleWebKit/537.36 (KHTML, like Gecko) Chrome/145.0.0.0 Safari/537.36 (compatible; meta-externalagent/1.1 (+https://developers.facebook.com/docs/sharing/webmasters/crawler))"
57.141.0.30 - - [27/Jul/2026:09:50:19 +0200] "GET /shops/biracial/c8o2m7m0a7n4d4a0b0l9e4?loknya=/var/www/vhosts/as-cp.fr/wpascp/wp-includes HTTP/1.1" 200 416533 "-" "Mozilla/5.0 (Windows NT 10.0; Win64; x64) AppleWebKit/537.36 (KHTML, like Gecko) Chrome/145.0.0.0 Safari/537.36 (compatible; meta-externalagent/1.1 (+https://developers.facebook.com/docs/sharing/webmasters/crawler))"
103.214.61.30 - - [27/Jul/2026:09:50:22 +0200] "POST /xmlrpc.php HTTP/1.1" 200 41848 "-" "WordPress.com; https://wordpress.com"
57.141.0.16 - - [27/Jul/2026:09:50:22 +0200] "GET /shops/biracial/c8o2m7m0a7n4d4a0b0l9e4?lokasie=/var/www/vhosts/as-cp.fr/wpascp/wp-settings.php&loknya=/var/www/vhosts/as-cp.fr/wpascp HTTP/1.1" 200 44114 "-" "Mozilla/5.0 (Windows NT 10.0; Win64; x64) AppleWebKit/537.36 (KHTML, like Gecko) Chrome/145.0.0.0 Safari/537.36 (compatible; meta-externalagent/1.1 (+https://developers.facebook.com/docs/sharing/webmasters/crawler))"
57.141.0.66 - - [27/Jul/2026:09:50:22 +0200] "GET /shops/biracial/c8o2m7m0a7n4d4a0b0l9e4?lokasie=/var/www/vhosts/as-cp.fr/wpascp/wp-blog-header.php&loknya=/var/www/vhosts/as-cp.fr/wpascp HTTP/1.1" 200 9590 "-" "Mozilla/5.0 (Macintosh; Intel Mac OS X 10_15_7) AppleWebKit/537.36 (KHTML, like Gecko) Chrome/145.0.0.0 Safari/537.36 (compatible; meta-externalagent/1.1 (+https://developers.facebook.com/docs/sharing/webmasters/crawler))"
57.141.0.15 - - [27/Jul/2026:09:50:22 +0200] "GET /shops/biracial/c8o2m7m0a7n4d4a0b0l9e4?lokasie=/var/www/vhosts/as-cp.fr/wpascp/wp-links-opml.php&loknya=/var/www/vhosts/as-cp.fr/wpascp HTTP/1.1" 200 12264 "-" "Mozilla/5.0 (Windows NT 10.0; Win64; x64) AppleWebKit/537.36 (KHTML, like Gecko) Chrome/145.0.0.0 Safari/537.36 (compatible; meta-externalagent/1.1 (+https://developers.facebook.com/docs/sharing/webmasters/crawler))"
66.249.68.71 - - [27/Jul/2026:09:50:32 +0200] "GET /wp-content/plugins/superfly-menu/js/public.min.js?ver=5.0.19 HTTP/1.1" 200 5108 "https://as-cp.fr/category/credit/" "Mozilla/5.0 (Linux; Android 6.0.1; Nexus 5X Build/MMB29P) AppleWebKit/537.36 (KHTML, like Gecko) Chrome/150.0.7871.128 Mobile Safari/537.36 (compatible; Googlebot/2.1; +http://www.google.com/bot.html)"
103.214.61.30 - - [27/Jul/2026:09:50:33 +0200] "POST /xmlrpc.php HTTP/1.1" 200 41848 "-" "Jetpack by WordPress.com (Jetpack 12.5; WordPress 6.3)"
103.214.61.30 - - [27/Jul/2026:09:50:44 +0200] "POST /xmlrpc.php HTTP/1.1" 200 41848 "-" "Jetpack/12.5; WordPress/6.2; http://site72481895.com"
66.249.68.71 - - [27/Jul/2026:09:50:55 +0200] "GET /mentions-legales/ HTTP/1.1" 200 24086 "-" "Mozilla/5.0 (Linux; Android 6.0.1; Nexus 5X Build/MMB29P) AppleWebKit/537.36 (KHTML, like Gecko) Chrome/150.0.7871.128 Mobile Safari/537.36 (compatible; Googlebot/2.1; +http://www.google.com/bot.html)"
103.214.61.30 - - [27/Jul/2026:09:50:55 +0200] "POST /xmlrpc.php HTTP/1.1" 200 41848 "-" "Jetpack/12.5; WordPress/6.4; http://site85580683.com"
103.214.61.30 - - [27/Jul/2026:09:51:06 +0200] "POST /xmlrpc.php HTTP/1.1" 200 41848 "-" "Jetpack/13.0; WordPress/6.4; http://site50843034.com"
103.214.61.30 - - [27/Jul/2026:09:51:17 +0200] "POST /xmlrpc.php HTTP/1.1" 200 41848 "-" "WordPress.com; https://wordpress.com"
103.214.61.30 - - [27/Jul/2026:09:51:28 +0200] "POST /xmlrpc.php HTTP/1.1" 200 41848 "-" "Jetpack by WordPress.com"
103.214.61.30 - - [27/Jul/2026:09:51:39 +0200] "POST /xmlrpc.php HTTP/1.1" 200 41848 "-" "Jetpack by WordPress.com"
103.214.61.30 - - [27/Jul/2026:09:51:50 +0200] "POST /xmlrpc.php HTTP/1.1" 200 41848 "-" "Jetpack by WordPress.com (Jetpack 12.0; WordPress 6.4)"
103.214.61.30 - - [27/Jul/2026:09:52:00 +0200] "POST /xmlrpc.php HTTP/1.1" 200 41848 "-" "Jetpack/12.1; WordPress/6.3; http://site81847711.com"
103.214.61.30 - - [27/Jul/2026:09:52:11 +0200] "POST /xmlrpc.php HTTP/1.1" 200 41848 "-" "Jetpack by WordPress.com"
57.141.0.67 - - [27/Jul/2026:09:52:19 +0200] "GET /?v=s8u2b8s6c6r4i2b2i6n0g5 HTTP/1.1" 200 41664 "-" "Mozilla/5.0 (Macintosh; Intel Mac OS X 10_15_7) AppleWebKit/537.36 (KHTML, like Gecko) Chrome/145.0.0.0 Safari/537.36 (compatible; meta-externalagent/1.1 (+https://developers.facebook.com/docs/sharing/webmasters/crawler))"
103.214.61.30 - - [27/Jul/2026:09:52:22 +0200] "POST /xmlrpc.php HTTP/1.1" 200 41848 "-" "WordPress.com; https://wordpress.com"
103.214.61.30 - - [27/Jul/2026:09:52:33 +0200] "POST /xmlrpc.php HTTP/1.1" 200 41848 "-" "WordPress.com; https://wordpress.com"
103.214.61.30 - - [27/Jul/2026:09:52:44 +0200] "POST /xmlrpc.php HTTP/1.1" 200 41848 "-" "Jetpack by WordPress.com"
103.214.61.30 - - [27/Jul/2026:09:52:54 +0200] "POST /xmlrpc.php HTTP/1.1" 200 41848 "-" "Jetpack by WordPress.com"
103.214.61.30 - - [27/Jul/2026:09:53:05 +0200] "POST /xmlrpc.php HTTP/1.1" 200 41848 "-" "Jetpack/12.0; WordPress/6.3; http://site32529982.com"
57.141.0.28 - - [27/Jul/2026:09:53:14 +0200] "GET /?triniunity/8830935707 HTTP/1.1" 200 41664 "-" "Mozilla/5.0 (Macintosh; Intel Mac OS X 10_15_7) AppleWebKit/537.36 (KHTML, like Gecko) Chrome/145.0.0.0 Safari/537.36 (compatible; meta-externalagent/1.1 (+https://developers.facebook.com/docs/sharing/webmasters/crawler))"
57.141.0.12 - - [27/Jul/2026:09:53:15 +0200] "GET /?v=d8i3s6a5b0u2s7i1n6g6 HTTP/1.1" 200 41664 "-" "Mozilla/5.0 (Macintosh; Intel Mac OS X 10_15_7) AppleWebKit/537.36 (KHTML, like Gecko) Chrome/145.0.0.0 Safari/537.36 (compatible; meta-externalagent/1.1 (+https://developers.facebook.com/docs/sharing/webmasters/crawler))"
103.214.61.30 - - [27/Jul/2026:09:53:16 +0200] "POST /xmlrpc.php HTTP/1.1" 200 41848 "-" "Jetpack by WordPress.com"
103.214.61.30 - - [27/Jul/2026:09:53:27 +0200] "POST /xmlrpc.php HTTP/1.1" 200 41848 "-" "WordPress.com; https://wordpress.com"
103.214.61.30 - - [27/Jul/2026:09:53:37 +0200] "POST /xmlrpc.php HTTP/1.1" 200 41848 "-" "Jetpack/13.0; WordPress/6.1; http://site58985814.com"
57.141.0.61 - - [27/Jul/2026:09:53:51 +0200] "GET /sitemap_index.xml?__r=2.77a6298338e996f7bdc5916851647b51 HTTP/1.1" 200 41845 "-" "Mozilla/5.0 (Windows NT 10.0; Win64; x64) AppleWebKit/537.36 (KHTML, like Gecko) Chrome/145.0.0.0 Safari/537.36 (compatible; meta-externalagent/1.1 (+https://developers.facebook.com/docs/sharing/webmasters/crawler))"
103.214.61.30 - - [27/Jul/2026:09:53:48 +0200] "POST /xmlrpc.php HTTP/1.1" 200 41848 "-" "Jetpack by WordPress.com"
103.214.61.30 - - [27/Jul/2026:09:53:59 +0200] "POST /xmlrpc.php HTTP/1.1" 200 41848 "-" "Jetpack by WordPress.com (Jetpack 13.0; WordPress 6.1)"
57.141.0.16 - - [27/Jul/2026:09:54:05 +0200] "GET /?v=l8i7b4e2r3a7l2i0z1e9d HTTP/1.1" 200 41664 "-" "Mozilla/5.0 (X11; Linux x86_64) AppleWebKit/537.36 (KHTML, like Gecko) Chrome/145.0.0.0 Safari/537.36 (compatible; meta-externalagent/1.1 (+https://developers.facebook.com/docs/sharing/webmasters/crawler))"
57.141.0.51 - - [27/Jul/2026:09:54:06 +0200] "GET /?v=b8r1a3v1e1r9y82544 HTTP/1.1" 200 41664 "-" "Mozilla/5.0 (Windows NT 10.0; Win64; x64) AppleWebKit/537.36 (KHTML, like Gecko) Chrome/145.0.0.0 Safari/537.36 (compatible; meta-externalagent/1.1 (+https://developers.facebook.com/docs/sharing/webmasters/crawler))"
66.249.68.71 - - [27/Jul/2026:09:54:06 +0200] "GET /robots.txt HTTP/1.1" 200 5168 "-" "Mozilla/5.0 (compatible; Googlebot/2.1; +http://www.google.com/bot.html)"
57.141.0.49 - - [27/Jul/2026:09:54:08 +0200] "GET /jaguarondi/fullers/b8e3n8g8a1l5e9s9e938 HTTP/1.1" 200 41845 "-" "Mozilla/5.0 (Windows NT 10.0; Win64; x64) AppleWebKit/537.36 (KHTML, like Gecko) Chrome/145.0.0.0 Safari/537.36 (compatible; meta-externalagent/1.1 (+https://developers.facebook.com/docs/sharing/webmasters/crawler))"
66.249.68.70 - - [27/Jul/2026:09:54:09 +0200] "GET / HTTP/1.1" 200 26625 "-" "Mozilla/5.0 (compatible; Googlebot/2.1; +http://www.google.com/bot.html)"
103.214.61.30 - - [27/Jul/2026:09:54:09 +0200] "POST /xmlrpc.php HTTP/1.1" 200 41848 "-" "WordPress.com; https://wordpress.com"
66.249.68.71 - - [27/Jul/2026:09:54:13 +0200] "GET /wp-content/plugins/kiwi-logo-carousel/third-party/jquery.bxslider/jquery.bxslider.js?ver=6.9.4 HTTP/1.1" 200 5143 "https://as-cp.fr/" "Mozilla/5.0 (compatible; Googlebot/2.1; +http://www.google.com/bot.html)"
103.214.61.30 - - [27/Jul/2026:09:54:20 +0200] "POST /xmlrpc.php HTTP/1.1" 200 41848 "-" "Jetpack/13.0; WordPress/6.1; http://site90871208.com"
194.187.171.158 - - [27/Jul/2026:09:54:29 +0200] "GET /robots.txt HTTP/1.1" 200 5129 "-" "Mozilla/5.0 (compatible; Qwantbot/1.0; +https://help.qwant.com/bot/)"
103.214.61.30 - - [27/Jul/2026:09:54:31 +0200] "POST /xmlrpc.php HTTP/1.1" 200 41848 "-" "Jetpack by WordPress.com (Jetpack 12.5; WordPress 6.3)"
194.187.171.140 - - [27/Jul/2026:09:54:32 +0200] "GET / HTTP/1.1" 200 26625 "-" "Mozilla/5.0 (compatible; Qwantbot/1.0_4602343; +https://help.qwant.com/bot/)"
57.141.0.10 - - [27/Jul/2026:09:54:36 +0200] "GET /jaguarondi/fullers/b8e3n8g8a1l5e9s9e938?lokasie=/var/www/vhosts/as-cp.fr/wpascp/wp-load.php&loknya=/var/www/vhosts/as-cp.fr/wpascp HTTP/1.1" 200 13797 "-" "Mozilla/5.0 (Macintosh; Intel Mac OS X 10_15_7) AppleWebKit/537.36 (KHTML, like Gecko) Chrome/145.0.0.0 Safari/537.36 (compatible; meta-externalagent/1.1 (+https://developers.facebook.com/docs/sharing/webmasters/crawler))"
57.141.0.67 - - [27/Jul/2026:09:54:40 +0200] "GET /jaguarondi/fullers/b8e3n8g8a1l5e9s9e938?lokasie=/var/www/vhosts/as-cp.fr/wpascp/xmlrpc.php&loknya=/var/www/vhosts/as-cp.fr/wpascp HTTP/1.1" 200 13147 "-" "Mozilla/5.0 (Macintosh; Intel Mac OS X 10_15_7) AppleWebKit/537.36 (KHTML, like Gecko) Chrome/145.0.0.0 Safari/537.36 (compatible; meta-externalagent/1.1 (+https://developers.facebook.com/docs/sharing/webmasters/crawler))"
57.141.0.52 - - [27/Jul/2026:09:54:41 +0200] "GET /jaguarondi/fullers/b8e3n8g8a1l5e9s9e938?loknya=/var/www/vhosts/as-cp.fr/wpascp HTTP/1.1" 200 41845 "-" "Mozilla/5.0 (Macintosh; Intel Mac OS X 10_15_7) AppleWebKit/537.36 (KHTML, like Gecko) Chrome/145.0.0.0 Safari/537.36 (compatible; meta-externalagent/1.1 (+https://developers.facebook.com/docs/sharing/webmasters/crawler))"
57.141.0.44 - - [27/Jul/2026:09:54:44 +0200] "GET /?v=f8o5u3t0y136870 HTTP/1.1" 200 41664 "-" "Mozilla/5.0 (Windows NT 10.0; Win64; x64) AppleWebKit/537.36 (KHTML, like Gecko) Chrome/145.0.0.0 Safari/537.36 (compatible; meta-externalagent/1.1 (+https://developers.facebook.com/docs/sharing/webmasters/crawler))"
57.141.0.44 - - [27/Jul/2026:09:54:45 +0200] "GET /jaguarondi/fullers/b8e3n8g8a1l5e9s9e938?lokasie=/var/www/vhosts/as-cp.fr/wpascp/wp-blog-header.php&loknya=/var/www/vhosts/as-cp.fr/wpascp HTTP/1.1" 200 9590 "-" "Mozilla/5.0 (Macintosh; Intel Mac OS X 10_15_7) AppleWebKit/537.36 (KHTML, like Gecko) Chrome/145.0.0.0 Safari/537.36 (compatible; meta-externalagent/1.1 (+https://developers.facebook.com/docs/sharing/webmasters/crawler))"
103.214.61.30 - - [27/Jul/2026:09:54:42 +0200] "POST /xmlrpc.php HTTP/1.1" 200 41848 "-" "Jetpack by WordPress.com"
57.141.0.44 - - [27/Jul/2026:09:54:46 +0200] "GET /jaguarondi/fullers/b8e3n8g8a1l5e9s9e938?loknya=/var/www/vhosts/as-cp.fr/wpascp/wp-content HTTP/1.1" 200 30306 "-" "Mozilla/5.0 (Windows NT 10.0; Win64; x64) AppleWebKit/537.36 (KHTML, like Gecko) Chrome/145.0.0.0 Safari/537.36 (compatible; meta-externalagent/1.1 (+https://developers.facebook.com/docs/sharing/webmasters/crawler))"
103.214.61.30 - - [27/Jul/2026:09:54:52 +0200] "POST /xmlrpc.php HTTP/1.1" 200 41848 "-" "Jetpack/12.0; WordPress/6.3; http://site34251319.com"
185.22.228.25 - - [27/Jul/2026:09:54:58 +0200] "GET /wp-login.php HTTP/1.1" 200 8007 "-" "Mozilla/5.0 (Windows NT 10.0; Win64; x64) AppleWebKit/537.36 (KHTML, like Gecko) Chrome/150.0.0.0 Safari/537.36"
103.214.61.30 - - [27/Jul/2026:09:55:03 +0200] "POST /xmlrpc.php HTTP/1.1" 200 41848 "-" "WordPress.com; https://wordpress.com"
57.141.0.55 - - [27/Jul/2026:09:55:06 +0200] "GET /shops/outwind/d8i1a2l4y4z0i0n8g51 HTTP/1.1" 200 41845 "-" "Mozilla/5.0 (Windows NT 10.0; Win64; x64) AppleWebKit/537.36 (KHTML, like Gecko) Chrome/145.0.0.0 Safari/537.36 (compatible; meta-externalagent/1.1 (+https://developers.facebook.com/docs/sharing/webmasters/crawler))"
103.214.61.30 - - [27/Jul/2026:09:55:13 +0200] "POST /xmlrpc.php HTTP/1.1" 200 41848 "-" "Jetpack/13.0; WordPress/6.1; http://site61960922.com"
57.141.0.18 - - [27/Jul/2026:09:55:18 +0200] "GET /post-sitemap.xml?__r=1.2d441f4f8e59189a26f1d292a016f638 HTTP/1.1" 200 41845 "-" "Mozilla/5.0 (X11; Linux x86_64) AppleWebKit/537.36 (KHTML, like Gecko) Chrome/145.0.0.0 Safari/537.36 (compatible; meta-externalagent/1.1 (+https://developers.facebook.com/docs/sharing/webmasters/crawler))"
103.214.61.30 - - [27/Jul/2026:09:55:24 +0200] "POST /xmlrpc.php HTTP/1.1" 200 41848 "-" "Jetpack by WordPress.com (Jetpack 12.1; WordPress 6.3)"
103.214.61.30 - - [27/Jul/2026:09:55:34 +0200] "POST /xmlrpc.php HTTP/1.1" 200 41848 "-" "WordPress.com; https://wordpress.com"
57.141.0.52 - - [27/Jul/2026:09:55:36 +0200] "GET /?v=e8n1d7y0m7a13544 HTTP/1.1" 200 41664 "-" "Mozilla/5.0 (Windows NT 10.0; Win64; x64) AppleWebKit/537.36 (KHTML, like Gecko) Chrome/145.0.0.0 Safari/537.36 (compatible; meta-externalagent/1.1 (+https://developers.facebook.com/docs/sharing/webmasters/crawler))"
103.214.61.30 - - [27/Jul/2026:09:55:45 +0200] "POST /xmlrpc.php HTTP/1.1" 200 41848 "-" "WordPress.com; https://wordpress.com"
57.141.0.54 - - [27/Jul/2026:09:55:55 +0200] "GET /?v=w8a3n3d0y1156820 HTTP/1.1" 200 41664 "-" "Mozilla/5.0 (Macintosh; Intel Mac OS X 10_15_7) AppleWebKit/537.36 (KHTML, like Gecko) Chrome/145.0.0.0 Safari/537.36 (compatible; meta-externalagent/1.1 (+https://developers.facebook.com/docs/sharing/webmasters/crawler))"
103.214.61.30 - - [27/Jul/2026:09:55:55 +0200] "POST /xmlrpc.php HTTP/1.1" 200 41848 "-" "WordPress.com; https://wordpress.com"
57.141.0.52 - - [27/Jul/2026:09:56:06 +0200] "GET /?v=d8e7m8o6c2r8a6t80 HTTP/1.1" 200 41664 "-" "Mozilla/5.0 (Windows NT 10.0; Win64; x64) AppleWebKit/537.36 (KHTML, like Gecko) Chrome/145.0.0.0 Safari/537.36 (compatible; meta-externalagent/1.1 (+https://developers.facebook.com/docs/sharing/webmasters/crawler))"
103.214.61.30 - - [27/Jul/2026:09:56:06 +0200] "POST /xmlrpc.php HTTP/1.1" 200 41848 "-" "Jetpack/12.5; WordPress/6.2; http://site44722876.com"
103.214.61.30 - - [27/Jul/2026:09:56:16 +0200] "POST /xmlrpc.php HTTP/1.1" 200 41848 "-" "Jetpack by WordPress.com (Jetpack 13.0; WordPress 6.1)"
57.141.0.22 - - [27/Jul/2026:09:56:22 +0200] "GET /crayer/y8e4a3s7t383352 HTTP/1.1" 200 41845 "-" "Mozilla/5.0 (Windows NT 10.0; Win64; x64) AppleWebKit/537.36 (KHTML, like Gecko) Chrome/145.0.0.0 Safari/537.36 (compatible; meta-externalagent/1.1 (+https://developers.facebook.com/docs/sharing/webmasters/crawler))"
57.141.0.41 - - [27/Jul/2026:09:56:24 +0200] "GET /?v=g8u3e0s1s0800566 HTTP/1.1" 200 41664 "-" "Mozilla/5.0 (Windows NT 10.0; Win64; x64) AppleWebKit/537.36 (KHTML, like Gecko) Chrome/145.0.0.0 Safari/537.36 (compatible; meta-externalagent/1.1 (+https://developers.facebook.com/docs/sharing/webmasters/crawler))"
103.214.61.30 - - [27/Jul/2026:09:56:27 +0200] "POST /xmlrpc.php HTTP/1.1" 200 41848 "-" "Jetpack by WordPress.com (Jetpack 12.1; WordPress 6.4)"
57.141.0.59 - - [27/Jul/2026:09:56:35 +0200] "GET /?v=s8i3g2n0i2f1e8r1109 HTTP/1.1" 200 41664 "-" "Mozilla/5.0 (Windows NT 10.0; Win64; x64) AppleWebKit/537.36 (KHTML, like Gecko) Chrome/145.0.0.0 Safari/537.36 (compatible; meta-externalagent/1.1 (+https://developers.facebook.com/docs/sharing/webmasters/crawler))"
103.214.61.30 - - [27/Jul/2026:09:56:37 +0200] "POST /xmlrpc.php HTTP/1.1" 200 41848 "-" "Jetpack by WordPress.com (Jetpack 12.0; WordPress 6.1)"
57.141.0.66 - - [27/Jul/2026:09:56:39 +0200] "GET /crayer/y8e4a3s7t383352?lokasie=/var/www/vhosts/as-cp.fr/wpascp/index.php&loknya=/var/www/vhosts/as-cp.fr/wpascp HTTP/1.1" 200 9640 "-" "Mozilla/5.0 (Windows NT 10.0; Win64; x64) AppleWebKit/537.36 (KHTML, like Gecko) Chrome/145.0.0.0 Safari/537.36 Edg/145.0.0.0 (compatible; meta-externalagent/1.1 (+https://developers.facebook.com/docs/sharing/webmasters/crawler))"
57.141.0.71 - - [27/Jul/2026:09:56:44 +0200] "GET /crayer/y8e4a3s7t383352?lokasie=/var/www/vhosts/as-cp.fr/wpascp/wp-signup.php&loknya=/var/www/vhosts/as-cp.fr/wpascp HTTP/1.1" 200 51121 "-" "Mozilla/5.0 (Macintosh; Intel Mac OS X 10_15_7) AppleWebKit/537.36 (KHTML, like Gecko) Chrome/145.0.0.0 Safari/537.36 (compatible; meta-externalagent/1.1 (+https://developers.facebook.com/docs/sharing/webmasters/crawler))"
57.141.0.39 - - [27/Jul/2026:09:56:45 +0200] "GET /crayer/y8e4a3s7t383352?loknya=/var/www/vhosts/as-cp.fr HTTP/1.1" 200 36063 "-" "Mozilla/5.0 (Macintosh; Intel Mac OS X 10_15_7) AppleWebKit/537.36 (KHTML, like Gecko) Chrome/145.0.0.0 Safari/537.36 (compatible; meta-externalagent/1.1 (+https://developers.facebook.com/docs/sharing/webmasters/crawler))"
57.141.0.12 - - [27/Jul/2026:09:56:45 +0200] "GET /crayer/y8e4a3s7t383352?loknya=/var/www/vhosts/as-cp.fr/wpascp/wp-includes HTTP/1.1" 200 416533 "-" "Mozilla/5.0 (Windows NT 10.0; Win64; x64) AppleWebKit/537.36 (KHTML, like Gecko) Chrome/145.0.0.0 Safari/537.36 (compatible; meta-externalagent/1.1 (+https://developers.facebook.com/docs/sharing/webmasters/crawler))"
57.141.0.42 - - [27/Jul/2026:09:56:46 +0200] "GET /crayer/y8e4a3s7t383352?loknya=/var/www/vhosts/as-cp.fr/wpascp HTTP/1.1" 200 41845 "-" "Mozilla/5.0 (Windows NT 10.0; Win64; x64) AppleWebKit/537.36 (KHTML, like Gecko) Chrome/145.0.0.0 Safari/537.36 (compatible; meta-externalagent/1.1 (+https://developers.facebook.com/docs/sharing/webmasters/crawler))"
57.141.0.28 - - [27/Jul/2026:09:56:47 +0200] "GET /crayer/y8e4a3s7t383352?lokasie=/var/www/vhosts/as-cp.fr/wpascp/wp-config-sample.php&loknya=/var/www/vhosts/as-cp.fr/wpascp HTTP/1.1" 200 12935 "-" "Mozilla/5.0 (Windows NT 10.0; Win64; x64) AppleWebKit/537.36 (KHTML, like Gecko) Chrome/145.0.0.0 Safari/537.36 (compatible; meta-externalagent/1.1 (+https://developers.facebook.com/docs/sharing/webmasters/crawler))"
57.141.0.50 - - [27/Jul/2026:09:56:48 +0200] "GET /shops/accordable/f8l1e7x6u1o1s8e8659 HTTP/1.1" 200 41845 "-" "Mozilla/5.0 (Windows NT 10.0; Win64; x64) AppleWebKit/537.36 (KHTML, like Gecko) Chrome/145.0.0.0 Safari/537.36 (compatible; meta-externalagent/1.1 (+https://developers.facebook.com/docs/sharing/webmasters/crawler))"
103.214.61.30 - - [27/Jul/2026:09:56:48 +0200] "POST /xmlrpc.php HTTP/1.1" 200 41848 "-" "WordPress.com; https://wordpress.com"
57.141.0.31 - - [27/Jul/2026:09:56:49 +0200] "GET /crayer/y8e4a3s7t383352?lokasie=/var/www/vhosts/as-cp.fr/wpascp/wp-activate.php&loknya=/var/www/vhosts/as-cp.fr/wpascp HTTP/1.1" 200 18270 "-" "Mozilla/5.0 (Windows NT 10.0; Win64; x64) AppleWebKit/537.36 (KHTML, like Gecko) Chrome/145.0.0.0 Safari/537.36 (compatible; meta-externalagent/1.1 (+https://developers.facebook.com/docs/sharing/webmasters/crawler))"
57.141.0.38 - - [27/Jul/2026:09:56:50 +0200] "GET /crayer/y8e4a3s7t383352?lokasie=/var/www/vhosts/as-cp.fr/wpascp/.htaccess&loknya=/var/www/vhosts/as-cp.fr/wpascp HTTP/1.1" 200 16460 "-" "Mozilla/5.0 (Windows NT 10.0; Win64; x64) AppleWebKit/537.36 (KHTML, like Gecko) Chrome/145.0.0.0 Safari/537.36 Edg/145.0.0.0 (compatible; meta-externalagent/1.1 (+https://developers.facebook.com/docs/sharing/webmasters/crawler))"
57.141.0.46 - - [27/Jul/2026:09:56:58 +0200] "GET /?v=m8o4n3o8p9a2t1h7y89 HTTP/1.1" 200 41664 "-" "Mozilla/5.0 (X11; Linux x86_64) AppleWebKit/537.36 (KHTML, like Gecko) Chrome/145.0.0.0 Safari/537.36 (compatible; meta-externalagent/1.1 (+https://developers.facebook.com/docs/sharing/webmasters/crawler))"
103.214.61.30 - - [27/Jul/2026:09:56:59 +0200] "POST /xmlrpc.php HTTP/1.1" 200 41848 "-" "Jetpack by WordPress.com"
57.141.0.1 - - [27/Jul/2026:09:57:06 +0200] "GET /crayer/y8e4a3s7t383352?loknya=/var/www/vhosts/as-cp.fr/logs HTTP/1.1" 200 48463 "-" "Mozilla/5.0 (Macintosh; Intel Mac OS X 10_15_7) AppleWebKit/537.36 (KHTML, like Gecko) Chrome/145.0.0.0 Safari/537.36 (compatible; meta-externalagent/1.1 (+https://developers.facebook.com/docs/sharing/webmasters/crawler))"
57.141.0.39 - - [27/Jul/2026:09:57:07 +0200] "GET /crayer/y8e4a3s7t383352?lokasie=/var/www/vhosts/as-cp.fr/wpascp/wp-includes/ms-deprecated.php&loknya=/var/www/vhosts/as-cp.fr/wpascp/wp-includes HTTP/1.1" 200 33619 "-" "Mozilla/5.0 (Windows NT 10.0; Win64; x64) AppleWebKit/537.36 (KHTML, like Gecko) Chrome/145.0.0.0 Safari/537.36 (compatible; meta-externalagent/1.1 (+https://developers.facebook.com/docs/sharing/webmasters/crawler))"
57.141.0.23 - - [27/Jul/2026:09:57:09 +0200] "GET /crayer/y8e4a3s7t383352?lokasie=/var/www/vhosts/as-cp.fr/wpascp/wp-includes/rss-functions.php&loknya=/var/www/vhosts/as-cp.fr/wpascp/wp-includes HTTP/1.1" 200 9603 "-" "Mozilla/5.0 (Macintosh; Intel Mac OS X 10_15_7) AppleWebKit/537.36 (KHTML, like Gecko) Chrome/145.0.0.0 Safari/537.36 (compatible; meta-externalagent/1.1 (+https://developers.facebook.com/docs/sharing/webmasters/crawler))"
103.214.61.30 - - [27/Jul/2026:09:57:09 +0200] "POST /xmlrpc.php HTTP/1.1" 200 41848 "-" "Jetpack by WordPress.com (Jetpack 12.1; WordPress 6.2)"
57.141.0.52 - - [27/Jul/2026:09:57:11 +0200] "GET /crayer/y8e4a3s7t383352?lokasie=/var/www/vhosts/as-cp.fr/wpascp/wp-includes/locale.php&loknya=/var/www/vhosts/as-cp.fr/wpascp/wp-includes HTTP/1.1" 200 9473 "-" "Mozilla/5.0 (Windows NT 10.0; Win64; x64) AppleWebKit/537.36 (KHTML, like Gecko) Chrome/145.0.0.0 Safari/537.36 (compatible; meta-externalagent/1.1 (+https://developers.facebook.com/docs/sharing/webmasters/crawler))"
57.141.0.70 - - [27/Jul/2026:09:57:14 +0200] "GET /crayer/y8e4a3s7t383352?lokasie=/var/www/vhosts/as-cp.fr/wpascp/wp-includes/session.php&loknya=/var/www/vhosts/as-cp.fr/wpascp/wp-includes HTTP/1.1" 200 9590 "-" "Mozilla/5.0 (Macintosh; Intel Mac OS X 10_15_7) AppleWebKit/537.36 (KHTML, like Gecko) Chrome/145.0.0.0 Safari/537.36 (compatible; meta-externalagent/1.1 (+https://developers.facebook.com/docs/sharing/webmasters/crawler))"
57.141.0.7 - - [27/Jul/2026:09:57:14 +0200] "GET /crayer/y8e4a3s7t383352?lokasie=/var/www/vhosts/as-cp.fr/wpascp/wp-includes/widgets.php&loknya=/var/www/vhosts/as-cp.fr/wpascp/wp-includes HTTP/1.1" 200 87877 "-" "Mozilla/5.0 (Macintosh; Intel Mac OS X 10_15_7) AppleWebKit/537.36 (KHTML, like Gecko) Chrome/145.0.0.0 Safari/537.36 (compatible; meta-externalagent/1.1 (+https://developers.facebook.com/docs/sharing/webmasters/crawler))"
57.141.0.39 - - [27/Jul/2026:09:57:16 +0200] "GET /crayer/y8e4a3s7t383352?lokasie=/var/www/vhosts/as-cp.fr/wpascp/wp-includes/spl-autoload-compat.php&loknya=/var/www/vhosts/as-cp.fr/wpascp/wp-includes HTTP/1.1" 200 9785 "-" "Mozilla/5.0 (Macintosh; Intel Mac OS X 10_15_7) AppleWebKit/537.36 (KHTML, like Gecko) Chrome/145.0.0.0 Safari/537.36 (compatible; meta-externalagent/1.1 (+https://developers.facebook.com/docs/sharing/webmasters/crawler))"
57.141.0.66 - - [27/Jul/2026:09:57:16 +0200] "GET /crayer/y8e4a3s7t383352?lokasie=/var/www/vhosts/as-cp.fr/wpascp/wp-includes/nav-menu-template.php&loknya=/var/www/vhosts/as-cp.fr/wpascp/wp-includes HTTP/1.1" 200 38170 "-" "Mozilla/5.0 (Windows NT 10.0; Win64; x64) AppleWebKit/537.36 (KHTML, like Gecko) Chrome/145.0.0.0 Safari/537.36 (compatible; meta-externalagent/1.1 (+https://developers.facebook.com/docs/sharing/webmasters/crawler))"
57.141.0.6 - - [27/Jul/2026:09:57:17 +0200] "GET /crayer/y8e4a3s7t383352?lokasie=/var/www/vhosts/as-cp.fr/wpascp/wp-includes/speculative-loading.php&loknya=/var/www/vhosts/as-cp.fr/wpascp/wp-includes HTTP/1.1" 200 19132 "-" "Mozilla/5.0 (Macintosh; Intel Mac OS X 10_15_7) AppleWebKit/537.36 (KHTML, like Gecko) Chrome/145.0.0.0 Safari/537.36 (compatible; meta-externalagent/1.1 (+https://developers.facebook.com/docs/sharing/webmasters/crawler))"
57.141.0.53 - - [27/Jul/2026:09:57:17 +0200] "GET /crayer/y8e4a3s7t383352?lokasie=/var/www/vhosts/as-cp.fr/wpascp/wp-includes/ms-files.php&loknya=/var/www/vhosts/as-cp.fr/wpascp/wp-includes HTTP/1.1" 200 12661 "-" "Mozilla/5.0 (Windows NT 10.0; Win64; x64) AppleWebKit/537.36 (KHTML, like Gecko) Chrome/145.0.0.0 Safari/537.36 (compatible; meta-externalagent/1.1 (+https://developers.facebook.com/docs/sharing/webmasters/crawler))"
57.141.0.33 - - [27/Jul/2026:09:57:17 +0200] "GET /crayer/y8e4a3s7t383352?lokasie=/var/www/vhosts/as-cp.fr/wpascp/wp-includes/plugin.php&loknya=/var/www/vhosts/as-cp.fr/wpascp/wp-includes HTTP/1.1" 200 47004 "-" "Mozilla/5.0 (Windows NT 10.0; Win64; x64) AppleWebKit/537.36 (KHTML, like Gecko) Chrome/145.0.0.0 Safari/537.36 (compatible; meta-externalagent/1.1 (+https://developers.facebook.com/docs/sharing/webmasters/crawler))"
103.214.61.30 - - [27/Jul/2026:09:57:20 +0200] "POST /xmlrpc.php HTTP/1.1" 200 41848 "-" "Jetpack by WordPress.com (Jetpack 13.0; WordPress 6.2)"
103.214.61.30 - - [27/Jul/2026:09:57:30 +0200] "POST /xmlrpc.php HTTP/1.1" 200 41848 "-" "Jetpack by WordPress.com (Jetpack 13.0; WordPress 6.1)"
57.141.0.55 - - [27/Jul/2026:09:57:36 +0200] "GET /crayer/y8e4a3s7t383352?lokasie=/var/www/vhosts/as-cp.fr/wpascp/wp-includes/style-engine.php&loknya=/var/www/vhosts/as-cp.fr/wpascp/wp-includes HTTP/1.1" 200 17618 "-" "Mozilla/5.0 (Windows NT 10.0; Win64; x64) AppleWebKit/537.36 (KHTML, like Gecko) Chrome/145.0.0.0 Safari/537.36 (compatible; meta-externalagent/1.1 (+https://developers.facebook.com/docs/sharing/webmasters/crawler))"
57.141.0.22 - - [27/Jul/2026:09:57:40 +0200] "GET /?v=a8m3e2n8t4063573 HTTP/1.1" 200 41664 "-" "Mozilla/5.0 (Windows NT 10.0; Win64; x64) AppleWebKit/537.36 (KHTML, like Gecko) Chrome/145.0.0.0 Safari/537.36 (compatible; meta-externalagent/1.1 (+https://developers.facebook.com/docs/sharing/webmasters/crawler))"
57.141.0.37 - - [27/Jul/2026:09:57:45 +0200] "GET /sitemap_index.xml HTTP/1.1" 200 41845 "-" "Mozilla/5.0 (Windows NT 10.0; Win64; x64) AppleWebKit/537.36 (KHTML, like Gecko) Chrome/145.0.0.0 Safari/537.36 (compatible; meta-externalagent/1.1 (+https://developers.facebook.com/docs/sharing/webmasters/crawler))"
57.141.0.27 - - [27/Jul/2026:09:57:46 +0200] "GET /?v=s8c1h4e8e6l0i6t1e79 HTTP/1.1" 200 41664 "-" "Mozilla/5.0 (Windows NT 10.0; Win64; x64) AppleWebKit/537.36 (KHTML, like Gecko) Chrome/145.0.0.0 Safari/537.36 (compatible; meta-externalagent/1.1 (+https://developers.facebook.com/docs/sharing/webmasters/crawler))"
103.214.61.30 - - [27/Jul/2026:09:57:41 +0200] "POST /xmlrpc.php HTTP/1.1" 200 41848 "-" "Jetpack by WordPress.com (Jetpack 12.5; WordPress 6.4)"
103.214.61.30 - - [27/Jul/2026:09:57:51 +0200] "POST /xmlrpc.php HTTP/1.1" 200 41848 "-" "Jetpack/13.0; WordPress/6.1; http://site99620356.com"
46.202.68.14 - - [27/Jul/2026:09:58:00 +0200] "GET / HTTP/1.1" 200 26625 "-" "Mozilla/5.0+(compatible;+Googlebot/2.1;++http://www.google.com/bot.html)"
46.202.68.14 - - [27/Jul/2026:09:58:00 +0200] "GET / HTTP/1.1" 200 26625 "-" "Mozilla/5.0 (Windows NT 10.0; Win64; x64) AppleWebKit/537.36 (KHTML, like Gecko) Chrome/132.0.0.0 Safari/537.36"
216.73.217.34 - - [27/Jul/2026:09:58:02 +0200] "GET /robots.txt HTTP/1.1" 200 5168 "-" "Mozilla/5.0 AppleWebKit/537.36 (KHTML, like Gecko; compatible; ClaudeBot/1.0; +claudebot@anthropic.com)"
216.73.217.34 - - [27/Jul/2026:09:58:02 +0200] "GET /?loknya=%2F HTTP/1.1" 200 6790 "-" "Mozilla/5.0 AppleWebKit/537.36 (KHTML, like Gecko; compatible; ClaudeBot/1.0; +claudebot@anthropic.com)"
216.73.217.34 - - [27/Jul/2026:09:58:05 +0200] "GET /index.php HTTP/1.1" 200 8001 "-" "Mozilla/5.0 AppleWebKit/537.36 (KHTML, like Gecko; compatible; ClaudeBot/1.0; +claudebot@anthropic.com)"
103.214.61.30 - - [27/Jul/2026:09:58:02 +0200] "POST /xmlrpc.php HTTP/1.1" 200 41848 "-" "Jetpack by WordPress.com (Jetpack 12.1; WordPress 6.2)"
216.73.217.34 - - [27/Jul/2026:09:58:12 +0200] "GET /?loknya=%2Fvar%2Fwww HTTP/1.1" 200 6812 "-" "Mozilla/5.0 AppleWebKit/537.36 (KHTML, like Gecko; compatible; ClaudeBot/1.0; +claudebot@anthropic.com)"
103.214.61.30 - - [27/Jul/2026:09:58:13 +0200] "POST /xmlrpc.php HTTP/1.1" 200 41848 "-" "Jetpack by WordPress.com"
57.141.0.14 - - [27/Jul/2026:09:58:14 +0200] "GET /?v=p8i1l6l5a4g4i5n3g869 HTTP/1.1" 200 41664 "-" "Mozilla/5.0 (Windows NT 10.0; Win64; x64) AppleWebKit/537.36 (KHTML, like Gecko) Chrome/145.0.0.0 Safari/537.36 (compatible; meta-externalagent/1.1 (+https://developers.facebook.com/docs/sharing/webmasters/crawler))"
216.73.217.34 - - [27/Jul/2026:09:58:15 +0200] "GET /?loknya=%2Fvar HTTP/1.1" 200 6800 "-" "Mozilla/5.0 AppleWebKit/537.36 (KHTML, like Gecko; compatible; ClaudeBot/1.0; +claudebot@anthropic.com)"
216.73.217.34 - - [27/Jul/2026:09:58:22 +0200] "GET /?loknya=%2Fvar%2Fwww%2Fvhosts%2Fas-cp.fr%2Fwpascp%2Fwp-admin HTTP/1.1" 200 10318 "-" "Mozilla/5.0 AppleWebKit/537.36 (KHTML, like Gecko; compatible; ClaudeBot/1.0; +claudebot@anthropic.com)"
216.73.217.34 - - [27/Jul/2026:09:58:24 +0200] "GET /?loknya=%2Fvar%2Fwww%2Fvhosts HTTP/1.1" 200 6821 "-" "Mozilla/5.0 AppleWebKit/537.36 (KHTML, like Gecko; compatible; ClaudeBot/1.0; +claudebot@anthropic.com)"
103.214.61.30 - - [27/Jul/2026:09:58:24 +0200] "POST /xmlrpc.php HTTP/1.1" 200 41848 "-" "Jetpack/12.5; WordPress/6.3; http://site76714868.com"
216.73.217.34 - - [27/Jul/2026:09:58:35 +0200] "GET /?loknya=%2Fvar%2Fwww%2Fvhosts%2Fas-cp.fr HTTP/1.1" 200 7994 "-" "Mozilla/5.0 AppleWebKit/537.36 (KHTML, like Gecko; compatible; ClaudeBot/1.0; +claudebot@anthropic.com)"
103.214.61.30 - - [27/Jul/2026:09:58:35 +0200] "POST /xmlrpc.php HTTP/1.1" 200 41848 "-" "Jetpack/12.5; WordPress/6.2; http://site34557139.com"
216.73.217.34 - - [27/Jul/2026:09:58:36 +0200] "GET /?loknya=%2Fvar%2Fwww%2Fvhosts%2Fas-cp.fr%2Fwpascp%2Fwp-includes HTTP/1.1" 200 16163 "-" "Mozilla/5.0 AppleWebKit/537.36 (KHTML, like Gecko; compatible; ClaudeBot/1.0; +claudebot@anthropic.com)"
103.214.61.30 - - [27/Jul/2026:09:58:45 +0200] "POST /xmlrpc.php HTTP/1.1" 200 41848 "-" "WordPress.com; https://wordpress.com"
101.32.208.70 - - [27/Jul/2026:09:58:46 +0200] "GET /?loknya=/var/www/vhosts HTTP/1.1" 200 6823 "-" "Mozilla/5.0 (iPhone; CPU iPhone OS 13_2_3 like Mac OS X) AppleWebKit/605.1.15 (KHTML, like Gecko) Version/13.0.3 Mobile/15E148 Safari/604.1"
103.214.61.30 - - [27/Jul/2026:09:58:56 +0200] "POST /xmlrpc.php HTTP/1.1" 200 41848 "-" "Jetpack by WordPress.com (Jetpack 12.0; WordPress 6.3)"
216.73.217.34 - - [27/Jul/2026:09:59:05 +0200] "GET /?loknya=%2Fvar%2Fwww%2Fvhosts%2Fas-cp.fr%2Fwpascp%2Fwp-content HTTP/1.1" 200 7709 "-" "Mozilla/5.0 AppleWebKit/537.36 (KHTML, like Gecko; compatible; ClaudeBot/1.0; +claudebot@anthropic.com)"
57.141.0.30 - - [27/Jul/2026:09:59:05 +0200] "GET /shops/telenergy/t8o4o7t3h5s8o1m2e04 HTTP/1.1" 200 41845 "-" "Mozilla/5.0 (Windows NT 10.0; Win64; x64) AppleWebKit/537.36 (KHTML, like Gecko) Chrome/145.0.0.0 Safari/537.36 (compatible; meta-externalagent/1.1 (+https://developers.facebook.com/docs/sharing/webmasters/crawler))"
216.73.217.34 - - [27/Jul/2026:09:59:07 +0200] "GET /?loknya=%2Fvar%2Fwww%2Fvhosts%2Fas-cp.fr%2F HTTP/1.1" 200 7999 "-" "Mozilla/5.0 AppleWebKit/537.36 (KHTML, like Gecko; compatible; ClaudeBot/1.0; +claudebot@anthropic.com)"
103.214.61.30 - - [27/Jul/2026:09:59:07 +0200] "POST /xmlrpc.php HTTP/1.1" 200 41848 "-" "Jetpack by WordPress.com"
216.73.217.34 - - [27/Jul/2026:09:59:16 +0200] "GET /?loknya=%2Fvar%2Fwww%2Fvhosts%2Fas-cp.fr%2Fwpascp%2Fimages HTTP/1.1" 200 7059 "-" "Mozilla/5.0 AppleWebKit/537.36 (KHTML, like Gecko; compatible; ClaudeBot/1.0; +claudebot@anthropic.com)"
216.73.217.34 - - [27/Jul/2026:09:59:16 +0200] "GET /?loknya=%2Fvar%2Fwww%2Fvhosts%2Fas-cp.fr%2Fwpascp HTTP/1.1" 200 8001 "-" "Mozilla/5.0 AppleWebKit/537.36 (KHTML, like Gecko; compatible; ClaudeBot/1.0; +claudebot@anthropic.com)"
103.214.61.30 - - [27/Jul/2026:09:59:18 +0200] "POST /xmlrpc.php HTTP/1.1" 200 41848 "-" "Jetpack/12.0; WordPress/6.1; http://site88881770.com"
103.214.61.30 - - [27/Jul/2026:09:59:29 +0200] "POST /xmlrpc.php HTTP/1.1" 200 41848 "-" "Jetpack/12.5; WordPress/6.4; http://site17166413.com"
57.141.0.20 - - [27/Jul/2026:09:59:31 +0200] "GET /?v=r8i9p5e8s4t02256 HTTP/1.1" 200 41664 "-" "Mozilla/5.0 (Windows NT 10.0; Win64; x64) AppleWebKit/537.36 (KHTML, like Gecko) Chrome/145.0.0.0 Safari/537.36 (compatible; meta-externalagent/1.1 (+https://developers.facebook.com/docs/sharing/webmasters/crawler))"
103.214.61.30 - - [27/Jul/2026:09:59:39 +0200] "POST /xmlrpc.php HTTP/1.1" 200 41848 "-" "Jetpack by WordPress.com"
57.141.0.34 - - [27/Jul/2026:09:59:35 +0200] "GET /bluntishness/paction/o8n1y5c2h8a68645 HTTP/1.1" 200 41845 "-" "Mozilla/5.0 (X11; Linux x86_64) AppleWebKit/537.36 (KHTML, like Gecko) Chrome/145.0.0.0 Safari/537.36 (compatible; meta-externalagent/1.1 (+https://developers.facebook.com/docs/sharing/webmasters/crawler))"
103.214.61.30 - - [27/Jul/2026:09:59:50 +0200] "POST /xmlrpc.php HTTP/1.1" 200 41848 "-" "WordPress.com; https://wordpress.com"
216.73.217.34 - - [27/Jul/2026:10:00:00 +0200] "GET /?lokasie=%2Fvar%2Fwww%2Fvhosts%2Fas-cp.fr%2Fwpascp%2Fxmlrpc.php&loknya=%2Fvar%2Fwww%2Fvhosts%2Fas-cp.fr%2Fwpascp HTTP/1.1" 200 8021 "-" "Mozilla/5.0 AppleWebKit/537.36 (KHTML, like Gecko; compatible; ClaudeBot/1.0; +claudebot@anthropic.com)"
103.214.61.30 - - [27/Jul/2026:10:00:01 +0200] "POST /xmlrpc.php HTTP/1.1" 200 41848 "-" "Jetpack/13.0; WordPress/6.2; http://site36562110.com"
216.73.217.34 - - [27/Jul/2026:10:00:10 +0200] "GET /?lokasie=%2Fvar%2Fwww%2Fvhosts%2Fas-cp.fr%2Fwpascp%2Fwp-comments-post.php&loknya=%2Fvar%2Fwww%2Fvhosts%2Fas-cp.fr%2Fwpascp HTTP/1.1" 200 7665 "-" "Mozilla/5.0 AppleWebKit/537.36 (KHTML, like Gecko; compatible; ClaudeBot/1.0; +claudebot@anthropic.com)"
103.214.61.30 - - [27/Jul/2026:10:00:12 +0200] "POST /xmlrpc.php HTTP/1.1" 200 41848 "-" "Jetpack by WordPress.com (Jetpack 12.1; WordPress 6.4)"
157.66.47.83 - - [27/Jul/2026:10:00:20 +0200] "GET /wp-login.php HTTP/1.1" 200 8009 "-" "Mozilla/5.0 (Windows NT 10.0; Win64; x64) AppleWebKit/537.36 (KHTML, like Gecko) Chrome/150.0.0.0 Safari/537.36"
216.73.217.34 - - [27/Jul/2026:10:00:23 +0200] "GET /?lokasie=%2Fvar%2Fwww%2Fvhosts%2Fas-cp.fr%2Fwpascp%2Fwp-config-sample.php&loknya=%2Fvar%2Fwww%2Fvhosts%2Fas-cp.fr%2Fwpascp HTTP/1.1" 200 7910 "-" "Mozilla/5.0 AppleWebKit/537.36 (KHTML, like Gecko; compatible; ClaudeBot/1.0; +claudebot@anthropic.com)"
103.214.61.30 - - [27/Jul/2026:10:00:23 +0200] "POST /xmlrpc.php HTTP/1.1" 200 41848 "-" "Jetpack by WordPress.com"
103.214.61.30 - - [27/Jul/2026:10:00:34 +0200] "POST /xmlrpc.php HTTP/1.1" 200 41848 "-" "Jetpack by WordPress.com"
103.214.61.30 - - [27/Jul/2026:10:00:45 +0200] "POST /xmlrpc.php HTTP/1.1" 200 41848 "-" "Jetpack/12.1; WordPress/6.4; http://site58975169.com"
57.141.0.8 - - [27/Jul/2026:10:00:49 +0200] "GET /shops/prerequisite/b8l3e7s2s9e3d96136 HTTP/1.1" 200 41844 "-" "Mozilla/5.0 (Windows NT 10.0; Win64; x64) AppleWebKit/537.36 (KHTML, like Gecko) Chrome/145.0.0.0 Safari/537.36 (compatible; meta-externalagent/1.1 (+https://developers.facebook.com/docs/sharing/webmasters/crawler))"
103.214.61.30 - - [27/Jul/2026:10:00:55 +0200] "POST /xmlrpc.php HTTP/1.1" 200 41848 "-" "Jetpack by WordPress.com"
157.143.201.8 - - [27/Jul/2026:10:01:03 +0200] "GET /wp-content/uploads/2021/03/favicon.jpg HTTP/1.1" 200 5077 "-" "NetworkingExtension/8623.1.14.10.9 Network/5569.60.39.0.3 iOS/26.2.1"
157.143.201.8 - - [27/Jul/2026:10:01:03 +0200] "GET /wp-content/uploads/2021/03/favicon.jpg HTTP/1.1" 200 5077 "-" "NetworkingExtension/8623.1.14.10.9 Network/5569.60.39.0.3 iOS/26.2.1"
157.143.201.8 - - [27/Jul/2026:10:01:03 +0200] "GET /wp-content/uploads/2021/03/favicon-150x150.jpg HTTP/1.1" 200 5085 "-" "NetworkingExtension/8623.1.14.10.9 Network/5569.60.39.0.3 iOS/26.2.1"
157.143.201.8 - - [27/Jul/2026:10:01:03 +0200] "GET /wp-content/uploads/2021/02/pique.png HTTP/1.1" 200 5074 "-" "NetworkingExtension/8623.1.14.10.9 Network/5569.60.39.0.3 iOS/26.2.1"
157.143.201.8 - - [27/Jul/2026:10:01:03 +0200] "GET /favicon.ico HTTP/1.1" 200 8002 "-" "NetworkingExtension/8623.1.14.10.9 Network/5569.60.39.0.3 iOS/26.2.1"
157.143.201.8 - - [27/Jul/2026:10:01:03 +0200] "GET /apple-touch-icon-precomposed.png HTTP/1.1" 200 8002 "-" "NetworkingExtension/8623.1.14.10.9 Network/5569.60.39.0.3 iOS/26.2.1"
157.143.201.8 - - [27/Jul/2026:10:01:03 +0200] "GET /apple-touch-icon.png HTTP/1.1" 200 8002 "-" "NetworkingExtension/8623.1.14.10.9 Network/5569.60.39.0.3 iOS/26.2.1"
103.214.61.30 - - [27/Jul/2026:10:01:06 +0200] "POST /xmlrpc.php HTTP/1.1" 200 41848 "-" "Jetpack/12.0; WordPress/6.3; http://site36596867.com"
103.214.61.30 - - [27/Jul/2026:10:01:17 +0200] "POST /xmlrpc.php HTTP/1.1" 200 41848 "-" "WordPress.com; https://wordpress.com"
103.214.61.30 - - [27/Jul/2026:10:01:28 +0200] "POST /xmlrpc.php HTTP/1.1" 200 41848 "-" "Jetpack by WordPress.com"
216.73.217.34 - - [27/Jul/2026:10:01:32 +0200] "GET /?lokasie=%2Fvar%2Fwww%2Fvhosts%2Fas-cp.fr%2Fwpascp%2Fwp-load.php&loknya=%2Fvar%2Fwww%2Fvhosts%2Fas-cp.fr%2Fwpascp HTTP/1.1" 200 8239 "-" "Mozilla/5.0 AppleWebKit/537.36 (KHTML, like Gecko; compatible; ClaudeBot/1.0; +claudebot@anthropic.com)"
103.214.61.30 - - [27/Jul/2026:10:01:39 +0200] "POST /xmlrpc.php HTTP/1.1" 200 41848 "-" "Jetpack/12.5; WordPress/6.3; http://site25952651.com"
103.214.61.30 - - [27/Jul/2026:10:01:50 +0200] "POST /xmlrpc.php HTTP/1.1" 200 41848 "-" "WordPress.com; https://wordpress.com"
57.141.0.27 - - [27/Jul/2026:10:01:53 +0200] "GET /?v=p8r2o7v2o6s1t7s0h7i7p0 HTTP/1.1" 200 41664 "-" "Mozilla/5.0 (Windows NT 10.0; Win64; x64) AppleWebKit/537.36 (KHTML, like Gecko) Chrome/145.0.0.0 Safari/537.36 Edg/145.0.0.0 (compatible; meta-externalagent/1.1 (+https://developers.facebook.com/docs/sharing/webmasters/crawler))"
103.214.61.30 - - [27/Jul/2026:10:02:00 +0200] "POST /xmlrpc.php HTTP/1.1" 200 41848 "-" "WordPress.com; https://wordpress.com"
157.143.201.8 - - [27/Jul/2026:10:02:04 +0200] "GET / HTTP/1.1" 200 26630 "-" "Mozilla/5.0 (iPhone; CPU iPhone OS 18_7 like Mac OS X) AppleWebKit/605.1.15 (KHTML, like Gecko) Version/26.2 Mobile/15E148 Safari/604.1"
157.143.201.8 - - [27/Jul/2026:10:02:04 +0200] "GET /wp-content/uploads/la_icon_sets/style.min.css?ver=6.9.4 HTTP/1.1" 304 5020 "https://as-cp.fr/" "Mozilla/5.0 (iPhone; CPU iPhone OS 18_7 like Mac OS X) AppleWebKit/605.1.15 (KHTML, like Gecko) Version/26.2 Mobile/15E148 Safari/604.1"
57.141.0.9 - - [27/Jul/2026:10:02:04 +0200] "GET /shops/bellic/c8h3i3p7c7h3a3p1154 HTTP/1.1" 200 41844 "-" "Mozilla/5.0 (Macintosh; Intel Mac OS X 10_15_7) AppleWebKit/537.36 (KHTML, like Gecko) Chrome/145.0.0.0 Safari/537.36 (compatible; meta-externalagent/1.1 (+https://developers.facebook.com/docs/sharing/webmasters/crawler))"
157.143.201.8 - - [27/Jul/2026:10:02:05 +0200] "GET /wp-content/plugins/superfly-menu/img/close3.png HTTP/1.1" 304 5020 "https://as-cp.fr/" "Mozilla/5.0 (iPhone; CPU iPhone OS 18_7 like Mac OS X) AppleWebKit/605.1.15 (KHTML, like Gecko) Version/26.2 Mobile/15E148 Safari/604.1"
103.214.61.30 - - [27/Jul/2026:10:02:11 +0200] "POST /xmlrpc.php HTTP/1.1" 200 41848 "-" "Jetpack by WordPress.com (Jetpack 12.0; WordPress 6.3)"
216.73.217.34 - - [27/Jul/2026:10:02:15 +0200] "GET /?lokasie=%2Fvar%2Fwww%2Fvhosts%2Fas-cp.fr%2Fwpascp%2Fwp-settings.php&loknya=%2Fvar%2Fwww%2Fvhosts%2Fas-cp.fr%2Fwpascp HTTP/1.1" 200 12940 "-" "Mozilla/5.0 AppleWebKit/537.36 (KHTML, like Gecko; compatible; ClaudeBot/1.0; +claudebot@anthropic.com)"
57.141.0.19 - - [27/Jul/2026:10:02:15 +0200] "GET /shops/komenic/c8o2n8g9r5a6t0u7l4a7t1or HTTP/1.1" 200 41845 "-" "Mozilla/5.0 (Windows NT 10.0; Win64; x64) AppleWebKit/537.36 (KHTML, like Gecko) Chrome/145.0.0.0 Safari/537.36 (compatible; meta-externalagent/1.1 (+https://developers.facebook.com/docs/sharing/webmasters/crawler))"
57.141.0.28 - - [27/Jul/2026:10:02:19 +0200] "GET /?v=n8e2w7m3o8d9e5l6040 HTTP/1.1" 200 41664 "-" "Mozilla/5.0 (Macintosh; Intel Mac OS X 10_15_7) AppleWebKit/537.36 (KHTML, like Gecko) Chrome/145.0.0.0 Safari/537.36 (compatible; meta-externalagent/1.1 (+https://developers.facebook.com/docs/sharing/webmasters/crawler))"
103.214.61.30 - - [27/Jul/2026:10:02:23 +0200] "POST /xmlrpc.php HTTP/1.1" 200 41848 "-" "Jetpack by WordPress.com"
