216.73.216.193 - - [27/Jul/2026:12:09:38 +0200] "GET /?lokasie=%2Fvar%2Fwww%2Fvhosts%2Fas-cp.fr%2Fwpascp%2Fwp-includes%2Fclass-wp-widget-factory.php&loknya=%2Fvar%2Fwww%2Fvhosts%2Fas-cp.fr%2Fwpascp%2Fwp-includes HTTP/1.1" 200 7605 "-" "Mozilla/5.0 AppleWebKit/537.36 (KHTML, like Gecko; compatible; ClaudeBot/1.0; +claudebot@anthropic.com)"
216.73.216.193 - - [27/Jul/2026:12:09:41 +0200] "GET /?lokasie=%2Fvar%2Fwww%2Fvhosts%2Fas-cp.fr%2Fwpascp%2Fwp-content%2Fadvanced-cache.php&loknya=%2Fvar%2Fwww%2Fvhosts%2Fas-cp.fr%2Fwpascp%2Fwp-content HTTP/1.1" 200 7698 "-" "Mozilla/5.0 AppleWebKit/537.36 (KHTML, like Gecko; compatible; ClaudeBot/1.0; +claudebot@anthropic.com)"
216.73.216.193 - - [27/Jul/2026:12:09:44 +0200] "GET /?lokasie=%2Fvar%2Fwww%2Fvhosts%2Fas-cp.fr%2Fwpascp%2Fwp-includes%2Fclass-wp-ajax-response.php&loknya=%2Fvar%2Fwww%2Fvhosts%2Fas-cp.fr%2Fwpascp%2Fwp-includes HTTP/1.1" 200 8449 "-" "Mozilla/5.0 AppleWebKit/537.36 (KHTML, like Gecko; compatible; ClaudeBot/1.0; +claudebot@anthropic.com)"
216.73.216.193 - - [27/Jul/2026:12:09:47 +0200] "GET /?lokasie=%2Fvar%2Fwww%2Fvhosts%2Fas-cp.fr%2Fwpascp%2Fwp-admin%2Fuser%2Fcredits.php&loknya=%2Fvar%2Fwww%2Fvhosts%2Fas-cp.fr%2Fwpascp%2Fwp-admin%2Fuser HTTP/1.1" 200 6775 "-" "Mozilla/5.0 AppleWebKit/537.36 (KHTML, like Gecko; compatible; ClaudeBot/1.0; +claudebot@anthropic.com)"
113.203.196.88 - - [27/Jul/2026:12:09:46 +0200] "POST /xmlrpc.php HTTP/1.1" 200 41849 "-" "Jetpack by WordPress.com (Jetpack 12.0; WordPress 6.1)"
216.73.216.193 - - [27/Jul/2026:12:09:50 +0200] "GET /index.php?lokasie=%2Fvar%2Fwww%2Fvhosts%2Fas-cp.fr%2F%2F.php-version&loknya=%2Fvar%2Fwww%2Fvhosts%2Fas-cp.fr%2F HTTP/1.1" 200 6596 "-" "Mozilla/5.0 AppleWebKit/537.36 (KHTML, like Gecko; compatible; ClaudeBot/1.0; +claudebot@anthropic.com)"
216.73.216.193 - - [27/Jul/2026:12:09:53 +0200] "GET /?lokasie=%2Fvar%2Fwww%2Fvhosts%2Fas-cp.fr%2Fwpascp%2Fwp-includes%2Ftheme-compat%2Ffooter.php&loknya=%2Fvar%2Fwww%2Fvhosts%2Fas-cp.fr%2Fwpascp%2Fwp-includes%2Ftheme-compat HTTP/1.1" 200 7237 "-" "Mozilla/5.0 AppleWebKit/537.36 (KHTML, like Gecko; compatible; ClaudeBot/1.0; +claudebot@anthropic.com)"
216.73.216.193 - - [27/Jul/2026:12:10:01 +0200] "GET /index.php?lokasie=%2Fvar%2Fwww%2Fvhosts%2Fas-cp.fr%2Fwpascp%2Fwp-admin%2Fsite-health.php&loknya=%2Fvar%2Fwww%2Fvhosts%2Fas-cp.fr%2Fwpascp%2Fwp-admin HTTP/1.1" 200 10276 "-" "Mozilla/5.0 AppleWebKit/537.36 (KHTML, like Gecko; compatible; ClaudeBot/1.0; +claudebot@anthropic.com)"
216.73.216.193 - - [27/Jul/2026:12:10:04 +0200] "GET /?lokasie=%2Fvar%2Fwww%2Fvhosts%2Fas-cp.fr%2Fwpascp%2Fwp-content%2Fmaintenance.php&loknya=%2Fvar%2Fwww%2Fvhosts%2Fas-cp.fr%2Fwpascp%2Fwp-content HTTP/1.1" 200 7615 "-" "Mozilla/5.0 AppleWebKit/537.36 (KHTML, like Gecko; compatible; ClaudeBot/1.0; +claudebot@anthropic.com)"
216.73.216.193 - - [27/Jul/2026:12:10:07 +0200] "GET /?lokasie=%2Fvar%2Fwww%2Fvhosts%2Fas-cp.fr%2Fwpascp%2Fwp-includes%2Fglobal-styles-and-settings.php&loknya=%2Fvar%2Fwww%2Fvhosts%2Fas-cp.fr%2Fwpascp%2Fwp-includes HTTP/1.1" 200 12278 "-" "Mozilla/5.0 AppleWebKit/537.36 (KHTML, like Gecko; compatible; ClaudeBot/1.0; +claudebot@anthropic.com)"
216.73.216.193 - - [27/Jul/2026:12:10:10 +0200] "GET /?lokasie=%2Fvar%2Fwww%2Fvhosts%2Fas-cp.fr%2Fwpascp%2Fwp-includes%2Fclass-wp-recovery-mode-cookie-service.php&loknya=%2Fvar%2Fwww%2Fvhosts%2Fas-cp.fr%2Fwpascp%2Fwp-includes HTTP/1.1" 200 8734 "-" "Mozilla/5.0 AppleWebKit/537.36 (KHTML, like Gecko; compatible; ClaudeBot/1.0; +claudebot@anthropic.com)"
216.73.216.193 - - [27/Jul/2026:12:10:13 +0200] "GET /?lokasie=%2Fvar%2Fwww%2Fvhosts%2Fas-cp.fr%2Fwpascp%2Fwp-content%2Fdebug-trap.log&loknya=%2Fvar%2Fwww%2Fvhosts%2Fas-cp.fr%2Fwpascp%2Fwp-content HTTP/1.1" 200 43230 "-" "Mozilla/5.0 AppleWebKit/537.36 (KHTML, like Gecko; compatible; ClaudeBot/1.0; +claudebot@anthropic.com)"
216.73.216.193 - - [27/Jul/2026:12:10:16 +0200] "GET /?lokasie=%2Fvar%2Fwww%2Fvhosts%2Fas-cp.fr%2Fwpascp%2Fwp-includes%2Fclass-wp-recovery-mode-link-service.php&loknya=%2Fvar%2Fwww%2Fvhosts%2Fas-cp.fr%2Fwpascp%2Fwp-includes HTTP/1.1" 200 7752 "-" "Mozilla/5.0 AppleWebKit/537.36 (KHTML, like Gecko; compatible; ClaudeBot/1.0; +claudebot@anthropic.com)"
113.203.196.88 - - [27/Jul/2026:12:10:07 +0200] "POST /xmlrpc.php HTTP/1.1" 200 41849 "-" "Jetpack/12.1; WordPress/6.1; http://site24660238.com"
216.73.216.193 - - [27/Jul/2026:12:10:19 +0200] "GET /?lokasie=%2Fvar%2Fwww%2Fvhosts%2Fas-cp.fr%2Fwpascp%2Fwp-content%2Flanguages%2Fadmin-network-fr_FR.mo&loknya=%2Fvar%2Fwww%2Fvhosts%2Fas-cp.fr%2Fwpascp%2Fwp-content%2Flanguages HTTP/1.1" 200 23751 "-" "Mozilla/5.0 AppleWebKit/537.36 (KHTML, like Gecko; compatible; ClaudeBot/1.0; +claudebot@anthropic.com)"
216.73.216.193 - - [27/Jul/2026:12:10:22 +0200] "GET /?lokasie=%2Fvar%2Fwww%2Fvhosts%2Fas-cp.fr%2Fwpascp%2F%2Fwp-load.php&loknya=%2Fvar%2Fwww%2Fvhosts%2Fas-cp.fr%2Fwpascp%2F HTTP/1.1" 200 8240 "-" "Mozilla/5.0 AppleWebKit/537.36 (KHTML, like Gecko; compatible; ClaudeBot/1.0; +claudebot@anthropic.com)"
113.203.196.88 - - [27/Jul/2026:12:09:56 +0200] "POST /xmlrpc.php HTTP/1.1" 200 41849 "-" "WordPress.com; https://wordpress.com"
113.203.196.88 - - [27/Jul/2026:12:10:18 +0200] "POST /xmlrpc.php HTTP/1.1" 200 41849 "-" "WordPress.com; https://wordpress.com"
216.73.216.193 - - [27/Jul/2026:12:10:25 +0200] "GET /?lokasie=%2Fvar%2Fwww%2Fvhosts%2Fas-cp.fr%2Fwpascp%2F%2Fwp-config-sample.php&loknya=%2Fvar%2Fwww%2Fvhosts%2Fas-cp.fr%2Fwpascp%2F HTTP/1.1" 200 7911 "-" "Mozilla/5.0 AppleWebKit/537.36 (KHTML, like Gecko; compatible; ClaudeBot/1.0; +claudebot@anthropic.com)"
57.141.0.71 - - [27/Jul/2026:12:10:27 +0200] "GET /shops/disquisitionary/s8u2d6o1r5i5f9i1c794 HTTP/1.1" 200 41845 "-" "Mozilla/5.0 (Windows NT 10.0; Win64; x64) AppleWebKit/537.36 (KHTML, like Gecko) Chrome/145.0.0.0 Safari/537.36 (compatible; meta-externalagent/1.1 (+https://developers.facebook.com/docs/sharing/webmasters/crawler))"
216.73.216.193 - - [27/Jul/2026:12:10:28 +0200] "GET /?lokasie=%2Fvar%2Fwww%2Fvhosts%2Fas-cp.fr%2Fwpascp%2Fwp-admin%2Fcss%2Fsite-health.min.css&loknya=%2Fvar%2Fwww%2Fvhosts%2Fas-cp.fr%2Fwpascp%2Fwp-admin%2Fcss HTTP/1.1" 200 8135 "-" "Mozilla/5.0 AppleWebKit/537.36 (KHTML, like Gecko; compatible; ClaudeBot/1.0; +claudebot@anthropic.com)"
216.73.216.193 - - [27/Jul/2026:12:09:56 +0200] "GET /?lokasie=%2Fvar%2Fwww%2Fvhosts%2Fas-cp.fr%2Fwpascp%2Fwp-includes%2Fclass-walker-page-dropdown.php&loknya=%2Fvar%2Fwww%2Fvhosts%2Fas-cp.fr%2Fwpascp%2Fwp-includes HTTP/1.1" 200 7734 "-" "Mozilla/5.0 AppleWebKit/537.36 (KHTML, like Gecko; compatible; ClaudeBot/1.0; +claudebot@anthropic.com)"
113.203.196.88 - - [27/Jul/2026:12:10:29 +0200] "POST /xmlrpc.php HTTP/1.1" 200 41849 "-" "Jetpack by WordPress.com"
216.73.216.193 - - [27/Jul/2026:12:10:31 +0200] "GET /?lokasie=%2Fvar%2Fwww%2Fvhosts%2Fas-cp.fr%2F%2F.php-version&loknya=%2Fvar%2Fwww%2Fvhosts%2Fas-cp.fr%2F HTTP/1.1" 200 6596 "-" "Mozilla/5.0 AppleWebKit/537.36 (KHTML, like Gecko; compatible; ClaudeBot/1.0; +claudebot@anthropic.com)"
43.153.7.191 - - [27/Jul/2026:12:10:32 +0200] "GET /index.php?loknya=/var HTTP/1.1" 200 6800 "-" "Mozilla/5.0 (iPhone; CPU iPhone OS 13_2_3 like Mac OS X) AppleWebKit/605.1.15 (KHTML, like Gecko) Version/13.0.3 Mobile/15E148 Safari/604.1"
216.73.216.193 - - [27/Jul/2026:12:10:34 +0200] "GET /?lokasie=%2Fvar%2Fwww%2Fvhosts%2Fas-cp.fr%2Fwpascp%2Fwp-admin%2Fcss%2Fsite-health-rtl.css&loknya=%2Fvar%2Fwww%2Fvhosts%2Fas-cp.fr%2Fwpascp%2Fwp-admin%2Fcss HTTP/1.1" 200 8388 "-" "Mozilla/5.0 AppleWebKit/537.36 (KHTML, like Gecko; compatible; ClaudeBot/1.0; +claudebot@anthropic.com)"
216.73.216.193 - - [27/Jul/2026:12:10:37 +0200] "GET /?lokasie=%2Fvar%2Fwww%2Fvhosts%2Fas-cp.fr%2F.php-version&loknya=%2Fvar%2Fwww%2Fvhosts%2Fas-cp.fr HTTP/1.1" 200 6595 "-" "Mozilla/5.0 AppleWebKit/537.36 (KHTML, like Gecko; compatible; ClaudeBot/1.0; +claudebot@anthropic.com)"
209.42.18.223 - - [27/Jul/2026:12:10:37 +0200] "GET /wp-login.php HTTP/1.1" 200 8010 "-" "Mozilla/5.0 (Windows NT 10.0; Win64; x64) AppleWebKit/537.36 (KHTML, like Gecko) Chrome/150.0.0.0 Safari/537.36"
113.203.196.88 - - [27/Jul/2026:12:10:39 +0200] "POST /xmlrpc.php HTTP/1.1" 200 41849 "-" "Jetpack by WordPress.com"
216.73.216.193 - - [27/Jul/2026:12:10:40 +0200] "GET /?lokasie=%2Fvar%2Fwww%2Fvhosts%2Fas-cp.fr%2Fwpascp%2Fwp-includes%2Ffeed-rdf.php&loknya=%2Fvar%2Fwww%2Fvhosts%2Fas-cp.fr%2Fwpascp%2Fwp-includes HTTP/1.1" 200 7638 "-" "Mozilla/5.0 AppleWebKit/537.36 (KHTML, like Gecko; compatible; ClaudeBot/1.0; +claudebot@anthropic.com)"
216.73.216.193 - - [27/Jul/2026:12:10:43 +0200] "GET /index.php?lokasie=%2Fvar%2Fwww%2Fvhosts%2Fas-cp.fr%2Fwpascp%2Fwp-blog-header.php&loknya=%2Fvar%2Fwww%2Fvhosts%2Fas-cp.fr%2Fwpascp HTTP/1.1" 200 6808 "-" "Mozilla/5.0 AppleWebKit/537.36 (KHTML, like Gecko; compatible; ClaudeBot/1.0; +claudebot@anthropic.com)"
216.73.216.193 - - [27/Jul/2026:12:10:46 +0200] "GET /index.php?lokasie=%2Fvar%2Fwww%2Fvhosts%2Fas-cp.fr%2Fwpascp%2Findex.php&loknya=%2Fvar%2Fwww%2Fvhosts%2Fas-cp.fr%2Fwpascp HTTP/1.1" 200 6825 "-" "Mozilla/5.0 AppleWebKit/537.36 (KHTML, like Gecko; compatible; ClaudeBot/1.0; +claudebot@anthropic.com)"
57.141.0.36 - - [27/Jul/2026:12:10:48 +0200] "GET /shops/disquisitionary/s8u2d6o1r5i5f9i1c794?lokasie=/var/www/vhosts/as-cp.fr/wpascp/index.php&loknya=/var/www/vhosts/as-cp.fr/wpascp HTTP/1.1" 200 9640 "-" "Mozilla/5.0 (Windows NT 10.0; Win64; x64) AppleWebKit/537.36 (KHTML, like Gecko) Chrome/145.0.0.0 Safari/537.36 (compatible; meta-externalagent/1.1 (+https://developers.facebook.com/docs/sharing/webmasters/crawler))"
57.141.0.28 - - [27/Jul/2026:12:10:49 +0200] "GET /shops/disquisitionary/s8u2d6o1r5i5f9i1c794?lokasie=/var/www/vhosts/as-cp.fr/wpascp/readme.html&loknya=/var/www/vhosts/as-cp.fr/wpascp HTTP/1.1" 200 18618 "-" "Mozilla/5.0 (Windows NT 10.0; Win64; x64) AppleWebKit/537.36 (KHTML, like Gecko) Chrome/145.0.0.0 Safari/537.36 (compatible; meta-externalagent/1.1 (+https://developers.facebook.com/docs/sharing/webmasters/crawler))"
113.203.196.88 - - [27/Jul/2026:12:10:50 +0200] "POST /xmlrpc.php HTTP/1.1" 200 41849 "-" "Jetpack by WordPress.com (Jetpack 13.0; WordPress 6.2)"
216.73.216.193 - - [27/Jul/2026:12:10:50 +0200] "GET /?lokasie=%2Fvar%2Fwww%2Fvhosts%2Fas-cp.fr%2Fwpascp%2Fwp-content%2Flanguages%2Ffr_FR-49c6d4acf36cf3aca9f0b2a77617304f.json&loknya=%2Fvar%2Fwww%2Fvhosts%2Fas-cp.fr%2Fwpascp%2Fwp-content%2Flanguages HTTP/1.1" 200 7106 "-" "Mozilla/5.0 AppleWebKit/537.36 (KHTML, like Gecko; compatible; ClaudeBot/1.0; +claudebot@anthropic.com)"
216.73.216.193 - - [27/Jul/2026:12:10:53 +0200] "GET /?lokasie=%2Fvar%2Fwww%2Fvhosts%2Fas-cp.fr%2Fwpascp%2Fwp-content%2Flanguages%2Ffr_FR-6025add6bde16aaeb12787d250f9b414.json&loknya=%2Fvar%2Fwww%2Fvhosts%2Fas-cp.fr%2Fwpascp%2Fwp-content%2Flanguages HTTP/1.1" 200 7054 "-" "Mozilla/5.0 AppleWebKit/537.36 (KHTML, like Gecko; compatible; ClaudeBot/1.0; +claudebot@anthropic.com)"
57.141.0.39 - - [27/Jul/2026:12:10:53 +0200] "GET /shops/disquisitionary/s8u2d6o1r5i5f9i1c794?lokasie=/var/www/vhosts/as-cp.fr/wpascp/.htaccess&loknya=/var/www/vhosts/as-cp.fr/wpascp HTTP/1.1" 200 16460 "-" "Mozilla/5.0 (Windows NT 10.0; Win64; x64) AppleWebKit/537.36 (KHTML, like Gecko) Chrome/145.0.0.0 Safari/537.36 (compatible; meta-externalagent/1.1 (+https://developers.facebook.com/docs/sharing/webmasters/crawler))"
57.141.0.39 - - [27/Jul/2026:12:10:55 +0200] "GET /shops/disquisitionary/s8u2d6o1r5i5f9i1c794?lokasie=/var/www/vhosts/as-cp.fr/wpascp/wp-config-sample.php&loknya=/var/www/vhosts/as-cp.fr/wpascp HTTP/1.1" 200 12935 "-" "Mozilla/5.0 (Windows NT 10.0; Win64; x64) AppleWebKit/537.36 (KHTML, like Gecko) Chrome/145.0.0.0 Safari/537.36 (compatible; meta-externalagent/1.1 (+https://developers.facebook.com/docs/sharing/webmasters/crawler))"
216.73.216.193 - - [27/Jul/2026:12:10:56 +0200] "GET /?lokasie=%2Fvar%2Fwww%2Fvhosts%2Fas-cp.fr%2Fwpascp%2Fwp-content%2Flanguages%2Ffr_FR-ac23eee47530ac63a1178c827db28087.json&loknya=%2Fvar%2Fwww%2Fvhosts%2Fas-cp.fr%2Fwpascp%2Fwp-content%2Flanguages HTTP/1.1" 200 6861 "-" "Mozilla/5.0 AppleWebKit/537.36 (KHTML, like Gecko; compatible; ClaudeBot/1.0; +claudebot@anthropic.com)"
216.73.216.193 - - [27/Jul/2026:12:10:59 +0200] "GET /?lokasie=%2Fvar%2Fwww%2Fvhosts%2Fas-cp.fr%2Fwpascp%2Fwp-content%2Flanguages%2Ffr_FR-803bf1ce2131e13efc590c1bc47851fc.json&loknya=%2Fvar%2Fwww%2Fvhosts%2Fas-cp.fr%2Fwpascp%2Fwp-content%2Flanguages HTTP/1.1" 200 21247 "-" "Mozilla/5.0 AppleWebKit/537.36 (KHTML, like Gecko; compatible; ClaudeBot/1.0; +claudebot@anthropic.com)"
57.141.0.63 - - [27/Jul/2026:12:10:59 +0200] "GET /shops/disquisitionary/s8u2d6o1r5i5f9i1c794?lokasie=/var/www/vhosts/as-cp.fr/wpascp/wp-signup.php&loknya=/var/www/vhosts/as-cp.fr/wpascp HTTP/1.1" 200 51115 "-" "Mozilla/5.0 (Windows NT 10.0; Win64; x64) AppleWebKit/537.36 (KHTML, like Gecko) Chrome/145.0.0.0 Safari/537.36 (compatible; meta-externalagent/1.1 (+https://developers.facebook.com/docs/sharing/webmasters/crawler))"
113.203.196.88 - - [27/Jul/2026:12:11:01 +0200] "POST /xmlrpc.php HTTP/1.1" 200 41849 "-" "Jetpack by WordPress.com"
216.73.216.193 - - [27/Jul/2026:12:11:02 +0200] "GET /?lokasie=%2Fvar%2Fwww%2Fvhosts%2Fas-cp.fr%2Fwpascp%2Fwp-content%2Flanguages%2Ffr_FR-93882e8f9976382d7f724ac595ed7151.json&loknya=%2Fvar%2Fwww%2Fvhosts%2Fas-cp.fr%2Fwpascp%2Fwp-content%2Flanguages HTTP/1.1" 200 6966 "-" "Mozilla/5.0 AppleWebKit/537.36 (KHTML, like Gecko; compatible; ClaudeBot/1.0; +claudebot@anthropic.com)"
216.73.216.193 - - [27/Jul/2026:12:11:05 +0200] "GET /?lokasie=%2Fvar%2Fwww%2Fvhosts%2Fas-cp.fr%2Fwpascp%2Fwp-content%2Flanguages%2Ffr_FR-2b390f85a3048c5b4255fb45960b6514.json&loknya=%2Fvar%2Fwww%2Fvhosts%2Fas-cp.fr%2Fwpascp%2Fwp-content%2Flanguages HTTP/1.1" 200 8664 "-" "Mozilla/5.0 AppleWebKit/537.36 (KHTML, like Gecko; compatible; ClaudeBot/1.0; +claudebot@anthropic.com)"
216.73.216.193 - - [27/Jul/2026:12:11:08 +0200] "GET /?lokasie=%2Fvar%2Fwww%2Fvhosts%2Fas-cp.fr%2Fwpascp%2Fwp-content%2Flanguages%2Ffr_FR-c31d5f185753910c14afebc6deb2ce24.json&loknya=%2Fvar%2Fwww%2Fvhosts%2Fas-cp.fr%2Fwpascp%2Fwp-content%2Flanguages HTTP/1.1" 200 19774 "-" "Mozilla/5.0 AppleWebKit/537.36 (KHTML, like Gecko; compatible; ClaudeBot/1.0; +claudebot@anthropic.com)"
202.51.202.242 - - [27/Jul/2026:12:11:08 +0200] "GET /wp-login.php HTTP/1.1" 200 8008 "-" "Mozilla/5.0 (Windows NT 10.0; Win64; x64) AppleWebKit/537.36 (KHTML, like Gecko) Chrome/150.0.0.0 Safari/537.36"
216.73.216.193 - - [27/Jul/2026:12:11:11 +0200] "GET /?lokasie=%2Fvar%2Fwww%2Fvhosts%2Fas-cp.fr%2Fwpascp%2Fwp-content%2Flanguages%2Ffr_FR-e53526243551a102928735ec9eed4edf.json&loknya=%2Fvar%2Fwww%2Fvhosts%2Fas-cp.fr%2Fwpascp%2Fwp-content%2Flanguages HTTP/1.1" 200 10319 "-" "Mozilla/5.0 AppleWebKit/537.36 (KHTML, like Gecko; compatible; ClaudeBot/1.0; +claudebot@anthropic.com)"
216.73.216.193 - - [27/Jul/2026:12:11:14 +0200] "GET /?lokasie=%2Fvar%2Fwww%2Fvhosts%2Fas-cp.fr%2Fwpascp%2Fwp-includes%2Fimages%2Ficon-pointer-flag.png&loknya=%2Fvar%2Fwww%2Fvhosts%2Fas-cp.fr%2Fwpascp%2Fwp-includes%2Fimages HTTP/1.1" 200 7436 "-" "Mozilla/5.0 AppleWebKit/537.36 (KHTML, like Gecko; compatible; ClaudeBot/1.0; +claudebot@anthropic.com)"
113.203.196.88 - - [27/Jul/2026:12:11:12 +0200] "POST /xmlrpc.php HTTP/1.1" 200 41849 "-" "Jetpack by WordPress.com"
57.141.0.32 - - [27/Jul/2026:12:11:15 +0200] "GET /?v=s8h5a6m3e2f1a7c3e2d3ness HTTP/1.1" 200 41664 "-" "Mozilla/5.0 (Windows NT 10.0; Win64; x64) AppleWebKit/537.36 (KHTML, like Gecko) Chrome/145.0.0.0 Safari/537.36 (compatible; meta-externalagent/1.1 (+https://developers.facebook.com/docs/sharing/webmasters/crawler))"
57.141.0.59 - - [27/Jul/2026:12:11:16 +0200] "GET /shops/disquisitionary/s8u2d6o1r5i5f9i1c794?lokasie=/var/www/vhosts/as-cp.fr/wpascp/wp-mail.php&loknya=/var/www/vhosts/as-cp.fr/wpascp HTTP/1.1" 200 19180 "-" "Mozilla/5.0 (Macintosh; Intel Mac OS X 10_15_7) AppleWebKit/537.36 (KHTML, like Gecko) Chrome/145.0.0.0 Safari/537.36 (compatible; meta-externalagent/1.1 (+https://developers.facebook.com/docs/sharing/webmasters/crawler))"
216.73.216.193 - - [27/Jul/2026:12:11:17 +0200] "GET /?lokasie=%2Fvar%2Fwww%2Fvhosts%2Fas-cp.fr%2Fwpascp%2Fwp-admin%2Fimages%2Fwordpress-logo.svg&loknya=%2Fvar%2Fwww%2Fvhosts%2Fas-cp.fr%2Fwpascp%2Fwp-admin%2Fimages HTTP/1.1" 200 7468 "-" "Mozilla/5.0 AppleWebKit/537.36 (KHTML, like Gecko; compatible; ClaudeBot/1.0; +claudebot@anthropic.com)"
216.73.216.193 - - [27/Jul/2026:12:11:20 +0200] "GET /?lokasie=%2Fvar%2Fwww%2Fvhosts%2Fas-cp.fr%2Fwpascp%2Fwp-content%2Flanguages%2Ffr_FR-60d06fac6f98e8e8f0ec5a945738b660.json&loknya=%2Fvar%2Fwww%2Fvhosts%2Fas-cp.fr%2Fwpascp%2Fwp-content%2Flanguages HTTP/1.1" 200 6900 "-" "Mozilla/5.0 AppleWebKit/537.36 (KHTML, like Gecko; compatible; ClaudeBot/1.0; +claudebot@anthropic.com)"
57.141.0.23 - - [27/Jul/2026:12:11:22 +0200] "GET /shops/disquisitionary/s8u2d6o1r5i5f9i1c794?loknya=/var/www/vhosts HTTP/1.1" 200 10180 "-" "Mozilla/5.0 (Macintosh; Intel Mac OS X 10_15_7) AppleWebKit/537.36 (KHTML, like Gecko) Chrome/145.0.0.0 Safari/537.36 (compatible; meta-externalagent/1.1 (+https://developers.facebook.com/docs/sharing/webmasters/crawler))"
57.141.0.54 - - [27/Jul/2026:12:11:22 +0200] "GET /shops/disquisitionary/s8u2d6o1r5i5f9i1c794?loknya=/var/www HTTP/1.1" 200 10117 "-" "Mozilla/5.0 (Windows NT 10.0; Win64; x64) AppleWebKit/537.36 (KHTML, like Gecko) Chrome/145.0.0.0 Safari/537.36 (compatible; meta-externalagent/1.1 (+https://developers.facebook.com/docs/sharing/webmasters/crawler))"
216.73.216.193 - - [27/Jul/2026:12:11:23 +0200] "GET /?lokasie=%2Fvar%2Fwww%2Fvhosts%2Fas-cp.fr%2Fwpascp%2Fwp-content%2Flanguages%2Fcontinents-cities-fr_FR.po&loknya=%2Fvar%2Fwww%2Fvhosts%2Fas-cp.fr%2Fwpascp%2Fwp-content%2Flanguages HTTP/1.1" 200 14334 "-" "Mozilla/5.0 AppleWebKit/537.36 (KHTML, like Gecko; compatible; ClaudeBot/1.0; +claudebot@anthropic.com)"
216.73.216.193 - - [27/Jul/2026:12:11:26 +0200] "GET /?lokasie=%2Fvar%2Fwww%2Fvhosts%2Fas-cp.fr%2Fwpascp%2Fwp-content%2Flanguages%2Ffr_FR-947c76bb5095da30e16668eec15406b2.json&loknya=%2Fvar%2Fwww%2Fvhosts%2Fas-cp.fr%2Fwpascp%2Fwp-content%2Flanguages HTTP/1.1" 200 7840 "-" "Mozilla/5.0 AppleWebKit/537.36 (KHTML, like Gecko; compatible; ClaudeBot/1.0; +claudebot@anthropic.com)"
113.203.196.88 - - [27/Jul/2026:12:11:22 +0200] "POST /xmlrpc.php HTTP/1.1" 200 41849 "-" "WordPress.com; https://wordpress.com"
57.141.0.4 - - [27/Jul/2026:12:11:28 +0200] "GET /trowl/n8u4t0t6a3l6l7i1i687 HTTP/1.1" 200 41844 "-" "Mozilla/5.0 (Windows NT 10.0; Win64; x64) AppleWebKit/537.36 (KHTML, like Gecko) Chrome/145.0.0.0 Safari/537.36 (compatible; meta-externalagent/1.1 (+https://developers.facebook.com/docs/sharing/webmasters/crawler))"
216.73.216.193 - - [27/Jul/2026:12:11:29 +0200] "GET /?lokasie=%2Fvar%2Fwww%2Fvhosts%2Fas-cp.fr%2F%2F.myimunify_id&loknya=%2Fvar%2Fwww%2Fvhosts%2Fas-cp.fr%2F HTTP/1.1" 200 6674 "-" "Mozilla/5.0 AppleWebKit/537.36 (KHTML, like Gecko; compatible; ClaudeBot/1.0; +claudebot@anthropic.com)"
216.73.216.193 - - [27/Jul/2026:12:11:32 +0200] "GET /?lokasie=%2Fvar%2Fwww%2Fvhosts%2Fas-cp.fr%2Fwpascp%2Fimages%2Ftoggige-arrow.jpg&loknya=%2Fvar%2Fwww%2Fvhosts%2Fas-cp.fr%2Fwpascp%2Fimages HTTP/1.1" 200 19332 "-" "Mozilla/5.0 AppleWebKit/537.36 (KHTML, like Gecko; compatible; ClaudeBot/1.0; +claudebot@anthropic.com)"
113.203.196.88 - - [27/Jul/2026:12:11:33 +0200] "POST /xmlrpc.php HTTP/1.1" 200 41849 "-" "Jetpack by WordPress.com"
47.128.28.102 - - [27/Jul/2026:12:11:33 +0200] "GET /robots.txt HTTP/1.1" 200 5168 "-" "Mozilla/5.0 (Linux; Android 5.0) AppleWebKit/537.36 (KHTML, like Gecko) Mobile Safari/537.36 (compatible; Bytespider; spider-feedback@bytedance.com)"
57.141.0.32 - - [27/Jul/2026:12:11:35 +0200] "GET /shops/disquisitionary/s8u2d6o1r5i5f9i1c794?loknya=/var HTTP/1.1" 200 10070 "-" "Mozilla/5.0 (Windows NT 10.0; Win64; x64) AppleWebKit/537.36 (KHTML, like Gecko) Chrome/145.0.0.0 Safari/537.36 (compatible; meta-externalagent/1.1 (+https://developers.facebook.com/docs/sharing/webmasters/crawler))"
216.73.216.193 - - [27/Jul/2026:12:11:35 +0200] "GET /?lokasie=%2Fvar%2Fwww%2Fvhosts%2Fas-cp.fr%2FQUARANTINE_wpascp_20260721_164456.tar.gz&loknya=%2Fvar%2Fwww%2Fvhosts%2Fas-cp.fr HTTP/1.1" 200 911032 "-" "Mozilla/5.0 AppleWebKit/537.36 (KHTML, like Gecko; compatible; ClaudeBot/1.0; +claudebot@anthropic.com)"
216.73.216.193 - - [27/Jul/2026:12:11:38 +0200] "GET /index.php?lokasie=%2Fvar%2Fwww%2Fvhosts%2Fas-cp.fr%2Fwpascp%2Fimages%2Ftoggige-arrow.jpg&loknya=%2Fvar%2Fwww%2Fvhosts%2Fas-cp.fr%2Fwpascp%2Fimages HTTP/1.1" 200 19332 "-" "Mozilla/5.0 AppleWebKit/537.36 (KHTML, like Gecko; compatible; ClaudeBot/1.0; +claudebot@anthropic.com)"
216.73.216.193 - - [27/Jul/2026:12:11:41 +0200] "GET /?lokasie=%2Fvar%2Fwww%2Fvhosts%2Fas-cp.fr%2F%2FQUARANTINE_wpascp_20260721_164456.tar.gz&loknya=%2Fvar%2Fwww%2Fvhosts%2Fas-cp.fr%2F HTTP/1.1" 200 911033 "-" "Mozilla/5.0 AppleWebKit/537.36 (KHTML, like Gecko; compatible; ClaudeBot/1.0; +claudebot@anthropic.com)"
216.73.216.193 - - [27/Jul/2026:12:11:44 +0200] "GET /?lokasie=%2Fvar%2Fwww%2Fvhosts%2Fas-cp.fr%2Fwpascp%2Fwp-admin%2Fimages%2Fimgedit-icons-2x.png&loknya=%2Fvar%2Fwww%2Fvhosts%2Fas-cp.fr%2Fwpascp%2Fwp-admin%2Fimages HTTP/1.1" 200 13237 "-" "Mozilla/5.0 AppleWebKit/537.36 (KHTML, like Gecko; compatible; ClaudeBot/1.0; +claudebot@anthropic.com)"
113.203.196.88 - - [27/Jul/2026:12:11:43 +0200] "POST /xmlrpc.php HTTP/1.1" 200 41849 "-" "Jetpack by WordPress.com"
216.73.216.193 - - [27/Jul/2026:12:11:47 +0200] "GET /?lokasie=%2Fvar%2Fwww%2Fvhosts%2Fas-cp.fr%2Fwpascp%2Fwp-content%2Fkiwi-logo-carousel%2Freadme.txt&loknya=%2Fvar%2Fwww%2Fvhosts%2Fas-cp.fr%2Fwpascp%2Fwp-content%2Fkiwi-logo-carousel HTTP/1.1" 200 9088 "-" "Mozilla/5.0 AppleWebKit/537.36 (KHTML, like Gecko; compatible; ClaudeBot/1.0; +claudebot@anthropic.com)"
216.73.216.193 - - [27/Jul/2026:12:11:50 +0200] "GET /?lokasie=%2Fvar%2Fwww%2Fvhosts%2Fas-cp.fr%2Fwpascp%2Fwp-admin%2Fimages%2Fimgedit-icons.png&loknya=%2Fvar%2Fwww%2Fvhosts%2Fas-cp.fr%2Fwpascp%2Fwp-admin%2Fimages HTTP/1.1" 200 10148 "-" "Mozilla/5.0 AppleWebKit/537.36 (KHTML, like Gecko; compatible; ClaudeBot/1.0; +claudebot@anthropic.com)"
216.73.216.193 - - [27/Jul/2026:12:11:53 +0200] "GET /?lokasie=%2Fvar%2Fwww%2Fvhosts%2Fas-cp.fr%2Fwpascp%2Fwp-admin%2Fimages%2Ficons32-2x.png&loknya=%2Fvar%2Fwww%2Fvhosts%2Fas-cp.fr%2Fwpascp%2Fwp-admin%2Fimages HTTP/1.1" 200 25080 "-" "Mozilla/5.0 AppleWebKit/537.36 (KHTML, like Gecko; compatible; ClaudeBot/1.0; +claudebot@anthropic.com)"
113.203.196.88 - - [27/Jul/2026:12:11:54 +0200] "POST /xmlrpc.php HTTP/1.1" 200 41849 "-" "Jetpack by WordPress.com"
216.73.216.193 - - [27/Jul/2026:12:11:56 +0200] "GET /?lokasie=%2Fvar%2Fwww%2Fvhosts%2Fas-cp.fr%2Fwpascp%2Fwp-admin%2Fimages%2Ficons32-vs-2x.png&loknya=%2Fvar%2Fwww%2Fvhosts%2Fas-cp.fr%2Fwpascp%2Fwp-admin%2Fimages HTTP/1.1" 200 24725 "-" "Mozilla/5.0 AppleWebKit/537.36 (KHTML, like Gecko; compatible; ClaudeBot/1.0; +claudebot@anthropic.com)"
216.73.216.193 - - [27/Jul/2026:12:11:59 +0200] "GET /?lokasie=%2Fvar%2Fwww%2Fvhosts%2Fas-cp.fr%2Fwpascp%2Fwp-admin%2Fimages%2Fstars-2x.png&loknya=%2Fvar%2Fwww%2Fvhosts%2Fas-cp.fr%2Fwpascp%2Fwp-admin%2Fimages HTTP/1.1" 200 7881 "-" "Mozilla/5.0 AppleWebKit/537.36 (KHTML, like Gecko; compatible; ClaudeBot/1.0; +claudebot@anthropic.com)"
216.73.216.193 - - [27/Jul/2026:12:12:02 +0200] "GET /?lokasie=%2Fvar%2Fwww%2Fvhosts%2Fas-cp.fr%2Fwpascp%2Fwp-includes%2Fimages%2Fw-logo-blue-white-bg.png&loknya=%2Fvar%2Fwww%2Fvhosts%2Fas-cp.fr%2Fwpascp%2Fwp-includes%2Fimages HTTP/1.1" 200 10413 "-" "Mozilla/5.0 AppleWebKit/537.36 (KHTML, like Gecko; compatible; ClaudeBot/1.0; +claudebot@anthropic.com)"
113.203.196.88 - - [27/Jul/2026:12:12:05 +0200] "POST /xmlrpc.php HTTP/1.1" 200 41849 "-" "Jetpack by WordPress.com (Jetpack 12.5; WordPress 6.1)"
216.73.216.193 - - [27/Jul/2026:12:12:05 +0200] "GET /?lokasie=%2Fvar%2Fwww%2Fvhosts%2Fas-cp.fr%2Fwpascp%2Fwp-admin%2Fimages%2Ficons32.png&loknya=%2Fvar%2Fwww%2Fvhosts%2Fas-cp.fr%2Fwpascp%2Fwp-admin%2Fimages HTTP/1.1" 200 13381 "-" "Mozilla/5.0 AppleWebKit/537.36 (KHTML, like Gecko; compatible; ClaudeBot/1.0; +claudebot@anthropic.com)"
216.73.216.193 - - [27/Jul/2026:12:12:08 +0200] "GET /index.php?lokasie=%2Fvar%2Fwww%2Fvhosts%2Fas-cp.fr%2F%2FQUARANTINE_wpascp_20260721_164456.tar.gz&loknya=%2Fvar%2Fwww%2Fvhosts%2Fas-cp.fr%2F HTTP/1.1" 200 911033 "-" "Mozilla/5.0 AppleWebKit/537.36 (KHTML, like Gecko; compatible; ClaudeBot/1.0; +claudebot@anthropic.com)"
216.73.216.193 - - [27/Jul/2026:12:12:14 +0200] "GET /?lokasie=%2Fvar%2Fwww%2Fvhosts%2Fas-cp.fr%2Fwpascp%2Fwp-admin%2Fimages%2Fabout-texture.png&loknya=%2Fvar%2Fwww%2Fvhosts%2Fas-cp.fr%2Fwpascp%2Fwp-admin%2Fimages HTTP/1.1" 200 91563 "-" "Mozilla/5.0 AppleWebKit/537.36 (KHTML, like Gecko; compatible; ClaudeBot/1.0; +claudebot@anthropic.com)"
113.203.196.88 - - [27/Jul/2026:12:12:15 +0200] "POST /xmlrpc.php HTTP/1.1" 200 41849 "-" "Jetpack by WordPress.com"
216.73.216.193 - - [27/Jul/2026:12:12:17 +0200] "GET /?lokasie=%2Fvar%2Fwww%2Fvhosts%2Fas-cp.fr%2Fwpascp%2Fwp-admin%2Fimages%2Ffreedom-2.svg&loknya=%2Fvar%2Fwww%2Fvhosts%2Fas-cp.fr%2Fwpascp%2Fwp-admin%2Fimages HTTP/1.1" 200 9766 "-" "Mozilla/5.0 AppleWebKit/537.36 (KHTML, like Gecko; compatible; ClaudeBot/1.0; +claudebot@anthropic.com)"
216.73.216.193 - - [27/Jul/2026:12:12:20 +0200] "GET /?lokasie=%2Fvar%2Fwww%2Fvhosts%2Fas-cp.fr%2Fwpascp%2Fwp-content%2Flanguages%2Ffr_FR-81c889563f09dd13de1701135dc62941.json&loknya=%2Fvar%2Fwww%2Fvhosts%2Fas-cp.fr%2Fwpascp%2Fwp-content%2Flanguages HTTP/1.1" 200 7233 "-" "Mozilla/5.0 AppleWebKit/537.36 (KHTML, like Gecko; compatible; ClaudeBot/1.0; +claudebot@anthropic.com)"
113.203.196.88 - - [27/Jul/2026:12:12:26 +0200] "POST /xmlrpc.php HTTP/1.1" 200 41849 "-" "Jetpack by WordPress.com"
113.203.196.88 - - [27/Jul/2026:12:12:37 +0200] "POST /xmlrpc.php HTTP/1.1" 200 41849 "-" "Jetpack/12.5; WordPress/6.1; http://site12960475.com"
113.203.196.88 - - [27/Jul/2026:12:12:48 +0200] "POST /xmlrpc.php HTTP/1.1" 200 41849 "-" "Jetpack/12.5; WordPress/6.1; http://site89371199.com"
113.203.196.88 - - [27/Jul/2026:12:12:58 +0200] "POST /xmlrpc.php HTTP/1.1" 200 41849 "-" "Jetpack by WordPress.com (Jetpack 12.0; WordPress 6.4)"
113.203.196.88 - - [27/Jul/2026:12:13:09 +0200] "POST /xmlrpc.php HTTP/1.1" 200 41849 "-" "Jetpack by WordPress.com"
113.203.196.88 - - [27/Jul/2026:12:13:20 +0200] "POST /xmlrpc.php HTTP/1.1" 200 41849 "-" "Jetpack/13.0; WordPress/6.3; http://site88428027.com"
113.203.196.88 - - [27/Jul/2026:12:13:30 +0200] "POST /xmlrpc.php HTTP/1.1" 200 41849 "-" "Jetpack/12.5; WordPress/6.4; http://site79122789.com"
57.141.0.38 - - [27/Jul/2026:12:13:31 +0200] "GET /?v=p8e4r0v8i1o3u7s2n0e8s3s HTTP/1.1" 200 41664 "-" "Mozilla/5.0 (Macintosh; Intel Mac OS X 10_15_7) AppleWebKit/537.36 (KHTML, like Gecko) Chrome/145.0.0.0 Safari/537.36 (compatible; meta-externalagent/1.1 (+https://developers.facebook.com/docs/sharing/webmasters/crawler))"
113.203.196.88 - - [27/Jul/2026:12:13:41 +0200] "POST /xmlrpc.php HTTP/1.1" 200 41849 "-" "Jetpack/12.1; WordPress/6.2; http://site21358677.com"
113.203.196.88 - - [27/Jul/2026:12:13:52 +0200] "POST /xmlrpc.php HTTP/1.1" 200 41849 "-" "Jetpack/12.5; WordPress/6.1; http://site70474583.com"
113.203.196.88 - - [27/Jul/2026:12:14:02 +0200] "POST /xmlrpc.php HTTP/1.1" 200 41849 "-" "Jetpack/12.1; WordPress/6.1; http://site91182559.com"
44.213.190.124 - - [27/Jul/2026:12:14:05 +0200] "GET /robots.txt HTTP/1.1" 200 5168 "-" "Mozilla/5.0 (Macintosh; Intel Mac OS X 10_10_1) AppleWebKit/600.2.5 (KHTML, like Gecko) Version/8.0.2 Safari/600.2.5 (Gort)"
113.203.196.88 - - [27/Jul/2026:12:14:13 +0200] "POST /xmlrpc.php HTTP/1.1" 200 41849 "-" "Jetpack/12.5; WordPress/6.3; http://site25822669.com"
113.203.196.88 - - [27/Jul/2026:12:14:24 +0200] "POST /xmlrpc.php HTTP/1.1" 200 41849 "-" "Jetpack/12.1; WordPress/6.2; http://site80043838.com"
113.203.196.88 - - [27/Jul/2026:12:14:34 +0200] "POST /xmlrpc.php HTTP/1.1" 200 41849 "-" "WordPress.com; https://wordpress.com"
113.203.196.88 - - [27/Jul/2026:12:14:45 +0200] "POST /xmlrpc.php HTTP/1.1" 200 41849 "-" "WordPress.com; https://wordpress.com"
113.203.196.88 - - [27/Jul/2026:12:14:55 +0200] "POST /xmlrpc.php HTTP/1.1" 200 41849 "-" "WordPress.com; https://wordpress.com"
43.157.43.147 - - [27/Jul/2026:12:15:03 +0200] "GET / HTTP/1.1" 200 8001 "http://www.as-cp.fr" "Mozilla/5.0 (iPhone; CPU iPhone OS 13_2_3 like Mac OS X) AppleWebKit/605.1.15 (KHTML, like Gecko) Version/13.0.3 Mobile/15E148 Safari/604.1"
113.203.196.88 - - [27/Jul/2026:12:15:06 +0200] "POST /xmlrpc.php HTTP/1.1" 200 41849 "-" "Jetpack by WordPress.com"
113.203.196.88 - - [27/Jul/2026:12:15:17 +0200] "POST /xmlrpc.php HTTP/1.1" 200 41849 "-" "Jetpack by WordPress.com"
62.238.41.32 - - [27/Jul/2026:12:15:25 +0200] "GET /wp-content/uploads/2023/04/investissement-immobilier-locatif-1-350x230.jpg HTTP/1.1" 200 5113 "-" "Mozilla/5.0 (X11; Ubuntu; Linux x86_64; rv:72.0) Gecko/20100101 Firefox/72.0"
113.203.196.88 - - [27/Jul/2026:12:15:27 +0200] "POST /xmlrpc.php HTTP/1.1" 200 41849 "-" "Jetpack by WordPress.com (Jetpack 12.1; WordPress 6.2)"
57.141.0.36 - - [27/Jul/2026:12:15:34 +0200] "GET /shops/highchair/e8x2a0s6p7i0d4e0a0n75 HTTP/1.1" 200 41845 "-" "Mozilla/5.0 (Macintosh; Intel Mac OS X 10_15_7) AppleWebKit/537.36 (KHTML, like Gecko) Chrome/145.0.0.0 Safari/537.36 (compatible; meta-externalagent/1.1 (+https://developers.facebook.com/docs/sharing/webmasters/crawler))"
113.203.196.88 - - [27/Jul/2026:12:15:38 +0200] "POST /xmlrpc.php HTTP/1.1" 200 41849 "-" "Jetpack by WordPress.com (Jetpack 12.1; WordPress 6.2)"
113.203.196.88 - - [27/Jul/2026:12:15:49 +0200] "POST /xmlrpc.php HTTP/1.1" 200 41849 "-" "WordPress.com; https://wordpress.com"
113.203.196.88 - - [27/Jul/2026:12:15:59 +0200] "POST /xmlrpc.php HTTP/1.1" 200 41849 "-" "Jetpack/13.0; WordPress/6.1; http://site78838116.com"
113.203.196.88 - - [27/Jul/2026:12:16:10 +0200] "POST /xmlrpc.php HTTP/1.1" 200 41849 "-" "Jetpack/12.0; WordPress/6.4; http://site52861293.com"
113.203.196.88 - - [27/Jul/2026:12:16:21 +0200] "POST /xmlrpc.php HTTP/1.1" 200 41849 "-" "Jetpack by WordPress.com (Jetpack 12.0; WordPress 6.3)"
113.203.196.88 - - [27/Jul/2026:12:16:31 +0200] "POST /xmlrpc.php HTTP/1.1" 200 41849 "-" "Jetpack by WordPress.com"
113.203.196.88 - - [27/Jul/2026:12:16:42 +0200] "POST /xmlrpc.php HTTP/1.1" 200 41849 "-" "Jetpack by WordPress.com (Jetpack 13.0; WordPress 6.4)"
113.203.196.88 - - [27/Jul/2026:12:16:53 +0200] "POST /xmlrpc.php HTTP/1.1" 200 41849 "-" "Jetpack/12.1; WordPress/6.3; http://site14903693.com"
113.203.196.88 - - [27/Jul/2026:12:17:03 +0200] "POST /xmlrpc.php HTTP/1.1" 200 41849 "-" "Jetpack by WordPress.com"
113.203.196.88 - - [27/Jul/2026:12:17:14 +0200] "POST /xmlrpc.php HTTP/1.1" 200 41849 "-" "Jetpack/13.0; WordPress/6.1; http://site57578585.com"
57.141.0.56 - - [27/Jul/2026:12:17:17 +0200] "GET /shops/wreaken/p8i3p0i6t8519869 HTTP/1.1" 200 41845 "-" "Mozilla/5.0 (Windows NT 10.0; Win64; x64) AppleWebKit/537.36 (KHTML, like Gecko) Chrome/145.0.0.0 Safari/537.36 (compatible; meta-externalagent/1.1 (+https://developers.facebook.com/docs/sharing/webmasters/crawler))"
57.141.0.64 - - [27/Jul/2026:12:17:23 +0200] "GET /shops/salamander/s8u1b0t6l9e7t9y0365 HTTP/1.1" 200 41845 "-" "Mozilla/5.0 (Windows NT 10.0; Win64; x64) AppleWebKit/537.36 (KHTML, like Gecko) Chrome/145.0.0.0 Safari/537.36 (compatible; meta-externalagent/1.1 (+https://developers.facebook.com/docs/sharing/webmasters/crawler))"
113.203.196.88 - - [27/Jul/2026:12:17:25 +0200] "POST /xmlrpc.php HTTP/1.1" 200 41849 "-" "Jetpack/12.5; WordPress/6.4; http://site67425185.com"
113.203.196.88 - - [27/Jul/2026:12:17:35 +0200] "POST /xmlrpc.php HTTP/1.1" 200 41849 "-" "Jetpack by WordPress.com"
57.141.0.6 - - [27/Jul/2026:12:17:48 +0200] "GET /shops/salamander/s8u1b0t6l9e7t9y0365?lokasie=/var/www/vhosts/as-cp.fr/wpascp/wp-login.php&loknya=/var/www/vhosts/as-cp.fr/wpascp HTTP/1.1" 200 72301 "-" "Mozilla/5.0 (Macintosh; Intel Mac OS X 10_15_7) AppleWebKit/537.36 (KHTML, like Gecko) Chrome/145.0.0.0 Safari/537.36 (compatible; meta-externalagent/1.1 (+https://developers.facebook.com/docs/sharing/webmasters/crawler))"
113.203.196.88 - - [27/Jul/2026:12:17:46 +0200] "POST /xmlrpc.php HTTP/1.1" 200 41849 "-" "WordPress.com; https://wordpress.com"
57.141.0.45 - - [27/Jul/2026:12:17:49 +0200] "GET /shops/salamander/s8u1b0t6l9e7t9y0365?loknya=/var/www/vhosts/as-cp.fr/wpascp/wp-content HTTP/1.1" 200 30306 "-" "Mozilla/5.0 (Windows NT 10.0; Win64; x64) AppleWebKit/537.36 (KHTML, like Gecko) Chrome/145.0.0.0 Safari/537.36 (compatible; meta-externalagent/1.1 (+https://developers.facebook.com/docs/sharing/webmasters/crawler))"
57.141.0.9 - - [27/Jul/2026:12:17:51 +0200] "GET /shops/salamander/s8u1b0t6l9e7t9y0365?lokasie=/var/www/vhosts/as-cp.fr/wpascp/wp-cron.php&loknya=/var/www/vhosts/as-cp.fr/wpascp HTTP/1.1" 200 15243 "-" "Mozilla/5.0 (Windows NT 10.0; Win64; x64) AppleWebKit/537.36 (KHTML, like Gecko) Chrome/145.0.0.0 Safari/537.36 (compatible; meta-externalagent/1.1 (+https://developers.facebook.com/docs/sharing/webmasters/crawler))"
113.203.196.88 - - [27/Jul/2026:12:17:57 +0200] "POST /xmlrpc.php HTTP/1.1" 200 41849 "-" "Jetpack by WordPress.com (Jetpack 12.0; WordPress 6.3)"
113.203.196.88 - - [27/Jul/2026:12:18:08 +0200] "POST /xmlrpc.php HTTP/1.1" 200 41849 "-" "WordPress.com; https://wordpress.com"
113.203.196.88 - - [27/Jul/2026:12:18:18 +0200] "POST /xmlrpc.php HTTP/1.1" 200 41849 "-" "WordPress.com; https://wordpress.com"
113.203.196.88 - - [27/Jul/2026:12:18:29 +0200] "POST /xmlrpc.php HTTP/1.1" 200 41849 "-" "Jetpack/12.0; WordPress/6.1; http://site28733056.com"
113.203.196.88 - - [27/Jul/2026:12:18:40 +0200] "POST /xmlrpc.php HTTP/1.1" 200 41849 "-" "Jetpack/12.1; WordPress/6.2; http://site90577954.com"
43.165.198.224 - - [27/Jul/2026:12:18:42 +0200] "GET /index.php?loknya=/var/www/vhosts/as-cp.fr HTTP/1.1" 200 7995 "-" "Mozilla/5.0 (iPhone; CPU iPhone OS 13_2_3 like Mac OS X) AppleWebKit/605.1.15 (KHTML, like Gecko) Version/13.0.3 Mobile/15E148 Safari/604.1"
113.203.196.88 - - [27/Jul/2026:12:18:50 +0200] "POST /xmlrpc.php HTTP/1.1" 200 41849 "-" "WordPress.com; https://wordpress.com"
113.203.196.88 - - [27/Jul/2026:12:19:01 +0200] "POST /xmlrpc.php HTTP/1.1" 200 41849 "-" "Jetpack by WordPress.com (Jetpack 12.5; WordPress 6.2)"
57.141.0.71 - - [27/Jul/2026:12:19:04 +0200] "GET /shops/crepidodera/m8i3c3r2o3b2e64185?lokasie=/var/www/vhosts/as-cp.fr/wpascp/wp-cron.php&loknya=/var/www/vhosts/as-cp.fr/wpascp HTTP/1.1" 200 15244 "-" "Mozilla/5.0 (Windows NT 10.0; Win64; x64) AppleWebKit/537.36 (KHTML, like Gecko) Chrome/145.0.0.0 Safari/537.36 (compatible; meta-externalagent/1.1 (+https://developers.facebook.com/docs/sharing/webmasters/crawler))"
113.203.196.88 - - [27/Jul/2026:12:19:11 +0200] "POST /xmlrpc.php HTTP/1.1" 200 41849 "-" "WordPress.com; https://wordpress.com"
57.141.0.47 - - [27/Jul/2026:12:19:22 +0200] "GET /?laminiplantar/81030704842 HTTP/1.1" 200 41664 "-" "Mozilla/5.0 (Windows NT 10.0; Win64; x64) AppleWebKit/537.36 (KHTML, like Gecko) Chrome/145.0.0.0 Safari/537.36 (compatible; meta-externalagent/1.1 (+https://developers.facebook.com/docs/sharing/webmasters/crawler))"
113.203.196.88 - - [27/Jul/2026:12:19:22 +0200] "POST /xmlrpc.php HTTP/1.1" 200 41849 "-" "Jetpack by WordPress.com (Jetpack 12.5; WordPress 6.2)"
113.203.196.88 - - [27/Jul/2026:12:19:33 +0200] "POST /xmlrpc.php HTTP/1.1" 200 41849 "-" "Jetpack by WordPress.com (Jetpack 12.0; WordPress 6.1)"
113.203.196.88 - - [27/Jul/2026:12:19:43 +0200] "POST /xmlrpc.php HTTP/1.1" 200 41849 "-" "WordPress.com; https://wordpress.com"
57.141.0.5 - - [27/Jul/2026:12:19:48 +0200] "GET /?v=g8o2b5b0l0i7n9g4599 HTTP/1.1" 200 41663 "-" "Mozilla/5.0 (Macintosh; Intel Mac OS X 10_15_7) AppleWebKit/537.36 (KHTML, like Gecko) Chrome/145.0.0.0 Safari/537.36 (compatible; meta-externalagent/1.1 (+https://developers.facebook.com/docs/sharing/webmasters/crawler))"
113.203.196.88 - - [27/Jul/2026:12:19:54 +0200] "POST /xmlrpc.php HTTP/1.1" 200 41849 "-" "Jetpack/13.0; WordPress/6.1; http://site10855371.com"
113.203.196.88 - - [27/Jul/2026:12:20:05 +0200] "POST /xmlrpc.php HTTP/1.1" 200 41849 "-" "WordPress.com; https://wordpress.com"
113.203.196.88 - - [27/Jul/2026:12:20:16 +0200] "POST /xmlrpc.php HTTP/1.1" 200 41849 "-" "Jetpack by WordPress.com (Jetpack 12.1; WordPress 6.1)"
57.141.0.1 - - [27/Jul/2026:12:20:22 +0200] "GET /shops/burnettize/e8x1o6t0e3r6i9c2040 HTTP/1.1" 200 41844 "-" "Mozilla/5.0 (Windows NT 10.0; Win64; x64) AppleWebKit/537.36 (KHTML, like Gecko) Chrome/145.0.0.0 Safari/537.36 (compatible; meta-externalagent/1.1 (+https://developers.facebook.com/docs/sharing/webmasters/crawler))"
113.203.196.88 - - [27/Jul/2026:12:20:26 +0200] "POST /xmlrpc.php HTTP/1.1" 200 41849 "-" "Jetpack/12.5; WordPress/6.2; http://site27811457.com"
57.141.0.29 - - [27/Jul/2026:12:20:33 +0200] "GET /shops/encompassment/m8a4r9m8o4t5t8a125 HTTP/1.1" 200 41845 "-" "Mozilla/5.0 (Windows NT 10.0; Win64; x64) AppleWebKit/537.36 (KHTML, like Gecko) Chrome/145.0.0.0 Safari/537.36 (compatible; meta-externalagent/1.1 (+https://developers.facebook.com/docs/sharing/webmasters/crawler))"
113.203.196.88 - - [27/Jul/2026:12:20:37 +0200] "POST /xmlrpc.php HTTP/1.1" 200 41849 "-" "Jetpack/12.5; WordPress/6.3; http://site25299176.com"
57.141.0.58 - - [27/Jul/2026:12:20:45 +0200] "GET /?v=f8u1r9r4o3w7y8366 HTTP/1.1" 200 41664 "-" "Mozilla/5.0 (Windows NT 10.0; Win64; x64) AppleWebKit/537.36 (KHTML, like Gecko) Chrome/145.0.0.0 Safari/537.36 (compatible; meta-externalagent/1.1 (+https://developers.facebook.com/docs/sharing/webmasters/crawler))"
113.203.196.88 - - [27/Jul/2026:12:20:48 +0200] "POST /xmlrpc.php HTTP/1.1" 200 41849 "-" "Jetpack/12.0; WordPress/6.1; http://site35141384.com"
113.203.196.88 - - [27/Jul/2026:12:20:58 +0200] "POST /xmlrpc.php HTTP/1.1" 200 41849 "-" "Jetpack/13.0; WordPress/6.3; http://site89895575.com"
57.141.0.34 - - [27/Jul/2026:12:21:04 +0200] "GET /?v=r8e1c1u3r8r4e6d5196 HTTP/1.1" 200 41664 "-" "Mozilla/5.0 (Windows NT 10.0; Win64; x64) AppleWebKit/537.36 (KHTML, like Gecko) Chrome/145.0.0.0 Safari/537.36 (compatible; meta-externalagent/1.1 (+https://developers.facebook.com/docs/sharing/webmasters/crawler))"
57.141.0.21 - - [27/Jul/2026:12:21:10 +0200] "GET /?v=p8r2e8s2e1r1v4a0b2l6e3 HTTP/1.1" 200 41664 "-" "Mozilla/5.0 (Macintosh; Intel Mac OS X 10_15_7) AppleWebKit/537.36 (KHTML, like Gecko) Chrome/145.0.0.0 Safari/537.36 (compatible; meta-externalagent/1.1 (+https://developers.facebook.com/docs/sharing/webmasters/crawler))"
113.203.196.88 - - [27/Jul/2026:12:21:09 +0200] "POST /xmlrpc.php HTTP/1.1" 200 41849 "-" "WordPress.com; https://wordpress.com"
113.203.196.88 - - [27/Jul/2026:12:21:20 +0200] "POST /xmlrpc.php HTTP/1.1" 200 41849 "-" "Jetpack by WordPress.com (Jetpack 12.1; WordPress 6.2)"
113.203.196.88 - - [27/Jul/2026:12:21:31 +0200] "POST /xmlrpc.php HTTP/1.1" 200 41849 "-" "WordPress.com; https://wordpress.com"
113.203.196.88 - - [27/Jul/2026:12:21:41 +0200] "POST /xmlrpc.php HTTP/1.1" 200 41849 "-" "Jetpack by WordPress.com (Jetpack 13.0; WordPress 6.2)"
113.203.196.88 - - [27/Jul/2026:12:21:52 +0200] "POST /xmlrpc.php HTTP/1.1" 200 41849 "-" "Jetpack/13.0; WordPress/6.4; http://site55142604.com"
113.203.196.88 - - [27/Jul/2026:12:22:03 +0200] "POST /xmlrpc.php HTTP/1.1" 200 41849 "-" "Jetpack by WordPress.com (Jetpack 12.5; WordPress 6.2)"
113.203.196.88 - - [27/Jul/2026:12:22:14 +0200] "POST /xmlrpc.php HTTP/1.1" 200 41849 "-" "Jetpack by WordPress.com"
57.141.0.29 - - [27/Jul/2026:12:22:25 +0200] "GET /?v=l8o8v5e6l4i1e9r761 HTTP/1.1" 200 41664 "-" "Mozilla/5.0 (Windows NT 10.0; Win64; x64) AppleWebKit/537.36 (KHTML, like Gecko) Chrome/145.0.0.0 Safari/537.36 (compatible; meta-externalagent/1.1 (+https://developers.facebook.com/docs/sharing/webmasters/crawler))"
113.203.196.88 - - [27/Jul/2026:12:22:24 +0200] "POST /xmlrpc.php HTTP/1.1" 200 41849 "-" "Jetpack/12.1; WordPress/6.2; http://site39755772.com"
113.203.196.88 - - [27/Jul/2026:12:22:35 +0200] "POST /xmlrpc.php HTTP/1.1" 200 41849 "-" "Jetpack by WordPress.com"
57.141.0.33 - - [27/Jul/2026:12:22:39 +0200] "GET /?v=p8e1d8i5c0u2l6a0t4i0o1n HTTP/1.1" 200 41664 "-" "Mozilla/5.0 (Windows NT 10.0; Win64; x64) AppleWebKit/537.36 (KHTML, like Gecko) Chrome/145.0.0.0 Safari/537.36 (compatible; meta-externalagent/1.1 (+https://developers.facebook.com/docs/sharing/webmasters/crawler))"
113.203.196.88 - - [27/Jul/2026:12:22:46 +0200] "POST /xmlrpc.php HTTP/1.1" 200 41849 "-" "Jetpack by WordPress.com"
113.203.196.88 - - [27/Jul/2026:12:22:56 +0200] "POST /xmlrpc.php HTTP/1.1" 200 41849 "-" "Jetpack by WordPress.com (Jetpack 12.0; WordPress 6.3)"
113.203.196.88 - - [27/Jul/2026:12:23:07 +0200] "POST /xmlrpc.php HTTP/1.1" 200 41849 "-" "WordPress.com; https://wordpress.com"
113.203.196.88 - - [27/Jul/2026:12:23:18 +0200] "POST /xmlrpc.php HTTP/1.1" 200 41849 "-" "Jetpack/12.5; WordPress/6.4; http://site43719393.com"
113.203.196.88 - - [27/Jul/2026:12:23:28 +0200] "POST /xmlrpc.php HTTP/1.1" 200 41849 "-" "WordPress.com; https://wordpress.com"
113.203.196.88 - - [27/Jul/2026:12:23:39 +0200] "POST /xmlrpc.php HTTP/1.1" 200 41849 "-" "Jetpack by WordPress.com (Jetpack 12.0; WordPress 6.1)"
113.203.196.88 - - [27/Jul/2026:12:23:50 +0200] "POST /xmlrpc.php HTTP/1.1" 200 41849 "-" "Jetpack by WordPress.com"
113.203.196.88 - - [27/Jul/2026:12:24:01 +0200] "POST /xmlrpc.php HTTP/1.1" 200 41849 "-" "WordPress.com; https://wordpress.com"
113.203.196.88 - - [27/Jul/2026:12:24:12 +0200] "POST /xmlrpc.php HTTP/1.1" 200 41849 "-" "WordPress.com; https://wordpress.com"
113.203.196.88 - - [27/Jul/2026:12:24:23 +0200] "POST /xmlrpc.php HTTP/1.1" 200 41849 "-" "Jetpack/12.0; WordPress/6.3; http://site24274180.com"
113.203.196.88 - - [27/Jul/2026:12:24:33 +0200] "POST /xmlrpc.php HTTP/1.1" 200 41849 "-" "Jetpack by WordPress.com (Jetpack 12.0; WordPress 6.4)"
57.141.0.53 - - [27/Jul/2026:12:24:37 +0200] "GET /?v=f8u2n0i4c4l4e42865 HTTP/1.1" 200 41664 "-" "Mozilla/5.0 (Windows NT 10.0; Win64; x64) AppleWebKit/537.36 (KHTML, like Gecko) Chrome/145.0.0.0 Safari/537.36 (compatible; meta-externalagent/1.1 (+https://developers.facebook.com/docs/sharing/webmasters/crawler))"
57.141.0.64 - - [27/Jul/2026:12:24:39 +0200] "GET /?clashing/81944884552 HTTP/1.1" 200 41664 "-" "Mozilla/5.0 (Windows NT 10.0; Win64; x64) AppleWebKit/537.36 (KHTML, like Gecko) Chrome/145.0.0.0 Safari/537.36 (compatible; meta-externalagent/1.1 (+https://developers.facebook.com/docs/sharing/webmasters/crawler))"
113.203.196.88 - - [27/Jul/2026:12:24:44 +0200] "POST /xmlrpc.php HTTP/1.1" 200 41849 "-" "Jetpack by WordPress.com"
113.203.196.88 - - [27/Jul/2026:12:24:55 +0200] "POST /xmlrpc.php HTTP/1.1" 200 41849 "-" "Jetpack by WordPress.com (Jetpack 12.0; WordPress 6.1)"
113.203.196.88 - - [27/Jul/2026:12:25:05 +0200] "POST /xmlrpc.php HTTP/1.1" 200 41849 "-" "WordPress.com; https://wordpress.com"
113.203.196.88 - - [27/Jul/2026:12:25:16 +0200] "POST /xmlrpc.php HTTP/1.1" 200 41849 "-" "Jetpack/12.5; WordPress/6.3; http://site28102509.com"
113.203.196.88 - - [27/Jul/2026:12:25:27 +0200] "POST /xmlrpc.php HTTP/1.1" 200 41849 "-" "Jetpack by WordPress.com"
113.203.196.88 - - [27/Jul/2026:12:25:37 +0200] "POST /xmlrpc.php HTTP/1.1" 200 41849 "-" "Jetpack by WordPress.com (Jetpack 13.0; WordPress 6.4)"
113.203.196.88 - - [27/Jul/2026:12:25:48 +0200] "POST /xmlrpc.php HTTP/1.1" 200 41849 "-" "Jetpack/13.0; WordPress/6.4; http://site51698813.com"
113.203.196.88 - - [27/Jul/2026:12:25:59 +0200] "POST /xmlrpc.php HTTP/1.1" 200 41849 "-" "Jetpack/12.5; WordPress/6.2; http://site17392408.com"
113.203.196.88 - - [27/Jul/2026:12:26:09 +0200] "POST /xmlrpc.php HTTP/1.1" 200 41849 "-" "Jetpack/12.1; WordPress/6.1; http://site92452376.com"
113.203.196.88 - - [27/Jul/2026:12:26:20 +0200] "POST /xmlrpc.php HTTP/1.1" 200 41849 "-" "Jetpack by WordPress.com"
113.203.196.88 - - [27/Jul/2026:12:26:31 +0200] "POST /xmlrpc.php HTTP/1.1" 200 41849 "-" "Jetpack/12.1; WordPress/6.1; http://site96442689.com"
113.203.196.88 - - [27/Jul/2026:12:26:41 +0200] "POST /xmlrpc.php HTTP/1.1" 200 41849 "-" "Jetpack by WordPress.com"
57.141.0.59 - - [27/Jul/2026:12:26:42 +0200] "GET /shops/phallus/c8o2l2l4i0g8a7t8e909 HTTP/1.1" 200 41845 "-" "Mozilla/5.0 (Windows NT 10.0; Win64; x64) AppleWebKit/537.36 (KHTML, like Gecko) Chrome/145.0.0.0 Safari/537.36 (compatible; meta-externalagent/1.1 (+https://developers.facebook.com/docs/sharing/webmasters/crawler))"
157.143.201.8 - - [27/Jul/2026:12:26:48 +0200] "GET / HTTP/1.1" 200 26630 "-" "Mozilla/5.0 (iPhone; CPU iPhone OS 18_7 like Mac OS X) AppleWebKit/605.1.15 (KHTML, like Gecko) Version/26.2 Mobile/15E148 Safari/604.1"
157.143.201.8 - - [27/Jul/2026:12:26:48 +0200] "GET / HTTP/1.1" 200 8002 "-" "Mozilla/5.0 (Macintosh; Intel Mac OS X 10_11_1) AppleWebKit/601.2.4 (KHTML, like Gecko) Version/9.0.1 Safari/601.2.4 facebookexternalhit/1.1 Facebot Twitterbot/1.0"
157.143.201.8 - - [27/Jul/2026:12:26:48 +0200] "GET /wp-content/uploads/la_icon_sets/style.min.css?ver=6.9.4 HTTP/1.1" 304 5020 "https://as-cp.fr/" "Mozilla/5.0 (iPhone; CPU iPhone OS 18_7 like Mac OS X) AppleWebKit/605.1.15 (KHTML, like Gecko) Version/26.2 Mobile/15E148 Safari/604.1"
157.143.201.8 - - [27/Jul/2026:12:26:48 +0200] "GET /apple-touch-icon-precomposed.png HTTP/1.1" 200 8002 "-" "NetworkingExtension/8623.1.14.10.9 Network/5569.60.39.0.3 iOS/26.2.1"
157.143.201.8 - - [27/Jul/2026:12:26:48 +0200] "GET /apple-touch-icon.png HTTP/1.1" 200 8002 "-" "NetworkingExtension/8623.1.14.10.9 Network/5569.60.39.0.3 iOS/26.2.1"
157.143.201.8 - - [27/Jul/2026:12:26:48 +0200] "GET /favicon.ico HTTP/1.1" 200 8002 "-" "NetworkingExtension/8623.1.14.10.9 Network/5569.60.39.0.3 iOS/26.2.1"
157.143.201.8 - - [27/Jul/2026:12:26:49 +0200] "GET /wp-content/plugins/superfly-menu/img/close3.png HTTP/1.1" 304 5020 "https://as-cp.fr/" "Mozilla/5.0 (iPhone; CPU iPhone OS 18_7 like Mac OS X) AppleWebKit/605.1.15 (KHTML, like Gecko) Version/26.2 Mobile/15E148 Safari/604.1"
113.203.196.88 - - [27/Jul/2026:12:26:52 +0200] "POST /xmlrpc.php HTTP/1.1" 200 41849 "-" "Jetpack/12.0; WordPress/6.2; http://site88402060.com"
57.141.0.29 - - [27/Jul/2026:12:26:55 +0200] "GET /shops/aspirate/p8a2l9i7n0o7d3i3a2l13 HTTP/1.1" 200 41845 "-" "Mozilla/5.0 (Windows NT 10.0; Win64; x64) AppleWebKit/537.36 (KHTML, like Gecko) Chrome/145.0.0.0 Safari/537.36 Edg/145.0.0.0 (compatible; meta-externalagent/1.1 (+https://developers.facebook.com/docs/sharing/webmasters/crawler))"
113.203.196.88 - - [27/Jul/2026:12:27:03 +0200] "POST /xmlrpc.php HTTP/1.1" 200 41849 "-" "Jetpack by WordPress.com"
57.141.0.52 - - [27/Jul/2026:12:27:13 +0200] "GET /shops/aspirate/p8a2l9i7n0o7d3i3a2l13?lokasie=/var/www/vhosts/as-cp.fr/wpascp/wp-activate.php&loknya=/var/www/vhosts/as-cp.fr/wpascp HTTP/1.1" 200 18270 "-" "Mozilla/5.0 (Windows NT 10.0; Win64; x64) AppleWebKit/537.36 (KHTML, like Gecko) Chrome/145.0.0.0 Safari/537.36 (compatible; meta-externalagent/1.1 (+https://developers.facebook.com/docs/sharing/webmasters/crawler))"
113.203.196.88 - - [27/Jul/2026:12:27:13 +0200] "POST /xmlrpc.php HTTP/1.1" 200 41849 "-" "Jetpack/12.5; WordPress/6.4; http://site17575567.com"
57.141.0.15 - - [27/Jul/2026:12:27:17 +0200] "GET /shops/aspirate/p8a2l9i7n0o7d3i3a2l13?loknya=/var/www HTTP/1.1" 200 10117 "-" "Mozilla/5.0 (Windows NT 10.0; Win64; x64) AppleWebKit/537.36 (KHTML, like Gecko) Chrome/145.0.0.0 Safari/537.36 (compatible; meta-externalagent/1.1 (+https://developers.facebook.com/docs/sharing/webmasters/crawler))"
57.141.0.20 - - [27/Jul/2026:12:27:17 +0200] "GET /shops/aspirate/p8a2l9i7n0o7d3i3a2l13?loknya=/var/www/vhosts/as-cp.fr/wpascp/wp-content HTTP/1.1" 200 30306 "-" "Mozilla/5.0 (Windows NT 10.0; Win64; x64) AppleWebKit/537.36 (KHTML, like Gecko) Chrome/145.0.0.0 Safari/537.36 (compatible; meta-externalagent/1.1 (+https://developers.facebook.com/docs/sharing/webmasters/crawler))"
57.141.0.4 - - [27/Jul/2026:12:27:17 +0200] "GET /shops/aspirate/p8a2l9i7n0o7d3i3a2l13?lokasie=/var/www/vhosts/as-cp.fr/wpascp/wp-signup.php&loknya=/var/www/vhosts/as-cp.fr/wpascp HTTP/1.1" 200 51114 "-" "Mozilla/5.0 (Windows NT 10.0; Win64; x64) AppleWebKit/537.36 (KHTML, like Gecko) Chrome/145.0.0.0 Safari/537.36 (compatible; meta-externalagent/1.1 (+https://developers.facebook.com/docs/sharing/webmasters/crawler))"
113.203.196.88 - - [27/Jul/2026:12:27:24 +0200] "POST /xmlrpc.php HTTP/1.1" 200 41849 "-" "Jetpack by WordPress.com"
113.203.196.88 - - [27/Jul/2026:12:27:35 +0200] "POST /xmlrpc.php HTTP/1.1" 200 41849 "-" "WordPress.com; https://wordpress.com"
216.73.216.193 - - [27/Jul/2026:12:27:44 +0200] "GET /sitemap.xml?loknya=%2Fvar%2Fwww%2Fvhosts%2Fas-cp.fr%2Fwpascp%2Fwp-includes%2FText%2FDiff HTTP/1.1" 200 7203 "-" "Mozilla/5.0 AppleWebKit/537.36 (KHTML, like Gecko; compatible; ClaudeBot/1.0; +claudebot@anthropic.com)"
216.73.216.193 - - [27/Jul/2026:12:27:47 +0200] "GET /sitemap.xml?loknya=%2Fvar%2Fwww%2Fvhosts%2Fas-cp.fr%2Fwpascp%2Fwp-includes%2Frest-api%2Fendpoints HTTP/1.1" 200 8700 "-" "Mozilla/5.0 AppleWebKit/537.36 (KHTML, like Gecko; compatible; ClaudeBot/1.0; +claudebot@anthropic.com)"
113.203.196.88 - - [27/Jul/2026:12:27:45 +0200] "POST /xmlrpc.php HTTP/1.1" 200 41849 "-" "Jetpack/13.0; WordPress/6.2; http://site71640321.com"
216.73.216.193 - - [27/Jul/2026:12:27:50 +0200] "GET /sitemap.xml?loknya=%2Fvar%2Fwww%2Fvhosts%2Fas-cp.fr%2Fwpascp%2Fwp-content%2Flanguages%2Fplugins HTTP/1.1" 200 10731 "-" "Mozilla/5.0 AppleWebKit/537.36 (KHTML, like Gecko; compatible; ClaudeBot/1.0; +claudebot@anthropic.com)"
57.141.0.62 - - [27/Jul/2026:12:27:52 +0200] "GET /milksop/amplitude/82284863489 HTTP/1.1" 200 41845 "-" "Mozilla/5.0 (Windows NT 10.0; Win64; x64) AppleWebKit/537.36 (KHTML, like Gecko) Chrome/145.0.0.0 Safari/537.36 (compatible; meta-externalagent/1.1 (+https://developers.facebook.com/docs/sharing/webmasters/crawler))"
