37.120.210.2 - - [27/Jul/2026:10:26:31 +0200] "GET /wp-content/uploads/2026/07/assurance-emprunteur-perpignan-1-350x230.jpg HTTP/1.1" 200 5110 "https://as-cp.fr/" "Mozilla/5.0+(compatible;+Googlebot/2.1;++http://www.google.com/bot.html)"
37.120.210.2 - - [27/Jul/2026:10:26:31 +0200] "GET /wp-content/uploads/2021/02/icons-slider.png HTTP/1.1" 200 5081 "https://as-cp.fr/" "Mozilla/5.0+(compatible;+Googlebot/2.1;++http://www.google.com/bot.html)"
37.120.210.2 - - [27/Jul/2026:10:26:31 +0200] "GET /wp-content/uploads/2025/07/Facade2.jpg HTTP/1.1" 200 5077 "https://as-cp.fr/" "Mozilla/5.0+(compatible;+Googlebot/2.1;++http://www.google.com/bot.html)"
209.50.161.236 - - [27/Jul/2026:10:26:32 +0200] "POST /xmlrpc.php HTTP/1.1" 200 8008 "-" "curl/8.6.0"
37.120.210.2 - - [27/Jul/2026:10:26:31 +0200] "GET /wp-content/plugins/kiwi-logo-carousel/third-party/jquery.bxslider/jquery.bxslider.css?ver=6.9.4 HTTP/1.1" 200 5137 "https://as-cp.fr/" "Mozilla/5.0+(compatible;+Googlebot/2.1;++http://www.google.com/bot.html)"
209.50.161.236 - - [27/Jul/2026:10:26:33 +0200] "POST /xmlrpc.php HTTP/1.1" 200 8008 "-" "curl/7.88.1"
209.50.161.236 - - [27/Jul/2026:10:26:33 +0200] "POST /xmlrpc.php HTTP/1.1" 200 8008 "-" "curl/8.6.0"
37.120.210.2 - - [27/Jul/2026:10:26:34 +0200] "GET /wp-content/uploads/2021/04/as-conseil-et-patrimoine-stephanie-marrasse.jpg HTTP/1.1" 200 5113 "https://as-cp.fr/" "Mozilla/5.0+(compatible;+Googlebot/2.1;++http://www.google.com/bot.html)"
209.50.162.9 - - [27/Jul/2026:10:26:34 +0200] "GET /wp-login.php HTTP/1.1" 200 8010 "-" "curl/7.88.1"
37.120.210.2 - - [27/Jul/2026:10:26:34 +0200] "GET /wp-content/uploads/2021/02/pique.png HTTP/1.1" 200 5074 "https://as-cp.fr/" "Mozilla/5.0+(compatible;+Googlebot/2.1;++http://www.google.com/bot.html)"
37.120.210.2 - - [27/Jul/2026:10:26:34 +0200] "GET /wp-content/themes/agencepointcom/js/navigation.js?ver=20151215 HTTP/1.1" 200 5108 "https://as-cp.fr/" "Mozilla/5.0+(compatible;+Googlebot/2.1;++http://www.google.com/bot.html)"
37.120.210.2 - - [27/Jul/2026:10:26:34 +0200] "GET /wp-content/themes/agencepointcom/js/skip-link-focus-fix.js?ver=20151215 HTTP/1.1" 200 5518 "https://as-cp.fr/" "Mozilla/5.0+(compatible;+Googlebot/2.1;++http://www.google.com/bot.html)"
57.141.0.8 - - [27/Jul/2026:10:26:34 +0200] "GET /?v=b8i9r6o3s4t8r0a8t7e3 HTTP/1.1" 200 41663 "-" "Mozilla/5.0 (Windows NT 10.0; Win64; x64) AppleWebKit/537.36 (KHTML, like Gecko) Chrome/145.0.0.0 Safari/537.36 (compatible; meta-externalagent/1.1 (+https://developers.facebook.com/docs/sharing/webmasters/crawler))"
114.119.133.158 - - [27/Jul/2026:10:26:34 +0200] "GET /pourquoi-faire-appel-a-un-courtier-en-assurance-perpignan/ HTTP/1.1" 200 23171 "https://as-cp.fr/nos-actualites/page/8" "Mozilla/5.0 (Linux; Android 7.0;) AppleWebKit/537.36 (HTML, like Gecko) Mobile Safari/537.36 (compatible; PetalBot;+https://webmaster.petalsearch.com/site/petalbot)"
209.50.162.9 - - [27/Jul/2026:10:26:35 +0200] "GET /wp-admin/ HTTP/1.1" 200 10322 "-" "curl/8.6.0"
37.120.210.2 - - [27/Jul/2026:10:26:35 +0200] "GET /wp-content/themes/agencepointcom/fonts/Biko-Bold.woff2 HTTP/1.1" 200 5102 "https://as-cp.fr/wp-content/themes/agencepointcom/style.css?ver=6.9.4" "Mozilla/5.0+(compatible;+Googlebot/2.1;++http://www.google.com/bot.html)"
37.120.210.2 - - [27/Jul/2026:10:26:35 +0200] "GET /wp-content/themes/agencepointcom/fonts/NexaBold.woff2 HTTP/1.1" 200 5101 "https://as-cp.fr/wp-content/themes/agencepointcom/style.css?ver=6.9.4" "Mozilla/5.0+(compatible;+Googlebot/2.1;++http://www.google.com/bot.html)"
37.120.210.2 - - [27/Jul/2026:10:26:35 +0200] "GET /wp-content/themes/agencepointcom/fonts/Biko.woff2 HTTP/1.1" 200 5097 "https://as-cp.fr/wp-content/themes/agencepointcom/style.css?ver=6.9.4" "Mozilla/5.0+(compatible;+Googlebot/2.1;++http://www.google.com/bot.html)"
37.120.210.2 - - [27/Jul/2026:10:26:35 +0200] "GET /wp-content/themes/agencepointcom/fonts/NexaLight.woff2 HTTP/1.1" 200 5102 "https://as-cp.fr/wp-content/themes/agencepointcom/style.css?ver=6.9.4" "Mozilla/5.0+(compatible;+Googlebot/2.1;++http://www.google.com/bot.html)"
209.50.162.9 - - [27/Jul/2026:10:26:36 +0200] "GET /my-account/ HTTP/1.1" 200 8002 "-" "curl/7.88.1"
37.120.210.2 - - [27/Jul/2026:10:26:37 +0200] "GET /wp-includes/js/dist/vendor/wp-polyfill.min.js?ver=3.15.0 HTTP/1.1" 200 5104 "https://as-cp.fr/" "Mozilla/5.0+(compatible;+Googlebot/2.1;++http://www.google.com/bot.html)"
209.50.173.166 - - [27/Jul/2026:10:26:37 +0200] "GET /wp-login.php HTTP/1.1" 200 8011 "-" "Mozilla/5.0 (Windows NT 10.0; Win64; x64) AppleWebKit/537.36 (KHTML, like Gecko) Chrome/119.0.0.0 Safari/537.36"
37.120.210.2 - - [27/Jul/2026:10:26:37 +0200] "GET /wp-content/uploads/2026/05/conseil-en-patrimoine-saint-esteve-protection-de-capital-1-350x230.jpg HTTP/1.1" 200 5136 "https://as-cp.fr/" "Mozilla/5.0+(compatible;+Googlebot/2.1;++http://www.google.com/bot.html)"
37.120.210.2 - - [27/Jul/2026:10:26:37 +0200] "GET /wp-content/uploads/2026/06/defiscalisation-66-1-350x230.jpg HTTP/1.1" 200 5098 "https://as-cp.fr/" "Mozilla/5.0+(compatible;+Googlebot/2.1;++http://www.google.com/bot.html)"
37.120.210.2 - - [27/Jul/2026:10:26:37 +0200] "GET /wp-content/uploads/2026/04/aide-declaration-d-impot-perpignan-1-350x230.jpg HTTP/1.1" 200 5114 "https://as-cp.fr/" "Mozilla/5.0+(compatible;+Googlebot/2.1;++http://www.google.com/bot.html)"
37.120.210.2 - - [27/Jul/2026:10:26:37 +0200] "GET /wp-content/plugins/contact-form-7/modules/recaptcha/index.js?ver=6.1.6 HTTP/1.1" 200 5584 "https://as-cp.fr/" "Mozilla/5.0+(compatible;+Googlebot/2.1;++http://www.google.com/bot.html)"
37.120.210.2 - - [27/Jul/2026:10:26:37 +0200] "GET /wp-content/uploads/2021/03/primonial.jpg HTTP/1.1" 200 5079 "https://as-cp.fr/" "Mozilla/5.0+(compatible;+Googlebot/2.1;++http://www.google.com/bot.html)"
37.120.210.2 - - [27/Jul/2026:10:26:37 +0200] "GET /wp-content/plugins/kiwi-logo-carousel/third-party/jquery.bxslider/jquery.bxslider.js?ver=6.9.4 HTTP/1.1" 200 5143 "https://as-cp.fr/" "Mozilla/5.0+(compatible;+Googlebot/2.1;++http://www.google.com/bot.html)"
37.120.210.2 - - [27/Jul/2026:10:26:38 +0200] "GET /wp-content/uploads/2021/03/swiss-life.jpg HTTP/1.1" 200 5080 "https://as-cp.fr/" "Mozilla/5.0+(compatible;+Googlebot/2.1;++http://www.google.com/bot.html)"
37.120.210.2 - - [27/Jul/2026:10:26:38 +0200] "GET /wp-content/uploads/2021/03/logo-corum.jpg HTTP/1.1" 200 5080 "https://as-cp.fr/" "Mozilla/5.0+(compatible;+Googlebot/2.1;++http://www.google.com/bot.html)"
37.120.210.2 - - [27/Jul/2026:10:26:38 +0200] "GET /wp-content/uploads/2021/03/urban-premium.jpg HTTP/1.1" 200 5083 "https://as-cp.fr/" "Mozilla/5.0+(compatible;+Googlebot/2.1;++http://www.google.com/bot.html)"
37.120.210.2 - - [27/Jul/2026:10:26:38 +0200] "GET /wp-content/uploads/2021/03/theseis.jpg HTTP/1.1" 200 5077 "https://as-cp.fr/" "Mozilla/5.0+(compatible;+Googlebot/2.1;++http://www.google.com/bot.html)"
37.120.210.2 - - [27/Jul/2026:10:26:39 +0200] "GET /wp-content/uploads/2021/03/la_francaise_bleue.jpg HTTP/1.1" 200 5088 "https://as-cp.fr/" "Mozilla/5.0+(compatible;+Googlebot/2.1;++http://www.google.com/bot.html)"
37.120.210.2 - - [27/Jul/2026:10:26:39 +0200] "GET /wp-content/uploads/2021/03/afi_esca.jpg HTTP/1.1" 200 5078 "https://as-cp.fr/" "Mozilla/5.0+(compatible;+Googlebot/2.1;++http://www.google.com/bot.html)"
37.120.210.2 - - [27/Jul/2026:10:26:39 +0200] "GET /wp-content/uploads/2021/03/metlife.jpg HTTP/1.1" 200 5077 "https://as-cp.fr/" "Mozilla/5.0+(compatible;+Googlebot/2.1;++http://www.google.com/bot.html)"
37.120.210.2 - - [27/Jul/2026:10:26:40 +0200] "GET /wp-content/uploads/2021/03/april.jpg HTTP/1.1" 200 5075 "https://as-cp.fr/" "Mozilla/5.0+(compatible;+Googlebot/2.1;++http://www.google.com/bot.html)"
37.120.210.2 - - [27/Jul/2026:10:26:40 +0200] "GET /wp-content/uploads/2025/07/Bureau_principal.jpg HTTP/1.1" 200 5086 "https://as-cp.fr/" "Mozilla/5.0+(compatible;+Googlebot/2.1;++http://www.google.com/bot.html)"
37.120.210.2 - - [27/Jul/2026:10:26:40 +0200] "GET /wp-content/themes/agencepointcom/img/carreau.png HTTP/1.1" 200 5086 "https://as-cp.fr/wp-content/themes/agencepointcom/style.css?ver=6.9.4" "Mozilla/5.0+(compatible;+Googlebot/2.1;++http://www.google.com/bot.html)"
37.120.210.2 - - [27/Jul/2026:10:26:41 +0200] "GET /wp-content/plugins/kiwi-logo-carousel/third-party/jquery.bxslider/images/bx_loader.gif HTTP/1.1" 200 5124 "https://as-cp.fr/wp-content/plugins/kiwi-logo-carousel/custom-styles.css?ver=6.9.4" "Mozilla/5.0+(compatible;+Googlebot/2.1;++http://www.google.com/bot.html)"
57.141.0.40 - - [27/Jul/2026:10:26:42 +0200] "GET /shops/feedbag/b8a3w4c2o2c4k77140 HTTP/1.1" 200 41845 "-" "Mozilla/5.0 (Windows NT 10.0; Win64; x64) AppleWebKit/537.36 (KHTML, like Gecko) Chrome/145.0.0.0 Safari/537.36 (compatible; meta-externalagent/1.1 (+https://developers.facebook.com/docs/sharing/webmasters/crawler))"
37.120.210.2 - - [27/Jul/2026:10:26:45 +0200] "GET /wp-content/uploads/2021/03/favicon-150x150.jpg HTTP/1.1" 200 5085 "https://as-cp.fr/" "Mozilla/5.0+(compatible;+Googlebot/2.1;++http://www.google.com/bot.html)"
57.141.0.71 - - [27/Jul/2026:10:27:12 +0200] "GET /?v=o8v2e2r8s1k2i7p2584 HTTP/1.1" 200 41664 "-" "Mozilla/5.0 (Windows NT 10.0; Win64; x64) AppleWebKit/537.36 (KHTML, like Gecko) Chrome/145.0.0.0 Safari/537.36 (compatible; meta-externalagent/1.1 (+https://developers.facebook.com/docs/sharing/webmasters/crawler))"
57.141.0.11 - - [27/Jul/2026:10:27:12 +0200] "GET /?beady/8738735722 HTTP/1.1" 200 41664 "-" "Mozilla/5.0 (Windows NT 10.0; Win64; x64) AppleWebKit/537.36 (KHTML, like Gecko) Chrome/145.0.0.0 Safari/537.36 Edg/145.0.0.0 (compatible; meta-externalagent/1.1 (+https://developers.facebook.com/docs/sharing/webmasters/crawler))"
57.141.0.55 - - [27/Jul/2026:10:27:19 +0200] "GET /shops/gubernation/f8o3r4e6w8a3r6n9e2d5 HTTP/1.1" 200 41845 "-" "Mozilla/5.0 (Windows NT 10.0; Win64; x64) AppleWebKit/537.36 (KHTML, like Gecko) Chrome/145.0.0.0 Safari/537.36 (compatible; meta-externalagent/1.1 (+https://developers.facebook.com/docs/sharing/webmasters/crawler))"
57.141.0.64 - - [27/Jul/2026:10:27:37 +0200] "GET /shops/fancies/f8a2b5u1l8i6z3e9498 HTTP/1.1" 200 41845 "-" "Mozilla/5.0 (Windows NT 10.0; Win64; x64) AppleWebKit/537.36 (KHTML, like Gecko) Chrome/145.0.0.0 Safari/537.36 (compatible; meta-externalagent/1.1 (+https://developers.facebook.com/docs/sharing/webmasters/crawler))"
57.141.0.67 - - [27/Jul/2026:10:27:50 +0200] "GET /encyclopedia/indwelling/8883113699 HTTP/1.1" 200 41845 "-" "Mozilla/5.0 (Windows NT 10.0; Win64; x64) AppleWebKit/537.36 (KHTML, like Gecko) Chrome/145.0.0.0 Safari/537.36 (compatible; meta-externalagent/1.1 (+https://developers.facebook.com/docs/sharing/webmasters/crawler))"
20.63.10.215 - - [27/Jul/2026:10:27:53 +0200] "GET /admin.php HTTP/1.1" 200 8001 "-" "Mozilla/5.0 (Windows NT 10.0; Win64; x64) AppleWebKit/537.36 (KHTML, like Gecko) Chrome/120.0.0.0 Safari/537.36"
114.119.134.107 - - [27/Jul/2026:10:27:57 +0200] "GET /investissement-a-perpignan-comprendre-les-bases-en-5-etapes HTTP/1.1" 200 8002 "https://as-cp.fr/nos-actualites/page/2" "Mozilla/5.0 (Linux; Android 7.0;) AppleWebKit/537.36 (HTML, like Gecko) Mobile Safari/537.36 (compatible; PetalBot;+https://webmaster.petalsearch.com/site/petalbot)"
192.250.229.214 - - [27/Jul/2026:10:28:33 +0200] "GET /wp-login.php HTTP/1.1" 200 8010 "-" "Mozilla/5.0 (Windows NT 10.0; Win64; x64) AppleWebKit/537.36 (KHTML, like Gecko) Chrome/150.0.0.0 Safari/537.36"
43.156.232.154 - - [27/Jul/2026:10:28:45 +0200] "GET /?loknya=/var/www/vhosts/as-cp.fr/.claude HTTP/1.1" 200 7322 "-" "Mozilla/5.0 (iPhone; CPU iPhone OS 13_2_3 like Mac OS X) AppleWebKit/605.1.15 (KHTML, like Gecko) Version/13.0.3 Mobile/15E148 Safari/604.1"
57.141.0.34 - - [27/Jul/2026:10:28:49 +0200] "GET /?misframe/8170387222 HTTP/1.1" 200 41664 "-" "Mozilla/5.0 (Macintosh; Intel Mac OS X 10_15_7) AppleWebKit/537.36 (KHTML, like Gecko) Chrome/145.0.0.0 Safari/537.36 (compatible; meta-externalagent/1.1 (+https://developers.facebook.com/docs/sharing/webmasters/crawler))"
66.249.68.70 - - [27/Jul/2026:10:28:55 +0200] "GET /inscription/ HTTP/1.1" 200 22296 "-" "Mozilla/5.0 (Linux; Android 6.0.1; Nexus 5X Build/MMB29P) AppleWebKit/537.36 (KHTML, like Gecko) Chrome/150.0.7871.128 Mobile Safari/537.36 (compatible; Googlebot/2.1; +http://www.google.com/bot.html)"
57.141.0.43 - - [27/Jul/2026:10:28:56 +0200] "GET /jaguarondi/fullers/b8e3n8g8a1l5e9s9e938?lokasie=/var/www/vhosts/as-cp.fr/wpascp/wp-comments-post.php&loknya=/var/www/vhosts/as-cp.fr/wpascp HTTP/1.1" 200 11887 "-" "Mozilla/5.0 (Windows NT 10.0; Win64; x64) AppleWebKit/537.36 (KHTML, like Gecko) Chrome/145.0.0.0 Safari/537.36 (compatible; meta-externalagent/1.1 (+https://developers.facebook.com/docs/sharing/webmasters/crawler))"
66.249.68.70 - - [27/Jul/2026:10:29:01 +0200] "GET /wp-content/plugins/contact-form-7/includes/css/styles.css?ver=6.1.6 HTTP/1.1" 200 5109 "https://as-cp.fr/inscription/" "Mozilla/5.0 (Linux; Android 6.0.1; Nexus 5X Build/MMB29P) AppleWebKit/537.36 (KHTML, like Gecko) Chrome/150.0.7871.128 Mobile Safari/537.36 (compatible; Googlebot/2.1; +http://www.google.com/bot.html)"
66.249.68.71 - - [27/Jul/2026:10:29:02 +0200] "GET /wp-includes/js/dist/hooks.min.js?ver=dd5603f07f9220ed27f1 HTTP/1.1" 200 5091 "https://as-cp.fr/inscription/" "Mozilla/5.0 (Linux; Android 6.0.1; Nexus 5X Build/MMB29P) AppleWebKit/537.36 (KHTML, like Gecko) Chrome/150.0.7871.128 Mobile Safari/537.36 (compatible; Googlebot/2.1; +http://www.google.com/bot.html)"
66.249.68.70 - - [27/Jul/2026:10:29:02 +0200] "GET /wp-content/plugins/contact-form-7/includes/js/index.js?ver=6.1.6 HTTP/1.1" 200 5113 "https://as-cp.fr/inscription/" "Mozilla/5.0 (Linux; Android 6.0.1; Nexus 5X Build/MMB29P) AppleWebKit/537.36 (KHTML, like Gecko) Chrome/150.0.7871.128 Mobile Safari/537.36 (compatible; Googlebot/2.1; +http://www.google.com/bot.html)"
66.249.68.71 - - [27/Jul/2026:10:29:02 +0200] "GET /wp-includes/js/dist/i18n.min.js?ver=c26c3dc7bed366793375 HTTP/1.1" 200 5090 "https://as-cp.fr/inscription/" "Mozilla/5.0 (Linux; Android 6.0.1; Nexus 5X Build/MMB29P) AppleWebKit/537.36 (KHTML, like Gecko) Chrome/150.0.7871.128 Mobile Safari/537.36 (compatible; Googlebot/2.1; +http://www.google.com/bot.html)"
66.249.68.71 - - [27/Jul/2026:10:29:02 +0200] "GET /wp-content/plugins/contact-form-7/includes/swv/js/index.js?ver=6.1.6 HTTP/1.1" 200 5117 "https://as-cp.fr/inscription/" "Mozilla/5.0 (Linux; Android 6.0.1; Nexus 5X Build/MMB29P) AppleWebKit/537.36 (KHTML, like Gecko) Chrome/150.0.7871.128 Mobile Safari/537.36 (compatible; Googlebot/2.1; +http://www.google.com/bot.html)"
66.249.68.70 - - [27/Jul/2026:10:29:02 +0200] "GET /wp-json/contact-form-7/v1/contact-forms/473/feedback/schema HTTP/1.1" 200 8003 "https://as-cp.fr/inscription/" "Mozilla/5.0 (Linux; Android 6.0.1; Nexus 5X Build/MMB29P) AppleWebKit/537.36 (KHTML, like Gecko) Chrome/150.0.7871.128 Mobile Safari/537.36 (compatible; Googlebot/2.1; +http://www.google.com/bot.html)"
66.249.68.64 - - [27/Jul/2026:10:29:03 +0200] "GET /wp-json/contact-form-7/v1/contact-forms/473/refill HTTP/1.1" 200 8001 "https://as-cp.fr/inscription/" "Mozilla/5.0 (Linux; Android 6.0.1; Nexus 5X Build/MMB29P) AppleWebKit/537.36 (KHTML, like Gecko) Chrome/150.0.7871.128 Mobile Safari/537.36 (compatible; Googlebot/2.1; +http://www.google.com/bot.html)"
57.141.0.47 - - [27/Jul/2026:10:29:12 +0200] "GET /?v=m8e1n3i6n5g6e5s3565 HTTP/1.1" 200 41664 "-" "Mozilla/5.0 (Windows NT 10.0; Win64; x64) AppleWebKit/537.36 (KHTML, like Gecko) Chrome/145.0.0.0 Safari/537.36 (compatible; meta-externalagent/1.1 (+https://developers.facebook.com/docs/sharing/webmasters/crawler))"
114.119.134.107 - - [27/Jul/2026:10:29:20 +0200] "GET /investir-dans-limmobilier-a-perpignan-en-scpi HTTP/1.1" 200 8002 "https://as-cp.fr/investir-dans-limmobilier-a-perpignan-en-scpi" "Mozilla/5.0 (Linux; Android 7.0;) AppleWebKit/537.36 (HTML, like Gecko) Mobile Safari/537.36 (compatible; PetalBot;+https://webmaster.petalsearch.com/site/petalbot)"
57.141.0.20 - - [27/Jul/2026:10:29:31 +0200] "GET /?v=l8a4c2i3n2i9a4t4e881 HTTP/1.1" 200 41664 "-" "Mozilla/5.0 (Windows NT 10.0; Win64; x64) AppleWebKit/537.36 (KHTML, like Gecko) Chrome/145.0.0.0 Safari/537.36 (compatible; meta-externalagent/1.1 (+https://developers.facebook.com/docs/sharing/webmasters/crawler))"
216.73.217.34 - - [27/Jul/2026:10:29:40 +0200] "GET /sitemap.xml?loknya=%2Fvar HTTP/1.1" 200 6800 "-" "Mozilla/5.0 AppleWebKit/537.36 (KHTML, like Gecko; compatible; ClaudeBot/1.0; +claudebot@anthropic.com)"
216.73.217.34 - - [27/Jul/2026:10:29:41 +0200] "GET /sitemap.xml?loknya=%2F HTTP/1.1" 200 6790 "-" "Mozilla/5.0 AppleWebKit/537.36 (KHTML, like Gecko; compatible; ClaudeBot/1.0; +claudebot@anthropic.com)"
57.141.0.6 - - [27/Jul/2026:10:29:43 +0200] "GET /sexennial/c8a2n7d9i9t4e25847 HTTP/1.1" 200 41844 "-" "Mozilla/5.0 (Windows NT 10.0; Win64; x64) AppleWebKit/537.36 (KHTML, like Gecko) Chrome/145.0.0.0 Safari/537.36 (compatible; meta-externalagent/1.1 (+https://developers.facebook.com/docs/sharing/webmasters/crawler))"
57.141.0.6 - - [27/Jul/2026:10:29:46 +0200] "GET /?v=d8i2n3g2i4e3r44928 HTTP/1.1" 200 41663 "-" "Mozilla/5.0 (Windows NT 10.0; Win64; x64) AppleWebKit/537.36 (KHTML, like Gecko) Chrome/145.0.0.0 Safari/537.36 (compatible; meta-externalagent/1.1 (+https://developers.facebook.com/docs/sharing/webmasters/crawler))"
216.73.217.34 - - [27/Jul/2026:10:29:47 +0200] "GET /sitemap.xml?loknya=%2Fvar%2Fwww%2Fvhosts HTTP/1.1" 200 6821 "-" "Mozilla/5.0 AppleWebKit/537.36 (KHTML, like Gecko; compatible; ClaudeBot/1.0; +claudebot@anthropic.com)"
216.73.217.34 - - [27/Jul/2026:10:29:49 +0200] "GET /sitemap.xml?loknya=%2Fvar%2Fwww HTTP/1.1" 200 6812 "-" "Mozilla/5.0 AppleWebKit/537.36 (KHTML, like Gecko; compatible; ClaudeBot/1.0; +claudebot@anthropic.com)"
149.154.161.252 - - [27/Jul/2026:10:29:58 +0200] "GET /admin.php HTTP/1.1" 200 8003 "-" "TelegramBot (like TwitterBot)"
216.73.217.34 - - [27/Jul/2026:10:30:07 +0200] "GET /sitemap.xml?loknya=%2Fvar%2Fwww%2Fvhosts%2Fas-cp.fr%2Fwpascp%2Fwp-includes HTTP/1.1" 200 16163 "-" "Mozilla/5.0 AppleWebKit/537.36 (KHTML, like Gecko; compatible; ClaudeBot/1.0; +claudebot@anthropic.com)"
216.73.217.34 - - [27/Jul/2026:10:30:09 +0200] "GET /sitemap.xml?loknya=%2Fvar%2Fwww%2Fvhosts%2Fas-cp.fr%2Fwpascp%2Fwp-admin HTTP/1.1" 200 10318 "-" "Mozilla/5.0 AppleWebKit/537.36 (KHTML, like Gecko; compatible; ClaudeBot/1.0; +claudebot@anthropic.com)"
57.141.0.62 - - [27/Jul/2026:10:30:10 +0200] "GET /?v=s8o1p2h1i2820250 HTTP/1.1" 200 41664 "-" "Mozilla/5.0 (X11; Linux x86_64) AppleWebKit/537.36 (KHTML, like Gecko) Chrome/145.0.0.0 Safari/537.36 (compatible; meta-externalagent/1.1 (+https://developers.facebook.com/docs/sharing/webmasters/crawler))"
57.141.0.56 - - [27/Jul/2026:10:30:12 +0200] "GET /shops/damnut/d8a6p1t7i0u7m0076 HTTP/1.1" 200 41845 "-" "Mozilla/5.0 (Macintosh; Intel Mac OS X 10_15_7) AppleWebKit/537.36 (KHTML, like Gecko) Chrome/145.0.0.0 Safari/537.36 (compatible; meta-externalagent/1.1 (+https://developers.facebook.com/docs/sharing/webmasters/crawler))"
57.141.0.26 - - [27/Jul/2026:10:30:15 +0200] "GET /?v=o8f2f0t9a4k5e22981 HTTP/1.1" 200 41664 "-" "Mozilla/5.0 (Windows NT 10.0; Win64; x64) AppleWebKit/537.36 (KHTML, like Gecko) Chrome/145.0.0.0 Safari/537.36 (compatible; meta-externalagent/1.1 (+https://developers.facebook.com/docs/sharing/webmasters/crawler))"
216.73.217.34 - - [27/Jul/2026:10:30:16 +0200] "GET /sitemap.xml?loknya=%2Fvar%2Fwww%2Fvhosts%2Fas-cp.fr%2F HTTP/1.1" 200 7999 "-" "Mozilla/5.0 AppleWebKit/537.36 (KHTML, like Gecko; compatible; ClaudeBot/1.0; +claudebot@anthropic.com)"
216.73.217.34 - - [27/Jul/2026:10:30:19 +0200] "GET /sitemap.xml?loknya=%2Fvar%2Fwww%2Fvhosts%2Fas-cp.fr HTTP/1.1" 200 7994 "-" "Mozilla/5.0 AppleWebKit/537.36 (KHTML, like Gecko; compatible; ClaudeBot/1.0; +claudebot@anthropic.com)"
216.73.217.34 - - [27/Jul/2026:10:30:31 +0200] "GET /sitemap.xml?loknya=%2Fvar%2Fwww%2Fvhosts%2Fas-cp.fr%2Fwpascp HTTP/1.1" 200 8001 "-" "Mozilla/5.0 AppleWebKit/537.36 (KHTML, like Gecko; compatible; ClaudeBot/1.0; +claudebot@anthropic.com)"
216.73.217.34 - - [27/Jul/2026:10:30:33 +0200] "GET /sitemap.xml?loknya=%2Fvar%2Fwww%2Fvhosts%2Fas-cp.fr%2Fwpascp%2Fwp-content HTTP/1.1" 200 7709 "-" "Mozilla/5.0 AppleWebKit/537.36 (KHTML, like Gecko; compatible; ClaudeBot/1.0; +claudebot@anthropic.com)"
57.141.0.37 - - [27/Jul/2026:10:30:58 +0200] "GET /shops/tolutation/s8p4e0c8t5r0o0s8c3o9p6ic HTTP/1.1" 200 41845 "-" "Mozilla/5.0 (Windows NT 10.0; Win64; x64) AppleWebKit/537.36 (KHTML, like Gecko) Chrome/145.0.0.0 Safari/537.36 (compatible; meta-externalagent/1.1 (+https://developers.facebook.com/docs/sharing/webmasters/crawler))"
20.100.200.248 - - [27/Jul/2026:10:31:10 +0200] "GET /wp-content/plugins/hellopress/wp_filemanager.php HTTP/1.1" 200 41848 "-" "-"
20.100.200.248 - - [27/Jul/2026:10:31:10 +0200] "GET /this_is_a_new_hello_world.php HTTP/1.1" 403 5816 "-" "-"
20.100.200.248 - - [27/Jul/2026:10:31:10 +0200] "GET /x.php HTTP/1.1" 403 5816 "-" "-"
20.100.200.248 - - [27/Jul/2026:10:31:10 +0200] "GET /mgrr.php HTTP/1.1" 403 5816 "-" "-"
20.100.200.248 - - [27/Jul/2026:10:31:10 +0200] "GET /stdin.php HTTP/1.1" 403 5816 "-" "-"
20.100.200.248 - - [27/Jul/2026:10:31:10 +0200] "GET /BDKR28.php HTTP/1.1" 403 5816 "-" "-"
20.100.200.248 - - [27/Jul/2026:10:31:11 +0200] "GET /001.php HTTP/1.1" 403 5816 "-" "-"
20.100.200.248 - - [27/Jul/2026:10:31:11 +0200] "GET /yup.php HTTP/1.1" 403 5816 "-" "-"
20.100.200.248 - - [27/Jul/2026:10:31:11 +0200] "GET /X.php HTTP/1.1" 403 5816 "-" "-"
20.100.200.248 - - [27/Jul/2026:10:31:11 +0200] "GET /1polka.php HTTP/1.1" 403 5816 "-" "-"
20.100.200.248 - - [27/Jul/2026:10:31:11 +0200] "GET /gec.php HTTP/1.1" 403 5816 "-" "-"
20.100.200.248 - - [27/Jul/2026:10:31:11 +0200] "GET /sky.php HTTP/1.1" 403 5816 "-" "-"
20.100.200.248 - - [27/Jul/2026:10:31:11 +0200] "GET /fffm.php HTTP/1.1" 403 5816 "-" "-"
20.100.200.248 - - [27/Jul/2026:10:31:11 +0200] "GET /sixxis.php HTTP/1.1" 403 5816 "-" "-"
20.100.200.248 - - [27/Jul/2026:10:31:11 +0200] "GET /yj09.php HTTP/1.1" 403 5816 "-" "-"
20.100.200.248 - - [27/Jul/2026:10:31:11 +0200] "GET /k.php HTTP/1.1" 403 5816 "-" "-"
20.100.200.248 - - [27/Jul/2026:10:31:11 +0200] "GET /k2.php HTTP/1.1" 403 5816 "-" "-"
20.100.200.248 - - [27/Jul/2026:10:31:11 +0200] "GET /w.php HTTP/1.1" 403 5816 "-" "-"
20.100.200.248 - - [27/Jul/2026:10:31:11 +0200] "GET /fpwch.php HTTP/1.1" 403 5816 "-" "-"
20.100.200.248 - - [27/Jul/2026:10:31:11 +0200] "GET /w2025.php HTTP/1.1" 403 5816 "-" "-"
20.100.200.248 - - [27/Jul/2026:10:31:11 +0200] "GET /FWAZ.php HTTP/1.1" 403 5816 "-" "-"
20.100.200.248 - - [27/Jul/2026:10:31:12 +0200] "GET /qterm.php?p= HTTP/1.1" 403 5816 "-" "-"
20.100.200.248 - - [27/Jul/2026:10:31:12 +0200] "GET /blurbs.php HTTP/1.1" 403 5816 "-" "-"
20.100.200.248 - - [27/Jul/2026:10:31:12 +0200] "GET /v543.php HTTP/1.1" 403 5816 "-" "-"
216.73.217.34 - - [27/Jul/2026:10:31:12 +0200] "GET /sitemap.xml?lokasie=%2Fvar%2Fwww%2Fvhosts%2Fas-cp.fr%2Fwpascp%2Fxmlrpc.php&loknya=%2Fvar%2Fwww%2Fvhosts%2Fas-cp.fr%2Fwpascp HTTP/1.1" 200 8021 "-" "Mozilla/5.0 AppleWebKit/537.36 (KHTML, like Gecko; compatible; ClaudeBot/1.0; +claudebot@anthropic.com)"
20.100.200.248 - - [27/Jul/2026:10:31:12 +0200] "GET /w3lls.php HTTP/1.1" 403 5816 "-" "-"
20.100.200.248 - - [27/Jul/2026:10:31:12 +0200] "GET /wp-ws68.php?p= HTTP/1.1" 403 5816 "-" "-"
20.100.200.248 - - [27/Jul/2026:10:31:12 +0200] "GET /xyn.php HTTP/1.1" 403 5816 "-" "-"
20.100.200.248 - - [27/Jul/2026:10:31:12 +0200] "GET /green3.php?p= HTTP/1.1" 403 5816 "-" "-"
20.100.200.248 - - [27/Jul/2026:10:31:12 +0200] "GET /ccc.php?p= HTTP/1.1" 403 5816 "-" "-"
20.100.200.248 - - [27/Jul/2026:10:31:12 +0200] "GET /get.php HTTP/1.1" 403 5816 "-" "-"
20.100.200.248 - - [27/Jul/2026:10:31:12 +0200] "GET /images.php HTTP/1.1" 403 5816 "-" "-"
20.100.200.248 - - [27/Jul/2026:10:31:12 +0200] "GET /alls.php HTTP/1.1" 403 5816 "-" "-"
20.100.200.248 - - [27/Jul/2026:10:31:12 +0200] "GET /coffexium.php HTTP/1.1" 403 5816 "-" "-"
20.100.200.248 - - [27/Jul/2026:10:31:12 +0200] "GET /red.php HTTP/1.1" 403 5816 "-" "-"
20.100.200.248 - - [27/Jul/2026:10:31:12 +0200] "GET /wp-includes/sodium_compat/ HTTP/1.1" 403 5816 "-" "-"
20.100.200.248 - - [27/Jul/2026:10:31:13 +0200] "GET /wp-admin/css/colors/coffee/wp-adochan.php HTTP/1.1" 403 5816 "-" "-"
20.100.200.248 - - [27/Jul/2026:10:31:13 +0200] "GET /wp-includes/Text/ HTTP/1.1" 403 5816 "-" "-"
20.100.200.248 - - [27/Jul/2026:10:31:13 +0200] "GET /wp-content/uploads/ HTTP/1.1" 403 5816 "-" "-"
20.100.200.248 - - [27/Jul/2026:10:31:13 +0200] "GET /wp-content/index.php HTTP/1.1" 200 4981 "-" "-"
20.100.200.248 - - [27/Jul/2026:10:31:13 +0200] "GET ///admin.php HTTP/1.1" 200 41848 "-" "-"
216.73.217.34 - - [27/Jul/2026:10:31:13 +0200] "GET /sitemap.xml?loknya=%2Fvar%2Fwww%2Fvhosts%2Fas-cp.fr%2Fwpascp%2Fimages HTTP/1.1" 200 7059 "-" "Mozilla/5.0 AppleWebKit/537.36 (KHTML, like Gecko; compatible; ClaudeBot/1.0; +claudebot@anthropic.com)"
216.73.217.34 - - [27/Jul/2026:10:31:26 +0200] "GET /sitemap.xml?lokasie=%2Fvar%2Fwww%2Fvhosts%2Fas-cp.fr%2Fwpascp%2Fwp-config-sample.php&loknya=%2Fvar%2Fwww%2Fvhosts%2Fas-cp.fr%2Fwpascp HTTP/1.1" 200 7910 "-" "Mozilla/5.0 AppleWebKit/537.36 (KHTML, like Gecko; compatible; ClaudeBot/1.0; +claudebot@anthropic.com)"
216.73.217.34 - - [27/Jul/2026:10:31:27 +0200] "GET /sitemap.xml?lokasie=%2Fvar%2Fwww%2Fvhosts%2Fas-cp.fr%2Fwpascp%2Fwp-comments-post.php&loknya=%2Fvar%2Fwww%2Fvhosts%2Fas-cp.fr%2Fwpascp HTTP/1.1" 200 7665 "-" "Mozilla/5.0 AppleWebKit/537.36 (KHTML, like Gecko; compatible; ClaudeBot/1.0; +claudebot@anthropic.com)"
216.73.217.34 - - [27/Jul/2026:10:31:33 +0200] "GET /sitemap.xml?lokasie=%2Fvar%2Fwww%2Fvhosts%2Fas-cp.fr%2Fwpascp%2Fwp-settings.php&loknya=%2Fvar%2Fwww%2Fvhosts%2Fas-cp.fr%2Fwpascp HTTP/1.1" 200 12940 "-" "Mozilla/5.0 AppleWebKit/537.36 (KHTML, like Gecko; compatible; ClaudeBot/1.0; +claudebot@anthropic.com)"
216.73.217.34 - - [27/Jul/2026:10:31:34 +0200] "GET /sitemap.xml?lokasie=%2Fvar%2Fwww%2Fvhosts%2Fas-cp.fr%2Fwpascp%2Fwp-load.php&loknya=%2Fvar%2Fwww%2Fvhosts%2Fas-cp.fr%2Fwpascp HTTP/1.1" 200 8239 "-" "Mozilla/5.0 AppleWebKit/537.36 (KHTML, like Gecko; compatible; ClaudeBot/1.0; +claudebot@anthropic.com)"
57.141.0.54 - - [27/Jul/2026:10:31:41 +0200] "GET /?v=o8v1e1r8l4a6d7i8n7g78 HTTP/1.1" 200 41664 "-" "Mozilla/5.0 (Macintosh; Intel Mac OS X 10_15_7) AppleWebKit/537.36 (KHTML, like Gecko) Chrome/145.0.0.0 Safari/537.36 (compatible; meta-externalagent/1.1 (+https://developers.facebook.com/docs/sharing/webmasters/crawler))"
216.73.217.34 - - [27/Jul/2026:10:31:44 +0200] "GET /sitemap.xml?lokasie=%2Fvar%2Fwww%2Fvhosts%2Fas-cp.fr%2Fwpascp%2Fwp-mail.php&loknya=%2Fvar%2Fwww%2Fvhosts%2Fas-cp.fr%2Fwpascp HTTP/1.1" 200 9705 "-" "Mozilla/5.0 AppleWebKit/537.36 (KHTML, like Gecko; compatible; ClaudeBot/1.0; +claudebot@anthropic.com)"
216.73.217.34 - - [27/Jul/2026:10:31:47 +0200] "GET /sitemap.xml?lokasie=%2Fvar%2Fwww%2Fvhosts%2Fas-cp.fr%2Fwpascp%2Fwp-activate.php&loknya=%2Fvar%2Fwww%2Fvhosts%2Fas-cp.fr%2Fwpascp HTTP/1.1" 200 9173 "-" "Mozilla/5.0 AppleWebKit/537.36 (KHTML, like Gecko; compatible; ClaudeBot/1.0; +claudebot@anthropic.com)"
216.73.217.34 - - [27/Jul/2026:10:32:26 +0200] "GET /sitemap.xml?lokasie=%2Fvar%2Fwww%2Fvhosts%2Fas-cp.fr%2Fwpascp%2Fwp-cron.php&loknya=%2Fvar%2Fwww%2Fvhosts%2Fas-cp.fr%2Fwpascp HTTP/1.1" 200 8706 "-" "Mozilla/5.0 AppleWebKit/537.36 (KHTML, like Gecko; compatible; ClaudeBot/1.0; +claudebot@anthropic.com)"
216.73.217.34 - - [27/Jul/2026:10:32:27 +0200] "GET /sitemap.xml?lokasie=%2Fvar%2Fwww%2Fvhosts%2Fas-cp.fr%2Fwpascp%2Fwp-trackback.php&loknya=%2Fvar%2Fwww%2Fvhosts%2Fas-cp.fr%2Fwpascp HTTP/1.1" 200 8517 "-" "Mozilla/5.0 AppleWebKit/537.36 (KHTML, like Gecko; compatible; ClaudeBot/1.0; +claudebot@anthropic.com)"
216.73.217.34 - - [27/Jul/2026:10:32:34 +0200] "GET /sitemap.xml?lokasie=%2Fvar%2Fwww%2Fvhosts%2Fas-cp.fr%2Fwpascp%2Fwp-config.php&loknya=%2Fvar%2Fwww%2Fvhosts%2Fas-cp.fr%2Fwpascp HTTP/1.1" 200 8756 "-" "Mozilla/5.0 AppleWebKit/537.36 (KHTML, like Gecko; compatible; ClaudeBot/1.0; +claudebot@anthropic.com)"
57.141.0.45 - - [27/Jul/2026:10:32:59 +0200] "GET /shops/resistlessly/v8a6a1g7m3e9r6398 HTTP/1.1" 200 41845 "-" "Mozilla/5.0 (Windows NT 10.0; Win64; x64) AppleWebKit/537.36 (KHTML, like Gecko) Chrome/145.0.0.0 Safari/537.36 (compatible; meta-externalagent/1.1 (+https://developers.facebook.com/docs/sharing/webmasters/crawler))"
57.141.0.41 - - [27/Jul/2026:10:33:11 +0200] "GET /shops/misworshiper/t8e5e8m9l5e8s7s154?lokasie=/var/www/vhosts/as-cp.fr/wpascp/wp-blog-header.php&loknya=/var/www/vhosts/as-cp.fr/wpascp HTTP/1.1" 200 9590 "-" "Mozilla/5.0 (Windows NT 10.0; Win64; x64) AppleWebKit/537.36 (KHTML, like Gecko) Chrome/145.0.0.0 Safari/537.36 (compatible; meta-externalagent/1.1 (+https://developers.facebook.com/docs/sharing/webmasters/crawler))"
216.73.217.34 - - [27/Jul/2026:10:33:25 +0200] "GET /sitemap.xml?lokasie=%2Fvar%2Fwww%2Fvhosts%2Fas-cp.fr%2Fwpascp%2Fwp-login.php&loknya=%2Fvar%2Fwww%2Fvhosts%2Fas-cp.fr%2Fwpascp HTTP/1.1" 200 20016 "-" "Mozilla/5.0 AppleWebKit/537.36 (KHTML, like Gecko; compatible; ClaudeBot/1.0; +claudebot@anthropic.com)"
57.141.0.46 - - [27/Jul/2026:10:33:29 +0200] "GET /engraffment/a8n5a5c3a1n5t6h0o8u2s HTTP/1.1" 200 41845 "-" "Mozilla/5.0 (Windows NT 10.0; Win64; x64) AppleWebKit/537.36 (KHTML, like Gecko) Chrome/145.0.0.0 Safari/537.36 (compatible; meta-externalagent/1.1 (+https://developers.facebook.com/docs/sharing/webmasters/crawler))"
216.73.217.34 - - [27/Jul/2026:10:33:38 +0200] "GET /sitemap.xml?lokasie=%2Fvar%2Fwww%2Fvhosts%2Fas-cp.fr%2Fwpascp%2Findex.php&loknya=%2Fvar%2Fwww%2Fvhosts%2Fas-cp.fr%2Fwpascp HTTP/1.1" 200 6823 "-" "Mozilla/5.0 AppleWebKit/537.36 (KHTML, like Gecko; compatible; ClaudeBot/1.0; +claudebot@anthropic.com)"
57.141.0.36 - - [27/Jul/2026:10:33:50 +0200] "GET /?v=r8e3f0i5n3e4r25490 HTTP/1.1" 200 41664 "-" "Mozilla/5.0 (Macintosh; Intel Mac OS X 10_15_7) AppleWebKit/537.36 (KHTML, like Gecko) Chrome/145.0.0.0 Safari/537.36 (compatible; meta-externalagent/1.1 (+https://developers.facebook.com/docs/sharing/webmasters/crawler))"
57.141.0.63 - - [27/Jul/2026:10:33:53 +0200] "GET /shops/diffusing/p8a1r5o5c3h6i5a7l4i1z9e HTTP/1.1" 200 41845 "-" "Mozilla/5.0 (Windows NT 10.0; Win64; x64) AppleWebKit/537.36 (KHTML, like Gecko) Chrome/145.0.0.0 Safari/537.36 (compatible; meta-externalagent/1.1 (+https://developers.facebook.com/docs/sharing/webmasters/crawler))"
216.73.217.34 - - [27/Jul/2026:10:33:54 +0200] "GET /sitemap.xml?lokasie=%2Fvar%2Fwww%2Fvhosts%2Fas-cp.fr%2Fwpascp%2Fwp-blog-header.php&loknya=%2Fvar%2Fwww%2Fvhosts%2Fas-cp.fr%2Fwpascp HTTP/1.1" 200 6808 "-" "Mozilla/5.0 AppleWebKit/537.36 (KHTML, like Gecko; compatible; ClaudeBot/1.0; +claudebot@anthropic.com)"
57.141.0.1 - - [27/Jul/2026:10:34:11 +0200] "GET /?v=m8o1l6e3s8k3i1n0914 HTTP/1.1" 200 41663 "-" "Mozilla/5.0 (Windows NT 10.0; Win64; x64) AppleWebKit/537.36 (KHTML, like Gecko) Chrome/145.0.0.0 Safari/537.36 (compatible; meta-externalagent/1.1 (+https://developers.facebook.com/docs/sharing/webmasters/crawler))"
94.249.2.135 - - [27/Jul/2026:10:34:21 +0200] "POST /xmlrpc.php HTTP/1.1" 200 41847 "-" "Jetpack/12.5; WordPress/6.2; http://site60193758.com"
94.249.2.135 - - [27/Jul/2026:10:34:31 +0200] "POST /xmlrpc.php HTTP/1.1" 200 41847 "-" "WordPress.com; https://wordpress.com"
94.249.2.135 - - [27/Jul/2026:10:34:41 +0200] "POST /xmlrpc.php HTTP/1.1" 200 41847 "-" "Jetpack by WordPress.com (Jetpack 13.0; WordPress 6.4)"
216.73.217.34 - - [27/Jul/2026:10:34:43 +0200] "GET /sitemap.xml?lokasie=%2Fvar%2Fwww%2Fvhosts%2Fas-cp.fr%2Fwpascp%2Fwp-links-opml.php&loknya=%2Fvar%2Fwww%2Fvhosts%2Fas-cp.fr%2Fwpascp HTTP/1.1" 200 7741 "-" "Mozilla/5.0 AppleWebKit/537.36 (KHTML, like Gecko; compatible; ClaudeBot/1.0; +claudebot@anthropic.com)"
94.249.2.135 - - [27/Jul/2026:10:34:52 +0200] "POST /xmlrpc.php HTTP/1.1" 200 41847 "-" "Jetpack by WordPress.com (Jetpack 12.1; WordPress 6.3)"
57.141.0.8 - - [27/Jul/2026:10:34:55 +0200] "GET /connubiality/hetaristic/d8i3c8i9t3483334 HTTP/1.1" 200 41844 "-" "Mozilla/5.0 (Windows NT 10.0; Win64; x64) AppleWebKit/537.36 (KHTML, like Gecko) Chrome/145.0.0.0 Safari/537.36 (compatible; meta-externalagent/1.1 (+https://developers.facebook.com/docs/sharing/webmasters/crawler))"
94.249.2.135 - - [27/Jul/2026:10:35:02 +0200] "POST /xmlrpc.php HTTP/1.1" 200 41847 "-" "Jetpack by WordPress.com (Jetpack 12.5; WordPress 6.4)"
57.141.0.6 - - [27/Jul/2026:10:35:04 +0200] "GET /?v=h8e1r6p0e4t9o0v4i1r5i5dae HTTP/1.1" 200 41663 "-" "Mozilla/5.0 (Windows NT 10.0; Win64; x64) AppleWebKit/537.36 (KHTML, like Gecko) Chrome/145.0.0.0 Safari/537.36 (compatible; meta-externalagent/1.1 (+https://developers.facebook.com/docs/sharing/webmasters/crawler))"
216.73.217.34 - - [27/Jul/2026:10:35:07 +0200] "GET /sitemap.xml?lokasie=%2Fvar%2Fwww%2Fvhosts%2Fas-cp.fr%2Fwpascp%2Fwp-signup.php&loknya=%2Fvar%2Fwww%2Fvhosts%2Fas-cp.fr%2Fwpascp HTTP/1.1" 200 15007 "-" "Mozilla/5.0 AppleWebKit/537.36 (KHTML, like Gecko; compatible; ClaudeBot/1.0; +claudebot@anthropic.com)"
57.141.0.67 - - [27/Jul/2026:10:35:09 +0200] "GET /shops/crepidodera/m8i3c3r2o3b2e64185 HTTP/1.1" 200 41845 "-" "Mozilla/5.0 (Windows NT 10.0; Win64; x64) AppleWebKit/537.36 (KHTML, like Gecko) Chrome/145.0.0.0 Safari/537.36 (compatible; meta-externalagent/1.1 (+https://developers.facebook.com/docs/sharing/webmasters/crawler))"
94.249.2.135 - - [27/Jul/2026:10:35:13 +0200] "POST /xmlrpc.php HTTP/1.1" 200 41847 "-" "WordPress.com; https://wordpress.com"
216.73.217.34 - - [27/Jul/2026:10:35:19 +0200] "GET /sitemap.xml?lokasie=%2Fvar%2Fwww%2Fvhosts%2Fas-cp.fr%2Fwpascp%2F.htaccess&loknya=%2Fvar%2Fwww%2Fvhosts%2Fas-cp.fr%2Fwpascp HTTP/1.1" 200 8660 "-" "Mozilla/5.0 AppleWebKit/537.36 (KHTML, like Gecko; compatible; ClaudeBot/1.0; +claudebot@anthropic.com)"
94.249.2.135 - - [27/Jul/2026:10:35:23 +0200] "POST /xmlrpc.php HTTP/1.1" 200 41847 "-" "WordPress.com; https://wordpress.com"
57.141.0.48 - - [27/Jul/2026:10:35:31 +0200] "GET /shops/crepidodera/m8i3c3r2o3b2e64185?lokasie=/var/www/vhosts/as-cp.fr/wpascp/wp-load.php&loknya=/var/www/vhosts/as-cp.fr/wpascp HTTP/1.1" 200 13797 "-" "Mozilla/5.0 (Windows NT 10.0; Win64; x64) AppleWebKit/537.36 (KHTML, like Gecko) Chrome/145.0.0.0 Safari/537.36 (compatible; meta-externalagent/1.1 (+https://developers.facebook.com/docs/sharing/webmasters/crawler))"
57.141.0.62 - - [27/Jul/2026:10:35:31 +0200] "GET /shops/crepidodera/m8i3c3r2o3b2e64185?loknya=/var/www/vhosts/as-cp.fr HTTP/1.1" 200 36063 "-" "Mozilla/5.0 (Macintosh; Intel Mac OS X 10_15_7) AppleWebKit/537.36 (KHTML, like Gecko) Chrome/145.0.0.0 Safari/537.36 (compatible; meta-externalagent/1.1 (+https://developers.facebook.com/docs/sharing/webmasters/crawler))"
57.141.0.47 - - [27/Jul/2026:10:35:32 +0200] "GET /?v=m8u2s9s3u8l7m2a5n1i9s1h HTTP/1.1" 200 41664 "-" "Mozilla/5.0 (Windows NT 10.0; Win64; x64) AppleWebKit/537.36 (KHTML, like Gecko) Chrome/145.0.0.0 Safari/537.36 (compatible; meta-externalagent/1.1 (+https://developers.facebook.com/docs/sharing/webmasters/crawler))"
94.249.2.135 - - [27/Jul/2026:10:35:34 +0200] "POST /xmlrpc.php HTTP/1.1" 200 41847 "-" "Jetpack/12.0; WordPress/6.2; http://site27643661.com"
216.73.217.34 - - [27/Jul/2026:10:35:35 +0200] "GET /sitemap.xml?lokasie=%2Fvar%2Fwww%2Fvhosts%2Fas-cp.fr%2Fwpascp%2Freadme.html&loknya=%2Fvar%2Fwww%2Fvhosts%2Fas-cp.fr%2Fwpascp HTTP/1.1" 200 9665 "-" "Mozilla/5.0 AppleWebKit/537.36 (KHTML, like Gecko; compatible; ClaudeBot/1.0; +claudebot@anthropic.com)"
57.141.0.47 - - [27/Jul/2026:10:35:35 +0200] "GET /shops/crepidodera/m8i3c3r2o3b2e64185?lokasie=/var/www/vhosts/as-cp.fr/wpascp/wp-config.php&loknya=/var/www/vhosts/as-cp.fr/wpascp HTTP/1.1" 200 13773 "-" "Mozilla/5.0 (Macintosh; Intel Mac OS X 10_15_7) AppleWebKit/537.36 (KHTML, like Gecko) Chrome/145.0.0.0 Safari/537.36 (compatible; meta-externalagent/1.1 (+https://developers.facebook.com/docs/sharing/webmasters/crawler))"
57.141.0.2 - - [27/Jul/2026:10:35:35 +0200] "GET /shops/crepidodera/m8i3c3r2o3b2e64185?lokasie=/var/www/vhosts/as-cp.fr/wpascp/wp-links-opml.php&loknya=/var/www/vhosts/as-cp.fr/wpascp HTTP/1.1" 200 12263 "-" "Mozilla/5.0 (Macintosh; Intel Mac OS X 10_15_7) AppleWebKit/537.36 (KHTML, like Gecko) Chrome/145.0.0.0 Safari/537.36 (compatible; meta-externalagent/1.1 (+https://developers.facebook.com/docs/sharing/webmasters/crawler))"
57.141.0.28 - - [27/Jul/2026:10:35:42 +0200] "GET /shops/crepidodera/m8i3c3r2o3b2e64185?loknya=/var/www/vhosts/as-cp.fr/wpascp/wp-content HTTP/1.1" 200 30306 "-" "Mozilla/5.0 (Macintosh; Intel Mac OS X 10_15_7) AppleWebKit/537.36 (KHTML, like Gecko) Chrome/145.0.0.0 Safari/537.36 (compatible; meta-externalagent/1.1 (+https://developers.facebook.com/docs/sharing/webmasters/crawler))"
57.141.0.35 - - [27/Jul/2026:10:35:46 +0200] "GET /?v=c8e4t1e6w2a7l4e0155 HTTP/1.1" 200 41664 "-" "Mozilla/5.0 (Macintosh; Intel Mac OS X 10_15_7) AppleWebKit/537.36 (KHTML, like Gecko) Chrome/145.0.0.0 Safari/537.36 (compatible; meta-externalagent/1.1 (+https://developers.facebook.com/docs/sharing/webmasters/crawler))"
94.249.2.135 - - [27/Jul/2026:10:35:44 +0200] "POST /xmlrpc.php HTTP/1.1" 200 41847 "-" "Jetpack by WordPress.com"
94.249.2.135 - - [27/Jul/2026:10:35:55 +0200] "POST /xmlrpc.php HTTP/1.1" 200 41847 "-" "Jetpack/12.5; WordPress/6.2; http://site37298156.com"
94.249.2.135 - - [27/Jul/2026:10:36:05 +0200] "POST /xmlrpc.php HTTP/1.1" 200 41847 "-" "Jetpack by WordPress.com"
57.141.0.35 - - [27/Jul/2026:10:36:11 +0200] "GET /shops/reproachably/d8o1n5i2f7e1r2o6u9s88 HTTP/1.1" 200 41845 "-" "Mozilla/5.0 (Macintosh; Intel Mac OS X 10_15_7) AppleWebKit/537.36 (KHTML, like Gecko) Chrome/145.0.0.0 Safari/537.36 (compatible; meta-externalagent/1.1 (+https://developers.facebook.com/docs/sharing/webmasters/crawler))"
57.141.0.38 - - [27/Jul/2026:10:36:13 +0200] "GET /?dithyrambus/8780245427 HTTP/1.1" 200 41664 "-" "Mozilla/5.0 (Macintosh; Intel Mac OS X 10_15_7) AppleWebKit/537.36 (KHTML, like Gecko) Chrome/145.0.0.0 Safari/537.36 (compatible; meta-externalagent/1.1 (+https://developers.facebook.com/docs/sharing/webmasters/crawler))"
57.141.0.7 - - [27/Jul/2026:10:36:15 +0200] "GET /shops/scoptic/s8t3r2o1d2e012053 HTTP/1.1" 200 41844 "-" "Mozilla/5.0 (Windows NT 10.0; Win64; x64) AppleWebKit/537.36 (KHTML, like Gecko) Chrome/145.0.0.0 Safari/537.36 (compatible; meta-externalagent/1.1 (+https://developers.facebook.com/docs/sharing/webmasters/crawler))"
94.249.2.135 - - [27/Jul/2026:10:36:16 +0200] "POST /xmlrpc.php HTTP/1.1" 200 41847 "-" "Jetpack/12.0; WordPress/6.1; http://site17862492.com"
57.141.0.42 - - [27/Jul/2026:10:36:22 +0200] "GET /?v=s8l3a8n8g7w5h6a4n3g4e8r HTTP/1.1" 200 41664 "-" "Mozilla/5.0 (Windows NT 10.0; Win64; x64) AppleWebKit/537.36 (KHTML, like Gecko) Chrome/145.0.0.0 Safari/537.36 (compatible; meta-externalagent/1.1 (+https://developers.facebook.com/docs/sharing/webmasters/crawler))"
94.249.2.135 - - [27/Jul/2026:10:36:26 +0200] "POST /xmlrpc.php HTTP/1.1" 200 41847 "-" "Jetpack by WordPress.com"
94.249.2.135 - - [27/Jul/2026:10:36:37 +0200] "POST /xmlrpc.php HTTP/1.1" 200 41847 "-" "Jetpack by WordPress.com"
216.73.217.34 - - [27/Jul/2026:10:36:42 +0200] "GET /sitemap.xml?lokasie=%2Fvar%2Fwww%2Fvhosts%2Fas-cp.fr%2Fwpascp%2Frobots.txt&loknya=%2Fvar%2Fwww%2Fvhosts%2Fas-cp.fr%2Fwpascp HTTP/1.1" 200 6649 "-" "Mozilla/5.0 AppleWebKit/537.36 (KHTML, like Gecko; compatible; ClaudeBot/1.0; +claudebot@anthropic.com)"
94.249.2.135 - - [27/Jul/2026:10:36:47 +0200] "POST /xmlrpc.php HTTP/1.1" 200 41847 "-" "Jetpack by WordPress.com"
43.165.195.234 - - [27/Jul/2026:10:36:54 +0200] "GET /?loknya=/var/www/vhosts/as-cp.fr/.nodenv HTTP/1.1" 200 6990 "-" "Mozilla/5.0 (iPhone; CPU iPhone OS 13_2_3 like Mac OS X) AppleWebKit/605.1.15 (KHTML, like Gecko) Version/13.0.3 Mobile/15E148 Safari/604.1"
57.141.0.34 - - [27/Jul/2026:10:36:55 +0200] "GET /?foundry/83498274562 HTTP/1.1" 200 41664 "-" "Mozilla/5.0 (Windows NT 10.0; Win64; x64) AppleWebKit/537.36 (KHTML, like Gecko) Chrome/145.0.0.0 Safari/537.36 (compatible; meta-externalagent/1.1 (+https://developers.facebook.com/docs/sharing/webmasters/crawler))"
94.249.2.135 - - [27/Jul/2026:10:36:58 +0200] "POST /xmlrpc.php HTTP/1.1" 200 41847 "-" "Jetpack/12.5; WordPress/6.1; http://site82688726.com"
216.73.217.34 - - [27/Jul/2026:10:36:59 +0200] "GET /sitemap.xml?lokasie=%2Fvar%2Fwww%2Fvhosts%2Fas-cp.fr%2Fwpascp%2Flicense.txt&loknya=%2Fvar%2Fwww%2Fvhosts%2Fas-cp.fr%2Fwpascp HTTP/1.1" 200 14014 "-" "Mozilla/5.0 AppleWebKit/537.36 (KHTML, like Gecko; compatible; ClaudeBot/1.0; +claudebot@anthropic.com)"
57.141.0.9 - - [27/Jul/2026:10:37:04 +0200] "GET /?v=c8o3u8i5y0247499 HTTP/1.1" 200 41663 "-" "Mozilla/5.0 (Windows NT 10.0; Win64; x64) AppleWebKit/537.36 (KHTML, like Gecko) Chrome/145.0.0.0 Safari/537.36 (compatible; meta-externalagent/1.1 (+https://developers.facebook.com/docs/sharing/webmasters/crawler))"
94.249.2.135 - - [27/Jul/2026:10:37:08 +0200] "POST /xmlrpc.php HTTP/1.1" 200 41847 "-" "Jetpack by WordPress.com"
57.141.0.52 - - [27/Jul/2026:10:37:08 +0200] "GET /shops/debauched/c8a1j1o1l8e3d40586 HTTP/1.1" 200 41845 "-" "Mozilla/5.0 (Macintosh; Intel Mac OS X 10_15_7) AppleWebKit/537.36 (KHTML, like Gecko) Chrome/145.0.0.0 Safari/537.36 (compatible; meta-externalagent/1.1 (+https://developers.facebook.com/docs/sharing/webmasters/crawler))"
94.249.2.135 - - [27/Jul/2026:10:37:19 +0200] "POST /xmlrpc.php HTTP/1.1" 200 41847 "-" "WordPress.com; https://wordpress.com"
94.249.2.135 - - [27/Jul/2026:10:37:29 +0200] "POST /xmlrpc.php HTTP/1.1" 200 41847 "-" "WordPress.com; https://wordpress.com"
94.249.2.135 - - [27/Jul/2026:10:37:39 +0200] "POST /xmlrpc.php HTTP/1.1" 200 41847 "-" "Jetpack by WordPress.com"
94.249.2.135 - - [27/Jul/2026:10:37:50 +0200] "POST /xmlrpc.php HTTP/1.1" 200 41847 "-" "Jetpack/13.0; WordPress/6.3; http://site94076910.com"
94.249.2.135 - - [27/Jul/2026:10:38:00 +0200] "POST /xmlrpc.php HTTP/1.1" 200 41847 "-" "Jetpack/12.5; WordPress/6.3; http://site77292217.com"
94.249.2.135 - - [27/Jul/2026:10:38:11 +0200] "POST /xmlrpc.php HTTP/1.1" 200 41847 "-" "Jetpack by WordPress.com (Jetpack 12.5; WordPress 6.4)"
94.249.2.135 - - [27/Jul/2026:10:38:21 +0200] "POST /xmlrpc.php HTTP/1.1" 200 41847 "-" "Jetpack/12.5; WordPress/6.4; http://site38952510.com"
94.249.2.135 - - [27/Jul/2026:10:38:32 +0200] "POST /xmlrpc.php HTTP/1.1" 200 41847 "-" "Jetpack/12.5; WordPress/6.3; http://site19944307.com"
94.249.2.135 - - [27/Jul/2026:10:38:42 +0200] "POST /xmlrpc.php HTTP/1.1" 200 41847 "-" "Jetpack by WordPress.com (Jetpack 12.5; WordPress 6.2)"
94.249.2.135 - - [27/Jul/2026:10:38:53 +0200] "POST /xmlrpc.php HTTP/1.1" 200 41847 "-" "Jetpack/12.1; WordPress/6.3; http://site69373882.com"
94.249.2.135 - - [27/Jul/2026:10:39:03 +0200] "POST /xmlrpc.php HTTP/1.1" 200 41847 "-" "Jetpack/12.5; WordPress/6.4; http://site63186395.com"
94.249.2.135 - - [27/Jul/2026:10:39:14 +0200] "POST /xmlrpc.php HTTP/1.1" 200 41847 "-" "WordPress.com; https://wordpress.com"
94.249.2.135 - - [27/Jul/2026:10:39:24 +0200] "POST /xmlrpc.php HTTP/1.1" 200 41847 "-" "WordPress.com; https://wordpress.com"
188.166.241.141 - - [27/Jul/2026:10:39:25 +0200] "GET /wp-login.php HTTP/1.1" 200 8011 "-" "Mozilla/5.0 (Windows NT 10.0; Win64; x64) AppleWebKit/537.36 (KHTML, like Gecko) Chrome/150.0.0.0 Safari/537.36"
94.249.2.135 - - [27/Jul/2026:10:39:35 +0200] "POST /xmlrpc.php HTTP/1.1" 200 41847 "-" "Jetpack/12.0; WordPress/6.2; http://site13781245.com"
94.249.2.135 - - [27/Jul/2026:10:39:45 +0200] "POST /xmlrpc.php HTTP/1.1" 200 41847 "-" "Jetpack by WordPress.com (Jetpack 13.0; WordPress 6.1)"
94.249.2.135 - - [27/Jul/2026:10:39:56 +0200] "POST /xmlrpc.php HTTP/1.1" 200 41847 "-" "Jetpack by WordPress.com (Jetpack 12.5; WordPress 6.1)"
94.249.2.135 - - [27/Jul/2026:10:40:06 +0200] "POST /xmlrpc.php HTTP/1.1" 200 41847 "-" "Jetpack by WordPress.com (Jetpack 12.5; WordPress 6.1)"
94.249.2.135 - - [27/Jul/2026:10:40:17 +0200] "POST /xmlrpc.php HTTP/1.1" 200 41847 "-" "Jetpack/12.0; WordPress/6.4; http://site49776074.com"
57.141.0.40 - - [27/Jul/2026:10:40:21 +0200] "GET /shops/expetible/i8t2s5e8l8f290675 HTTP/1.1" 200 41845 "-" "Mozilla/5.0 (Windows NT 10.0; Win64; x64) AppleWebKit/537.36 (KHTML, like Gecko) Chrome/145.0.0.0 Safari/537.36 Edg/145.0.0.0 (compatible; meta-externalagent/1.1 (+https://developers.facebook.com/docs/sharing/webmasters/crawler))"
216.73.217.34 - - [27/Jul/2026:10:40:22 +0200] "GET /sitemap.xml HTTP/1.1" 200 8001 "-" "Mozilla/5.0 AppleWebKit/537.36 (KHTML, like Gecko; compatible; ClaudeBot/1.0; +claudebot@anthropic.com)"
94.249.2.135 - - [27/Jul/2026:10:40:27 +0200] "POST /xmlrpc.php HTTP/1.1" 200 41847 "-" "Jetpack by WordPress.com"
94.249.2.135 - - [27/Jul/2026:10:40:38 +0200] "POST /xmlrpc.php HTTP/1.1" 200 41847 "-" "Jetpack by WordPress.com (Jetpack 12.5; WordPress 6.1)"
94.249.2.135 - - [27/Jul/2026:10:40:48 +0200] "POST /xmlrpc.php HTTP/1.1" 200 41847 "-" "Jetpack by WordPress.com (Jetpack 12.5; WordPress 6.4)"
94.249.2.135 - - [27/Jul/2026:10:40:59 +0200] "POST /xmlrpc.php HTTP/1.1" 200 41847 "-" "Jetpack by WordPress.com (Jetpack 12.0; WordPress 6.3)"
94.249.2.135 - - [27/Jul/2026:10:41:09 +0200] "POST /xmlrpc.php HTTP/1.1" 200 41847 "-" "Jetpack by WordPress.com"
57.141.0.17 - - [27/Jul/2026:10:41:18 +0200] "GET /shops/markis/c8i2r9c5u1m4s8t7a4n6tiating HTTP/1.1" 200 41845 "-" "Mozilla/5.0 (Macintosh; Intel Mac OS X 10_15_7) AppleWebKit/537.36 (KHTML, like Gecko) Chrome/145.0.0.0 Safari/537.36 (compatible; meta-externalagent/1.1 (+https://developers.facebook.com/docs/sharing/webmasters/crawler))"
94.249.2.135 - - [27/Jul/2026:10:41:20 +0200] "POST /xmlrpc.php HTTP/1.1" 200 41847 "-" "Jetpack/12.1; WordPress/6.2; http://site75950287.com"
94.249.2.135 - - [27/Jul/2026:10:41:30 +0200] "POST /xmlrpc.php HTTP/1.1" 200 41847 "-" "Jetpack by WordPress.com (Jetpack 13.0; WordPress 6.2)"
57.141.0.56 - - [27/Jul/2026:10:41:34 +0200] "GET /shops/markis/c8i2r9c5u1m4s8t7a4n6tiating?loknya=/var/www/vhosts/as-cp.fr/wpascp/wp-admin HTTP/1.1" 200 154193 "-" "Mozilla/5.0 (Macintosh; Intel Mac OS X 10_15_7) AppleWebKit/537.36 (KHTML, like Gecko) Chrome/145.0.0.0 Safari/537.36 (compatible; meta-externalagent/1.1 (+https://developers.facebook.com/docs/sharing/webmasters/crawler))"
94.249.2.135 - - [27/Jul/2026:10:41:41 +0200] "POST /xmlrpc.php HTTP/1.1" 200 41847 "-" "WordPress.com; https://wordpress.com"
94.249.2.135 - - [27/Jul/2026:10:41:51 +0200] "POST /xmlrpc.php HTTP/1.1" 200 41847 "-" "WordPress.com; https://wordpress.com"
94.249.2.135 - - [27/Jul/2026:10:42:02 +0200] "POST /xmlrpc.php HTTP/1.1" 200 41847 "-" "WordPress.com; https://wordpress.com"
94.249.2.135 - - [27/Jul/2026:10:42:12 +0200] "POST /xmlrpc.php HTTP/1.1" 200 41847 "-" "Jetpack by WordPress.com"
94.249.2.135 - - [27/Jul/2026:10:42:23 +0200] "POST /xmlrpc.php HTTP/1.1" 200 41847 "-" "Jetpack by WordPress.com (Jetpack 12.5; WordPress 6.4)"
94.249.2.135 - - [27/Jul/2026:10:42:33 +0200] "POST /xmlrpc.php HTTP/1.1" 200 41847 "-" "WordPress.com; https://wordpress.com"
94.249.2.135 - - [27/Jul/2026:10:42:44 +0200] "POST /xmlrpc.php HTTP/1.1" 200 41847 "-" "Jetpack/12.1; WordPress/6.2; http://site15377494.com"
57.141.0.43 - - [27/Jul/2026:10:42:52 +0200] "GET /?v=s8u4b1s8t5r4a5c2t4i5o4n HTTP/1.1" 200 41664 "-" "Mozilla/5.0 (Windows NT 10.0; Win64; x64) AppleWebKit/537.36 (KHTML, like Gecko) Chrome/145.0.0.0 Safari/537.36 (compatible; meta-externalagent/1.1 (+https://developers.facebook.com/docs/sharing/webmasters/crawler))"
94.249.2.135 - - [27/Jul/2026:10:42:54 +0200] "POST /xmlrpc.php HTTP/1.1" 200 41847 "-" "Jetpack by WordPress.com (Jetpack 12.0; WordPress 6.4)"
94.249.2.135 - - [27/Jul/2026:10:43:05 +0200] "POST /xmlrpc.php HTTP/1.1" 200 41847 "-" "Jetpack by WordPress.com (Jetpack 12.5; WordPress 6.1)"
94.249.2.135 - - [27/Jul/2026:10:43:15 +0200] "POST /xmlrpc.php HTTP/1.1" 200 41847 "-" "Jetpack by WordPress.com (Jetpack 12.5; WordPress 6.2)"
94.249.2.135 - - [27/Jul/2026:10:43:26 +0200] "POST /xmlrpc.php HTTP/1.1" 200 41847 "-" "Jetpack by WordPress.com (Jetpack 12.1; WordPress 6.4)"
57.141.0.11 - - [27/Jul/2026:10:43:31 +0200] "GET /?v=e8n3c6o8l4u8r8e4498 HTTP/1.1" 200 41664 "-" "Mozilla/5.0 (Windows NT 10.0; Win64; x64) AppleWebKit/537.36 (KHTML, like Gecko) Chrome/145.0.0.0 Safari/537.36 (compatible; meta-externalagent/1.1 (+https://developers.facebook.com/docs/sharing/webmasters/crawler))"
94.249.2.135 - - [27/Jul/2026:10:43:36 +0200] "POST /xmlrpc.php HTTP/1.1" 200 41847 "-" "Jetpack/13.0; WordPress/6.2; http://site33180699.com"
94.249.2.135 - - [27/Jul/2026:10:43:47 +0200] "POST /xmlrpc.php HTTP/1.1" 200 41847 "-" "Jetpack by WordPress.com (Jetpack 12.5; WordPress 6.3)"
94.249.2.135 - - [27/Jul/2026:10:43:57 +0200] "POST /xmlrpc.php HTTP/1.1" 200 41847 "-" "Jetpack/12.5; WordPress/6.3; http://site98438784.com"
94.249.2.135 - - [27/Jul/2026:10:44:08 +0200] "POST /xmlrpc.php HTTP/1.1" 200 41847 "-" "WordPress.com; https://wordpress.com"
94.249.2.135 - - [27/Jul/2026:10:44:18 +0200] "POST /xmlrpc.php HTTP/1.1" 200 41847 "-" "Jetpack by WordPress.com"
94.249.2.135 - - [27/Jul/2026:10:44:29 +0200] "POST /xmlrpc.php HTTP/1.1" 200 41847 "-" "Jetpack by WordPress.com"
94.249.2.135 - - [27/Jul/2026:10:44:39 +0200] "POST /xmlrpc.php HTTP/1.1" 200 41847 "-" "Jetpack/12.0; WordPress/6.4; http://site87387526.com"
57.141.0.16 - - [27/Jul/2026:10:44:50 +0200] "GET /psittaceous/c8a1l0o6r7i4f6i2c2i5e2nt HTTP/1.1" 200 41845 "-" "Mozilla/5.0 (Windows NT 10.0; Win64; x64) AppleWebKit/537.36 (KHTML, like Gecko) Chrome/145.0.0.0 Safari/537.36 (compatible; meta-externalagent/1.1 (+https://developers.facebook.com/docs/sharing/webmasters/crawler))"
94.249.2.135 - - [27/Jul/2026:10:44:50 +0200] "POST /xmlrpc.php HTTP/1.1" 200 41847 "-" "Jetpack by WordPress.com (Jetpack 12.5; WordPress 6.1)"
