57.141.0.43 - - [27/Jul/2026:11:18:30 +0200] "GET /vallum/cowrie/f8u6r6n2i2m1e6n0t78 HTTP/1.1" 200 41845 "-" "Mozilla/5.0 (Macintosh; Intel Mac OS X 10_15_7) AppleWebKit/537.36 (KHTML, like Gecko) Chrome/145.0.0.0 Safari/537.36 (compatible; meta-externalagent/1.1 (+https://developers.facebook.com/docs/sharing/webmasters/crawler))"
182.68.1.55 - - [27/Jul/2026:11:18:29 +0200] "POST /xmlrpc.php HTTP/1.1" 200 41846 "-" "WordPress.com; https://wordpress.com"
49.36.243.28 - - [27/Jul/2026:11:18:32 +0200] "POST /xmlrpc.php HTTP/1.1" 200 41847 "-" "Jetpack by WordPress.com"
57.141.0.46 - - [27/Jul/2026:11:18:32 +0200] "GET /shops/sipage/n8a4s2o7l5a3c4h0r3y6m3al HTTP/1.1" 200 41845 "-" "Mozilla/5.0 (Windows NT 10.0; Win64; x64) AppleWebKit/537.36 (KHTML, like Gecko) Chrome/145.0.0.0 Safari/537.36 (compatible; meta-externalagent/1.1 (+https://developers.facebook.com/docs/sharing/webmasters/crawler))"
182.68.1.55 - - [27/Jul/2026:11:18:39 +0200] "POST /xmlrpc.php HTTP/1.1" 200 41846 "-" "WordPress.com; https://wordpress.com"
49.36.243.28 - - [27/Jul/2026:11:18:42 +0200] "POST /xmlrpc.php HTTP/1.1" 200 41847 "-" "Jetpack by WordPress.com (Jetpack 12.0; WordPress 6.4)"
43.157.22.57 - - [27/Jul/2026:11:18:49 +0200] "GET /index.php?lokasie=/var/www/vhosts/as-cp.fr/wpascp/wp-settings.php&loknya=/var/www/vhosts/as-cp.fr/wpascp HTTP/1.1" 200 12939 "-" "Mozilla/5.0 (iPhone; CPU iPhone OS 13_2_3 like Mac OS X) AppleWebKit/605.1.15 (KHTML, like Gecko) Version/13.0.3 Mobile/15E148 Safari/604.1"
182.68.1.55 - - [27/Jul/2026:11:18:50 +0200] "POST /xmlrpc.php HTTP/1.1" 200 41846 "-" "Jetpack by WordPress.com (Jetpack 13.0; WordPress 6.1)"
49.36.243.28 - - [27/Jul/2026:11:18:53 +0200] "POST /xmlrpc.php HTTP/1.1" 200 41847 "-" "Jetpack by WordPress.com"
57.141.0.52 - - [27/Jul/2026:11:18:56 +0200] "GET /?v=d8i1p2l9o4e7t9i0c289 HTTP/1.1" 200 41664 "-" "Mozilla/5.0 (Windows NT 10.0; Win64; x64) AppleWebKit/537.36 (KHTML, like Gecko) Chrome/145.0.0.0 Safari/537.36 (compatible; meta-externalagent/1.1 (+https://developers.facebook.com/docs/sharing/webmasters/crawler))"
182.68.1.55 - - [27/Jul/2026:11:19:01 +0200] "POST /xmlrpc.php HTTP/1.1" 200 41846 "-" "Jetpack by WordPress.com (Jetpack 12.1; WordPress 6.3)"
49.36.243.28 - - [27/Jul/2026:11:19:04 +0200] "POST /xmlrpc.php HTTP/1.1" 200 41847 "-" "Jetpack by WordPress.com (Jetpack 12.0; WordPress 6.3)"
182.68.1.55 - - [27/Jul/2026:11:19:12 +0200] "POST /xmlrpc.php HTTP/1.1" 200 41846 "-" "WordPress.com; https://wordpress.com"
49.36.243.28 - - [27/Jul/2026:11:19:14 +0200] "POST /xmlrpc.php HTTP/1.1" 200 41847 "-" "Jetpack/12.1; WordPress/6.4; http://site81622286.com"
182.68.1.55 - - [27/Jul/2026:11:19:23 +0200] "POST /xmlrpc.php HTTP/1.1" 200 41846 "-" "Jetpack/12.5; WordPress/6.1; http://site28467744.com"
49.36.243.28 - - [27/Jul/2026:11:19:25 +0200] "POST /xmlrpc.php HTTP/1.1" 200 41847 "-" "Jetpack by WordPress.com"
182.68.1.55 - - [27/Jul/2026:11:19:34 +0200] "POST /xmlrpc.php HTTP/1.1" 200 41846 "-" "WordPress.com; https://wordpress.com"
49.36.243.28 - - [27/Jul/2026:11:19:35 +0200] "POST /xmlrpc.php HTTP/1.1" 200 41847 "-" "WordPress.com; https://wordpress.com"
182.68.1.55 - - [27/Jul/2026:11:19:44 +0200] "POST /xmlrpc.php HTTP/1.1" 200 41846 "-" "WordPress.com; https://wordpress.com"
57.141.0.45 - - [27/Jul/2026:11:19:44 +0200] "GET /sitemap-sub-513.xml HTTP/1.1" 200 41845 "-" "Mozilla/5.0 (Macintosh; Intel Mac OS X 10_15_7) AppleWebKit/537.36 (KHTML, like Gecko) Chrome/145.0.0.0 Safari/537.36 (compatible; meta-externalagent/1.1 (+https://developers.facebook.com/docs/sharing/webmasters/crawler))"
49.36.243.28 - - [27/Jul/2026:11:19:46 +0200] "POST /xmlrpc.php HTTP/1.1" 200 41847 "-" "Jetpack by WordPress.com (Jetpack 12.5; WordPress 6.4)"
182.68.1.55 - - [27/Jul/2026:11:19:55 +0200] "POST /xmlrpc.php HTTP/1.1" 200 41846 "-" "Jetpack by WordPress.com (Jetpack 13.0; WordPress 6.2)"
49.36.243.28 - - [27/Jul/2026:11:19:57 +0200] "POST /xmlrpc.php HTTP/1.1" 200 41847 "-" "Jetpack by WordPress.com (Jetpack 13.0; WordPress 6.2)"
182.68.1.55 - - [27/Jul/2026:11:20:06 +0200] "POST /xmlrpc.php HTTP/1.1" 200 41846 "-" "Jetpack/12.5; WordPress/6.1; http://site24903142.com"
49.36.243.28 - - [27/Jul/2026:11:20:07 +0200] "POST /xmlrpc.php HTTP/1.1" 200 41847 "-" "Jetpack/12.1; WordPress/6.1; http://site27729121.com"
57.141.0.17 - - [27/Jul/2026:11:20:12 +0200] "GET /?v=m8u8r0z9a925320 HTTP/1.1" 200 41664 "-" "Mozilla/5.0 (Macintosh; Intel Mac OS X 10_15_7) AppleWebKit/537.36 (KHTML, like Gecko) Chrome/145.0.0.0 Safari/537.36 (compatible; meta-externalagent/1.1 (+https://developers.facebook.com/docs/sharing/webmasters/crawler))"
182.68.1.55 - - [27/Jul/2026:11:20:16 +0200] "POST /xmlrpc.php HTTP/1.1" 200 41846 "-" "Jetpack by WordPress.com"
49.36.243.28 - - [27/Jul/2026:11:20:18 +0200] "POST /xmlrpc.php HTTP/1.1" 200 41847 "-" "Jetpack by WordPress.com (Jetpack 13.0; WordPress 6.3)"
182.68.1.55 - - [27/Jul/2026:11:20:27 +0200] "POST /xmlrpc.php HTTP/1.1" 200 41846 "-" "Jetpack by WordPress.com (Jetpack 12.0; WordPress 6.1)"
49.36.243.28 - - [27/Jul/2026:11:20:28 +0200] "POST /xmlrpc.php HTTP/1.1" 200 41847 "-" "Jetpack/12.5; WordPress/6.4; http://site45287022.com"
182.68.1.55 - - [27/Jul/2026:11:20:38 +0200] "POST /xmlrpc.php HTTP/1.1" 200 41846 "-" "Jetpack/12.0; WordPress/6.2; http://site95403880.com"
49.36.243.28 - - [27/Jul/2026:11:20:39 +0200] "POST /xmlrpc.php HTTP/1.1" 200 41847 "-" "Jetpack by WordPress.com"
43.159.149.216 - - [27/Jul/2026:11:20:48 +0200] "GET / HTTP/1.1" 200 26630 "http://as-cp.fr" "Mozilla/5.0 (iPhone; CPU iPhone OS 13_2_3 like Mac OS X) AppleWebKit/605.1.15 (KHTML, like Gecko) Version/13.0.3 Mobile/15E148 Safari/604.1"
182.68.1.55 - - [27/Jul/2026:11:20:49 +0200] "POST /xmlrpc.php HTTP/1.1" 200 41846 "-" "Jetpack by WordPress.com (Jetpack 12.0; WordPress 6.3)"
49.36.243.28 - - [27/Jul/2026:11:20:50 +0200] "POST /xmlrpc.php HTTP/1.1" 200 41847 "-" "Jetpack by WordPress.com"
57.141.0.37 - - [27/Jul/2026:11:20:57 +0200] "GET /?improvisating/81867334612 HTTP/1.1" 200 41664 "-" "Mozilla/5.0 (Macintosh; Intel Mac OS X 10_15_7) AppleWebKit/537.36 (KHTML, like Gecko) Chrome/145.0.0.0 Safari/537.36 (compatible; meta-externalagent/1.1 (+https://developers.facebook.com/docs/sharing/webmasters/crawler))"
57.141.0.70 - - [27/Jul/2026:11:20:59 +0200] "GET /ironside/i8n3f6i8l6t6r3a4t4i7ng HTTP/1.1" 200 41845 "-" "Mozilla/5.0 (Windows NT 10.0; Win64; x64) AppleWebKit/537.36 (KHTML, like Gecko) Chrome/145.0.0.0 Safari/537.36 (compatible; meta-externalagent/1.1 (+https://developers.facebook.com/docs/sharing/webmasters/crawler))"
182.68.1.55 - - [27/Jul/2026:11:20:59 +0200] "POST /xmlrpc.php HTTP/1.1" 200 41846 "-" "Jetpack/12.1; WordPress/6.4; http://site63289139.com"
49.36.243.28 - - [27/Jul/2026:11:21:00 +0200] "POST /xmlrpc.php HTTP/1.1" 200 41847 "-" "Jetpack by WordPress.com (Jetpack 12.1; WordPress 6.2)"
182.68.1.55 - - [27/Jul/2026:11:21:10 +0200] "POST /xmlrpc.php HTTP/1.1" 200 41846 "-" "Jetpack by WordPress.com"
103.75.185.95 - - [27/Jul/2026:11:21:11 +0200] "GET /wp-login.php HTTP/1.1" 200 8010 "-" "Mozilla/5.0 (Windows NT 10.0; Win64; x64) AppleWebKit/537.36 (KHTML, like Gecko) Chrome/150.0.0.0 Safari/537.36"
49.36.243.28 - - [27/Jul/2026:11:21:11 +0200] "POST /xmlrpc.php HTTP/1.1" 200 41847 "-" "Jetpack by WordPress.com (Jetpack 12.5; WordPress 6.1)"
182.68.1.55 - - [27/Jul/2026:11:21:21 +0200] "POST /xmlrpc.php HTTP/1.1" 200 41846 "-" "Jetpack by WordPress.com"
49.36.243.28 - - [27/Jul/2026:11:21:22 +0200] "POST /xmlrpc.php HTTP/1.1" 200 41847 "-" "Jetpack/12.0; WordPress/6.3; http://site60031298.com"
182.68.1.55 - - [27/Jul/2026:11:21:31 +0200] "POST /xmlrpc.php HTTP/1.1" 200 41846 "-" "Jetpack by WordPress.com"
49.36.243.28 - - [27/Jul/2026:11:21:32 +0200] "POST /xmlrpc.php HTTP/1.1" 200 41847 "-" "Jetpack by WordPress.com (Jetpack 12.0; WordPress 6.1)"
182.68.1.55 - - [27/Jul/2026:11:21:42 +0200] "POST /xmlrpc.php HTTP/1.1" 200 41846 "-" "Jetpack by WordPress.com (Jetpack 13.0; WordPress 6.4)"
49.36.243.28 - - [27/Jul/2026:11:21:43 +0200] "POST /xmlrpc.php HTTP/1.1" 200 41847 "-" "WordPress.com; https://wordpress.com"
182.68.1.55 - - [27/Jul/2026:11:21:53 +0200] "POST /xmlrpc.php HTTP/1.1" 200 41846 "-" "WordPress.com; https://wordpress.com"
49.36.243.28 - - [27/Jul/2026:11:21:54 +0200] "POST /xmlrpc.php HTTP/1.1" 200 41847 "-" "Jetpack by WordPress.com"
57.141.0.33 - - [27/Jul/2026:11:21:59 +0200] "GET /shops/taenioidea/s8p1a0d4e4f9o1o3t444 HTTP/1.1" 200 41845 "-" "Mozilla/5.0 (X11; Linux x86_64) AppleWebKit/537.36 (KHTML, like Gecko) Chrome/145.0.0.0 Safari/537.36 (compatible; meta-externalagent/1.1 (+https://developers.facebook.com/docs/sharing/webmasters/crawler))"
49.36.243.28 - - [27/Jul/2026:11:22:04 +0200] "POST /xmlrpc.php HTTP/1.1" 200 41847 "-" "WordPress.com; https://wordpress.com"
182.68.1.55 - - [27/Jul/2026:11:22:03 +0200] "POST /xmlrpc.php HTTP/1.1" 200 41846 "-" "Jetpack/13.0; WordPress/6.3; http://site89206915.com"
182.68.1.55 - - [27/Jul/2026:11:22:14 +0200] "POST /xmlrpc.php HTTP/1.1" 200 41846 "-" "Jetpack by WordPress.com (Jetpack 12.0; WordPress 6.1)"
49.36.243.28 - - [27/Jul/2026:11:22:15 +0200] "POST /xmlrpc.php HTTP/1.1" 200 41847 "-" "Jetpack/12.5; WordPress/6.2; http://site98320398.com"
57.141.0.64 - - [27/Jul/2026:11:22:22 +0200] "GET /shops/taenioidea/s8p1a0d4e4f9o1o3t444?lokasie=/var/www/vhosts/as-cp.fr/wpascp/wp-load.php&loknya=/var/www/vhosts/as-cp.fr/wpascp HTTP/1.1" 200 13797 "-" "Mozilla/5.0 (Windows NT 10.0; Win64; x64) AppleWebKit/537.36 (KHTML, like Gecko) Chrome/145.0.0.0 Safari/537.36 (compatible; meta-externalagent/1.1 (+https://developers.facebook.com/docs/sharing/webmasters/crawler))"
57.141.0.62 - - [27/Jul/2026:11:22:23 +0200] "GET /shops/taenioidea/s8p1a0d4e4f9o1o3t444?lokasie=/var/www/vhosts/as-cp.fr/wpascp/robots.txt&loknya=/var/www/vhosts/as-cp.fr/wpascp HTTP/1.1" 200 9282 "-" "Mozilla/5.0 (Windows NT 10.0; Win64; x64) AppleWebKit/537.36 (KHTML, like Gecko) Chrome/145.0.0.0 Safari/537.36 (compatible; meta-externalagent/1.1 (+https://developers.facebook.com/docs/sharing/webmasters/crawler))"
182.68.1.55 - - [27/Jul/2026:11:22:25 +0200] "POST /xmlrpc.php HTTP/1.1" 200 41846 "-" "WordPress.com; https://wordpress.com"
49.36.243.28 - - [27/Jul/2026:11:22:25 +0200] "POST /xmlrpc.php HTTP/1.1" 200 41847 "-" "Jetpack by WordPress.com (Jetpack 12.5; WordPress 6.1)"
57.141.0.18 - - [27/Jul/2026:11:22:27 +0200] "GET /shops/taenioidea/s8p1a0d4e4f9o1o3t444?lokasie=/var/www/vhosts/as-cp.fr/wpascp/readme.html&loknya=/var/www/vhosts/as-cp.fr/wpascp HTTP/1.1" 200 18618 "-" "Mozilla/5.0 (Windows NT 10.0; Win64; x64) AppleWebKit/537.36 (KHTML, like Gecko) Chrome/145.0.0.0 Safari/537.36 (compatible; meta-externalagent/1.1 (+https://developers.facebook.com/docs/sharing/webmasters/crawler))"
57.141.0.16 - - [27/Jul/2026:11:22:27 +0200] "GET /shops/taenioidea/s8p1a0d4e4f9o1o3t444?lokasie=/var/www/vhosts/as-cp.fr/wpascp/index.php&loknya=/var/www/vhosts/as-cp.fr/wpascp HTTP/1.1" 200 9640 "-" "Mozilla/5.0 (Windows NT 10.0; Win64; x64) AppleWebKit/537.36 (KHTML, like Gecko) Chrome/145.0.0.0 Safari/537.36 (compatible; meta-externalagent/1.1 (+https://developers.facebook.com/docs/sharing/webmasters/crawler))"
57.141.0.65 - - [27/Jul/2026:11:22:27 +0200] "GET /shops/taenioidea/s8p1a0d4e4f9o1o3t444?loknya=/var/www/vhosts/as-cp.fr/wpascp/wp-includes HTTP/1.1" 200 416533 "-" "Mozilla/5.0 (Macintosh; Intel Mac OS X 10_15_7) AppleWebKit/537.36 (KHTML, like Gecko) Chrome/145.0.0.0 Safari/537.36 (compatible; meta-externalagent/1.1 (+https://developers.facebook.com/docs/sharing/webmasters/crawler))"
57.141.0.6 - - [27/Jul/2026:11:22:34 +0200] "GET /shops/taenioidea/s8p1a0d4e4f9o1o3t444?lokasie=/var/www/vhosts/as-cp.fr/wpascp/wp-trackback.php&loknya=/var/www/vhosts/as-cp.fr/wpascp HTTP/1.1" 200 15396 "-" "Mozilla/5.0 (Windows NT 10.0; Win64; x64) AppleWebKit/537.36 (KHTML, like Gecko) Chrome/145.0.0.0 Safari/537.36 (compatible; meta-externalagent/1.1 (+https://developers.facebook.com/docs/sharing/webmasters/crawler))"
182.68.1.55 - - [27/Jul/2026:11:22:35 +0200] "POST /xmlrpc.php HTTP/1.1" 200 41846 "-" "Jetpack by WordPress.com"
49.36.243.28 - - [27/Jul/2026:11:22:36 +0200] "POST /xmlrpc.php HTTP/1.1" 200 41847 "-" "Jetpack by WordPress.com (Jetpack 12.5; WordPress 6.2)"
57.141.0.30 - - [27/Jul/2026:11:22:38 +0200] "GET /?zumology/8929934462 HTTP/1.1" 200 41664 "-" "Mozilla/5.0 (Macintosh; Intel Mac OS X 10_15_7) AppleWebKit/537.36 (KHTML, like Gecko) Chrome/145.0.0.0 Safari/537.36 (compatible; meta-externalagent/1.1 (+https://developers.facebook.com/docs/sharing/webmasters/crawler))"
57.141.0.38 - - [27/Jul/2026:11:22:38 +0200] "GET /shops/taenioidea/s8p1a0d4e4f9o1o3t444?loknya=/var/www HTTP/1.1" 200 10117 "-" "Mozilla/5.0 (Windows NT 10.0; Win64; x64) AppleWebKit/537.36 (KHTML, like Gecko) Chrome/145.0.0.0 Safari/537.36 (compatible; meta-externalagent/1.1 (+https://developers.facebook.com/docs/sharing/webmasters/crawler))"
57.141.0.36 - - [27/Jul/2026:11:22:46 +0200] "GET /demerit/f8u3r4z1e0c3h6a0t22 HTTP/1.1" 200 41845 "-" "Mozilla/5.0 (Windows NT 10.0; Win64; x64) AppleWebKit/537.36 (KHTML, like Gecko) Chrome/145.0.0.0 Safari/537.36 (compatible; meta-externalagent/1.1 (+https://developers.facebook.com/docs/sharing/webmasters/crawler))"
182.68.1.55 - - [27/Jul/2026:11:22:46 +0200] "POST /xmlrpc.php HTTP/1.1" 200 41846 "-" "Jetpack/12.1; WordPress/6.3; http://site68365979.com"
49.36.243.28 - - [27/Jul/2026:11:22:47 +0200] "POST /xmlrpc.php HTTP/1.1" 200 41847 "-" "Jetpack by WordPress.com"
182.68.1.55 - - [27/Jul/2026:11:22:57 +0200] "POST /xmlrpc.php HTTP/1.1" 200 41846 "-" "Jetpack by WordPress.com (Jetpack 12.1; WordPress 6.3)"
49.36.243.28 - - [27/Jul/2026:11:22:57 +0200] "POST /xmlrpc.php HTTP/1.1" 200 41847 "-" "WordPress.com; https://wordpress.com"
57.141.0.70 - - [27/Jul/2026:11:23:03 +0200] "GET /?v=a8s2p2e5r2g4i3l3l060 HTTP/1.1" 200 41664 "-" "Mozilla/5.0 (Macintosh; Intel Mac OS X 10_15_7) AppleWebKit/537.36 (KHTML, like Gecko) Chrome/145.0.0.0 Safari/537.36 (compatible; meta-externalagent/1.1 (+https://developers.facebook.com/docs/sharing/webmasters/crawler))"
182.68.1.55 - - [27/Jul/2026:11:23:07 +0200] "POST /xmlrpc.php HTTP/1.1" 200 41846 "-" "WordPress.com; https://wordpress.com"
49.36.243.28 - - [27/Jul/2026:11:23:08 +0200] "POST /xmlrpc.php HTTP/1.1" 200 41847 "-" "WordPress.com; https://wordpress.com"
57.141.0.2 - - [27/Jul/2026:11:23:09 +0200] "GET /demerit/f8u3r4z1e0c3h6a0t22?lokasie=/var/www/vhosts/as-cp.fr/wpascp/wp-blog-header.php&loknya=/var/www/vhosts/as-cp.fr/wpascp HTTP/1.1" 200 9589 "-" "Mozilla/5.0 (Windows NT 10.0; Win64; x64) AppleWebKit/537.36 (KHTML, like Gecko) Chrome/145.0.0.0 Safari/537.36 (compatible; meta-externalagent/1.1 (+https://developers.facebook.com/docs/sharing/webmasters/crawler))"
57.141.0.55 - - [27/Jul/2026:11:23:12 +0200] "GET /lounger/accustomary/c8o3m3b9i6n5a5t1i6o7n5 HTTP/1.1" 200 41845 "-" "Mozilla/5.0 (Windows NT 10.0; Win64; x64) AppleWebKit/537.36 (KHTML, like Gecko) Chrome/145.0.0.0 Safari/537.36 (compatible; meta-externalagent/1.1 (+https://developers.facebook.com/docs/sharing/webmasters/crawler))"
57.141.0.26 - - [27/Jul/2026:11:23:12 +0200] "GET /demerit/f8u3r4z1e0c3h6a0t22?lokasie=/var/www/vhosts/as-cp.fr/wpascp/wp-cron.php&loknya=/var/www/vhosts/as-cp.fr/wpascp HTTP/1.1" 200 15244 "-" "Mozilla/5.0 (Macintosh; Intel Mac OS X 10_15_7) AppleWebKit/537.36 (KHTML, like Gecko) Chrome/145.0.0.0 Safari/537.36 (compatible; meta-externalagent/1.1 (+https://developers.facebook.com/docs/sharing/webmasters/crawler))"
57.141.0.54 - - [27/Jul/2026:11:23:15 +0200] "GET /?v=p8e2t3i1t5i2o1n4e9e59 HTTP/1.1" 200 41664 "-" "Mozilla/5.0 (Windows NT 10.0; Win64; x64) AppleWebKit/537.36 (KHTML, like Gecko) Chrome/145.0.0.0 Safari/537.36 (compatible; meta-externalagent/1.1 (+https://developers.facebook.com/docs/sharing/webmasters/crawler))"
182.68.1.55 - - [27/Jul/2026:11:23:18 +0200] "POST /xmlrpc.php HTTP/1.1" 200 41846 "-" "Jetpack by WordPress.com"
49.36.243.28 - - [27/Jul/2026:11:23:18 +0200] "POST /xmlrpc.php HTTP/1.1" 200 41847 "-" "Jetpack by WordPress.com (Jetpack 12.0; WordPress 6.4)"
57.141.0.31 - - [27/Jul/2026:11:23:20 +0200] "GET /demerit/f8u3r4z1e0c3h6a0t22?lokasie=/var/www/vhosts/as-cp.fr/wpascp/xmlrpc.php&loknya=/var/www/vhosts/as-cp.fr/wpascp HTTP/1.1" 200 13147 "-" "Mozilla/5.0 (Macintosh; Intel Mac OS X 10_15_7) AppleWebKit/537.36 (KHTML, like Gecko) Chrome/145.0.0.0 Safari/537.36 (compatible; meta-externalagent/1.1 (+https://developers.facebook.com/docs/sharing/webmasters/crawler))"
182.68.1.55 - - [27/Jul/2026:11:23:29 +0200] "POST /xmlrpc.php HTTP/1.1" 200 41846 "-" "Jetpack/12.1; WordPress/6.1; http://site29455312.com"
49.36.243.28 - - [27/Jul/2026:11:23:29 +0200] "POST /xmlrpc.php HTTP/1.1" 200 41847 "-" "WordPress.com; https://wordpress.com"
182.68.1.55 - - [27/Jul/2026:11:23:39 +0200] "POST /xmlrpc.php HTTP/1.1" 200 41846 "-" "Jetpack/13.0; WordPress/6.1; http://site51189397.com"
49.36.243.28 - - [27/Jul/2026:11:23:40 +0200] "POST /xmlrpc.php HTTP/1.1" 200 41847 "-" "Jetpack/12.5; WordPress/6.3; http://site23562068.com"
182.68.1.55 - - [27/Jul/2026:11:23:50 +0200] "POST /xmlrpc.php HTTP/1.1" 200 41846 "-" "Jetpack by WordPress.com"
49.36.243.28 - - [27/Jul/2026:11:23:50 +0200] "POST /xmlrpc.php HTTP/1.1" 200 41847 "-" "Jetpack by WordPress.com"
57.141.0.26 - - [27/Jul/2026:11:23:55 +0200] "GET /puncturation/yelper/848721560 HTTP/1.1" 200 41845 "-" "Mozilla/5.0 (Macintosh; Intel Mac OS X 10_15_7) AppleWebKit/537.36 (KHTML, like Gecko) Chrome/145.0.0.0 Safari/537.36 (compatible; meta-externalagent/1.1 (+https://developers.facebook.com/docs/sharing/webmasters/crawler))"
182.68.1.55 - - [27/Jul/2026:11:24:01 +0200] "POST /xmlrpc.php HTTP/1.1" 200 41846 "-" "Jetpack/13.0; WordPress/6.2; http://site67142462.com"
49.36.243.28 - - [27/Jul/2026:11:24:01 +0200] "POST /xmlrpc.php HTTP/1.1" 200 41847 "-" "Jetpack by WordPress.com"
49.36.243.28 - - [27/Jul/2026:11:24:11 +0200] "POST /xmlrpc.php HTTP/1.1" 200 41847 "-" "WordPress.com; https://wordpress.com"
182.68.1.55 - - [27/Jul/2026:11:24:12 +0200] "POST /xmlrpc.php HTTP/1.1" 200 41846 "-" "WordPress.com; https://wordpress.com"
57.141.0.53 - - [27/Jul/2026:11:24:20 +0200] "GET /shops/aortal/v8e3r0i8f6i4e7d9873 HTTP/1.1" 200 41845 "-" "Mozilla/5.0 (Macintosh; Intel Mac OS X 10_15_7) AppleWebKit/537.36 (KHTML, like Gecko) Chrome/145.0.0.0 Safari/537.36 (compatible; meta-externalagent/1.1 (+https://developers.facebook.com/docs/sharing/webmasters/crawler))"
49.36.243.28 - - [27/Jul/2026:11:24:22 +0200] "POST /xmlrpc.php HTTP/1.1" 200 41847 "-" "WordPress.com; https://wordpress.com"
182.68.1.55 - - [27/Jul/2026:11:24:22 +0200] "POST /xmlrpc.php HTTP/1.1" 200 41846 "-" "Jetpack by WordPress.com (Jetpack 13.0; WordPress 6.3)"
49.36.243.28 - - [27/Jul/2026:11:24:33 +0200] "POST /xmlrpc.php HTTP/1.1" 200 41847 "-" "Jetpack by WordPress.com"
182.68.1.55 - - [27/Jul/2026:11:24:33 +0200] "POST /xmlrpc.php HTTP/1.1" 200 41846 "-" "Jetpack by WordPress.com"
57.141.0.36 - - [27/Jul/2026:11:24:38 +0200] "GET /?litre/8705614712 HTTP/1.1" 200 41664 "-" "Mozilla/5.0 (X11; Linux x86_64) AppleWebKit/537.36 (KHTML, like Gecko) Chrome/145.0.0.0 Safari/537.36 (compatible; meta-externalagent/1.1 (+https://developers.facebook.com/docs/sharing/webmasters/crawler))"
49.36.243.28 - - [27/Jul/2026:11:24:43 +0200] "POST /xmlrpc.php HTTP/1.1" 200 41847 "-" "Jetpack by WordPress.com"
182.68.1.55 - - [27/Jul/2026:11:24:44 +0200] "POST /xmlrpc.php HTTP/1.1" 200 41846 "-" "Jetpack/13.0; WordPress/6.4; http://site95214431.com"
49.36.243.28 - - [27/Jul/2026:11:24:54 +0200] "POST /xmlrpc.php HTTP/1.1" 200 41847 "-" "Jetpack by WordPress.com (Jetpack 12.0; WordPress 6.1)"
182.68.1.55 - - [27/Jul/2026:11:24:54 +0200] "POST /xmlrpc.php HTTP/1.1" 200 41846 "-" "Jetpack by WordPress.com (Jetpack 12.1; WordPress 6.3)"
57.141.0.60 - - [27/Jul/2026:11:24:59 +0200] "GET /sitemap-sub-1796.xml HTTP/1.1" 200 41845 "-" "Mozilla/5.0 (Windows NT 10.0; Win64; x64) AppleWebKit/537.36 (KHTML, like Gecko) Chrome/145.0.0.0 Safari/537.36 (compatible; meta-externalagent/1.1 (+https://developers.facebook.com/docs/sharing/webmasters/crawler))"
182.68.1.55 - - [27/Jul/2026:11:25:05 +0200] "POST /xmlrpc.php HTTP/1.1" 200 41846 "-" "Jetpack by WordPress.com (Jetpack 12.0; WordPress 6.2)"
49.36.243.28 - - [27/Jul/2026:11:25:05 +0200] "POST /xmlrpc.php HTTP/1.1" 200 41847 "-" "WordPress.com; https://wordpress.com"
57.141.0.29 - - [27/Jul/2026:11:25:14 +0200] "GET /?v=s8p2a9s0m3o7d3i6c455 HTTP/1.1" 200 41664 "-" "Mozilla/5.0 (Windows NT 10.0; Win64; x64) AppleWebKit/537.36 (KHTML, like Gecko) Chrome/145.0.0.0 Safari/537.36 (compatible; meta-externalagent/1.1 (+https://developers.facebook.com/docs/sharing/webmasters/crawler))"
49.36.243.28 - - [27/Jul/2026:11:25:15 +0200] "POST /xmlrpc.php HTTP/1.1" 200 41847 "-" "Jetpack by WordPress.com"
182.68.1.55 - - [27/Jul/2026:11:25:16 +0200] "POST /xmlrpc.php HTTP/1.1" 200 41846 "-" "Jetpack/12.1; WordPress/6.4; http://site12332668.com"
57.141.0.27 - - [27/Jul/2026:11:25:24 +0200] "GET /sitemap-sub-1796.xml?loknya=/var/www/vhosts HTTP/1.1" 200 10180 "-" "Mozilla/5.0 (Windows NT 10.0; Win64; x64) AppleWebKit/537.36 (KHTML, like Gecko) Chrome/145.0.0.0 Safari/537.36 (compatible; meta-externalagent/1.1 (+https://developers.facebook.com/docs/sharing/webmasters/crawler))"
57.141.0.14 - - [27/Jul/2026:11:25:25 +0200] "GET /sitemap-sub-1796.xml?loknya=/var HTTP/1.1" 200 10070 "-" "Mozilla/5.0 (Windows NT 10.0; Win64; x64) AppleWebKit/537.36 (KHTML, like Gecko) Chrome/145.0.0.0 Safari/537.36 (compatible; meta-externalagent/1.1 (+https://developers.facebook.com/docs/sharing/webmasters/crawler))"
49.36.243.28 - - [27/Jul/2026:11:25:26 +0200] "POST /xmlrpc.php HTTP/1.1" 200 41847 "-" "Jetpack by WordPress.com"
182.68.1.55 - - [27/Jul/2026:11:25:26 +0200] "POST /xmlrpc.php HTTP/1.1" 200 41846 "-" "WordPress.com; https://wordpress.com"
57.141.0.68 - - [27/Jul/2026:11:25:30 +0200] "GET /?v=m8a2s9s2e1u0s9e1s509 HTTP/1.1" 200 41664 "-" "Mozilla/5.0 (Windows NT 10.0; Win64; x64) AppleWebKit/537.36 (KHTML, like Gecko) Chrome/145.0.0.0 Safari/537.36 (compatible; meta-externalagent/1.1 (+https://developers.facebook.com/docs/sharing/webmasters/crawler))"
57.141.0.49 - - [27/Jul/2026:11:25:34 +0200] "GET /sitemap-sub-1796.xml?lokasie=/var/www/vhosts/as-cp.fr/wpascp/xmlrpc.php&loknya=/var/www/vhosts/as-cp.fr/wpascp HTTP/1.1" 200 13147 "-" "Mozilla/5.0 (Windows NT 10.0; Win64; x64) AppleWebKit/537.36 (KHTML, like Gecko) Chrome/145.0.0.0 Safari/537.36 (compatible; meta-externalagent/1.1 (+https://developers.facebook.com/docs/sharing/webmasters/crawler))"
57.141.0.60 - - [27/Jul/2026:11:25:35 +0200] "GET /sitemap-sub-1796.xml?loknya=/var/www/vhosts/as-cp.fr/wpascp/wp-admin HTTP/1.1" 200 154193 "-" "Mozilla/5.0 (Windows NT 10.0; Win64; x64) AppleWebKit/537.36 (KHTML, like Gecko) Chrome/145.0.0.0 Safari/537.36 (compatible; meta-externalagent/1.1 (+https://developers.facebook.com/docs/sharing/webmasters/crawler))"
49.36.243.28 - - [27/Jul/2026:11:25:36 +0200] "POST /xmlrpc.php HTTP/1.1" 200 41847 "-" "Jetpack by WordPress.com (Jetpack 12.5; WordPress 6.4)"
182.68.1.55 - - [27/Jul/2026:11:25:37 +0200] "POST /xmlrpc.php HTTP/1.1" 200 41846 "-" "WordPress.com; https://wordpress.com"
57.141.0.47 - - [27/Jul/2026:11:25:37 +0200] "GET /sitemap-sub-1796.xml?lokasie=/var/www/vhosts/as-cp.fr/wpascp/wp-trackback.php&loknya=/var/www/vhosts/as-cp.fr/wpascp HTTP/1.1" 200 15397 "-" "Mozilla/5.0 (Windows NT 10.0; Win64; x64) AppleWebKit/537.36 (KHTML, like Gecko) Chrome/145.0.0.0 Safari/537.36 (compatible; meta-externalagent/1.1 (+https://developers.facebook.com/docs/sharing/webmasters/crawler))"
57.141.0.1 - - [27/Jul/2026:11:25:37 +0200] "GET /sitemap-sub-1796.xml?lokasie=/var/www/vhosts/as-cp.fr/wpascp/wp-links-opml.php&loknya=/var/www/vhosts/as-cp.fr/wpascp HTTP/1.1" 200 12263 "-" "Mozilla/5.0 (Macintosh; Intel Mac OS X 10_15_7) AppleWebKit/537.36 (KHTML, like Gecko) Chrome/145.0.0.0 Safari/537.36 (compatible; meta-externalagent/1.1 (+https://developers.facebook.com/docs/sharing/webmasters/crawler))"
57.141.0.26 - - [27/Jul/2026:11:25:43 +0200] "GET /shops/authorship/a8l1c0o5h0o8l7s7870 HTTP/1.1" 200 41845 "-" "Mozilla/5.0 (X11; Linux x86_64; rv:147.0) Gecko/20100101 Firefox/147.0 (compatible; meta-externalagent/1.1 (+https://developers.facebook.com/docs/sharing/webmasters/crawler))"
57.141.0.40 - - [27/Jul/2026:11:25:45 +0200] "GET /sitemap-sub-1796.xml?lokasie=/var/www/vhosts/as-cp.fr/wpascp/wp-mail.php&loknya=/var/www/vhosts/as-cp.fr/wpascp HTTP/1.1" 200 19180 "-" "Mozilla/5.0 (Windows NT 10.0; Win64; x64) AppleWebKit/537.36 (KHTML, like Gecko) Chrome/145.0.0.0 Safari/537.36 (compatible; meta-externalagent/1.1 (+https://developers.facebook.com/docs/sharing/webmasters/crawler))"
49.36.243.28 - - [27/Jul/2026:11:25:47 +0200] "POST /xmlrpc.php HTTP/1.1" 200 41847 "-" "Jetpack by WordPress.com"
182.68.1.55 - - [27/Jul/2026:11:25:48 +0200] "POST /xmlrpc.php HTTP/1.1" 200 41846 "-" "Jetpack/12.5; WordPress/6.2; http://site27604295.com"
49.36.243.28 - - [27/Jul/2026:11:25:58 +0200] "POST /xmlrpc.php HTTP/1.1" 200 41847 "-" "Jetpack by WordPress.com"
182.68.1.55 - - [27/Jul/2026:11:25:58 +0200] "POST /xmlrpc.php HTTP/1.1" 200 41846 "-" "Jetpack by WordPress.com (Jetpack 12.0; WordPress 6.4)"
57.141.0.39 - - [27/Jul/2026:11:26:06 +0200] "GET /shops/authorship/a8l1c0o5h0o8l7s7870?lokasie=/var/www/vhosts/as-cp.fr/wpascp/wp-mail.php&loknya=/var/www/vhosts/as-cp.fr/wpascp HTTP/1.1" 200 19180 "-" "Mozilla/5.0 (Macintosh; Intel Mac OS X 10_15_7) AppleWebKit/537.36 (KHTML, like Gecko) Chrome/145.0.0.0 Safari/537.36 (compatible; meta-externalagent/1.1 (+https://developers.facebook.com/docs/sharing/webmasters/crawler))"
57.141.0.64 - - [27/Jul/2026:11:26:07 +0200] "GET /shops/authorship/a8l1c0o5h0o8l7s7870?lokasie=/var/www/vhosts/as-cp.fr/wpascp/wp-trackback.php&loknya=/var/www/vhosts/as-cp.fr/wpascp HTTP/1.1" 200 15397 "-" "Mozilla/5.0 (Windows NT 10.0; Win64; x64) AppleWebKit/537.36 (KHTML, like Gecko) Chrome/145.0.0.0 Safari/537.36 (compatible; meta-externalagent/1.1 (+https://developers.facebook.com/docs/sharing/webmasters/crawler))"
57.141.0.22 - - [27/Jul/2026:11:26:07 +0200] "GET /shops/authorship/a8l1c0o5h0o8l7s7870?loknya=/var/www/vhosts/as-cp.fr/wpascp/images HTTP/1.1" 200 11903 "-" "Mozilla/5.0 (Windows NT 10.0; Win64; x64) AppleWebKit/537.36 (KHTML, like Gecko) Chrome/145.0.0.0 Safari/537.36 (compatible; meta-externalagent/1.1 (+https://developers.facebook.com/docs/sharing/webmasters/crawler))"
57.141.0.52 - - [27/Jul/2026:11:26:09 +0200] "GET /shops/authorship/a8l1c0o5h0o8l7s7870?lokasie=/var/www/vhosts/as-cp.fr/wpascp/wp-cron.php&loknya=/var/www/vhosts/as-cp.fr/wpascp HTTP/1.1" 200 15244 "-" "Mozilla/5.0 (Windows NT 10.0; Win64; x64) AppleWebKit/537.36 (KHTML, like Gecko) Chrome/145.0.0.0 Safari/537.36 (compatible; meta-externalagent/1.1 (+https://developers.facebook.com/docs/sharing/webmasters/crawler))"
49.36.243.28 - - [27/Jul/2026:11:26:08 +0200] "POST /xmlrpc.php HTTP/1.1" 200 41847 "-" "Jetpack by WordPress.com"
182.68.1.55 - - [27/Jul/2026:11:26:09 +0200] "POST /xmlrpc.php HTTP/1.1" 200 41846 "-" "Jetpack by WordPress.com (Jetpack 13.0; WordPress 6.3)"
57.141.0.49 - - [27/Jul/2026:11:26:13 +0200] "GET /shops/authorship/a8l1c0o5h0o8l7s7870?loknya=/var/www/vhosts/as-cp.fr/wpascp/wp-admin HTTP/1.1" 200 154193 "-" "Mozilla/5.0 (X11; Linux x86_64) AppleWebKit/537.36 (KHTML, like Gecko) Chrome/145.0.0.0 Safari/537.36 (compatible; meta-externalagent/1.1 (+https://developers.facebook.com/docs/sharing/webmasters/crawler))"
49.36.243.28 - - [27/Jul/2026:11:26:19 +0200] "POST /xmlrpc.php HTTP/1.1" 200 41847 "-" "Jetpack by WordPress.com (Jetpack 12.0; WordPress 6.2)"
182.68.1.55 - - [27/Jul/2026:11:26:20 +0200] "POST /xmlrpc.php HTTP/1.1" 200 41846 "-" "WordPress.com; https://wordpress.com"
57.141.0.39 - - [27/Jul/2026:11:26:25 +0200] "GET /shops/firenew/l8e1g2a1t3o50484 HTTP/1.1" 200 41845 "-" "Mozilla/5.0 (Windows NT 10.0; Win64; x64) AppleWebKit/537.36 (KHTML, like Gecko) Chrome/145.0.0.0 Safari/537.36 (compatible; meta-externalagent/1.1 (+https://developers.facebook.com/docs/sharing/webmasters/crawler))"
182.68.1.55 - - [27/Jul/2026:11:26:30 +0200] "POST /xmlrpc.php HTTP/1.1" 200 41846 "-" "WordPress.com; https://wordpress.com"
49.36.243.28 - - [27/Jul/2026:11:26:30 +0200] "POST /xmlrpc.php HTTP/1.1" 200 41847 "-" "Jetpack by WordPress.com"
49.36.243.28 - - [27/Jul/2026:11:26:40 +0200] "POST /xmlrpc.php HTTP/1.1" 200 41847 "-" "Jetpack by WordPress.com (Jetpack 12.5; WordPress 6.2)"
182.68.1.55 - - [27/Jul/2026:11:26:41 +0200] "POST /xmlrpc.php HTTP/1.1" 200 41846 "-" "Jetpack by WordPress.com (Jetpack 13.0; WordPress 6.3)"
57.141.0.11 - - [27/Jul/2026:11:26:44 +0200] "GET /bloviated/a8r1g2u8n5n1i2s2852 HTTP/1.1" 200 41845 "-" "Mozilla/5.0 (Windows NT 10.0; Win64; x64) AppleWebKit/537.36 (KHTML, like Gecko) Chrome/145.0.0.0 Safari/537.36 (compatible; meta-externalagent/1.1 (+https://developers.facebook.com/docs/sharing/webmasters/crawler))"
49.36.243.28 - - [27/Jul/2026:11:26:51 +0200] "POST /xmlrpc.php HTTP/1.1" 200 41847 "-" "WordPress.com; https://wordpress.com"
182.68.1.55 - - [27/Jul/2026:11:26:51 +0200] "POST /xmlrpc.php HTTP/1.1" 200 41846 "-" "Jetpack by WordPress.com"
49.36.243.28 - - [27/Jul/2026:11:27:01 +0200] "POST /xmlrpc.php HTTP/1.1" 200 41847 "-" "WordPress.com; https://wordpress.com"
182.68.1.55 - - [27/Jul/2026:11:27:02 +0200] "POST /xmlrpc.php HTTP/1.1" 200 41846 "-" "Jetpack/12.1; WordPress/6.4; http://site56441017.com"
49.36.243.28 - - [27/Jul/2026:11:27:12 +0200] "POST /xmlrpc.php HTTP/1.1" 200 41847 "-" "Jetpack/12.1; WordPress/6.4; http://site58070898.com"
182.68.1.55 - - [27/Jul/2026:11:27:13 +0200] "POST /xmlrpc.php HTTP/1.1" 200 41846 "-" "Jetpack by WordPress.com"
49.36.243.28 - - [27/Jul/2026:11:27:22 +0200] "POST /xmlrpc.php HTTP/1.1" 200 41847 "-" "Jetpack by WordPress.com (Jetpack 12.1; WordPress 6.1)"
52.20.28.25 - - [27/Jul/2026:11:27:24 +0200] "GET /?p=500 HTTP/1.1" 200 7999 "-" "Mozilla/5.0 AppleWebKit/605.1.15 (KHTML, like Gecko) Chrome/139.0.0.0 Safari/605.1.15"
187.88.94.129 - - [27/Jul/2026:11:27:24 +0200] "GET /wp-login.php HTTP/1.1" 200 8011 "-" "Mozilla/5.0 (Windows NT 10.0; Win64; x64) AppleWebKit/537.36 (KHTML, like Gecko) Chrome/120.0.0.0 Safari/537.36"
182.68.1.55 - - [27/Jul/2026:11:27:24 +0200] "POST /xmlrpc.php HTTP/1.1" 200 41846 "-" "WordPress.com; https://wordpress.com"
187.88.94.129 - - [27/Jul/2026:11:27:25 +0200] "POST /wp-login.php HTTP/1.1" 200 8011 "https://as-cp.fr/wp-login.php" "Mozilla/5.0 (Windows NT 10.0; Win64; x64) AppleWebKit/537.36 (KHTML, like Gecko) Chrome/120.0.0.0 Safari/537.36"
187.88.94.129 - - [27/Jul/2026:11:27:31 +0200] "POST /wp-login.php HTTP/1.1" 200 8011 "https://as-cp.fr/wp-login.php" "Mozilla/5.0 (Windows NT 10.0; Win64; x64) AppleWebKit/537.36 (KHTML, like Gecko) Chrome/120.0.0.0 Safari/537.36"
49.36.243.28 - - [27/Jul/2026:11:27:33 +0200] "POST /xmlrpc.php HTTP/1.1" 200 41847 "-" "Jetpack by WordPress.com"
182.68.1.55 - - [27/Jul/2026:11:27:34 +0200] "POST /xmlrpc.php HTTP/1.1" 200 41846 "-" "Jetpack by WordPress.com"
187.88.94.129 - - [27/Jul/2026:11:27:37 +0200] "POST /xmlrpc.php HTTP/1.1" 200 8007 "-" "WordPress/5.0; https://as-cp.fr"
187.88.94.129 - - [27/Jul/2026:11:27:37 +0200] "POST /wp-login.php HTTP/1.1" 200 8011 "https://as-cp.fr/wp-login.php" "Mozilla/5.0 (Windows NT 10.0; Win64; x64) AppleWebKit/537.36 (KHTML, like Gecko) Chrome/120.0.0.0 Safari/537.36"
49.36.243.28 - - [27/Jul/2026:11:27:44 +0200] "POST /xmlrpc.php HTTP/1.1" 200 41847 "-" "Jetpack/12.1; WordPress/6.3; http://site82089261.com"
182.68.1.55 - - [27/Jul/2026:11:27:45 +0200] "POST /xmlrpc.php HTTP/1.1" 200 41846 "-" "Jetpack by WordPress.com"
57.141.0.38 - - [27/Jul/2026:11:27:47 +0200] "GET /?v=v8e1r2r9i1c4u1l3a6t0e0 HTTP/1.1" 200 41664 "-" "Mozilla/5.0 (Windows NT 10.0; Win64; x64) AppleWebKit/537.36 (KHTML, like Gecko) Chrome/145.0.0.0 Safari/537.36 (compatible; meta-externalagent/1.1 (+https://developers.facebook.com/docs/sharing/webmasters/crawler))"
49.36.243.28 - - [27/Jul/2026:11:27:54 +0200] "POST /xmlrpc.php HTTP/1.1" 200 41847 "-" "Jetpack/12.5; WordPress/6.1; http://site92036001.com"
182.68.1.55 - - [27/Jul/2026:11:27:56 +0200] "POST /xmlrpc.php HTTP/1.1" 200 41846 "-" "Jetpack by WordPress.com"
49.36.243.28 - - [27/Jul/2026:11:28:05 +0200] "POST /xmlrpc.php HTTP/1.1" 200 41847 "-" "Jetpack by WordPress.com (Jetpack 13.0; WordPress 6.1)"
182.68.1.55 - - [27/Jul/2026:11:28:06 +0200] "POST /xmlrpc.php HTTP/1.1" 200 41846 "-" "Jetpack/12.1; WordPress/6.2; http://site53063998.com"
49.36.243.28 - - [27/Jul/2026:11:28:16 +0200] "POST /xmlrpc.php HTTP/1.1" 200 41847 "-" "WordPress.com; https://wordpress.com"
182.68.1.55 - - [27/Jul/2026:11:28:17 +0200] "POST /xmlrpc.php HTTP/1.1" 200 41846 "-" "Jetpack/12.0; WordPress/6.1; http://site20335402.com"
57.141.0.63 - - [27/Jul/2026:11:28:25 +0200] "GET /shops/shrieker/e8b1u1r4n2e4u4s6819 HTTP/1.1" 200 41845 "-" "Mozilla/5.0 (Windows NT 10.0; Win64; x64) AppleWebKit/537.36 (KHTML, like Gecko) Chrome/145.0.0.0 Safari/537.36 (compatible; meta-externalagent/1.1 (+https://developers.facebook.com/docs/sharing/webmasters/crawler))"
49.36.243.28 - - [27/Jul/2026:11:28:26 +0200] "POST /xmlrpc.php HTTP/1.1" 200 41847 "-" "Jetpack by WordPress.com"
182.68.1.55 - - [27/Jul/2026:11:28:28 +0200] "POST /xmlrpc.php HTTP/1.1" 200 41846 "-" "WordPress.com; https://wordpress.com"
49.36.243.28 - - [27/Jul/2026:11:28:37 +0200] "POST /xmlrpc.php HTTP/1.1" 200 41847 "-" "Jetpack by WordPress.com"
182.68.1.55 - - [27/Jul/2026:11:28:38 +0200] "POST /xmlrpc.php HTTP/1.1" 200 41846 "-" "Jetpack by WordPress.com"
49.36.243.28 - - [27/Jul/2026:11:28:48 +0200] "POST /xmlrpc.php HTTP/1.1" 200 41847 "-" "WordPress.com; https://wordpress.com"
182.68.1.55 - - [27/Jul/2026:11:28:49 +0200] "POST /xmlrpc.php HTTP/1.1" 200 41846 "-" "Jetpack by WordPress.com"
57.141.0.35 - - [27/Jul/2026:11:28:49 +0200] "GET /?v=c8a4t8h8a6r2t7i1c8u1s HTTP/1.1" 200 41664 "-" "Mozilla/5.0 (Windows NT 10.0; Win64; x64) AppleWebKit/537.36 (KHTML, like Gecko) Chrome/145.0.0.0 Safari/537.36 (compatible; meta-externalagent/1.1 (+https://developers.facebook.com/docs/sharing/webmasters/crawler))"
43.165.198.224 - - [27/Jul/2026:11:28:55 +0200] "GET /?lokasie=/var/www/vhosts/as-cp.fr/.claude/.last-cleanup&loknya=/var/www/vhosts/as-cp.fr/.claude HTTP/1.1" 200 6628 "-" "Mozilla/5.0 (iPhone; CPU iPhone OS 13_2_3 like Mac OS X) AppleWebKit/605.1.15 (KHTML, like Gecko) Version/13.0.3 Mobile/15E148 Safari/604.1"
49.36.243.28 - - [27/Jul/2026:11:28:58 +0200] "POST /xmlrpc.php HTTP/1.1" 200 41847 "-" "WordPress.com; https://wordpress.com"
182.68.1.55 - - [27/Jul/2026:11:29:00 +0200] "POST /xmlrpc.php HTTP/1.1" 200 41846 "-" "Jetpack by WordPress.com (Jetpack 13.0; WordPress 6.1)"
49.36.243.28 - - [27/Jul/2026:11:29:09 +0200] "POST /xmlrpc.php HTTP/1.1" 200 41847 "-" "WordPress.com; https://wordpress.com"
182.68.1.55 - - [27/Jul/2026:11:29:10 +0200] "POST /xmlrpc.php HTTP/1.1" 200 41846 "-" "Jetpack by WordPress.com (Jetpack 12.0; WordPress 6.3)"
57.141.0.17 - - [27/Jul/2026:11:29:14 +0200] "GET /?v=a8b1u5n9d6a7n7t5139 HTTP/1.1" 200 41664 "-" "Mozilla/5.0 (Windows NT 10.0; Win64; x64) AppleWebKit/537.36 (KHTML, like Gecko) Chrome/145.0.0.0 Safari/537.36 (compatible; meta-externalagent/1.1 (+https://developers.facebook.com/docs/sharing/webmasters/crawler))"
49.36.243.28 - - [27/Jul/2026:11:29:19 +0200] "POST /xmlrpc.php HTTP/1.1" 200 41847 "-" "Jetpack by WordPress.com (Jetpack 13.0; WordPress 6.3)"
182.68.1.55 - - [27/Jul/2026:11:29:21 +0200] "POST /xmlrpc.php HTTP/1.1" 200 41846 "-" "Jetpack/12.5; WordPress/6.3; http://site42872667.com"
49.36.243.28 - - [27/Jul/2026:11:29:30 +0200] "POST /xmlrpc.php HTTP/1.1" 200 41847 "-" "Jetpack by WordPress.com"
182.68.1.55 - - [27/Jul/2026:11:29:32 +0200] "POST /xmlrpc.php HTTP/1.1" 200 41846 "-" "WordPress.com; https://wordpress.com"
57.141.0.29 - - [27/Jul/2026:11:29:34 +0200] "GET /shops/basifugal/m8o5r8d5a3x24688 HTTP/1.1" 200 41845 "-" "Mozilla/5.0 (Macintosh; Intel Mac OS X 10_15_7) AppleWebKit/537.36 (KHTML, like Gecko) Chrome/145.0.0.0 Safari/537.36 (compatible; meta-externalagent/1.1 (+https://developers.facebook.com/docs/sharing/webmasters/crawler))"
49.36.243.28 - - [27/Jul/2026:11:29:41 +0200] "POST /xmlrpc.php HTTP/1.1" 200 41847 "-" "Jetpack by WordPress.com"
182.68.1.55 - - [27/Jul/2026:11:29:43 +0200] "POST /xmlrpc.php HTTP/1.1" 200 41846 "-" "Jetpack/13.0; WordPress/6.1; http://site57293684.com"
49.36.243.28 - - [27/Jul/2026:11:29:51 +0200] "POST /xmlrpc.php HTTP/1.1" 200 41847 "-" "Jetpack/12.0; WordPress/6.4; http://site77064423.com"
57.141.0.67 - - [27/Jul/2026:11:29:52 +0200] "GET /?v=r8e3s6a7i4l51348 HTTP/1.1" 200 41664 "-" "Mozilla/5.0 (Windows NT 10.0; Win64; x64) AppleWebKit/537.36 (KHTML, like Gecko) Chrome/145.0.0.0 Safari/537.36 (compatible; meta-externalagent/1.1 (+https://developers.facebook.com/docs/sharing/webmasters/crawler))"
182.68.1.55 - - [27/Jul/2026:11:29:53 +0200] "POST /xmlrpc.php HTTP/1.1" 200 41846 "-" "WordPress.com; https://wordpress.com"
49.36.243.28 - - [27/Jul/2026:11:30:02 +0200] "POST /xmlrpc.php HTTP/1.1" 200 41847 "-" "Jetpack by WordPress.com (Jetpack 12.5; WordPress 6.1)"
182.68.1.55 - - [27/Jul/2026:11:30:04 +0200] "POST /xmlrpc.php HTTP/1.1" 200 41846 "-" "Jetpack by WordPress.com"
49.36.243.28 - - [27/Jul/2026:11:30:13 +0200] "POST /xmlrpc.php HTTP/1.1" 200 41847 "-" "Jetpack/12.1; WordPress/6.1; http://site35407836.com"
182.68.1.55 - - [27/Jul/2026:11:30:14 +0200] "POST /xmlrpc.php HTTP/1.1" 200 41846 "-" "Jetpack by WordPress.com (Jetpack 12.5; WordPress 6.4)"
49.36.243.28 - - [27/Jul/2026:11:30:23 +0200] "POST /xmlrpc.php HTTP/1.1" 200 41847 "-" "WordPress.com; https://wordpress.com"
182.68.1.55 - - [27/Jul/2026:11:30:25 +0200] "POST /xmlrpc.php HTTP/1.1" 200 41846 "-" "Jetpack by WordPress.com"
57.141.0.37 - - [27/Jul/2026:11:30:31 +0200] "GET /investissement-en-nue-propriete-a-perpignan-batir-son-futur-patrimoine-sans-fiscalite/ HTTP/1.1" 200 85810 "-" "Mozilla/5.0 (Windows NT 10.0; Win64; x64) AppleWebKit/537.36 (KHTML, like Gecko) Chrome/145.0.0.0 Safari/537.36 (compatible; meta-externalagent/1.1 (+https://developers.facebook.com/docs/sharing/webmasters/crawler))"
49.36.243.28 - - [27/Jul/2026:11:30:34 +0200] "POST /xmlrpc.php HTTP/1.1" 200 41847 "-" "WordPress.com; https://wordpress.com"
182.68.1.55 - - [27/Jul/2026:11:30:36 +0200] "POST /xmlrpc.php HTTP/1.1" 200 41846 "-" "Jetpack by WordPress.com (Jetpack 12.0; WordPress 6.3)"
49.36.243.28 - - [27/Jul/2026:11:30:44 +0200] "POST /xmlrpc.php HTTP/1.1" 200 41847 "-" "WordPress.com; https://wordpress.com"
182.68.1.55 - - [27/Jul/2026:11:30:47 +0200] "POST /xmlrpc.php HTTP/1.1" 200 41846 "-" "Jetpack by WordPress.com (Jetpack 13.0; WordPress 6.2)"
49.36.243.28 - - [27/Jul/2026:11:30:55 +0200] "POST /xmlrpc.php HTTP/1.1" 200 41847 "-" "Jetpack by WordPress.com"
182.68.1.55 - - [27/Jul/2026:11:30:57 +0200] "POST /xmlrpc.php HTTP/1.1" 200 41846 "-" "Jetpack by WordPress.com (Jetpack 12.1; WordPress 6.3)"
49.36.243.28 - - [27/Jul/2026:11:31:06 +0200] "POST /xmlrpc.php HTTP/1.1" 200 41847 "-" "Jetpack/12.5; WordPress/6.4; http://site43921995.com"
182.68.1.55 - - [27/Jul/2026:11:31:08 +0200] "POST /xmlrpc.php HTTP/1.1" 200 41846 "-" "Jetpack by WordPress.com (Jetpack 12.0; WordPress 6.1)"
57.141.0.35 - - [27/Jul/2026:11:31:09 +0200] "GET /shops/emulously/t8u3t9t6y6998035 HTTP/1.1" 200 41845 "-" "Mozilla/5.0 (Windows NT 10.0; Win64; x64) AppleWebKit/537.36 (KHTML, like Gecko) Chrome/145.0.0.0 Safari/537.36 (compatible; meta-externalagent/1.1 (+https://developers.facebook.com/docs/sharing/webmasters/crawler))"
49.36.243.28 - - [27/Jul/2026:11:31:16 +0200] "POST /xmlrpc.php HTTP/1.1" 200 41847 "-" "WordPress.com; https://wordpress.com"
182.68.1.55 - - [27/Jul/2026:11:31:19 +0200] "POST /xmlrpc.php HTTP/1.1" 200 41846 "-" "Jetpack by WordPress.com"
176.168.246.80 - - [27/Jul/2026:11:31:20 +0200] "GET / HTTP/1.1" 200 26625 "-" "Mozilla/5.0 (Windows NT 10.0; Win64; x64) AppleWebKit/537.36 (KHTML, like Gecko) Chrome/150.0.0.0 Safari/537.36"
90.65.3.246 - - [27/Jul/2026:11:31:20 +0200] "GET / HTTP/1.1" 200 26625 "https://as-cp.fr/" "Mozilla/5.0 (Windows NT 10.0; Win64; x64) AppleWebKit/537.36 (KHTML, like Gecko) Chrome/150.0.0.0 Safari/537.36"
82.65.185.154 - - [27/Jul/2026:11:31:20 +0200] "GET / HTTP/1.1" 200 26625 "-" "Mozilla/5.0 (Macintosh; Intel Mac OS X 10.15; rv:152.0) Gecko/20100101 Firefox/152.0"
84.7.35.81 - - [27/Jul/2026:11:31:20 +0200] "GET / HTTP/1.1" 200 26625 "https://as-cp.fr/" "Mozilla/5.0 (Windows NT 10.0; Win64; x64) AppleWebKit/537.36 (KHTML, like Gecko) Chrome/150.0.0.0 Safari/537.36"
88.169.234.144 - - [27/Jul/2026:11:31:21 +0200] "GET / HTTP/1.1" 200 26625 "https://www.google.com/" "Mozilla/5.0 (Windows NT 10.0; Win64; x64; rv:152.0) Gecko/20100101 Firefox/152.0"
49.36.243.28 - - [27/Jul/2026:11:31:27 +0200] "POST /xmlrpc.php HTTP/1.1" 200 41847 "-" "Jetpack/13.0; WordPress/6.3; http://site85727453.com"
182.68.1.55 - - [27/Jul/2026:11:31:29 +0200] "POST /xmlrpc.php HTTP/1.1" 200 41846 "-" "WordPress.com; https://wordpress.com"
88.184.221.170 - - [27/Jul/2026:11:31:29 +0200] "GET /robots.txt HTTP/1.1" 200 5168 "-" "Mozilla/5.0 (Windows NT 10.0; Win64; x64; rv:152.0) Gecko/20100101 Firefox/152.0"
37.67.80.61 - - [27/Jul/2026:11:31:35 +0200] "GET /contact/ HTTP/1.1" 200 22182 "https://www.google.com/" "Mozilla/5.0 (Windows NT 10.0; Win64; x64) AppleWebKit/537.36 (KHTML, like Gecko) Chrome/150.0.0.0 Safari/537.36"
86.201.129.94 - - [27/Jul/2026:11:31:35 +0200] "GET /contact/ HTTP/1.1" 200 22182 "https://www.google.com/" "Mozilla/5.0 (Windows NT 10.0; Win64; x64) AppleWebKit/537.36 (KHTML, like Gecko) Chrome/150.0.0.0 Safari/537.36"
81.65.88.123 - - [27/Jul/2026:11:31:35 +0200] "GET /contact/ HTTP/1.1" 200 22182 "https://www.google.com/" "Mozilla/5.0 (Windows NT 10.0; Win64; x64) AppleWebKit/537.36 (KHTML, like Gecko) Chrome/150.0.0.0 Safari/537.36 Edg/150.0.0.0"
89.92.53.194 - - [27/Jul/2026:11:31:36 +0200] "GET /contact/ HTTP/1.1" 200 22182 "https://www.google.com/" "Mozilla/5.0 (Windows NT 10.0; Win64; x64) AppleWebKit/537.36 (KHTML, like Gecko) Chrome/150.0.0.0 Safari/537.36 Edg/150.0.0.0"
82.67.112.76 - - [27/Jul/2026:11:31:36 +0200] "GET /contact/ HTTP/1.1" 200 22182 "https://www.google.com/" "Mozilla/5.0 (Windows NT 10.0; Win64; x64) AppleWebKit/537.36 (KHTML, like Gecko) Chrome/150.0.0.0 Safari/537.36"
49.36.243.28 - - [27/Jul/2026:11:31:38 +0200] "POST /xmlrpc.php HTTP/1.1" 200 41847 "-" "Jetpack/12.5; WordPress/6.4; http://site64463898.com"
182.68.1.55 - - [27/Jul/2026:11:31:40 +0200] "POST /xmlrpc.php HTTP/1.1" 200 41846 "-" "WordPress.com; https://wordpress.com"
49.36.243.28 - - [27/Jul/2026:11:31:48 +0200] "POST /xmlrpc.php HTTP/1.1" 200 41847 "-" "Jetpack/12.5; WordPress/6.4; http://site69603713.com"
182.68.1.55 - - [27/Jul/2026:11:31:51 +0200] "POST /xmlrpc.php HTTP/1.1" 200 41846 "-" "WordPress.com; https://wordpress.com"
49.36.243.28 - - [27/Jul/2026:11:31:59 +0200] "POST /xmlrpc.php HTTP/1.1" 200 41847 "-" "WordPress.com; https://wordpress.com"
182.68.1.55 - - [27/Jul/2026:11:32:01 +0200] "POST /xmlrpc.php HTTP/1.1" 200 41846 "-" "Jetpack by WordPress.com"
49.36.243.28 - - [27/Jul/2026:11:32:09 +0200] "POST /xmlrpc.php HTTP/1.1" 200 41847 "-" "Jetpack by WordPress.com (Jetpack 13.0; WordPress 6.3)"
182.68.1.55 - - [27/Jul/2026:11:32:12 +0200] "POST /xmlrpc.php HTTP/1.1" 200 41846 "-" "WordPress.com; https://wordpress.com"
49.36.243.28 - - [27/Jul/2026:11:32:20 +0200] "POST /xmlrpc.php HTTP/1.1" 200 41847 "-" "WordPress.com; https://wordpress.com"
182.68.1.55 - - [27/Jul/2026:11:32:23 +0200] "POST /xmlrpc.php HTTP/1.1" 200 41846 "-" "Jetpack/12.5; WordPress/6.4; http://site63068152.com"
49.36.243.28 - - [27/Jul/2026:11:32:31 +0200] "POST /xmlrpc.php HTTP/1.1" 200 41847 "-" "WordPress.com; https://wordpress.com"
182.68.1.55 - - [27/Jul/2026:11:32:34 +0200] "POST /xmlrpc.php HTTP/1.1" 200 41846 "-" "Jetpack by WordPress.com"
49.36.243.28 - - [27/Jul/2026:11:32:42 +0200] "POST /xmlrpc.php HTTP/1.1" 200 41847 "-" "Jetpack/13.0; WordPress/6.3; http://site36265406.com"
182.68.1.55 - - [27/Jul/2026:11:32:44 +0200] "POST /xmlrpc.php HTTP/1.1" 200 41846 "-" "WordPress.com; https://wordpress.com"
49.36.243.28 - - [27/Jul/2026:11:32:52 +0200] "POST /xmlrpc.php HTTP/1.1" 200 41847 "-" "Jetpack/12.1; WordPress/6.3; http://site90583696.com"
182.68.1.55 - - [27/Jul/2026:11:32:55 +0200] "POST /xmlrpc.php HTTP/1.1" 200 41846 "-" "Jetpack by WordPress.com"
182.68.1.55 - - [27/Jul/2026:11:33:06 +0200] "POST /xmlrpc.php HTTP/1.1" 200 41846 "-" "Jetpack by WordPress.com (Jetpack 12.1; WordPress 6.2)"
182.68.1.55 - - [27/Jul/2026:11:33:16 +0200] "POST /xmlrpc.php HTTP/1.1" 200 41846 "-" "Jetpack/12.5; WordPress/6.2; http://site72646072.com"
182.68.1.55 - - [27/Jul/2026:11:33:27 +0200] "POST /xmlrpc.php HTTP/1.1" 200 41846 "-" "WordPress.com; https://wordpress.com"
41.185.8.68 - - [27/Jul/2026:11:33:33 +0200] "GET /wp-login.php HTTP/1.1" 200 8008 "-" "Mozilla/5.0 (Windows NT 10.0; Win64; x64) AppleWebKit/537.36 (KHTML, like Gecko) Chrome/150.0.0.0 Safari/537.36"
182.68.1.55 - - [27/Jul/2026:11:33:37 +0200] "POST /xmlrpc.php HTTP/1.1" 200 41846 "-" "Jetpack by WordPress.com (Jetpack 12.1; WordPress 6.4)"
182.68.1.55 - - [27/Jul/2026:11:33:48 +0200] "POST /xmlrpc.php HTTP/1.1" 200 41846 "-" "WordPress.com; https://wordpress.com"
57.141.0.46 - - [27/Jul/2026:11:33:55 +0200] "GET /shops/ambrosiaceae/t8h2r7e9e4c5a1r0d753 HTTP/1.1" 200 41845 "-" "Mozilla/5.0 (Macintosh; Intel Mac OS X 10_15_7) AppleWebKit/537.36 (KHTML, like Gecko) Chrome/145.0.0.0 Safari/537.36 (compatible; meta-externalagent/1.1 (+https://developers.facebook.com/docs/sharing/webmasters/crawler))"
182.68.1.55 - - [27/Jul/2026:11:33:59 +0200] "POST /xmlrpc.php HTTP/1.1" 200 41846 "-" "Jetpack by WordPress.com (Jetpack 12.0; WordPress 6.1)"
216.73.217.34 - - [27/Jul/2026:11:34:08 +0200] "GET /sitemap.xml?loknya=%2Fvar%2Fwww%2Fvhosts%2Fas-cp.fr%2Fwpascp%2Fwp-includes%2FSimplePie HTTP/1.1" 200 7188 "-" "Mozilla/5.0 AppleWebKit/537.36 (KHTML, like Gecko; compatible; ClaudeBot/1.0; +claudebot@anthropic.com)"
216.73.217.34 - - [27/Jul/2026:11:34:08 +0200] "GET /sitemap.xml?loknya=%2Fvar%2Fwww%2Fvhosts%2Fas-cp.fr%2Fwpascp%2Fwp-admin%2Fnetwork HTTP/1.1" 200 8060 "-" "Mozilla/5.0 AppleWebKit/537.36 (KHTML, like Gecko; compatible; ClaudeBot/1.0; +claudebot@anthropic.com)"
216.73.217.34 - - [27/Jul/2026:11:34:11 +0200] "GET /sitemap.xml?loknya=%2Fvar%2Fwww%2Fvhosts%2Fas-cp.fr%2F.cache HTTP/1.1" 200 6997 "-" "Mozilla/5.0 AppleWebKit/537.36 (KHTML, like Gecko; compatible; ClaudeBot/1.0; +claudebot@anthropic.com)"
216.73.217.34 - - [27/Jul/2026:11:34:14 +0200] "GET /sitemap.xml?loknya=%2Fvar%2Fwww%2Fvhosts%2Fas-cp.fr%2F.ssh HTTP/1.1" 200 7084 "-" "Mozilla/5.0 AppleWebKit/537.36 (KHTML, like Gecko; compatible; ClaudeBot/1.0; +claudebot@anthropic.com)"
216.73.217.34 - - [27/Jul/2026:11:34:17 +0200] "GET /sitemap.xml?loknya=%2Fvar%2Fwww%2Fvhosts%2Fas-cp.fr%2Fwpascp%2Fwp-includes%2Frest-api HTTP/1.1" 200 7316 "-" "Mozilla/5.0 AppleWebKit/537.36 (KHTML, like Gecko; compatible; ClaudeBot/1.0; +claudebot@anthropic.com)"
216.73.217.34 - - [27/Jul/2026:11:34:20 +0200] "GET /sitemap.xml?loknya=%2Fvar%2Fwww%2Fvhosts%2Fas-cp.fr%2Fwpascp%2Fwp-includes%2FText HTTP/1.1" 200 7190 "-" "Mozilla/5.0 AppleWebKit/537.36 (KHTML, like Gecko; compatible; ClaudeBot/1.0; +claudebot@anthropic.com)"
216.73.217.34 - - [27/Jul/2026:11:34:23 +0200] "GET /sitemap.xml?lokasie=%2Fvar%2Fwww%2Fvhosts%2Fas-cp.fr%2Fwpascp%2Fwp-includes%2Fhttps-detection.php&loknya=%2Fvar%2Fwww%2Fvhosts%2Fas-cp.fr%2Fwpascp%2Fwp-includes HTTP/1.1" 200 8598 "-" "Mozilla/5.0 AppleWebKit/537.36 (KHTML, like Gecko; compatible; ClaudeBot/1.0; +claudebot@anthropic.com)"
216.73.217.34 - - [27/Jul/2026:11:34:26 +0200] "GET /sitemap.xml?loknya=%2Fvar%2Fwww%2Fvhosts%2Fas-cp.fr%2Fwpascp%2Fwp-includes%2Fabilities-api HTTP/1.1" 200 7189 "-" "Mozilla/5.0 AppleWebKit/537.36 (KHTML, like Gecko; compatible; ClaudeBot/1.0; +claudebot@anthropic.com)"
216.73.217.34 - - [27/Jul/2026:11:34:31 +0200] "GET /sitemap.xml?loknya=%2Fvar%2Fwww%2Fvhosts%2Fas-cp.fr%2Fwpascp%2Fwp-content%2Flanguages HTTP/1.1" 200 10770 "-" "Mozilla/5.0 AppleWebKit/537.36 (KHTML, like Gecko; compatible; ClaudeBot/1.0; +claudebot@anthropic.com)"
216.73.217.34 - - [27/Jul/2026:11:34:34 +0200] "GET /sitemap.xml?loknya=%2Fvar%2Fwww%2Fvhosts%2Fas-cp.fr%2Fwpascp%2Fwp-content%2Fuploads HTTP/1.1" 200 7246 "-" "Mozilla/5.0 AppleWebKit/537.36 (KHTML, like Gecko; compatible; ClaudeBot/1.0; +claudebot@anthropic.com)"
194.187.171.140 - - [27/Jul/2026:11:34:35 +0200] "GET /contact HTTP/1.1" 200 8004 "-" "Mozilla/5.0 (compatible; Qwantbot/1.0_4600294; +https://help.qwant.com/bot/)"
216.73.217.34 - - [27/Jul/2026:11:34:37 +0200] "GET /sitemap.xml?loknya=%2Fvar%2Fwww%2Fvhosts%2Fas-cp.fr%2Fwpascp%2Fwp-includes%2Fsitemaps HTTP/1.1" 200 7353 "-" "Mozilla/5.0 AppleWebKit/537.36 (KHTML, like Gecko; compatible; ClaudeBot/1.0; +claudebot@anthropic.com)"
216.73.217.34 - - [27/Jul/2026:11:34:40 +0200] "GET /sitemap.xml?loknya=%2Fvar%2Fwww%2Fvhosts%2Fas-cp.fr%2Fwpascp%2Fwp-content%2Fwflogs HTTP/1.1" 200 7458 "-" "Mozilla/5.0 AppleWebKit/537.36 (KHTML, like Gecko; compatible; ClaudeBot/1.0; +claudebot@anthropic.com)"
216.73.217.34 - - [27/Jul/2026:11:34:44 +0200] "GET /sitemap.xml?lokasie=%2Fvar%2Fwww%2Fvhosts%2Fas-cp.fr%2Fwpascp%2Fwp-includes%2Fclass-wp-http-proxy.php&loknya=%2Fvar%2Fwww%2Fvhosts%2Fas-cp.fr%2Fwpascp%2Fwp-includes HTTP/1.1" 200 8558 "-" "Mozilla/5.0 AppleWebKit/537.36 (KHTML, like Gecko; compatible; ClaudeBot/1.0; +claudebot@anthropic.com)"
216.73.217.34 - - [27/Jul/2026:11:34:47 +0200] "GET /sitemap.xml?loknya=%2Fvar%2Fwww%2Fvhosts%2Fas-cp.fr%2Fwpascp%2Fwp-content%2Fupgrade-temp-backup HTTP/1.1" 200 6885 "-" "Mozilla/5.0 AppleWebKit/537.36 (KHTML, like Gecko; compatible; ClaudeBot/1.0; +claudebot@anthropic.com)"
