86.210.32.70 - - [24/Jul/2026:18:42:08 +0200] "GET /wp-includes/js/jquery/jquery.min.js?ver=3.7.1 HTTP/1.1" 200 5094 "https://as-cp.fr/" "Mozilla/5.0 (Windows NT 10.0; Win64; x64; rv:153.0) Gecko/20100101 Firefox/153.0"
86.210.32.70 - - [24/Jul/2026:18:42:08 +0200] "GET /wp-includes/js/jquery/jquery-migrate.min.js?ver=3.4.1 HTTP/1.1" 200 5102 "https://as-cp.fr/" "Mozilla/5.0 (Windows NT 10.0; Win64; x64; rv:153.0) Gecko/20100101 Firefox/153.0"
86.210.32.70 - - [24/Jul/2026:18:42:08 +0200] "GET /wp-content/plugins/superfly-menu/includes/vendor/looks_awesome/icon_manager/js/md5.js?ver=1.0,0 HTTP/1.1" 200 5144 "https://as-cp.fr/" "Mozilla/5.0 (Windows NT 10.0; Win64; x64; rv:153.0) Gecko/20100101 Firefox/153.0"
86.210.32.70 - - [24/Jul/2026:18:42:08 +0200] "GET /wp-content/plugins/superfly-menu/includes/vendor/looks_awesome/icon_manager/js/util.js?ver=1.0,0 HTTP/1.1" 200 5395 "https://as-cp.fr/" "Mozilla/5.0 (Windows NT 10.0; Win64; x64; rv:153.0) Gecko/20100101 Firefox/153.0"
86.210.32.70 - - [24/Jul/2026:18:42:08 +0200] "GET /wp-content/plugins/superfly-menu/js/public.min.js?ver=5.0.19 HTTP/1.1" 200 5108 "https://as-cp.fr/" "Mozilla/5.0 (Windows NT 10.0; Win64; x64; rv:153.0) Gecko/20100101 Firefox/153.0"
86.210.32.70 - - [24/Jul/2026:18:42:08 +0200] "GET /wp-content/plugins/revslider/public/assets/js/rbtools.min.js?ver=6.3.9 HTTP/1.1" 200 5119 "https://as-cp.fr/" "Mozilla/5.0 (Windows NT 10.0; Win64; x64; rv:153.0) Gecko/20100101 Firefox/153.0"
86.210.32.70 - - [24/Jul/2026:18:42:08 +0200] "GET /wp-content/plugins/revslider/public/assets/js/rs6.min.js?ver=6.3.9 HTTP/1.1" 200 5115 "https://as-cp.fr/" "Mozilla/5.0 (Windows NT 10.0; Win64; x64; rv:153.0) Gecko/20100101 Firefox/153.0"
86.210.32.70 - - [24/Jul/2026:18:42:08 +0200] "GET /wp-content/plugins/contact-form-7/modules/recaptcha/index.js?ver=6.1.6 HTTP/1.1" 200 5584 "https://as-cp.fr/" "Mozilla/5.0 (Windows NT 10.0; Win64; x64; rv:153.0) Gecko/20100101 Firefox/153.0"
86.210.32.70 - - [24/Jul/2026:18:42:08 +0200] "GET /wp-content/uploads/2021/03/afi_esca.jpg HTTP/1.1" 200 5078 "https://as-cp.fr/" "Mozilla/5.0 (Windows NT 10.0; Win64; x64; rv:153.0) Gecko/20100101 Firefox/153.0"
86.210.32.70 - - [24/Jul/2026:18:42:08 +0200] "GET /wp-content/uploads/2021/03/april.jpg HTTP/1.1" 200 5075 "https://as-cp.fr/" "Mozilla/5.0 (Windows NT 10.0; Win64; x64; rv:153.0) Gecko/20100101 Firefox/153.0"
86.210.32.70 - - [24/Jul/2026:18:42:08 +0200] "GET /wp-content/themes/agencepointcom/js/navigation.js?ver=20151215 HTTP/1.1" 200 5108 "https://as-cp.fr/" "Mozilla/5.0 (Windows NT 10.0; Win64; x64; rv:153.0) Gecko/20100101 Firefox/153.0"
86.210.32.70 - - [24/Jul/2026:18:42:08 +0200] "GET /wp-content/plugins/kiwi-logo-carousel/third-party/jquery.bxslider/jquery.bxslider.js?ver=6.9.4 HTTP/1.1" 200 5143 "https://as-cp.fr/" "Mozilla/5.0 (Windows NT 10.0; Win64; x64; rv:153.0) Gecko/20100101 Firefox/153.0"
86.210.32.70 - - [24/Jul/2026:18:42:08 +0200] "GET /wp-content/uploads/2021/02/logo.png HTTP/1.1" 200 5073 "https://as-cp.fr/" "Mozilla/5.0 (Windows NT 10.0; Win64; x64; rv:153.0) Gecko/20100101 Firefox/153.0"
86.210.32.70 - - [24/Jul/2026:18:42:08 +0200] "GET /wp-content/uploads/2021/04/as-conseil-et-patrimoine-stephanie-marrasse.jpg HTTP/1.1" 200 5113 "https://as-cp.fr/" "Mozilla/5.0 (Windows NT 10.0; Win64; x64; rv:153.0) Gecko/20100101 Firefox/153.0"
86.210.32.70 - - [24/Jul/2026:18:42:08 +0200] "GET /wp-content/themes/agencepointcom/js/skip-link-focus-fix.js?ver=20151215 HTTP/1.1" 200 5518 "https://as-cp.fr/" "Mozilla/5.0 (Windows NT 10.0; Win64; x64; rv:153.0) Gecko/20100101 Firefox/153.0"
86.210.32.70 - - [24/Jul/2026:18:42:08 +0200] "GET /wp-content/uploads/2026/07/assurance-emprunteur-perpignan-1-350x230.jpg HTTP/1.1" 200 5110 "https://as-cp.fr/" "Mozilla/5.0 (Windows NT 10.0; Win64; x64; rv:153.0) Gecko/20100101 Firefox/153.0"
86.210.32.70 - - [24/Jul/2026:18:42:08 +0200] "GET /wp-content/uploads/2025/07/Facade2.jpg HTTP/1.1" 200 5077 "https://as-cp.fr/" "Mozilla/5.0 (Windows NT 10.0; Win64; x64; rv:153.0) Gecko/20100101 Firefox/153.0"
86.210.32.70 - - [24/Jul/2026:18:42:08 +0200] "GET /wp-content/uploads/2021/02/pique.png HTTP/1.1" 200 5074 "https://as-cp.fr/" "Mozilla/5.0 (Windows NT 10.0; Win64; x64; rv:153.0) Gecko/20100101 Firefox/153.0"
86.210.32.70 - - [24/Jul/2026:18:42:08 +0200] "GET /wp-content/uploads/2021/02/icons-slider.png HTTP/1.1" 200 5081 "https://as-cp.fr/" "Mozilla/5.0 (Windows NT 10.0; Win64; x64; rv:153.0) Gecko/20100101 Firefox/153.0"
86.210.32.70 - - [24/Jul/2026:18:42:08 +0200] "GET /wp-content/uploads/2026/04/aide-declaration-d-impot-perpignan-1-350x230.jpg HTTP/1.1" 200 5114 "https://as-cp.fr/" "Mozilla/5.0 (Windows NT 10.0; Win64; x64; rv:153.0) Gecko/20100101 Firefox/153.0"
86.210.32.70 - - [24/Jul/2026:18:42:08 +0200] "GET /wp-content/uploads/2026/06/defiscalisation-66-1-350x230.jpg HTTP/1.1" 200 5098 "https://as-cp.fr/" "Mozilla/5.0 (Windows NT 10.0; Win64; x64; rv:153.0) Gecko/20100101 Firefox/153.0"
86.210.32.70 - - [24/Jul/2026:18:42:08 +0200] "GET /wp-content/uploads/2026/05/conseil-en-patrimoine-saint-esteve-protection-de-capital-1-350x230.jpg HTTP/1.1" 200 5136 "https://as-cp.fr/" "Mozilla/5.0 (Windows NT 10.0; Win64; x64; rv:153.0) Gecko/20100101 Firefox/153.0"
86.210.32.70 - - [24/Jul/2026:18:42:08 +0200] "GET /wp-content/uploads/2021/03/la_francaise_bleue.jpg HTTP/1.1" 200 5088 "https://as-cp.fr/" "Mozilla/5.0 (Windows NT 10.0; Win64; x64; rv:153.0) Gecko/20100101 Firefox/153.0"
86.210.32.70 - - [24/Jul/2026:18:42:08 +0200] "GET /wp-content/uploads/2021/03/theseis.jpg HTTP/1.1" 200 5077 "https://as-cp.fr/" "Mozilla/5.0 (Windows NT 10.0; Win64; x64; rv:153.0) Gecko/20100101 Firefox/153.0"
86.210.32.70 - - [24/Jul/2026:18:42:08 +0200] "GET /wp-content/uploads/2021/03/swiss-life.jpg HTTP/1.1" 200 5080 "https://as-cp.fr/" "Mozilla/5.0 (Windows NT 10.0; Win64; x64; rv:153.0) Gecko/20100101 Firefox/153.0"
86.210.32.70 - - [24/Jul/2026:18:42:08 +0200] "GET /wp-content/uploads/2021/03/urban-premium.jpg HTTP/1.1" 200 5083 "https://as-cp.fr/" "Mozilla/5.0 (Windows NT 10.0; Win64; x64; rv:153.0) Gecko/20100101 Firefox/153.0"
86.210.32.70 - - [24/Jul/2026:18:42:08 +0200] "GET /wp-content/uploads/2021/03/logo-corum.jpg HTTP/1.1" 200 5080 "https://as-cp.fr/" "Mozilla/5.0 (Windows NT 10.0; Win64; x64; rv:153.0) Gecko/20100101 Firefox/153.0"
86.210.32.70 - - [24/Jul/2026:18:42:08 +0200] "GET /wp-content/uploads/2021/03/metlife.jpg HTTP/1.1" 200 5077 "https://as-cp.fr/" "Mozilla/5.0 (Windows NT 10.0; Win64; x64; rv:153.0) Gecko/20100101 Firefox/153.0"
86.210.32.70 - - [24/Jul/2026:18:42:08 +0200] "GET /wp-content/uploads/2021/03/primonial.jpg HTTP/1.1" 200 5079 "https://as-cp.fr/" "Mozilla/5.0 (Windows NT 10.0; Win64; x64; rv:153.0) Gecko/20100101 Firefox/153.0"
86.210.32.70 - - [24/Jul/2026:18:42:08 +0200] "GET /wp-content/themes/agencepointcom/fonts/Biko.woff2 HTTP/1.1" 200 5097 "https://as-cp.fr/wp-content/themes/agencepointcom/style.css?ver=6.9.4" "Mozilla/5.0 (Windows NT 10.0; Win64; x64; rv:153.0) Gecko/20100101 Firefox/153.0"
86.210.32.70 - - [24/Jul/2026:18:42:08 +0200] "GET /wp-content/uploads/2025/07/Bureau_principal.jpg HTTP/1.1" 200 5086 "https://as-cp.fr/" "Mozilla/5.0 (Windows NT 10.0; Win64; x64; rv:153.0) Gecko/20100101 Firefox/153.0"
86.210.32.70 - - [24/Jul/2026:18:42:08 +0200] "GET /wp-content/themes/agencepointcom/img/carreau.png HTTP/1.1" 200 5086 "https://as-cp.fr/wp-content/themes/agencepointcom/style.css?ver=6.9.4" "Mozilla/5.0 (Windows NT 10.0; Win64; x64; rv:153.0) Gecko/20100101 Firefox/153.0"
86.210.32.70 - - [24/Jul/2026:18:42:08 +0200] "GET /wp-content/themes/agencepointcom/fonts/Biko-Bold.woff2 HTTP/1.1" 200 5102 "https://as-cp.fr/wp-content/themes/agencepointcom/style.css?ver=6.9.4" "Mozilla/5.0 (Windows NT 10.0; Win64; x64; rv:153.0) Gecko/20100101 Firefox/153.0"
86.210.32.70 - - [24/Jul/2026:18:42:08 +0200] "GET /wp-content/themes/agencepointcom/fonts/NexaLight.woff2 HTTP/1.1" 200 5102 "https://as-cp.fr/wp-content/themes/agencepointcom/style.css?ver=6.9.4" "Mozilla/5.0 (Windows NT 10.0; Win64; x64; rv:153.0) Gecko/20100101 Firefox/153.0"
86.210.32.70 - - [24/Jul/2026:18:42:08 +0200] "GET /wp-content/themes/agencepointcom/fonts/NexaBold.woff2 HTTP/1.1" 200 5101 "https://as-cp.fr/wp-content/themes/agencepointcom/style.css?ver=6.9.4" "Mozilla/5.0 (Windows NT 10.0; Win64; x64; rv:153.0) Gecko/20100101 Firefox/153.0"
86.210.32.70 - - [24/Jul/2026:18:42:08 +0200] "GET /wp-content/plugins/kiwi-logo-carousel/third-party/jquery.bxslider/images/bx_loader.gif HTTP/1.1" 200 5124 "https://as-cp.fr/wp-content/plugins/kiwi-logo-carousel/custom-styles.css?ver=6.9.4" "Mozilla/5.0 (Windows NT 10.0; Win64; x64; rv:153.0) Gecko/20100101 Firefox/153.0"
86.210.32.70 - - [24/Jul/2026:18:42:08 +0200] "GET /wp-content/uploads/2021/03/favicon-150x150.jpg HTTP/1.1" 200 5085 "https://as-cp.fr/" "Mozilla/5.0 (Windows NT 10.0; Win64; x64; rv:153.0) Gecko/20100101 Firefox/153.0"
86.210.32.70 - - [24/Jul/2026:18:42:08 +0200] "GET /wp-content/uploads/2021/03/favicon.jpg HTTP/1.1" 200 5077 "https://as-cp.fr/" "Mozilla/5.0 (Windows NT 10.0; Win64; x64; rv:153.0) Gecko/20100101 Firefox/153.0"
86.210.32.70 - - [24/Jul/2026:18:42:08 +0200] "GET /wp-content/themes/agencepointcom/js/script-frontend.js HTTP/1.1" 200 5444 "https://as-cp.fr/" "Mozilla/5.0 (Windows NT 10.0; Win64; x64; rv:153.0) Gecko/20100101 Firefox/153.0"
31.193.35.210 - - [24/Jul/2026:18:42:15 +0200] "POST /xmlrpc.php HTTP/1.1" 200 5463 "-" "Jetpack by WordPress.com"
86.210.32.70 - - [24/Jul/2026:18:42:08 +0200] "GET /wp-includes/js/dist/vendor/wp-polyfill.min.js?ver=3.15.0 HTTP/1.1" 200 5104 "https://as-cp.fr/" "Mozilla/5.0 (Windows NT 10.0; Win64; x64; rv:153.0) Gecko/20100101 Firefox/153.0"
91.134.83.25 - - [24/Jul/2026:18:42:26 +0200] "POST /wp-cron.php?doing_wp_cron=1784911346.8323519229888916015625 HTTP/1.1" 200 5074 "-" "WordPress/6.9.4; https://as-cp.fr"
31.193.35.210 - - [24/Jul/2026:18:42:25 +0200] "POST /xmlrpc.php HTTP/1.1" 200 5463 "-" "Jetpack by WordPress.com"
86.210.32.70 - - [24/Jul/2026:18:42:32 +0200] "GET /contact/ HTTP/1.1" 200 22183 "https://as-cp.fr/" "Mozilla/5.0 (Windows NT 10.0; Win64; x64; rv:153.0) Gecko/20100101 Firefox/153.0"
114.119.133.158 - - [24/Jul/2026:18:42:32 +0200] "GET /wp-content/uploads/2024/10/reunion_defiscalisation_perpignan-350x230.jpg HTTP/1.1" 200 5111 "https://as-cp.fr/category/impots/page/2/" "Mozilla/5.0 (Linux; Android 7.0;) AppleWebKit/537.36 (HTML, like Gecko) Mobile Safari/537.36 (compatible; PetalBot;+https://webmaster.petalsearch.com/site/petalbot)"
91.134.83.25 - - [24/Jul/2026:18:42:37 +0200] "POST /wp-cron.php?doing_wp_cron=1784911357.4262049198150634765625 HTTP/1.1" 200 5074 "-" "WordPress/6.9.4; https://as-cp.fr"
31.193.35.210 - - [24/Jul/2026:18:42:36 +0200] "POST /xmlrpc.php HTTP/1.1" 200 5463 "-" "Jetpack by WordPress.com (Jetpack 12.5; WordPress 6.4)"
91.134.83.25 - - [24/Jul/2026:18:42:47 +0200] "POST /wp-cron.php?doing_wp_cron=1784911367.2747669219970703125000 HTTP/1.1" 200 5074 "-" "WordPress/6.9.4; https://as-cp.fr"
31.193.35.210 - - [24/Jul/2026:18:42:46 +0200] "POST /xmlrpc.php HTTP/1.1" 200 5463 "-" "Jetpack by WordPress.com"
31.193.35.210 - - [24/Jul/2026:18:42:57 +0200] "POST /xmlrpc.php HTTP/1.1" 200 5463 "-" "WordPress.com; https://wordpress.com"
31.193.35.210 - - [24/Jul/2026:18:43:07 +0200] "POST /xmlrpc.php HTTP/1.1" 200 5463 "-" "Jetpack/12.0; WordPress/6.4; http://site84060650.com"
31.193.35.210 - - [24/Jul/2026:18:43:18 +0200] "POST /xmlrpc.php HTTP/1.1" 200 5463 "-" "Jetpack by WordPress.com"
91.134.83.25 - - [24/Jul/2026:18:43:19 +0200] "POST /wp-cron.php?doing_wp_cron=1784911399.0265440940856933593750 HTTP/1.1" 200 5074 "-" "WordPress/6.9.4; https://as-cp.fr"
91.134.83.25 - - [24/Jul/2026:18:43:29 +0200] "POST /wp-cron.php?doing_wp_cron=1784911409.6138548851013183593750 HTTP/1.1" 200 5074 "-" "WordPress/6.9.4; https://as-cp.fr"
31.193.35.210 - - [24/Jul/2026:18:43:29 +0200] "POST /xmlrpc.php HTTP/1.1" 200 5463 "-" "Jetpack/12.5; WordPress/6.2; http://site35953034.com"
91.134.83.25 - - [24/Jul/2026:18:43:40 +0200] "POST /wp-cron.php?doing_wp_cron=1784911420.2820069789886474609375 HTTP/1.1" 200 5074 "-" "WordPress/6.9.4; https://as-cp.fr"
31.193.35.210 - - [24/Jul/2026:18:43:39 +0200] "POST /xmlrpc.php HTTP/1.1" 200 5463 "-" "Jetpack by WordPress.com (Jetpack 12.1; WordPress 6.4)"
91.134.83.25 - - [24/Jul/2026:18:43:43 +0200] "POST /wp-cron.php?doing_wp_cron=1784911423.5414218902587890625000 HTTP/1.1" 200 5074 "-" "WordPress/6.9.4; https://as-cp.fr"
68.178.160.25 - - [24/Jul/2026:18:43:43 +0200] "GET /wp-login.php HTTP/1.1" 200 8736 "-" "Mozilla/5.0 (Windows NT 10.0; Win64; x64) AppleWebKit/537.36 (KHTML, like Gecko) Chrome/150.0.0.0 Safari/537.36"
68.178.160.25 - - [24/Jul/2026:18:43:44 +0200] "POST /wp-login.php HTTP/1.1" 200 8911 "https://as-cp.fr/wp-login.php" "Mozilla/5.0 (Windows NT 10.0; Win64; x64) AppleWebKit/537.36 (KHTML, like Gecko) Chrome/150.0.0.0 Safari/537.36"
31.193.35.210 - - [24/Jul/2026:18:43:50 +0200] "POST /xmlrpc.php HTTP/1.1" 200 5463 "-" "WordPress.com; https://wordpress.com"
114.119.132.227 - - [24/Jul/2026:18:43:55 +0200] "GET /conseil-en-fiscalite-a-saint-esteve-comment-proteger-son-epargne/ HTTP/1.1" 200 24213 "https://as-cp.fr/author/marion-brd/" "Mozilla/5.0 (Linux; Android 7.0;) AppleWebKit/537.36 (HTML, like Gecko) Mobile Safari/537.36 (compatible; PetalBot;+https://webmaster.petalsearch.com/site/petalbot)"
31.193.35.210 - - [24/Jul/2026:18:44:01 +0200] "POST /xmlrpc.php HTTP/1.1" 200 5463 "-" "Jetpack by WordPress.com"
202.51.202.242 - - [24/Jul/2026:18:44:02 +0200] "GET /wp-login.php HTTP/1.1" 200 8736 "-" "Mozilla/5.0 (Windows NT 10.0; Win64; x64) AppleWebKit/537.36 (KHTML, like Gecko) Chrome/150.0.0.0 Safari/537.36"
202.51.202.242 - - [24/Jul/2026:18:44:12 +0200] "POST /wp-login.php HTTP/1.1" 200 8912 "https://as-cp.fr/wp-login.php" "Mozilla/5.0 (Windows NT 10.0; Win64; x64) AppleWebKit/537.36 (KHTML, like Gecko) Chrome/150.0.0.0 Safari/537.36"
31.193.35.210 - - [24/Jul/2026:18:44:11 +0200] "POST /xmlrpc.php HTTP/1.1" 200 5463 "-" "Jetpack by WordPress.com (Jetpack 12.5; WordPress 6.3)"
91.134.83.25 - - [24/Jul/2026:18:44:22 +0200] "POST /wp-cron.php?doing_wp_cron=1784911462.6806130409240722656250 HTTP/1.1" 200 5074 "-" "WordPress/6.9.4; https://as-cp.fr"
31.193.35.210 - - [24/Jul/2026:18:44:22 +0200] "POST /xmlrpc.php HTTP/1.1" 200 5463 "-" "Jetpack/12.0; WordPress/6.3; http://site51167359.com"
31.193.35.210 - - [24/Jul/2026:18:44:32 +0200] "POST /xmlrpc.php HTTP/1.1" 200 5463 "-" "WordPress.com; https://wordpress.com"
91.134.83.25 - - [24/Jul/2026:18:44:43 +0200] "POST /wp-cron.php?doing_wp_cron=1784911483.9249179363250732421875 HTTP/1.1" 200 5074 "-" "WordPress/6.9.4; https://as-cp.fr"
31.193.35.210 - - [24/Jul/2026:18:44:43 +0200] "POST /xmlrpc.php HTTP/1.1" 200 5463 "-" "Jetpack by WordPress.com (Jetpack 12.0; WordPress 6.2)"
31.193.35.210 - - [24/Jul/2026:18:44:54 +0200] "POST /xmlrpc.php HTTP/1.1" 200 5463 "-" "Jetpack by WordPress.com"
31.193.35.210 - - [24/Jul/2026:18:45:04 +0200] "POST /xmlrpc.php HTTP/1.1" 200 5463 "-" "Jetpack by WordPress.com"
31.193.35.210 - - [24/Jul/2026:18:45:15 +0200] "POST /xmlrpc.php HTTP/1.1" 200 5463 "-" "WordPress.com; https://wordpress.com"
91.134.83.25 - - [24/Jul/2026:18:45:26 +0200] "POST /wp-cron.php?doing_wp_cron=1784911526.4708230495452880859375 HTTP/1.1" 200 5074 "-" "WordPress/6.9.4; https://as-cp.fr"
31.193.35.210 - - [24/Jul/2026:18:45:26 +0200] "POST /xmlrpc.php HTTP/1.1" 200 5463 "-" "Jetpack by WordPress.com (Jetpack 12.5; WordPress 6.2)"
91.134.83.25 - - [24/Jul/2026:18:45:37 +0200] "POST /wp-cron.php?doing_wp_cron=1784911537.0828940868377685546875 HTTP/1.1" 200 5074 "-" "WordPress/6.9.4; https://as-cp.fr"
31.193.35.210 - - [24/Jul/2026:18:45:36 +0200] "POST /xmlrpc.php HTTP/1.1" 200 5463 "-" "Jetpack/13.0; WordPress/6.4; http://site65517157.com"
91.134.83.25 - - [24/Jul/2026:18:45:47 +0200] "POST /wp-cron.php?doing_wp_cron=1784911547.7024180889129638671875 HTTP/1.1" 200 5074 "-" "WordPress/6.9.4; https://as-cp.fr"
31.193.35.210 - - [24/Jul/2026:18:45:47 +0200] "POST /xmlrpc.php HTTP/1.1" 200 5463 "-" "Jetpack/12.5; WordPress/6.3; http://site27170149.com"
4.223.77.241 - - [24/Jul/2026:18:45:57 +0200] "GET /wp-content/plugins/hellopress/wp_filemanager.php HTTP/1.1" 301 5197 "-" "-"
4.223.77.241 - - [24/Jul/2026:18:45:57 +0200] "GET / HTTP/1.1" 200 99298 "-" "-"
4.223.77.241 - - [24/Jul/2026:18:45:58 +0200] "GET /this_is_a_new_hello_world.php HTTP/1.1" 403 5816 "-" "-"
4.223.77.241 - - [24/Jul/2026:18:45:58 +0200] "GET /SS72_kKKjT.php HTTP/1.1" 403 5816 "-" "-"
4.223.77.241 - - [24/Jul/2026:18:45:58 +0200] "GET /solo1.php HTTP/1.1" 403 5816 "-" "-"
4.223.77.241 - - [24/Jul/2026:18:45:58 +0200] "GET /cu.php HTTP/1.1" 403 5816 "-" "-"
4.223.77.241 - - [24/Jul/2026:18:45:58 +0200] "GET /nc4.php HTTP/1.1" 403 5816 "-" "-"
4.223.77.241 - - [24/Jul/2026:18:45:58 +0200] "GET /ctjpseby.php HTTP/1.1" 403 5816 "-" "-"
31.193.35.210 - - [24/Jul/2026:18:45:57 +0200] "POST /xmlrpc.php HTTP/1.1" 200 5463 "-" "Jetpack by WordPress.com"
4.223.77.241 - - [24/Jul/2026:18:45:58 +0200] "GET /mI35rZhMg1zJ1vuXdefault.php HTTP/1.1" 403 5816 "-" "-"
4.223.77.241 - - [24/Jul/2026:18:45:58 +0200] "GET /yj03.php HTTP/1.1" 403 5816 "-" "-"
4.223.77.241 - - [24/Jul/2026:18:45:58 +0200] "GET /exhds0ucw0ju9vjgasxqCdefault.php HTTP/1.1" 403 5816 "-" "-"
4.223.77.241 - - [24/Jul/2026:18:45:58 +0200] "GET /ifrea.php HTTP/1.1" 403 5816 "-" "-"
4.223.77.241 - - [24/Jul/2026:18:45:58 +0200] "GET /wxeyc.php HTTP/1.1" 403 5816 "-" "-"
4.223.77.241 - - [24/Jul/2026:18:45:58 +0200] "GET /7logs.php HTTP/1.1" 403 5816 "-" "-"
4.223.77.241 - - [24/Jul/2026:18:45:58 +0200] "GET /hplfuns.php HTTP/1.1" 301 5197 "-" "-"
4.223.77.241 - - [24/Jul/2026:18:45:59 +0200] "GET / HTTP/1.1" 200 99298 "-" "-"
4.223.77.241 - - [24/Jul/2026:18:45:59 +0200] "GET /vgtyu.php HTTP/1.1" 403 5816 "-" "-"
4.223.77.241 - - [24/Jul/2026:18:45:59 +0200] "GET /xbbih.php HTTP/1.1" 403 5816 "-" "-"
4.223.77.241 - - [24/Jul/2026:18:45:59 +0200] "GET /ardsw.php HTTP/1.1" 403 5816 "-" "-"
4.223.77.241 - - [24/Jul/2026:18:45:59 +0200] "GET /ws56.php HTTP/1.1" 403 5816 "-" "-"
4.223.77.241 - - [24/Jul/2026:18:45:59 +0200] "GET /lp6.php HTTP/1.1" 403 5816 "-" "-"
4.223.77.241 - - [24/Jul/2026:18:45:59 +0200] "GET /tymi.php HTTP/1.1" 403 5816 "-" "-"
4.223.77.241 - - [24/Jul/2026:18:45:59 +0200] "GET /motu.php HTTP/1.1" 403 5816 "-" "-"
4.223.77.241 - - [24/Jul/2026:18:45:59 +0200] "GET /s3FiyJ2WGCnF0p1default.php HTTP/1.1" 403 5816 "-" "-"
4.223.77.241 - - [24/Jul/2026:18:45:59 +0200] "GET /edit-tags.php HTTP/1.1" 301 5197 "-" "-"
4.223.77.241 - - [24/Jul/2026:18:46:00 +0200] "GET / HTTP/1.1" 200 99298 "-" "-"
4.223.77.241 - - [24/Jul/2026:18:46:00 +0200] "GET /drykl.php HTTP/1.1" 403 5816 "-" "-"
4.223.77.241 - - [24/Jul/2026:18:46:00 +0200] "GET /gelio1.php HTTP/1.1" 403 5816 "-" "-"
4.223.77.241 - - [24/Jul/2026:18:46:00 +0200] "GET /nhj6t74aqmkde3hgpCdefault.php HTTP/1.1" 403 5816 "-" "-"
4.223.77.241 - - [24/Jul/2026:18:46:00 +0200] "GET /wpls.php HTTP/1.1" 403 5816 "-" "-"
4.223.77.241 - - [24/Jul/2026:18:46:00 +0200] "GET /gh.php HTTP/1.1" 403 5816 "-" "-"
4.223.77.241 - - [24/Jul/2026:18:46:00 +0200] "GET /wp-the.php HTTP/1.1" 403 5816 "-" "-"
4.223.77.241 - - [24/Jul/2026:18:46:00 +0200] "GET /xy.php HTTP/1.1" 403 5816 "-" "-"
4.223.77.241 - - [24/Jul/2026:18:46:00 +0200] "GET /ws58.php HTTP/1.1" 403 5816 "-" "-"
4.223.77.241 - - [24/Jul/2026:18:46:01 +0200] "GET /fssxwoyh.php HTTP/1.1" 403 5816 "-" "-"
4.223.77.241 - - [24/Jul/2026:18:46:01 +0200] "GET /auth.php HTTP/1.1" 403 5816 "-" "-"
4.223.77.241 - - [24/Jul/2026:18:46:01 +0200] "GET /health.php HTTP/1.1" 403 5816 "-" "-"
4.223.77.241 - - [24/Jul/2026:18:46:01 +0200] "GET /lco.php HTTP/1.1" 403 5816 "-" "-"
4.223.77.241 - - [24/Jul/2026:18:46:01 +0200] "GET /crgio.php HTTP/1.1" 403 5816 "-" "-"
4.223.77.241 - - [24/Jul/2026:18:46:01 +0200] "GET /a6.php HTTP/1.1" 403 5816 "-" "-"
4.223.77.241 - - [24/Jul/2026:18:46:01 +0200] "GET /green.php HTTP/1.1" 403 5816 "-" "-"
4.223.77.241 - - [24/Jul/2026:18:46:01 +0200] "GET /ws85.php HTTP/1.1" 403 5816 "-" "-"
4.223.77.241 - - [24/Jul/2026:18:46:01 +0200] "GET /vrhiw.php HTTP/1.1" 403 5816 "-" "-"
4.223.77.241 - - [24/Jul/2026:18:46:01 +0200] "GET /wtiiy.php HTTP/1.1" 403 5816 "-" "-"
4.223.77.241 - - [24/Jul/2026:18:46:01 +0200] "GET /xtsr.php HTTP/1.1" 403 5816 "-" "-"
4.223.77.241 - - [24/Jul/2026:18:46:01 +0200] "GET /kagug.php HTTP/1.1" 403 5816 "-" "-"
4.223.77.241 - - [24/Jul/2026:18:46:00 +0200] "GET /tires.php HTTP/1.1" 403 5816 "-" "-"
4.223.77.241 - - [24/Jul/2026:18:46:01 +0200] "GET /public/vx.php HTTP/1.1" 301 5197 "-" "-"
4.223.77.241 - - [24/Jul/2026:18:46:02 +0200] "GET / HTTP/1.1" 200 99298 "-" "-"
4.223.77.241 - - [24/Jul/2026:18:46:02 +0200] "GET /dx.php HTTP/1.1" 403 5816 "-" "-"
4.223.77.241 - - [24/Jul/2026:18:46:02 +0200] "GET /chosen.php HTTP/1.1" 403 5816 "-" "-"
4.223.77.241 - - [24/Jul/2026:18:46:02 +0200] "GET /ckmtelzy.php HTTP/1.1" 403 5816 "-" "-"
4.223.77.241 - - [24/Jul/2026:18:46:02 +0200] "GET /wp-tot.php HTTP/1.1" 403 5816 "-" "-"
4.223.77.241 - - [24/Jul/2026:18:46:02 +0200] "GET /leaf.php HTTP/1.1" 403 5816 "-" "-"
4.223.77.241 - - [24/Jul/2026:18:46:02 +0200] "GET /class.php HTTP/1.1" 403 5816 "-" "-"
4.223.77.241 - - [24/Jul/2026:18:46:02 +0200] "GET /wp9.php HTTP/1.1" 403 5816 "-" "-"
4.223.77.241 - - [24/Jul/2026:18:46:02 +0200] "GET /wper.php HTTP/1.1" 403 5816 "-" "-"
4.223.77.241 - - [24/Jul/2026:18:46:02 +0200] "GET /BDKR28WP.php HTTP/1.1" 403 5816 "-" "-"
4.223.77.241 - - [24/Jul/2026:18:46:02 +0200] "GET /485.php HTTP/1.1" 403 5816 "-" "-"
4.223.77.241 - - [24/Jul/2026:18:46:02 +0200] "GET /bykdo.php HTTP/1.1" 403 5816 "-" "-"
4.223.77.241 - - [24/Jul/2026:18:46:02 +0200] "GET /eapjf.php HTTP/1.1" 403 5816 "-" "-"
4.223.77.241 - - [24/Jul/2026:18:46:03 +0200] "GET /bthil.php HTTP/1.1" 403 5816 "-" "-"
4.223.77.241 - - [24/Jul/2026:18:46:03 +0200] "GET /n3yUmQ6Q9xwQ8ocdefault.php HTTP/1.1" 403 5816 "-" "-"
4.223.77.241 - - [24/Jul/2026:18:46:03 +0200] "GET /gpt-sh.php HTTP/1.1" 403 5816 "-" "-"
4.223.77.241 - - [24/Jul/2026:18:46:03 +0200] "GET /ta0ol.php HTTP/1.1" 403 5816 "-" "-"
4.223.77.241 - - [24/Jul/2026:18:46:03 +0200] "GET /bxhnfdgd.php HTTP/1.1" 403 5816 "-" "-"
4.223.77.241 - - [24/Jul/2026:18:46:03 +0200] "GET /lowpr.php HTTP/1.1" 403 5816 "-" "-"
4.223.77.241 - - [24/Jul/2026:18:46:03 +0200] "GET /xigmltad.php HTTP/1.1" 403 5816 "-" "-"
4.223.77.241 - - [24/Jul/2026:18:46:03 +0200] "GET /cgi-bin_bkp.php HTTP/1.1" 403 5816 "-" "-"
4.223.77.241 - - [24/Jul/2026:18:46:03 +0200] "GET /ah25.php HTTP/1.1" 403 5816 "-" "-"
4.223.77.241 - - [24/Jul/2026:18:46:03 +0200] "GET /php.php HTTP/1.1" 403 5816 "-" "-"
4.223.77.241 - - [24/Jul/2026:18:46:03 +0200] "GET /wpb.php HTTP/1.1" 403 5816 "-" "-"
4.223.77.241 - - [24/Jul/2026:18:46:03 +0200] "GET /cilus.php HTTP/1.1" 403 5816 "-" "-"
4.223.77.241 - - [24/Jul/2026:18:46:03 +0200] "GET /hnphq.php HTTP/1.1" 403 5816 "-" "-"
4.223.77.241 - - [24/Jul/2026:18:46:03 +0200] "GET /ws80.php HTTP/1.1" 403 5816 "-" "-"
4.223.77.241 - - [24/Jul/2026:18:46:03 +0200] "GET /ws78.php HTTP/1.1" 403 5816 "-" "-"
4.223.77.241 - - [24/Jul/2026:18:46:03 +0200] "GET /shop.php HTTP/1.1" 403 5816 "-" "-"
4.223.77.241 - - [24/Jul/2026:18:46:03 +0200] "GET /isvqf.php HTTP/1.1" 403 5816 "-" "-"
4.223.77.241 - - [24/Jul/2026:18:46:03 +0200] "GET /users.php HTTP/1.1" 301 5197 "-" "-"
4.223.77.241 - - [24/Jul/2026:18:46:04 +0200] "GET / HTTP/1.1" 200 99298 "-" "-"
4.223.77.241 - - [24/Jul/2026:18:46:04 +0200] "GET /a5.php HTTP/1.1" 403 5816 "-" "-"
4.223.77.241 - - [24/Jul/2026:18:46:04 +0200] "GET /xa.php HTTP/1.1" 403 5816 "-" "-"
4.223.77.241 - - [24/Jul/2026:18:46:04 +0200] "GET /cjndd.php HTTP/1.1" 403 5816 "-" "-"
4.223.77.241 - - [24/Jul/2026:18:46:04 +0200] "GET /fss.php HTTP/1.1" 403 5816 "-" "-"
4.223.77.241 - - [24/Jul/2026:18:46:04 +0200] "GET /vaza.php HTTP/1.1" 403 5816 "-" "-"
4.223.77.241 - - [24/Jul/2026:18:46:04 +0200] "GET /rithin.php HTTP/1.1" 403 5816 "-" "-"
4.223.77.241 - - [24/Jul/2026:18:46:04 +0200] "GET /lgr.php HTTP/1.1" 403 5816 "-" "-"
4.223.77.241 - - [24/Jul/2026:18:46:04 +0200] "GET /xenium4.php HTTP/1.1" 403 5816 "-" "-"
4.223.77.241 - - [24/Jul/2026:18:46:05 +0200] "GET /mg.php HTTP/1.1" 403 5816 "-" "-"
4.223.77.241 - - [24/Jul/2026:18:46:05 +0200] "GET /home.php HTTP/1.1" 403 5816 "-" "-"
4.223.77.241 - - [24/Jul/2026:18:46:05 +0200] "GET /elp.php HTTP/1.1" 403 5816 "-" "-"
4.223.77.241 - - [24/Jul/2026:18:46:05 +0200] "GET /wp-content/tBEZGQz.php HTTP/1.1" 403 5816 "-" "-"
4.223.77.241 - - [24/Jul/2026:18:46:05 +0200] "GET /erty.php HTTP/1.1" 403 5816 "-" "-"
4.223.77.241 - - [24/Jul/2026:18:46:05 +0200] "GET /gold.php HTTP/1.1" 403 5816 "-" "-"
4.223.77.241 - - [24/Jul/2026:18:46:05 +0200] "GET /irpl4xz4fmlzm4tlvvu4h1mCdefault.php HTTP/1.1" 403 5816 "-" "-"
4.223.77.241 - - [24/Jul/2026:18:46:05 +0200] "GET /0x19493QU8ZQ.php HTTP/1.1" 403 5816 "-" "-"
4.223.77.241 - - [24/Jul/2026:18:46:05 +0200] "GET /xwpg.php HTTP/1.1" 403 5816 "-" "-"
4.223.77.241 - - [24/Jul/2026:18:46:05 +0200] "GET /Cap.php HTTP/1.1" 403 5816 "-" "-"
4.223.77.241 - - [24/Jul/2026:18:46:05 +0200] "GET /sd.php HTTP/1.1" 403 5816 "-" "-"
4.223.77.241 - - [24/Jul/2026:18:46:05 +0200] "GET /ylzed0twj8l9drdbchc1oocfCdefault.php HTTP/1.1" 403 5816 "-" "-"
4.223.77.241 - - [24/Jul/2026:18:46:05 +0200] "GET /mac.php HTTP/1.1" 403 5816 "-" "-"
4.223.77.241 - - [24/Jul/2026:18:46:05 +0200] "GET /wp-good.php HTTP/1.1" 403 5816 "-" "-"
4.223.77.241 - - [24/Jul/2026:18:46:05 +0200] "GET /ljbluatr.php HTTP/1.1" 403 5816 "-" "-"
4.223.77.241 - - [24/Jul/2026:18:46:05 +0200] "GET /6xBAm3vODE05BSzkJZRAws.php HTTP/1.1" 403 5816 "-" "-"
4.223.77.241 - - [24/Jul/2026:18:46:05 +0200] "GET /blqjs.php HTTP/1.1" 403 5816 "-" "-"
4.223.77.241 - - [24/Jul/2026:18:46:05 +0200] "GET /tdsaz.php HTTP/1.1" 403 5816 "-" "-"
4.223.77.241 - - [24/Jul/2026:18:46:06 +0200] "GET /azntlsxk.php HTTP/1.1" 403 5816 "-" "-"
4.223.77.241 - - [24/Jul/2026:18:46:06 +0200] "GET /epinyins.php HTTP/1.1" 301 5197 "-" "-"
4.223.77.241 - - [24/Jul/2026:18:46:06 +0200] "GET / HTTP/1.1" 200 99298 "-" "-"
4.223.77.241 - - [24/Jul/2026:18:46:06 +0200] "GET /atomlib.php HTTP/1.1" 403 5816 "-" "-"
4.223.77.241 - - [24/Jul/2026:18:46:06 +0200] "GET /gi.php HTTP/1.1" 403 5816 "-" "-"
4.223.77.241 - - [24/Jul/2026:18:46:06 +0200] "GET /hwjtry0zd1fzeakcuzn8Cdefault.php HTTP/1.1" 403 5816 "-" "-"
4.223.77.241 - - [24/Jul/2026:18:46:06 +0200] "GET /kandw.php HTTP/1.1" 403 5816 "-" "-"
4.223.77.241 - - [24/Jul/2026:18:46:06 +0200] "GET /wpc2.php HTTP/1.1" 403 5816 "-" "-"
4.223.77.241 - - [24/Jul/2026:18:46:06 +0200] "GET /xwx1.php HTTP/1.1" 403 5816 "-" "-"
4.223.77.241 - - [24/Jul/2026:18:46:06 +0200] "GET /ibjnu.php HTTP/1.1" 403 5816 "-" "-"
4.223.77.241 - - [24/Jul/2026:18:46:06 +0200] "GET /emcgm.php HTTP/1.1" 403 5816 "-" "-"
4.223.77.241 - - [24/Jul/2026:18:46:07 +0200] "GET /casp1.php HTTP/1.1" 403 5816 "-" "-"
4.223.77.241 - - [24/Jul/2026:18:46:07 +0200] "GET /lp5.php HTTP/1.1" 403 5816 "-" "-"
4.223.77.241 - - [24/Jul/2026:18:46:07 +0200] "GET /utchiha_O1JFaUaF.php HTTP/1.1" 403 5816 "-" "-"
4.223.77.241 - - [24/Jul/2026:18:46:07 +0200] "GET /info2.php HTTP/1.1" 403 5816 "-" "-"
4.223.77.241 - - [24/Jul/2026:18:46:07 +0200] "GET /public/mI35rZhMg1zJ1vuXdefault.php HTTP/1.1" 301 5197 "-" "-"
4.223.77.241 - - [24/Jul/2026:18:46:07 +0200] "GET / HTTP/1.1" 200 99298 "-" "-"
4.223.77.241 - - [24/Jul/2026:18:46:07 +0200] "GET /2ksm17n.php HTTP/1.1" 403 5816 "-" "-"
4.223.77.241 - - [24/Jul/2026:18:46:07 +0200] "GET /jlex.php HTTP/1.1" 403 5816 "-" "-"
4.223.77.241 - - [24/Jul/2026:18:46:07 +0200] "GET /epinyins.php?p= HTTP/1.1" 301 5175 "-" "-"
4.223.77.241 - - [24/Jul/2026:18:46:08 +0200] "GET /epinyins.php HTTP/1.1" 301 5197 "-" "-"
4.223.77.241 - - [24/Jul/2026:18:46:08 +0200] "GET / HTTP/1.1" 200 99298 "-" "-"
4.223.77.241 - - [24/Jul/2026:18:46:08 +0200] "GET /wdf.php HTTP/1.1" 403 5816 "-" "-"
4.223.77.241 - - [24/Jul/2026:18:46:08 +0200] "GET /intall.php HTTP/1.1" 403 5816 "-" "-"
4.223.77.241 - - [24/Jul/2026:18:46:08 +0200] "GET /8xyz.php HTTP/1.1" 403 5816 "-" "-"
31.193.35.210 - - [24/Jul/2026:18:46:08 +0200] "POST /xmlrpc.php HTTP/1.1" 200 5463 "-" "Jetpack by WordPress.com"
4.223.77.241 - - [24/Jul/2026:18:46:08 +0200] "GET /ortasekerli1.php HTTP/1.1" 403 5816 "-" "-"
4.223.77.241 - - [24/Jul/2026:18:46:09 +0200] "GET /byueb.php HTTP/1.1" 403 5816 "-" "-"
4.223.77.241 - - [24/Jul/2026:18:46:09 +0200] "GET /baixy.php HTTP/1.1" 403 5816 "-" "-"
4.223.77.241 - - [24/Jul/2026:18:46:09 +0200] "GET /classwithtostring.php HTTP/1.1" 403 5816 "-" "-"
4.223.77.241 - - [24/Jul/2026:18:46:09 +0200] "GET /trx24.php HTTP/1.1" 403 5816 "-" "-"
4.223.77.241 - - [24/Jul/2026:18:46:09 +0200] "GET /yuzuru1.php HTTP/1.1" 403 5816 "-" "-"
4.223.77.241 - - [24/Jul/2026:18:46:09 +0200] "GET /dhjqs.php HTTP/1.1" 403 5816 "-" "-"
4.223.77.241 - - [24/Jul/2026:18:46:09 +0200] "GET /tx79.php HTTP/1.1" 403 5816 "-" "-"
4.223.77.241 - - [24/Jul/2026:18:46:09 +0200] "GET /fyflv.php HTTP/1.1" 403 5816 "-" "-"
4.223.77.241 - - [24/Jul/2026:18:46:09 +0200] "GET /100.php HTTP/1.1" 403 5816 "-" "-"
4.223.77.241 - - [24/Jul/2026:18:46:09 +0200] "GET /hfles.php HTTP/1.1" 403 5816 "-" "-"
4.223.77.241 - - [24/Jul/2026:18:46:09 +0200] "GET /bootstrap.php HTTP/1.1" 403 5816 "-" "-"
4.223.77.241 - - [24/Jul/2026:18:46:09 +0200] "GET /xjgdw.php HTTP/1.1" 403 5816 "-" "-"
4.223.77.241 - - [24/Jul/2026:18:46:09 +0200] "GET /utchiha_py4mE1XY.php HTTP/1.1" 403 5816 "-" "-"
4.223.77.241 - - [24/Jul/2026:18:46:09 +0200] "GET /baixy.php HTTP/1.1" 403 5816 "-" "-"
4.223.77.241 - - [24/Jul/2026:18:46:09 +0200] "GET /aqotrjkg.php HTTP/1.1" 403 5816 "-" "-"
4.223.77.241 - - [24/Jul/2026:18:46:09 +0200] "GET /c4.php HTTP/1.1" 403 5816 "-" "-"
91.134.83.25 - - [24/Jul/2026:18:46:19 +0200] "POST /wp-cron.php?doing_wp_cron=1784911579.6622619628906250000000 HTTP/1.1" 200 5074 "-" "WordPress/6.9.4; https://as-cp.fr"
31.193.35.210 - - [24/Jul/2026:18:46:19 +0200] "POST /xmlrpc.php HTTP/1.1" 200 5463 "-" "Jetpack by WordPress.com (Jetpack 12.5; WordPress 6.1)"
91.134.83.25 - - [24/Jul/2026:18:46:30 +0200] "POST /wp-cron.php?doing_wp_cron=1784911590.1285851001739501953125 HTTP/1.1" 200 5074 "-" "WordPress/6.9.4; https://as-cp.fr"
31.193.35.210 - - [24/Jul/2026:18:46:29 +0200] "POST /xmlrpc.php HTTP/1.1" 200 5463 "-" "Jetpack by WordPress.com"
91.134.83.25 - - [24/Jul/2026:18:46:36 +0200] "POST /wp-cron.php?doing_wp_cron=1784911596.6872119903564453125000 HTTP/1.1" 200 5074 "-" "WordPress/6.9.4; https://as-cp.fr"
36.72.223.176 - - [24/Jul/2026:18:46:36 +0200] "POST /xmlrpc.php HTTP/1.1" 200 5463 "-" "Jetpack by WordPress.com (Jetpack 12.1; WordPress 6.3)"
31.193.35.210 - - [24/Jul/2026:18:46:40 +0200] "POST /xmlrpc.php HTTP/1.1" 200 5463 "-" "Jetpack by WordPress.com"
91.134.83.25 - - [24/Jul/2026:18:46:45 +0200] "POST /wp-cron.php?doing_wp_cron=1784911605.4679219722747802734375 HTTP/1.1" 200 5074 "-" "WordPress/6.9.4; https://as-cp.fr"
36.72.223.176 - - [24/Jul/2026:18:46:45 +0200] "POST /xmlrpc.php HTTP/1.1" 200 5463 "-" "WordPress.com; https://wordpress.com"
31.193.35.210 - - [24/Jul/2026:18:46:50 +0200] "POST /xmlrpc.php HTTP/1.1" 200 5463 "-" "Jetpack by WordPress.com"
36.72.223.176 - - [24/Jul/2026:18:46:55 +0200] "POST /xmlrpc.php HTTP/1.1" 200 5463 "-" "Jetpack by WordPress.com (Jetpack 12.0; WordPress 6.4)"
31.193.35.210 - - [24/Jul/2026:18:47:01 +0200] "POST /xmlrpc.php HTTP/1.1" 200 5463 "-" "Jetpack by WordPress.com (Jetpack 12.0; WordPress 6.2)"
36.72.223.176 - - [24/Jul/2026:18:47:06 +0200] "POST /xmlrpc.php HTTP/1.1" 200 5463 "-" "Jetpack/12.0; WordPress/6.2; http://site32557690.com"
31.193.35.210 - - [24/Jul/2026:18:47:12 +0200] "POST /xmlrpc.php HTTP/1.1" 200 5463 "-" "Jetpack by WordPress.com"
36.72.223.176 - - [24/Jul/2026:18:47:16 +0200] "POST /xmlrpc.php HTTP/1.1" 200 5463 "-" "Jetpack/12.0; WordPress/6.3; http://site74405938.com"
91.134.83.25 - - [24/Jul/2026:18:47:23 +0200] "POST /wp-cron.php?doing_wp_cron=1784911643.2105000019073486328125 HTTP/1.1" 200 5074 "-" "WordPress/6.9.4; https://as-cp.fr"
31.193.35.210 - - [24/Jul/2026:18:47:22 +0200] "POST /xmlrpc.php HTTP/1.1" 200 5463 "-" "Jetpack by WordPress.com (Jetpack 12.0; WordPress 6.2)"
36.72.223.176 - - [24/Jul/2026:18:47:27 +0200] "POST /xmlrpc.php HTTP/1.1" 200 5463 "-" "Jetpack by WordPress.com"
31.193.35.210 - - [24/Jul/2026:18:47:33 +0200] "POST /xmlrpc.php HTTP/1.1" 200 5463 "-" "Jetpack/12.1; WordPress/6.4; http://site83438427.com"
91.134.83.25 - - [24/Jul/2026:18:47:38 +0200] "POST /wp-cron.php?doing_wp_cron=1784911658.5850450992584228515625 HTTP/1.1" 200 5074 "-" "WordPress/6.9.4; https://as-cp.fr"
36.72.223.176 - - [24/Jul/2026:18:47:38 +0200] "POST /xmlrpc.php HTTP/1.1" 200 5463 "-" "Jetpack/12.0; WordPress/6.3; http://site44034651.com"
91.134.83.25 - - [24/Jul/2026:18:47:44 +0200] "POST /wp-cron.php?doing_wp_cron=1784911664.3913159370422363281250 HTTP/1.1" 200 5074 "-" "WordPress/6.9.4; https://as-cp.fr"
31.193.35.210 - - [24/Jul/2026:18:47:44 +0200] "POST /xmlrpc.php HTTP/1.1" 200 5463 "-" "Jetpack by WordPress.com (Jetpack 12.1; WordPress 6.4)"
36.72.223.176 - - [24/Jul/2026:18:47:48 +0200] "POST /xmlrpc.php HTTP/1.1" 200 5463 "-" "Jetpack/12.5; WordPress/6.4; http://site50228429.com"
31.193.35.210 - - [24/Jul/2026:18:47:54 +0200] "POST /xmlrpc.php HTTP/1.1" 200 5463 "-" "Jetpack/12.5; WordPress/6.3; http://site82832607.com"
36.72.223.176 - - [24/Jul/2026:18:47:59 +0200] "POST /xmlrpc.php HTTP/1.1" 200 5463 "-" "Jetpack by WordPress.com (Jetpack 12.1; WordPress 6.2)"
31.193.35.210 - - [24/Jul/2026:18:48:05 +0200] "POST /xmlrpc.php HTTP/1.1" 200 5463 "-" "WordPress.com; https://wordpress.com"
36.72.223.176 - - [24/Jul/2026:18:48:10 +0200] "POST /xmlrpc.php HTTP/1.1" 200 5463 "-" "WordPress.com; https://wordpress.com"
31.193.35.210 - - [24/Jul/2026:18:48:15 +0200] "POST /xmlrpc.php HTTP/1.1" 200 5463 "-" "Jetpack/13.0; WordPress/6.1; http://site66097315.com"
91.134.83.25 - - [24/Jul/2026:18:48:21 +0200] "POST /wp-cron.php?doing_wp_cron=1784911701.1561601161956787109375 HTTP/1.1" 200 5074 "-" "WordPress/6.9.4; https://as-cp.fr"
36.72.223.176 - - [24/Jul/2026:18:48:20 +0200] "POST /xmlrpc.php HTTP/1.1" 200 5463 "-" "Jetpack by WordPress.com (Jetpack 13.0; WordPress 6.1)"
31.193.35.210 - - [24/Jul/2026:18:48:26 +0200] "POST /xmlrpc.php HTTP/1.1" 200 5463 "-" "WordPress.com; https://wordpress.com"
36.72.223.176 - - [24/Jul/2026:18:48:31 +0200] "POST /xmlrpc.php HTTP/1.1" 200 5463 "-" "Jetpack/12.0; WordPress/6.3; http://site74094869.com"
107.172.204.177 - - [24/Jul/2026:18:48:36 +0200] "GET /wp-content/uploads/2022/10/Realiser-un-investissement-immobilier-1-768x576.jpg HTTP/1.1" 200 5117 "https://as-cp.fr/realiser-un-investissement-immobilier/" "Mozilla/5.0 (Macintosh; Intel Mac OS X 10_15_7) AppleWebKit/537.36 (KHTML, like Gecko) Chrome/131.0.0.0 Safari/537.36"
91.134.83.25 - - [24/Jul/2026:18:48:37 +0200] "POST /wp-cron.php?doing_wp_cron=1784911717.3577959537506103515625 HTTP/1.1" 200 5074 "-" "WordPress/6.9.4; https://as-cp.fr"
31.193.35.210 - - [24/Jul/2026:18:48:36 +0200] "POST /xmlrpc.php HTTP/1.1" 200 5463 "-" "Jetpack by WordPress.com (Jetpack 12.0; WordPress 6.4)"
36.72.223.176 - - [24/Jul/2026:18:48:42 +0200] "POST /xmlrpc.php HTTP/1.1" 200 5463 "-" "Jetpack/12.1; WordPress/6.3; http://site86393435.com"
91.134.83.25 - - [24/Jul/2026:18:48:48 +0200] "POST /wp-cron.php?doing_wp_cron=1784911727.9774310588836669921875 HTTP/1.1" 200 5074 "-" "WordPress/6.9.4; https://as-cp.fr"
31.193.35.210 - - [24/Jul/2026:18:48:47 +0200] "POST /xmlrpc.php HTTP/1.1" 200 5463 "-" "WordPress.com; https://wordpress.com"
36.72.223.176 - - [24/Jul/2026:18:48:52 +0200] "POST /xmlrpc.php HTTP/1.1" 200 5463 "-" "Jetpack by WordPress.com"
31.193.35.210 - - [24/Jul/2026:18:48:58 +0200] "POST /xmlrpc.php HTTP/1.1" 200 5463 "-" "Jetpack by WordPress.com (Jetpack 12.0; WordPress 6.2)"
36.72.223.176 - - [24/Jul/2026:18:49:03 +0200] "POST /xmlrpc.php HTTP/1.1" 200 5463 "-" "Jetpack by WordPress.com (Jetpack 12.5; WordPress 6.3)"
31.193.35.210 - - [24/Jul/2026:18:49:08 +0200] "POST /xmlrpc.php HTTP/1.1" 200 5463 "-" "WordPress.com; https://wordpress.com"
45.131.193.151 - - [24/Jul/2026:18:49:12 +0200] "POST /wp-login.php HTTP/1.1" 200 8904 "-" "Mozilla/5.0 (Windows NT 10.0; Win64; x64) AppleWebKit/537.36 Chrome/129.0.0.0 Safari/537.36"
45.131.193.154 - - [24/Jul/2026:18:49:12 +0200] "POST /wp-login.php HTTP/1.1" 200 8903 "-" "Mozilla/5.0 (Windows NT 10.0; Win64; rv:143.0) Gecko/20100101 Firefox/143.0"
36.72.223.176 - - [24/Jul/2026:18:49:13 +0200] "POST /xmlrpc.php HTTP/1.1" 200 5463 "-" "WordPress.com; https://wordpress.com"
91.134.83.25 - - [24/Jul/2026:18:49:20 +0200] "POST /wp-cron.php?doing_wp_cron=1784911760.0758869647979736328125 HTTP/1.1" 200 5074 "-" "WordPress/6.9.4; https://as-cp.fr"
31.193.35.210 - - [24/Jul/2026:18:49:19 +0200] "POST /xmlrpc.php HTTP/1.1" 200 5463 "-" "Jetpack/12.5; WordPress/6.2; http://site87097804.com"
91.134.83.25 - - [24/Jul/2026:18:49:24 +0200] "POST /wp-cron.php?doing_wp_cron=1784911764.9663119316101074218750 HTTP/1.1" 200 5074 "-" "WordPress/6.9.4; https://as-cp.fr"
36.72.223.176 - - [24/Jul/2026:18:49:24 +0200] "POST /xmlrpc.php HTTP/1.1" 200 5463 "-" "Jetpack by WordPress.com"
31.193.35.210 - - [24/Jul/2026:18:49:30 +0200] "POST /xmlrpc.php HTTP/1.1" 200 5463 "-" "Jetpack by WordPress.com (Jetpack 12.0; WordPress 6.2)"
91.134.83.25 - - [24/Jul/2026:18:49:35 +0200] "POST /wp-cron.php?doing_wp_cron=1784911775.6331830024719238281250 HTTP/1.1" 200 5074 "-" "WordPress/6.9.4; https://as-cp.fr"
36.72.223.176 - - [24/Jul/2026:18:49:35 +0200] "POST /xmlrpc.php HTTP/1.1" 200 5463 "-" "WordPress.com; https://wordpress.com"
31.193.35.210 - - [24/Jul/2026:18:49:40 +0200] "POST /xmlrpc.php HTTP/1.1" 200 5463 "-" "Jetpack by WordPress.com (Jetpack 12.0; WordPress 6.4)"
91.134.83.25 - - [24/Jul/2026:18:49:43 +0200] "POST /wp-cron.php?doing_wp_cron=1784911783.0139770507812500000000 HTTP/1.1" 200 5074 "-" "WordPress/6.9.4; https://as-cp.fr"
57.141.0.20 - - [24/Jul/2026:18:49:42 +0200] "GET /?v=q8u1a6d3r3i2s3y2l2l6a5bic HTTP/1.1" 200 98108 "-" "Mozilla/5.0 (X11; Linux x86_64) AppleWebKit/537.36 (KHTML, like Gecko) Chrome/145.0.0.0 Safari/537.36 (compatible; meta-externalagent/1.1 (+https://developers.facebook.com/docs/sharing/webmasters/crawler))"
36.72.223.176 - - [24/Jul/2026:18:49:45 +0200] "POST /xmlrpc.php HTTP/1.1" 200 5463 "-" "Jetpack by WordPress.com (Jetpack 12.1; WordPress 6.4)"
31.193.35.210 - - [24/Jul/2026:18:49:51 +0200] "POST /xmlrpc.php HTTP/1.1" 200 5463 "-" "Jetpack/12.0; WordPress/6.4; http://site36188158.com"
36.72.223.176 - - [24/Jul/2026:18:49:56 +0200] "POST /xmlrpc.php HTTP/1.1" 200 5463 "-" "Jetpack/12.0; WordPress/6.1; http://site34438768.com"
31.193.35.210 - - [24/Jul/2026:18:50:01 +0200] "POST /xmlrpc.php HTTP/1.1" 200 5463 "-" "Jetpack/12.1; WordPress/6.1; http://site95575998.com"
36.72.223.176 - - [24/Jul/2026:18:50:07 +0200] "POST /xmlrpc.php HTTP/1.1" 200 5463 "-" "WordPress.com; https://wordpress.com"
31.193.35.210 - - [24/Jul/2026:18:50:12 +0200] "POST /xmlrpc.php HTTP/1.1" 200 5463 "-" "Jetpack by WordPress.com"
91.134.83.25 - - [24/Jul/2026:18:50:18 +0200] "POST /wp-cron.php?doing_wp_cron=1784911818.2121899127960205078125 HTTP/1.1" 200 5074 "-" "WordPress/6.9.4; https://as-cp.fr"
36.72.223.176 - - [24/Jul/2026:18:50:17 +0200] "POST /xmlrpc.php HTTP/1.1" 200 5463 "-" "Jetpack by WordPress.com (Jetpack 12.5; WordPress 6.2)"
91.134.83.25 - - [24/Jul/2026:18:50:23 +0200] "POST /wp-cron.php?doing_wp_cron=1784911823.4254069328308105468750 HTTP/1.1" 200 5074 "-" "WordPress/6.9.4; https://as-cp.fr"
31.193.35.210 - - [24/Jul/2026:18:50:23 +0200] "POST /xmlrpc.php HTTP/1.1" 200 5463 "-" "Jetpack by WordPress.com (Jetpack 12.0; WordPress 6.1)"
36.72.223.176 - - [24/Jul/2026:18:50:28 +0200] "POST /xmlrpc.php HTTP/1.1" 200 5463 "-" "Jetpack by WordPress.com"
91.134.83.25 - - [24/Jul/2026:18:50:34 +0200] "POST /wp-cron.php?doing_wp_cron=1784911834.0970449447631835937500 HTTP/1.1" 200 5074 "-" "WordPress/6.9.4; https://as-cp.fr"
31.193.35.210 - - [24/Jul/2026:18:50:33 +0200] "POST /xmlrpc.php HTTP/1.1" 200 5463 "-" "WordPress.com; https://wordpress.com"
36.72.223.176 - - [24/Jul/2026:18:50:39 +0200] "POST /xmlrpc.php HTTP/1.1" 200 5463 "-" "Jetpack by WordPress.com"
91.134.83.25 - - [24/Jul/2026:18:50:44 +0200] "POST /wp-cron.php?doing_wp_cron=1784911844.7231678962707519531250 HTTP/1.1" 200 5074 "-" "WordPress/6.9.4; https://as-cp.fr"
31.193.35.210 - - [24/Jul/2026:18:50:44 +0200] "POST /xmlrpc.php HTTP/1.1" 200 5463 "-" "Jetpack by WordPress.com"
36.72.223.176 - - [24/Jul/2026:18:50:49 +0200] "POST /xmlrpc.php HTTP/1.1" 200 5463 "-" "WordPress.com; https://wordpress.com"
31.193.35.210 - - [24/Jul/2026:18:50:54 +0200] "POST /xmlrpc.php HTTP/1.1" 200 5463 "-" "Jetpack by WordPress.com (Jetpack 12.1; WordPress 6.4)"
36.72.223.176 - - [24/Jul/2026:18:51:00 +0200] "POST /xmlrpc.php HTTP/1.1" 200 5463 "-" "Jetpack by WordPress.com"
31.193.35.210 - - [24/Jul/2026:18:51:05 +0200] "POST /xmlrpc.php HTTP/1.1" 200 5463 "-" "Jetpack/12.1; WordPress/6.3; http://site95800606.com"
36.72.223.176 - - [24/Jul/2026:18:51:11 +0200] "POST /xmlrpc.php HTTP/1.1" 200 5463 "-" "WordPress.com; https://wordpress.com"
31.193.35.210 - - [24/Jul/2026:18:51:16 +0200] "POST /xmlrpc.php HTTP/1.1" 200 5463 "-" "WordPress.com; https://wordpress.com"
91.134.83.25 - - [24/Jul/2026:18:51:22 +0200] "POST /wp-cron.php?doing_wp_cron=1784911882.0980620384216308593750 HTTP/1.1" 200 5074 "-" "WordPress/6.9.4; https://as-cp.fr"
36.72.223.176 - - [24/Jul/2026:18:51:21 +0200] "POST /xmlrpc.php HTTP/1.1" 200 5463 "-" "Jetpack by WordPress.com"
31.193.35.210 - - [24/Jul/2026:18:51:26 +0200] "POST /xmlrpc.php HTTP/1.1" 200 5463 "-" "Jetpack/12.5; WordPress/6.2; http://site24927641.com"
36.72.223.176 - - [24/Jul/2026:18:51:32 +0200] "POST /xmlrpc.php HTTP/1.1" 200 5463 "-" "Jetpack by WordPress.com"
91.134.83.25 - - [24/Jul/2026:18:51:37 +0200] "POST /wp-cron.php?doing_wp_cron=1784911897.9267859458923339843750 HTTP/1.1" 200 5074 "-" "WordPress/6.9.4; https://as-cp.fr"
31.193.35.210 - - [24/Jul/2026:18:51:37 +0200] "POST /xmlrpc.php HTTP/1.1" 200 5463 "-" "Jetpack by WordPress.com"
91.134.83.25 - - [24/Jul/2026:18:51:43 +0200] "POST /wp-cron.php?doing_wp_cron=1784911903.4396529197692871093750 HTTP/1.1" 200 5074 "-" "WordPress/6.9.4; https://as-cp.fr"
36.72.223.176 - - [24/Jul/2026:18:51:43 +0200] "POST /xmlrpc.php HTTP/1.1" 200 5463 "-" "Jetpack by WordPress.com (Jetpack 12.5; WordPress 6.4)"
31.193.35.210 - - [24/Jul/2026:18:51:48 +0200] "POST /xmlrpc.php HTTP/1.1" 200 5463 "-" "WordPress.com; https://wordpress.com"
36.72.223.176 - - [24/Jul/2026:18:51:53 +0200] "POST /xmlrpc.php HTTP/1.1" 200 5463 "-" "WordPress.com; https://wordpress.com"
31.193.35.210 - - [24/Jul/2026:18:51:58 +0200] "POST /xmlrpc.php HTTP/1.1" 200 5463 "-" "WordPress.com; https://wordpress.com"
36.72.223.176 - - [24/Jul/2026:18:52:04 +0200] "POST /xmlrpc.php HTTP/1.1" 200 5463 "-" "WordPress.com; https://wordpress.com"
31.193.35.210 - - [24/Jul/2026:18:52:09 +0200] "POST /xmlrpc.php HTTP/1.1" 200 5463 "-" "Jetpack by WordPress.com (Jetpack 13.0; WordPress 6.4)"
91.134.83.25 - - [24/Jul/2026:18:52:15 +0200] "POST /wp-cron.php?doing_wp_cron=1784911935.4625940322875976562500 HTTP/1.1" 200 5074 "-" "WordPress/6.9.4; https://as-cp.fr"
36.72.223.176 - - [24/Jul/2026:18:52:14 +0200] "POST /xmlrpc.php HTTP/1.1" 200 5463 "-" "WordPress.com; https://wordpress.com"
91.134.83.25 - - [24/Jul/2026:18:52:20 +0200] "POST /wp-cron.php?doing_wp_cron=1784911940.3452200889587402343750 HTTP/1.1" 200 5074 "-" "WordPress/6.9.4; https://as-cp.fr"
31.193.35.210 - - [24/Jul/2026:18:52:19 +0200] "POST /xmlrpc.php HTTP/1.1" 200 5463 "-" "WordPress.com; https://wordpress.com"
91.134.83.25 - - [24/Jul/2026:18:52:26 +0200] "POST /wp-cron.php?doing_wp_cron=1784911946.0299530029296875000000 HTTP/1.1" 200 5074 "-" "WordPress/6.9.4; https://as-cp.fr"
36.72.223.176 - - [24/Jul/2026:18:52:25 +0200] "POST /xmlrpc.php HTTP/1.1" 200 5463 "-" "Jetpack by WordPress.com (Jetpack 12.1; WordPress 6.3)"
31.193.35.210 - - [24/Jul/2026:18:52:30 +0200] "POST /xmlrpc.php HTTP/1.1" 200 5463 "-" "Jetpack by WordPress.com"
91.134.83.25 - - [24/Jul/2026:18:52:36 +0200] "POST /wp-cron.php?doing_wp_cron=1784911956.5907731056213378906250 HTTP/1.1" 200 5074 "-" "WordPress/6.9.4; https://as-cp.fr"
36.72.223.176 - - [24/Jul/2026:18:52:36 +0200] "POST /xmlrpc.php HTTP/1.1" 200 5463 "-" "Jetpack by WordPress.com"
31.193.35.210 - - [24/Jul/2026:18:52:41 +0200] "POST /xmlrpc.php HTTP/1.1" 200 5463 "-" "WordPress.com; https://wordpress.com"
91.134.83.25 - - [24/Jul/2026:18:52:47 +0200] "POST /wp-cron.php?doing_wp_cron=1784911967.2063300609588623046875 HTTP/1.1" 200 5074 "-" "WordPress/6.9.4; https://as-cp.fr"
36.72.223.176 - - [24/Jul/2026:18:52:46 +0200] "POST /xmlrpc.php HTTP/1.1" 200 5463 "-" "Jetpack by WordPress.com (Jetpack 12.0; WordPress 6.2)"
31.193.35.210 - - [24/Jul/2026:18:52:51 +0200] "POST /xmlrpc.php HTTP/1.1" 200 5463 "-" "Jetpack/12.0; WordPress/6.1; http://site10301806.com"
36.72.223.176 - - [24/Jul/2026:18:52:57 +0200] "POST /xmlrpc.php HTTP/1.1" 200 5463 "-" "Jetpack by WordPress.com"
31.193.35.210 - - [24/Jul/2026:18:53:02 +0200] "POST /xmlrpc.php HTTP/1.1" 200 5463 "-" "WordPress.com; https://wordpress.com"
92.222.104.208 - - [24/Jul/2026:18:53:06 +0200] "GET /sitemap_index.xml HTTP/1.1" 200 5405 "-" "Mozilla/5.0 (compatible; AhrefsBot/7.0; +http://ahrefs.com/robot/)"
36.72.223.176 - - [24/Jul/2026:18:53:08 +0200] "POST /xmlrpc.php HTTP/1.1" 200 5463 "-" "Jetpack by WordPress.com"
5.39.1.228 - - [24/Jul/2026:18:53:10 +0200] "GET /post-sitemap.xml HTTP/1.1" 200 8166 "-" "Mozilla/5.0 (compatible; AhrefsBot/7.0; +http://ahrefs.com/robot/)"
31.193.35.210 - - [24/Jul/2026:18:53:12 +0200] "POST /xmlrpc.php HTTP/1.1" 200 5463 "-" "WordPress.com; https://wordpress.com"
51.68.247.219 - - [24/Jul/2026:18:53:14 +0200] "GET /page-sitemap.xml HTTP/1.1" 200 5544 "-" "Mozilla/5.0 (compatible; AhrefsBot/7.0; +http://ahrefs.com/robot/)"
51.75.236.149 - - [24/Jul/2026:18:53:17 +0200] "GET /category-sitemap.xml HTTP/1.1" 200 5562 "-" "Mozilla/5.0 (compatible; AhrefsBot/7.0; +http://ahrefs.com/robot/)"
91.134.83.25 - - [24/Jul/2026:18:53:19 +0200] "POST /wp-cron.php?doing_wp_cron=1784911999.2522931098937988281250 HTTP/1.1" 200 5074 "-" "WordPress/6.9.4; https://as-cp.fr"
36.72.223.176 - - [24/Jul/2026:18:53:18 +0200] "POST /xmlrpc.php HTTP/1.1" 200 5463 "-" "WordPress.com; https://wordpress.com"
91.134.83.25 - - [24/Jul/2026:18:53:21 +0200] "POST /wp-cron.php?doing_wp_cron=1784912001.3660678863525390625000 HTTP/1.1" 200 5074 "-" "WordPress/6.9.4; https://as-cp.fr"
51.75.236.138 - - [24/Jul/2026:18:53:20 +0200] "GET /post_tag-sitemap.xml HTTP/1.1" 200 5636 "-" "Mozilla/5.0 (compatible; AhrefsBot/7.0; +http://ahrefs.com/robot/)"
31.193.35.210 - - [24/Jul/2026:18:53:23 +0200] "POST /xmlrpc.php HTTP/1.1" 200 5463 "-" "WordPress.com; https://wordpress.com"
54.37.118.83 - - [24/Jul/2026:18:53:25 +0200] "GET /kwlogos-carousel-sitemap.xml HTTP/1.1" 200 5410 "-" "Mozilla/5.0 (compatible; AhrefsBot/7.0; +http://ahrefs.com/robot/)"
92.222.104.202 - - [24/Jul/2026:18:53:29 +0200] "GET /author-sitemap.xml HTTP/1.1" 200 5430 "-" "Mozilla/5.0 (compatible; AhrefsBot/7.0; +http://ahrefs.com/robot/)"
36.72.223.176 - - [24/Jul/2026:18:53:29 +0200] "POST /xmlrpc.php HTTP/1.1" 200 5463 "-" "Jetpack/12.0; WordPress/6.4; http://site63597587.com"
91.134.83.25 - - [24/Jul/2026:18:53:34 +0200] "POST /wp-cron.php?doing_wp_cron=1784912014.1418719291687011718750 HTTP/1.1" 200 5074 "-" "WordPress/6.9.4; https://as-cp.fr"
31.193.35.210 - - [24/Jul/2026:18:53:33 +0200] "POST /xmlrpc.php HTTP/1.1" 200 5463 "-" "Jetpack/12.0; WordPress/6.2; http://site64374220.com"
36.72.223.176 - - [24/Jul/2026:18:53:40 +0200] "POST /xmlrpc.php HTTP/1.1" 200 5463 "-" "WordPress.com; https://wordpress.com"
91.134.83.25 - - [24/Jul/2026:18:53:44 +0200] "POST /wp-cron.php?doing_wp_cron=1784912024.6469390392303466796875 HTTP/1.1" 200 5074 "-" "WordPress/6.9.4; https://as-cp.fr"
31.193.35.210 - - [24/Jul/2026:18:53:44 +0200] "POST /xmlrpc.php HTTP/1.1" 200 5463 "-" "Jetpack/12.5; WordPress/6.2; http://site86770841.com"
36.72.223.176 - - [24/Jul/2026:18:53:50 +0200] "POST /xmlrpc.php HTTP/1.1" 200 5463 "-" "Jetpack by WordPress.com"
31.193.35.210 - - [24/Jul/2026:18:53:54 +0200] "POST /xmlrpc.php HTTP/1.1" 200 5463 "-" "Jetpack/13.0; WordPress/6.2; http://site65691630.com"
36.72.223.176 - - [24/Jul/2026:18:54:01 +0200] "POST /xmlrpc.php HTTP/1.1" 200 5463 "-" "Jetpack/12.1; WordPress/6.1; http://site26857139.com"
31.193.35.210 - - [24/Jul/2026:18:54:05 +0200] "POST /xmlrpc.php HTTP/1.1" 200 5463 "-" "Jetpack/12.1; WordPress/6.2; http://site19092002.com"
36.72.223.176 - - [24/Jul/2026:18:54:12 +0200] "POST /xmlrpc.php HTTP/1.1" 200 5463 "-" "Jetpack by WordPress.com"
31.193.35.210 - - [24/Jul/2026:18:54:15 +0200] "POST /xmlrpc.php HTTP/1.1" 200 5463 "-" "Jetpack/12.1; WordPress/6.3; http://site72339300.com"
91.134.83.25 - - [24/Jul/2026:18:54:23 +0200] "POST /wp-cron.php?doing_wp_cron=1784912063.2276370525360107421875 HTTP/1.1" 200 5074 "-" "WordPress/6.9.4; https://as-cp.fr"
36.72.223.176 - - [24/Jul/2026:18:54:22 +0200] "POST /xmlrpc.php HTTP/1.1" 200 5463 "-" "Jetpack by WordPress.com"
36.72.223.176 - - [24/Jul/2026:18:54:33 +0200] "POST /xmlrpc.php HTTP/1.1" 200 5463 "-" "WordPress.com; https://wordpress.com"
91.134.83.25 - - [24/Jul/2026:18:54:44 +0200] "POST /wp-cron.php?doing_wp_cron=1784912084.5099871158599853515625 HTTP/1.1" 200 5074 "-" "WordPress/6.9.4; https://as-cp.fr"
36.72.223.176 - - [24/Jul/2026:18:54:44 +0200] "POST /xmlrpc.php HTTP/1.1" 200 5463 "-" "WordPress.com; https://wordpress.com"
36.72.223.176 - - [24/Jul/2026:18:54:54 +0200] "POST /xmlrpc.php HTTP/1.1" 200 5463 "-" "WordPress.com; https://wordpress.com"
