91.134.83.25 - - [24/Jul/2026:16:53:32 +0200] "POST /wp-cron.php?doing_wp_cron=1784904812.4401040077209472656250 HTTP/1.1" 200 5074 "-" "WordPress/6.9.4; https://as-cp.fr"
57.141.0.10 - - [24/Jul/2026:16:53:31 +0200] "GET /null HTTP/1.1" 301 5197 "https://as-cp.fr/?v=r3a1c3e2a7b8o1u0t906" "Mozilla/5.0 (Macintosh; Intel Mac OS X 10_15_7) AppleWebKit/537.36 (KHTML, like Gecko) Chrome/145.0.0.0 Safari/537.36 (compatible; meta-externalagent/1.1 (+https://developers.facebook.com/docs/sharing/webmasters/crawler))"
57.141.0.40 - - [24/Jul/2026:16:53:33 +0200] "GET / HTTP/1.1" 200 26624 "https://as-cp.fr/?v=r3a1c3e2a7b8o1u0t906" "Mozilla/5.0 (Macintosh; Intel Mac OS X 10_15_7) AppleWebKit/537.36 (KHTML, like Gecko) Chrome/145.0.0.0 Safari/537.36 (compatible; meta-externalagent/1.1 (+https://developers.facebook.com/docs/sharing/webmasters/crawler))"
68.67.112.61 - - [24/Jul/2026:16:54:03 +0200] "GET /robots.txt HTTP/1.1" 200 5168 "-" "Mozilla/5.0 AppleWebKit/537.36 (KHTML, like Gecko; compatible; YouBot/1.0; +https://docs.you.com/youbot; env:prod) Chrome/142.0.0.0 Safari/537.36"
68.67.112.61 - - [24/Jul/2026:16:54:03 +0200] "GET /impots-locaux-a-perpignan-ce-quil-faut-savoir-avant-la-fin-dannee/ HTTP/1.1" 200 23959 "-" "Mozilla/5.0 AppleWebKit/537.36 (KHTML, like Gecko; compatible; YouBot/1.0; +https://docs.you.com/youbot; env:prod) Chrome/142.0.0.0 Safari/537.36"
91.134.83.25 - - [24/Jul/2026:16:56:33 +0200] "POST /wp-cron.php?doing_wp_cron=1784904993.5420079231262207031250 HTTP/1.1" 200 5074 "-" "WordPress/6.9.4; https://as-cp.fr"
170.106.187.106 - - [24/Jul/2026:16:56:32 +0200] "GET / HTTP/1.1" 301 5051 "http://www.as-cp.fr" "Mozilla/5.0 (iPhone; CPU iPhone OS 13_2_3 like Mac OS X) AppleWebKit/605.1.15 (KHTML, like Gecko) Version/13.0.3 Mobile/15E148 Safari/604.1"
170.106.187.106 - - [24/Jul/2026:16:56:34 +0200] "GET / HTTP/1.1" 200 26630 "https://www.as-cp.fr/" "Mozilla/5.0 (iPhone; CPU iPhone OS 13_2_3 like Mac OS X) AppleWebKit/605.1.15 (KHTML, like Gecko) Version/13.0.3 Mobile/15E148 Safari/604.1"
91.134.83.25 - - [24/Jul/2026:17:02:44 +0200] "POST /wp-cron.php?doing_wp_cron=1784905364.9288659095764160156250 HTTP/1.1" 200 5074 "-" "WordPress/6.9.4; https://as-cp.fr"
45.131.193.166 - - [24/Jul/2026:17:02:43 +0200] "POST /wp-login.php HTTP/1.1" 200 8904 "-" "Mozilla/5.0 (Windows NT 10.0; Win64; x64) AppleWebKit/537.36 Chrome/129.0.0.0 Safari/537.36"
45.131.193.158 - - [24/Jul/2026:17:02:44 +0200] "POST /wp-login.php HTTP/1.1" 200 8903 "-" "Mozilla/5.0 (Windows NT 10.0; Win64; rv:143.0) Gecko/20100101 Firefox/143.0"
91.134.83.25 - - [24/Jul/2026:17:04:18 +0200] "POST /wp-cron.php?doing_wp_cron=1784905458.6618630886077880859375 HTTP/1.1" 200 5074 "-" "WordPress/6.9.4; https://as-cp.fr"
46.62.186.30 - - [24/Jul/2026:17:04:18 +0200] "GET /wp-login.php HTTP/1.1" 200 8736 "-" "Mozilla/5.0 (Windows NT 10.0; Win64; x64) AppleWebKit/537.36 (KHTML, like Gecko) Chrome/150.0.0.0 Safari/537.36"
46.62.186.30 - - [24/Jul/2026:17:04:19 +0200] "POST /wp-login.php HTTP/1.1" 200 8911 "https://as-cp.fr/wp-login.php" "Mozilla/5.0 (Windows NT 10.0; Win64; x64) AppleWebKit/537.36 (KHTML, like Gecko) Chrome/150.0.0.0 Safari/537.36"
47.128.27.59 - - [24/Jul/2026:17:07:56 +0200] "GET /clause-beneficiaire/ HTTP/1.1" 200 23619 "-" "Mozilla/5.0 (Linux; Android 5.0) AppleWebKit/537.36 (KHTML, like Gecko) Mobile Safari/537.36 (compatible; Bytespider; spider-feedback@bytedance.com)"
47.128.27.59 - - [24/Jul/2026:17:07:57 +0200] "GET /wp-content/uploads/la_icon_sets/style.min.css?ver=6.9.4 HTTP/1.1" 200 5068 "https://as-cp.fr/clause-beneficiaire/" "Mozilla/5.0 (Linux; Android 5.0) AppleWebKit/537.36 (KHTML, like Gecko) Mobile Safari/537.36 (compatible; Bytespider; spider-feedback@bytedance.com)"
47.128.27.59 - - [24/Jul/2026:17:07:57 +0200] "GET /wp-content/uploads/2022/07/clause-beneficiaire-1-768x576.jpg HTTP/1.1" 200 5099 "https://as-cp.fr/clause-beneficiaire/" "Mozilla/5.0 (Linux; Android 5.0) AppleWebKit/537.36 (KHTML, like Gecko) Mobile Safari/537.36 (compatible; Bytespider; spider-feedback@bytedance.com)"
162.120.187.134 - - [24/Jul/2026:17:08:04 +0200] "GET / HTTP/1.1" 200 26624 "https://www.google.com/" "Mozilla/5.0 (Windows NT 10.0; Win64; x64) AppleWebKit/537.36 (KHTML, like Gecko) Chrome/150.0.0.0 Safari/537.36"
91.134.83.25 - - [24/Jul/2026:17:08:05 +0200] "POST /wp-cron.php?doing_wp_cron=1784905685.0211219787597656250000 HTTP/1.1" 200 5074 "-" "WordPress/6.9.4; https://as-cp.fr"
66.249.93.98 - - [24/Jul/2026:17:08:04 +0200] "GET /.well-known/traffic-advice HTTP/1.1" 301 5197 "-" "Chrome Privacy Preserving Prefetch Proxy"
162.120.187.135 - - [24/Jul/2026:17:12:57 +0200] "GET / HTTP/1.1" 200 26624 "https://www.google.com/" "Mozilla/5.0 (Windows NT 10.0; Win64; x64) AppleWebKit/537.36 (KHTML, like Gecko) Chrome/150.0.0.0 Safari/537.36"
91.134.83.25 - - [24/Jul/2026:17:18:00 +0200] "POST /wp-cron.php?doing_wp_cron=1784906280.1074330806732177734375 HTTP/1.1" 200 5074 "-" "WordPress/6.9.4; https://as-cp.fr"
45.131.193.153 - - [24/Jul/2026:17:17:59 +0200] "POST /wp-login.php HTTP/1.1" 200 8903 "-" "Mozilla/5.0 (Windows NT 10.0; Win64; rv:143.0) Gecko/20100101 Firefox/143.0"
45.131.193.151 - - [24/Jul/2026:17:17:59 +0200] "POST /wp-login.php HTTP/1.1" 200 8904 "-" "Mozilla/5.0 (Windows NT 10.0; Win64; rv:143.0) Gecko/20100101 Firefox/143.0"
91.134.83.25 - - [24/Jul/2026:17:20:59 +0200] "POST /wp-cron.php?doing_wp_cron=1784906459.7230629920959472656250 HTTP/1.1" 200 5074 "-" "WordPress/6.9.4; https://as-cp.fr"
202.51.202.242 - - [24/Jul/2026:17:20:59 +0200] "GET /wp-login.php HTTP/1.1" 200 8736 "-" "Mozilla/5.0 (Windows NT 10.0; Win64; x64) AppleWebKit/537.36 (KHTML, like Gecko) Chrome/150.0.0.0 Safari/537.36"
202.51.202.242 - - [24/Jul/2026:17:21:04 +0200] "POST /wp-login.php HTTP/1.1" 200 8911 "https://as-cp.fr/wp-login.php" "Mozilla/5.0 (Windows NT 10.0; Win64; x64) AppleWebKit/537.36 (KHTML, like Gecko) Chrome/150.0.0.0 Safari/537.36"
91.134.83.25 - - [24/Jul/2026:17:21:45 +0200] "POST /wp-cron.php?doing_wp_cron=1784906505.1482551097869873046875 HTTP/1.1" 200 5074 "-" "WordPress/6.9.4; https://as-cp.fr"
41.174.94.104 - - [24/Jul/2026:17:21:43 +0200] "POST /xmlrpc.php HTTP/1.1" 200 5463 "-" "Jetpack/12.5; WordPress/6.2; http://site40053294.com"
41.174.94.104 - - [24/Jul/2026:17:21:53 +0200] "POST /xmlrpc.php HTTP/1.1" 200 5463 "-" "WordPress.com; https://wordpress.com"
41.174.94.104 - - [24/Jul/2026:17:22:03 +0200] "POST /xmlrpc.php HTTP/1.1" 200 5463 "-" "Jetpack by WordPress.com (Jetpack 12.1; WordPress 6.1)"
41.174.94.104 - - [24/Jul/2026:17:22:14 +0200] "POST /xmlrpc.php HTTP/1.1" 200 5463 "-" "WordPress.com; https://wordpress.com"
57.141.0.40 - - [24/Jul/2026:17:22:14 +0200] "GET /null HTTP/1.1" 301 5197 "https://as-cp.fr/?v=s2c1l6e1r3o3b5a6s7i0c0" "Mozilla/5.0 (Macintosh; Intel Mac OS X 10_15_7) AppleWebKit/537.36 (KHTML, like Gecko) Chrome/145.0.0.0 Safari/537.36 (compatible; meta-externalagent/1.1 (+https://developers.facebook.com/docs/sharing/webmasters/crawler))"
57.141.0.71 - - [24/Jul/2026:17:22:15 +0200] "GET / HTTP/1.1" 200 26624 "https://as-cp.fr/?v=s2c1l6e1r3o3b5a6s7i0c0" "Mozilla/5.0 (Macintosh; Intel Mac OS X 10_15_7) AppleWebKit/537.36 (KHTML, like Gecko) Chrome/145.0.0.0 Safari/537.36 (compatible; meta-externalagent/1.1 (+https://developers.facebook.com/docs/sharing/webmasters/crawler))"
91.134.83.25 - - [24/Jul/2026:17:22:25 +0200] "POST /wp-cron.php?doing_wp_cron=1784906545.5542430877685546875000 HTTP/1.1" 200 5074 "-" "WordPress/6.9.4; https://as-cp.fr"
41.174.94.104 - - [24/Jul/2026:17:22:24 +0200] "POST /xmlrpc.php HTTP/1.1" 200 5463 "-" "Jetpack by WordPress.com (Jetpack 13.0; WordPress 6.4)"
91.134.83.25 - - [24/Jul/2026:17:22:36 +0200] "POST /wp-cron.php?doing_wp_cron=1784906556.2726960182189941406250 HTTP/1.1" 200 5074 "-" "WordPress/6.9.4; https://as-cp.fr"
41.174.94.104 - - [24/Jul/2026:17:22:35 +0200] "POST /xmlrpc.php HTTP/1.1" 200 5463 "-" "WordPress.com; https://wordpress.com"
91.134.83.25 - - [24/Jul/2026:17:22:47 +0200] "POST /wp-cron.php?doing_wp_cron=1784906567.0041940212249755859375 HTTP/1.1" 200 5074 "-" "WordPress/6.9.4; https://as-cp.fr"
41.174.94.104 - - [24/Jul/2026:17:22:46 +0200] "POST /xmlrpc.php HTTP/1.1" 200 5463 "-" "Jetpack by WordPress.com"
17.246.23.89 - - [24/Jul/2026:17:22:58 +0200] "GET /traitement-des-reclamations HTTP/1.1" 301 5079 "-" "Mozilla/5.0 (Macintosh; Intel Mac OS X 10_15_7) AppleWebKit/605.1.15 (KHTML, like Gecko) Version/17.4 Safari/605.1.15 (Applebot/0.1; +http://www.apple.com/go/applebot)"
17.246.23.89 - - [24/Jul/2026:17:22:59 +0200] "GET /traitement-des-reclamations/ HTTP/1.1" 200 21956 "-" "Mozilla/5.0 (Macintosh; Intel Mac OS X 10_15_7) AppleWebKit/605.1.15 (KHTML, like Gecko) Version/17.4 Safari/605.1.15 (Applebot/0.1; +http://www.apple.com/go/applebot)"
41.174.94.104 - - [24/Jul/2026:17:22:56 +0200] "POST /xmlrpc.php HTTP/1.1" 200 5463 "-" "Jetpack by WordPress.com"
91.134.83.25 - - [24/Jul/2026:17:23:08 +0200] "POST /wp-cron.php?doing_wp_cron=1784906588.0399730205535888671875 HTTP/1.1" 200 5074 "-" "WordPress/6.9.4; https://as-cp.fr"
41.174.94.104 - - [24/Jul/2026:17:23:07 +0200] "POST /xmlrpc.php HTTP/1.1" 200 5463 "-" "Jetpack/12.0; WordPress/6.2; http://site11138046.com"
91.134.83.25 - - [24/Jul/2026:17:23:18 +0200] "POST /wp-cron.php?doing_wp_cron=1784906598.6393449306488037109375 HTTP/1.1" 200 5074 "-" "WordPress/6.9.4; https://as-cp.fr"
41.174.94.104 - - [24/Jul/2026:17:23:18 +0200] "POST /xmlrpc.php HTTP/1.1" 200 5463 "-" "Jetpack/13.0; WordPress/6.3; http://site65284971.com"
91.134.83.25 - - [24/Jul/2026:17:23:29 +0200] "POST /wp-cron.php?doing_wp_cron=1784906609.5385959148406982421875 HTTP/1.1" 200 5074 "-" "WordPress/6.9.4; https://as-cp.fr"
41.174.94.104 - - [24/Jul/2026:17:23:28 +0200] "POST /xmlrpc.php HTTP/1.1" 200 5463 "-" "Jetpack by WordPress.com"
91.134.83.25 - - [24/Jul/2026:17:23:40 +0200] "POST /wp-cron.php?doing_wp_cron=1784906620.3168001174926757812500 HTTP/1.1" 200 5074 "-" "WordPress/6.9.4; https://as-cp.fr"
41.174.94.104 - - [24/Jul/2026:17:23:39 +0200] "POST /xmlrpc.php HTTP/1.1" 200 5463 "-" "Jetpack by WordPress.com (Jetpack 13.0; WordPress 6.3)"
91.134.83.25 - - [24/Jul/2026:17:23:50 +0200] "POST /wp-cron.php?doing_wp_cron=1784906630.4904139041900634765625 HTTP/1.1" 200 5074 "-" "WordPress/6.9.4; https://as-cp.fr"
41.174.94.104 - - [24/Jul/2026:17:23:49 +0200] "POST /xmlrpc.php HTTP/1.1" 200 5463 "-" "Jetpack by WordPress.com"
80.94.92.139 - - [24/Jul/2026:17:23:51 +0200] "GET / HTTP/1.1" 200 26624 "https://as-cp.fr/" "Mozilla/5.0 (Windows NT 10.0; Win64; x64; rv:124.0) Gecko/20100101 Firefox/124.0"
80.94.92.139 - - [24/Jul/2026:17:23:51 +0200] "GET /traitement-des-reclamations HTTP/1.1" 301 5079 "https://as-cp.fr/traitement-des-reclamations" "Mozilla/5.0 (Windows NT 10.0; Win64; x64) AppleWebKit/537.36 (KHTML, like Gecko) Edg/122.0.0.0 Safari/537.36"
80.94.92.139 - - [24/Jul/2026:17:23:51 +0200] "GET /contact HTTP/1.1" 301 5059 "https://as-cp.fr/contact" "Mozilla/5.0 (Windows NT 10.0; Win64; x64) AppleWebKit/537.36 (KHTML, like Gecko) Edg/122.0.0.0 Safari/537.36"
80.94.92.139 - - [24/Jul/2026:17:23:52 +0200] "GET /contact/ HTTP/1.1" 200 22183 "-" "Mozilla/5.0 (Windows NT 10.0; Win64; x64) AppleWebKit/537.36 (KHTML, like Gecko) Edg/122.0.0.0 Safari/537.36"
80.94.92.139 - - [24/Jul/2026:17:23:52 +0200] "GET / HTTP/1.1" 200 26624 "https://www.bing.com/" "Mozilla/5.0 (Windows NT 10.0; Win64; x64) AppleWebKit/537.36 (KHTML, like Gecko) Chrome/122.0.0.0 Safari/537.36"
80.94.92.139 - - [24/Jul/2026:17:23:52 +0200] "GET /aide-declaration-dimpot-a-perpignan-la-campagne-2026-est-lancee HTTP/1.1" 301 5115 "https://as-cp.fr/aide-declaration-dimpot-a-perpignan-la-campagne-2026-est-lancee" "Mozilla/5.0 (Windows NT 10.0; Win64; x64) AppleWebKit/537.36 (KHTML, like Gecko) Edg/122.0.0.0 Safari/537.36"
80.94.92.139 - - [24/Jul/2026:17:23:52 +0200] "GET /traitement-des-reclamations/ HTTP/1.1" 200 21956 "-" "Mozilla/5.0 (Windows NT 10.0; Win64; x64) AppleWebKit/537.36 (KHTML, like Gecko) Edg/122.0.0.0 Safari/537.36"
80.94.92.139 - - [24/Jul/2026:17:23:52 +0200] "GET /aide-declaration-dimpot-a-perpignan-la-campagne-2026-est-lancee/ HTTP/1.1" 200 24288 "-" "Mozilla/5.0 (Windows NT 10.0; Win64; x64) AppleWebKit/537.36 (KHTML, like Gecko) Edg/122.0.0.0 Safari/537.36"
41.174.94.104 - - [24/Jul/2026:17:24:00 +0200] "POST /xmlrpc.php HTTP/1.1" 200 5463 "-" "Jetpack by WordPress.com"
41.174.94.104 - - [24/Jul/2026:17:24:11 +0200] "POST /xmlrpc.php HTTP/1.1" 200 5463 "-" "Jetpack/12.1; WordPress/6.2; http://site24777302.com"
91.134.83.25 - - [24/Jul/2026:17:24:22 +0200] "POST /wp-cron.php?doing_wp_cron=1784906662.0804131031036376953125 HTTP/1.1" 200 5074 "-" "WordPress/6.9.4; https://as-cp.fr"
41.174.94.104 - - [24/Jul/2026:17:24:21 +0200] "POST /xmlrpc.php HTTP/1.1" 200 5463 "-" "Jetpack by WordPress.com (Jetpack 13.0; WordPress 6.4)"
41.174.94.104 - - [24/Jul/2026:17:24:32 +0200] "POST /xmlrpc.php HTTP/1.1" 200 5463 "-" "Jetpack by WordPress.com"
91.134.83.25 - - [24/Jul/2026:17:24:43 +0200] "POST /wp-cron.php?doing_wp_cron=1784906683.7552399635314941406250 HTTP/1.1" 200 5074 "-" "WordPress/6.9.4; https://as-cp.fr"
41.174.94.104 - - [24/Jul/2026:17:24:42 +0200] "POST /xmlrpc.php HTTP/1.1" 200 5463 "-" "Jetpack/12.5; WordPress/6.4; http://site57183070.com"
41.174.94.104 - - [24/Jul/2026:17:24:53 +0200] "POST /xmlrpc.php HTTP/1.1" 200 5463 "-" "WordPress.com; https://wordpress.com"
41.174.94.104 - - [24/Jul/2026:17:25:04 +0200] "POST /xmlrpc.php HTTP/1.1" 200 5463 "-" "Jetpack by WordPress.com (Jetpack 12.1; WordPress 6.3)"
41.174.94.104 - - [24/Jul/2026:17:25:14 +0200] "POST /xmlrpc.php HTTP/1.1" 200 5463 "-" "Jetpack by WordPress.com (Jetpack 12.0; WordPress 6.3)"
91.134.83.25 - - [24/Jul/2026:17:25:25 +0200] "POST /wp-cron.php?doing_wp_cron=1784906725.9232590198516845703125 HTTP/1.1" 200 5074 "-" "WordPress/6.9.4; https://as-cp.fr"
41.174.94.104 - - [24/Jul/2026:17:25:25 +0200] "POST /xmlrpc.php HTTP/1.1" 200 5463 "-" "Jetpack/12.0; WordPress/6.3; http://site93563916.com"
91.134.83.25 - - [24/Jul/2026:17:25:36 +0200] "POST /wp-cron.php?doing_wp_cron=1784906736.4852209091186523437500 HTTP/1.1" 200 5074 "-" "WordPress/6.9.4; https://as-cp.fr"
41.174.94.104 - - [24/Jul/2026:17:25:36 +0200] "POST /xmlrpc.php HTTP/1.1" 200 5463 "-" "Jetpack by WordPress.com (Jetpack 13.0; WordPress 6.2)"
91.134.83.25 - - [24/Jul/2026:17:25:47 +0200] "POST /wp-cron.php?doing_wp_cron=1784906747.4383900165557861328125 HTTP/1.1" 200 5074 "-" "WordPress/6.9.4; https://as-cp.fr"
41.174.94.104 - - [24/Jul/2026:17:25:46 +0200] "POST /xmlrpc.php HTTP/1.1" 200 5463 "-" "Jetpack/13.0; WordPress/6.2; http://site64711442.com"
41.174.94.104 - - [24/Jul/2026:17:25:57 +0200] "POST /xmlrpc.php HTTP/1.1" 200 5463 "-" "Jetpack by WordPress.com (Jetpack 12.0; WordPress 6.3)"
41.174.94.104 - - [24/Jul/2026:17:26:07 +0200] "POST /xmlrpc.php HTTP/1.1" 200 5463 "-" "Jetpack by WordPress.com (Jetpack 13.0; WordPress 6.2)"
91.134.83.25 - - [24/Jul/2026:17:26:19 +0200] "POST /wp-cron.php?doing_wp_cron=1784906779.1139419078826904296875 HTTP/1.1" 200 5074 "-" "WordPress/6.9.4; https://as-cp.fr"
41.174.94.104 - - [24/Jul/2026:17:26:18 +0200] "POST /xmlrpc.php HTTP/1.1" 200 5463 "-" "Jetpack by WordPress.com (Jetpack 12.5; WordPress 6.3)"
91.134.83.25 - - [24/Jul/2026:17:26:27 +0200] "POST /wp-cron.php?doing_wp_cron=1784906787.9299559593200683593750 HTTP/1.1" 200 5074 "-" "WordPress/6.9.4; https://as-cp.fr"
176.31.139.0 - - [24/Jul/2026:17:26:26 +0200] "GET /sitemap_index.xml HTTP/1.1" 200 5405 "-" "Mozilla/5.0 (compatible; AhrefsBot/7.0; +http://ahrefs.com/robot/)"
41.174.94.104 - - [24/Jul/2026:17:26:29 +0200] "POST /xmlrpc.php HTTP/1.1" 200 5463 "-" "Jetpack by WordPress.com"
5.39.1.240 - - [24/Jul/2026:17:26:31 +0200] "GET /post-sitemap.xml HTTP/1.1" 200 8166 "-" "Mozilla/5.0 (compatible; AhrefsBot/7.0; +http://ahrefs.com/robot/)"
91.134.83.25 - - [24/Jul/2026:17:26:39 +0200] "POST /wp-cron.php?doing_wp_cron=1784906799.9699199199676513671875 HTTP/1.1" 200 5074 "-" "WordPress/6.9.4; https://as-cp.fr"
92.222.104.195 - - [24/Jul/2026:17:26:39 +0200] "GET /page-sitemap.xml HTTP/1.1" 200 5544 "-" "Mozilla/5.0 (compatible; AhrefsBot/7.0; +http://ahrefs.com/robot/)"
41.174.94.104 - - [24/Jul/2026:17:26:39 +0200] "POST /xmlrpc.php HTTP/1.1" 200 5463 "-" "Jetpack/12.5; WordPress/6.1; http://site66248968.com"
91.134.83.25 - - [24/Jul/2026:17:26:44 +0200] "POST /wp-cron.php?doing_wp_cron=1784906804.0245690345764160156250 HTTP/1.1" 200 5074 "-" "WordPress/6.9.4; https://as-cp.fr"
51.68.247.220 - - [24/Jul/2026:17:26:43 +0200] "GET /category-sitemap.xml HTTP/1.1" 200 5562 "-" "Mozilla/5.0 (compatible; AhrefsBot/7.0; +http://ahrefs.com/robot/)"
92.222.108.101 - - [24/Jul/2026:17:26:47 +0200] "GET /post_tag-sitemap.xml HTTP/1.1" 200 5636 "-" "Mozilla/5.0 (compatible; AhrefsBot/7.0; +http://ahrefs.com/robot/)"
41.174.94.104 - - [24/Jul/2026:17:26:50 +0200] "POST /xmlrpc.php HTTP/1.1" 200 5463 "-" "Jetpack/12.0; WordPress/6.4; http://site32639019.com"
176.31.139.22 - - [24/Jul/2026:17:26:50 +0200] "GET /kwlogos-carousel-sitemap.xml HTTP/1.1" 200 5410 "-" "Mozilla/5.0 (compatible; AhrefsBot/7.0; +http://ahrefs.com/robot/)"
94.23.188.217 - - [24/Jul/2026:17:26:54 +0200] "GET /author-sitemap.xml HTTP/1.1" 200 5430 "-" "Mozilla/5.0 (compatible; AhrefsBot/7.0; +http://ahrefs.com/robot/)"
41.174.94.104 - - [24/Jul/2026:17:27:00 +0200] "POST /xmlrpc.php HTTP/1.1" 200 5463 "-" "Jetpack/12.1; WordPress/6.2; http://site35451250.com"
41.174.94.104 - - [24/Jul/2026:17:27:11 +0200] "POST /xmlrpc.php HTTP/1.1" 200 5463 "-" "Jetpack by WordPress.com"
91.134.83.25 - - [24/Jul/2026:17:27:22 +0200] "POST /wp-cron.php?doing_wp_cron=1784906842.6752340793609619140625 HTTP/1.1" 200 5074 "-" "WordPress/6.9.4; https://as-cp.fr"
41.174.94.104 - - [24/Jul/2026:17:27:22 +0200] "POST /xmlrpc.php HTTP/1.1" 200 5463 "-" "WordPress.com; https://wordpress.com"
41.174.94.104 - - [24/Jul/2026:17:27:32 +0200] "POST /xmlrpc.php HTTP/1.1" 200 5463 "-" "Jetpack by WordPress.com (Jetpack 12.1; WordPress 6.3)"
91.134.83.25 - - [24/Jul/2026:17:27:43 +0200] "POST /wp-cron.php?doing_wp_cron=1784906863.9518690109252929687500 HTTP/1.1" 200 5074 "-" "WordPress/6.9.4; https://as-cp.fr"
41.174.94.104 - - [24/Jul/2026:17:27:43 +0200] "POST /xmlrpc.php HTTP/1.1" 200 5463 "-" "Jetpack/12.1; WordPress/6.2; http://site73311222.com"
41.174.94.104 - - [24/Jul/2026:17:27:54 +0200] "POST /xmlrpc.php HTTP/1.1" 200 5463 "-" "Jetpack/12.0; WordPress/6.2; http://site97937830.com"
41.174.94.104 - - [24/Jul/2026:17:28:04 +0200] "POST /xmlrpc.php HTTP/1.1" 200 5463 "-" "Jetpack/12.1; WordPress/6.3; http://site65633132.com"
41.174.94.104 - - [24/Jul/2026:17:28:15 +0200] "POST /xmlrpc.php HTTP/1.1" 200 5463 "-" "Jetpack by WordPress.com (Jetpack 13.0; WordPress 6.2)"
91.134.83.25 - - [24/Jul/2026:17:28:26 +0200] "POST /wp-cron.php?doing_wp_cron=1784906906.6525790691375732421875 HTTP/1.1" 200 5074 "-" "WordPress/6.9.4; https://as-cp.fr"
41.174.94.104 - - [24/Jul/2026:17:28:26 +0200] "POST /xmlrpc.php HTTP/1.1" 200 5463 "-" "Jetpack by WordPress.com (Jetpack 12.5; WordPress 6.3)"
91.134.83.25 - - [24/Jul/2026:17:28:37 +0200] "POST /wp-cron.php?doing_wp_cron=1784906917.0821299552917480468750 HTTP/1.1" 200 5074 "-" "WordPress/6.9.4; https://as-cp.fr"
41.174.94.104 - - [24/Jul/2026:17:28:36 +0200] "POST /xmlrpc.php HTTP/1.1" 200 5463 "-" "Jetpack by WordPress.com"
91.134.83.25 - - [24/Jul/2026:17:28:48 +0200] "POST /wp-cron.php?doing_wp_cron=1784906928.4922978878021240234375 HTTP/1.1" 200 5074 "-" "WordPress/6.9.4; https://as-cp.fr"
41.174.94.104 - - [24/Jul/2026:17:28:47 +0200] "POST /xmlrpc.php HTTP/1.1" 200 5463 "-" "Jetpack by WordPress.com (Jetpack 12.1; WordPress 6.1)"
41.174.94.104 - - [24/Jul/2026:17:28:57 +0200] "POST /xmlrpc.php HTTP/1.1" 200 5463 "-" "Jetpack/12.5; WordPress/6.1; http://site64651163.com"
41.174.94.104 - - [24/Jul/2026:17:29:08 +0200] "POST /xmlrpc.php HTTP/1.1" 200 5463 "-" "Jetpack by WordPress.com (Jetpack 13.0; WordPress 6.2)"
91.134.83.25 - - [24/Jul/2026:17:29:19 +0200] "POST /wp-cron.php?doing_wp_cron=1784906959.6813590526580810546875 HTTP/1.1" 200 5074 "-" "WordPress/6.9.4; https://as-cp.fr"
41.174.94.104 - - [24/Jul/2026:17:29:19 +0200] "POST /xmlrpc.php HTTP/1.1" 200 5463 "-" "Jetpack by WordPress.com (Jetpack 12.1; WordPress 6.3)"
91.134.83.25 - - [24/Jul/2026:17:29:30 +0200] "POST /wp-cron.php?doing_wp_cron=1784906970.0372860431671142578125 HTTP/1.1" 200 5074 "-" "WordPress/6.9.4; https://as-cp.fr"
41.174.94.104 - - [24/Jul/2026:17:29:29 +0200] "POST /xmlrpc.php HTTP/1.1" 200 5463 "-" "Jetpack/13.0; WordPress/6.4; http://site89101572.com"
91.134.83.25 - - [24/Jul/2026:17:29:40 +0200] "POST /wp-cron.php?doing_wp_cron=1784906980.6847679615020751953125 HTTP/1.1" 200 5074 "-" "WordPress/6.9.4; https://as-cp.fr"
41.174.94.104 - - [24/Jul/2026:17:29:40 +0200] "POST /xmlrpc.php HTTP/1.1" 200 5463 "-" "Jetpack/12.0; WordPress/6.2; http://site29578981.com"
91.134.83.25 - - [24/Jul/2026:17:29:51 +0200] "POST /wp-cron.php?doing_wp_cron=1784906991.2957060337066650390625 HTTP/1.1" 200 5074 "-" "WordPress/6.9.4; https://as-cp.fr"
41.174.94.104 - - [24/Jul/2026:17:29:50 +0200] "POST /xmlrpc.php HTTP/1.1" 200 5463 "-" "Jetpack by WordPress.com"
41.174.94.104 - - [24/Jul/2026:17:30:01 +0200] "POST /xmlrpc.php HTTP/1.1" 200 5463 "-" "Jetpack/12.1; WordPress/6.4; http://site75433725.com"
41.174.94.104 - - [24/Jul/2026:17:30:12 +0200] "POST /xmlrpc.php HTTP/1.1" 200 5463 "-" "Jetpack/12.0; WordPress/6.4; http://site18510438.com"
91.134.83.25 - - [24/Jul/2026:17:30:23 +0200] "POST /wp-cron.php?doing_wp_cron=1784907023.2042040824890136718750 HTTP/1.1" 200 5074 "-" "WordPress/6.9.4; https://as-cp.fr"
41.174.94.104 - - [24/Jul/2026:17:30:22 +0200] "POST /xmlrpc.php HTTP/1.1" 200 5463 "-" "Jetpack/12.1; WordPress/6.4; http://site92461966.com"
41.174.94.104 - - [24/Jul/2026:17:30:33 +0200] "POST /xmlrpc.php HTTP/1.1" 200 5463 "-" "Jetpack by WordPress.com (Jetpack 12.5; WordPress 6.1)"
91.134.83.25 - - [24/Jul/2026:17:30:45 +0200] "POST /wp-cron.php?doing_wp_cron=1784907045.1762568950653076171875 HTTP/1.1" 200 5074 "-" "WordPress/6.9.4; https://as-cp.fr"
41.174.94.104 - - [24/Jul/2026:17:30:44 +0200] "POST /xmlrpc.php HTTP/1.1" 200 5463 "-" "Jetpack by WordPress.com"
41.174.94.104 - - [24/Jul/2026:17:30:54 +0200] "POST /xmlrpc.php HTTP/1.1" 200 5463 "-" "Jetpack by WordPress.com"
41.174.94.104 - - [24/Jul/2026:17:31:05 +0200] "POST /xmlrpc.php HTTP/1.1" 200 5463 "-" "Jetpack by WordPress.com (Jetpack 13.0; WordPress 6.3)"
41.174.94.104 - - [24/Jul/2026:17:31:15 +0200] "POST /xmlrpc.php HTTP/1.1" 200 5463 "-" "Jetpack by WordPress.com (Jetpack 12.0; WordPress 6.3)"
91.134.83.25 - - [24/Jul/2026:17:31:27 +0200] "POST /wp-cron.php?doing_wp_cron=1784907087.0766561031341552734375 HTTP/1.1" 200 5074 "-" "WordPress/6.9.4; https://as-cp.fr"
41.174.94.104 - - [24/Jul/2026:17:31:26 +0200] "POST /xmlrpc.php HTTP/1.1" 200 5463 "-" "Jetpack/12.0; WordPress/6.3; http://site92184666.com"
91.134.83.25 - - [24/Jul/2026:17:31:37 +0200] "POST /wp-cron.php?doing_wp_cron=1784907097.5311350822448730468750 HTTP/1.1" 200 5074 "-" "WordPress/6.9.4; https://as-cp.fr"
41.174.94.104 - - [24/Jul/2026:17:31:37 +0200] "POST /xmlrpc.php HTTP/1.1" 200 5463 "-" "Jetpack by WordPress.com"
91.134.83.25 - - [24/Jul/2026:17:31:48 +0200] "POST /wp-cron.php?doing_wp_cron=1784907108.4675600528717041015625 HTTP/1.1" 200 5074 "-" "WordPress/6.9.4; https://as-cp.fr"
41.174.94.104 - - [24/Jul/2026:17:31:47 +0200] "POST /xmlrpc.php HTTP/1.1" 200 5463 "-" "Jetpack by WordPress.com"
41.174.94.104 - - [24/Jul/2026:17:31:58 +0200] "POST /xmlrpc.php HTTP/1.1" 200 5463 "-" "Jetpack/13.0; WordPress/6.2; http://site39593514.com"
41.174.94.104 - - [24/Jul/2026:17:32:08 +0200] "POST /xmlrpc.php HTTP/1.1" 200 5463 "-" "Jetpack/13.0; WordPress/6.4; http://site39322647.com"
91.134.83.25 - - [24/Jul/2026:17:32:19 +0200] "POST /wp-cron.php?doing_wp_cron=1784907139.9731130599975585937500 HTTP/1.1" 200 5074 "-" "WordPress/6.9.4; https://as-cp.fr"
41.174.94.104 - - [24/Jul/2026:17:32:19 +0200] "POST /xmlrpc.php HTTP/1.1" 200 5463 "-" "Jetpack/12.0; WordPress/6.4; http://site92889144.com"
91.134.83.25 - - [24/Jul/2026:17:32:30 +0200] "POST /wp-cron.php?doing_wp_cron=1784907150.7516191005706787109375 HTTP/1.1" 200 5074 "-" "WordPress/6.9.4; https://as-cp.fr"
41.174.94.104 - - [24/Jul/2026:17:32:30 +0200] "POST /xmlrpc.php HTTP/1.1" 200 5463 "-" "Jetpack/12.0; WordPress/6.1; http://site75599409.com"
91.134.83.25 - - [24/Jul/2026:17:32:42 +0200] "POST /wp-cron.php?doing_wp_cron=1784907162.0561349391937255859375 HTTP/1.1" 200 5074 "-" "WordPress/6.9.4; https://as-cp.fr"
41.174.94.104 - - [24/Jul/2026:17:32:40 +0200] "POST /xmlrpc.php HTTP/1.1" 200 5463 "-" "Jetpack by WordPress.com"
178.170.14.75 - - [24/Jul/2026:17:32:48 +0200] "GET / HTTP/1.1" 301 5051 "https://www.toutvendre.fr" "Mozilla/5.0 (Windows NT 10.0; Win64; x64; rv:149.0) Gecko/20100101 Firefox/149.0"
41.174.94.104 - - [24/Jul/2026:17:32:51 +0200] "POST /xmlrpc.php HTTP/1.1" 200 5463 "-" "Jetpack by WordPress.com"
41.174.94.104 - - [24/Jul/2026:17:33:02 +0200] "POST /xmlrpc.php HTTP/1.1" 200 5463 "-" "Jetpack by WordPress.com"
41.174.94.104 - - [24/Jul/2026:17:33:12 +0200] "POST /xmlrpc.php HTTP/1.1" 200 5463 "-" "Jetpack by WordPress.com"
91.134.83.25 - - [24/Jul/2026:17:33:18 +0200] "POST /wp-cron.php?doing_wp_cron=1784907198.7656209468841552734375 HTTP/1.1" 200 5074 "-" "WordPress/6.9.4; https://as-cp.fr"
43.228.157.75 - - [24/Jul/2026:17:33:19 +0200] "POST /wp-plain.php HTTP/1.1" 403 5816 "www.google.com" "Mozilla/5.0 (Linux; Android 7.0; SM-G892A Bulid/NRD90M; wv) AppleWebKit/537.36 (KHTML, like Gecko) Version/4.0 Chrome/60.0.3112.107 Moblie Safari/537.36"
43.228.157.75 - - [24/Jul/2026:17:33:19 +0200] "GET /itbrftsi.php?Fox=d3wL7 HTTP/1.1" 403 5816 "www.google.com" "Mozilla/5.0 (Linux; Android 7.0; SM-G892A Bulid/NRD90M; wv) AppleWebKit/537.36 (KHTML, like Gecko) Version/4.0 Chrome/60.0.3112.107 Moblie Safari/537.36"
43.228.157.75 - - [24/Jul/2026:17:33:19 +0200] "GET / HTTP/1.1" 200 99376 "-" "Mozlila/5.0 (Linux; Android 7.0; SM-G892A Bulid/NRD90M; wv) AppleWebKit/537.36 (KHTML, like Gecko) Version/4.0 Chrome/60.0.3112.107 Moblie Safari/537.36"
43.228.157.75 - - [24/Jul/2026:17:33:19 +0200] "GET /wp-content/plugins/fix/up.php HTTP/1.1" 301 5197 "-" "Mozilla/5.0 (Windows NT 10.0; Win64; x64) AppleWebKit/537.36 (KHTML, like Gecko) Chrome/85.0.4183.102 Safari/537.36"
43.228.157.75 - - [24/Jul/2026:17:33:19 +0200] "POST /ALFA_DATA/alfacgiapi/perl.alfa HTTP/1.1" 301 5197 "www.google.com" "Mozlila/5.0 (Linux; Android 7.0; SM-G892A Bulid/NRD90M; wv) AppleWebKit/537.36 (KHTML, like Gecko) Version/4.0 Chrome/60.0.3112.107 Moblie Safari/537.36"
43.228.157.75 - - [24/Jul/2026:17:33:20 +0200] "GET / HTTP/1.1" 200 99320 "-" "Mozilla/5.0 (Windows NT 10.0; Win64; x64) AppleWebKit/537.36 (KHTML, like Gecko) Chrome/85.0.4183.102 Safari/537.36"
43.228.157.75 - - [24/Jul/2026:17:33:19 +0200] "GET /wp-content/themes/seotheme/db.php?u HTTP/1.1" 301 5197 "www.google.com" "Mozlila/5.0 (Linux; Android 7.0; SM-G892A Bulid/NRD90M; wv) AppleWebKit/537.36 (KHTML, like Gecko) Version/4.0 Chrome/60.0.3112.107 Moblie Safari/537.36"
43.228.157.75 - - [24/Jul/2026:17:33:19 +0200] "GET /wp-content/plugins/apikey/apikey.php?test=hello HTTP/1.1" 301 5197 "-" "Mozlila/5.0 (Linux; Android 7.0; SM-G892A Bulid/NRD90M; wv) AppleWebKit/537.36 (KHTML, like Gecko) Version/4.0 Chrome/60.0.3112.107 Moblie Safari/537.36"
43.228.157.75 - - [24/Jul/2026:17:33:20 +0200] "GET / HTTP/1.1" 200 99398 "www.google.com" "Mozlila/5.0 (Linux; Android 7.0; SM-G892A Bulid/NRD90M; wv) AppleWebKit/537.36 (KHTML, like Gecko) Version/4.0 Chrome/60.0.3112.107 Moblie Safari/537.36"
43.228.157.75 - - [24/Jul/2026:17:33:21 +0200] "GET / HTTP/1.1" 200 99398 "-" "Mozlila/5.0 (Linux; Android 7.0; SM-G892A Bulid/NRD90M; wv) AppleWebKit/537.36 (KHTML, like Gecko) Version/4.0 Chrome/60.0.3112.107 Moblie Safari/537.36"
45.131.193.146 - - [24/Jul/2026:17:33:17 +0200] "POST /wp-login.php HTTP/1.1" 200 8903 "-" "Mozilla/5.0 (Macintosh; Intel Mac OS X 10_15_7) AppleWebKit/605.1.15 Version/17.0 Safari/605.1.15"
45.131.193.166 - - [24/Jul/2026:17:33:18 +0200] "POST /wp-login.php HTTP/1.1" 200 8904 "-" "Mozilla/5.0 (Macintosh; Intel Mac OS X 10_15_7) AppleWebKit/605.1.15 Version/17.0 Safari/605.1.15"
91.134.83.25 - - [24/Jul/2026:17:33:22 +0200] "POST /wp-cron.php?doing_wp_cron=1784907202.1613869667053222656250 HTTP/1.1" 200 5074 "-" "WordPress/6.9.4; https://as-cp.fr"
43.228.157.75 - - [24/Jul/2026:17:33:21 +0200] "GET /plugins/content/apismtp/apismtp.php?test=hello HTTP/1.1" 301 5197 "-" "Mozlila/5.0 (Linux; Android 7.0; SM-G892A Bulid/NRD90M; wv) AppleWebKit/537.36 (KHTML, like Gecko) Version/4.0 Chrome/60.0.3112.107 Moblie Safari/537.36"
43.228.157.75 - - [24/Jul/2026:17:33:20 +0200] "POST / HTTP/1.1" 200 98108 "www.google.com" "Mozlila/5.0 (Linux; Android 7.0; SM-G892A Bulid/NRD90M; wv) AppleWebKit/537.36 (KHTML, like Gecko) Version/4.0 Chrome/60.0.3112.107 Moblie Safari/537.36"
43.228.157.75 - - [24/Jul/2026:17:33:21 +0200] "GET /wp-content/themes/seotheme/db.php?u HTTP/1.1" 301 5197 "www.google.com" "Mozlila/5.0 (Linux; Android 7.0; SM-G892A Bulid/NRD90M; wv) AppleWebKit/537.36 (KHTML, like Gecko) Version/4.0 Chrome/60.0.3112.107 Moblie Safari/537.36"
43.228.157.75 - - [24/Jul/2026:17:33:22 +0200] "GET / HTTP/1.1" 200 99376 "www.google.com" "Mozlila/5.0 (Linux; Android 7.0; SM-G892A Bulid/NRD90M; wv) AppleWebKit/537.36 (KHTML, like Gecko) Version/4.0 Chrome/60.0.3112.107 Moblie Safari/537.36"
43.228.157.75 - - [24/Jul/2026:17:33:22 +0200] "GET / HTTP/1.1" 200 99376 "-" "Mozlila/5.0 (Linux; Android 7.0; SM-G892A Bulid/NRD90M; wv) AppleWebKit/537.36 (KHTML, like Gecko) Version/4.0 Chrome/60.0.3112.107 Moblie Safari/537.36"
43.228.157.75 - - [24/Jul/2026:17:33:22 +0200] "POST /alfacgiapi/perl.alfa HTTP/1.1" 301 5197 "www.google.com" "Mozlila/5.0 (Linux; Android 7.0; SM-G892A Bulid/NRD90M; wv) AppleWebKit/537.36 (KHTML, like Gecko) Version/4.0 Chrome/60.0.3112.107 Moblie Safari/537.36"
43.228.157.75 - - [24/Jul/2026:17:33:22 +0200] "GET /wp-content/plugins/apikey/apikey.php.suspected?test=hello HTTP/1.1" 301 5197 "-" "Mozlila/5.0 (Linux; Android 7.0; SM-G892A Bulid/NRD90M; wv) AppleWebKit/537.36 (KHTML, like Gecko) Version/4.0 Chrome/60.0.3112.107 Moblie Safari/537.36"
43.228.157.75 - - [24/Jul/2026:17:33:23 +0200] "GET / HTTP/1.1" 200 99376 "-" "Mozlila/5.0 (Linux; Android 7.0; SM-G892A Bulid/NRD90M; wv) AppleWebKit/537.36 (KHTML, like Gecko) Version/4.0 Chrome/60.0.3112.107 Moblie Safari/537.36"
41.174.94.104 - - [24/Jul/2026:17:33:23 +0200] "POST /xmlrpc.php HTTP/1.1" 200 5463 "-" "Jetpack by WordPress.com"
43.228.157.75 - - [24/Jul/2026:17:33:24 +0200] "GET /plugins/content/apismtp/apismtp.php.suspected?test=hello HTTP/1.1" 301 5197 "-" "Mozlila/5.0 (Linux; Android 7.0; SM-G892A Bulid/NRD90M; wv) AppleWebKit/537.36 (KHTML, like Gecko) Version/4.0 Chrome/60.0.3112.107 Moblie Safari/537.36"
43.228.157.75 - - [24/Jul/2026:17:33:23 +0200] "POST / HTTP/1.1" 200 98130 "www.google.com" "Mozlila/5.0 (Linux; Android 7.0; SM-G892A Bulid/NRD90M; wv) AppleWebKit/537.36 (KHTML, like Gecko) Version/4.0 Chrome/60.0.3112.107 Moblie Safari/537.36"
43.228.157.75 - - [24/Jul/2026:17:33:24 +0200] "GET / HTTP/1.1" 200 99376 "-" "Mozlila/5.0 (Linux; Android 7.0; SM-G892A Bulid/NRD90M; wv) AppleWebKit/537.36 (KHTML, like Gecko) Version/4.0 Chrome/60.0.3112.107 Moblie Safari/537.36"
91.134.83.25 - - [24/Jul/2026:17:33:34 +0200] "POST /wp-cron.php?doing_wp_cron=1784907214.5723550319671630859375 HTTP/1.1" 200 5074 "-" "WordPress/6.9.4; https://as-cp.fr"
41.174.94.104 - - [24/Jul/2026:17:33:34 +0200] "POST /xmlrpc.php HTTP/1.1" 200 5463 "-" "Jetpack/12.0; WordPress/6.1; http://site84921683.com"
41.174.94.104 - - [24/Jul/2026:17:33:44 +0200] "POST /xmlrpc.php HTTP/1.1" 200 5463 "-" "Jetpack/12.1; WordPress/6.4; http://site66260600.com"
91.134.83.25 - - [24/Jul/2026:17:33:45 +0200] "POST /wp-cron.php?doing_wp_cron=1784907225.7734630107879638671875 HTTP/1.1" 200 5074 "-" "WordPress/6.9.4; https://as-cp.fr"
41.174.94.104 - - [24/Jul/2026:17:33:55 +0200] "POST /xmlrpc.php HTTP/1.1" 200 5463 "-" "Jetpack/12.0; WordPress/6.2; http://site25908961.com"
41.174.94.104 - - [24/Jul/2026:17:34:05 +0200] "POST /xmlrpc.php HTTP/1.1" 200 5463 "-" "Jetpack by WordPress.com"
91.134.83.25 - - [24/Jul/2026:17:34:18 +0200] "POST /wp-cron.php?doing_wp_cron=1784907258.0901560783386230468750 HTTP/1.1" 200 5074 "-" "WordPress/6.9.4; https://as-cp.fr"
41.174.94.104 - - [24/Jul/2026:17:34:16 +0200] "POST /xmlrpc.php HTTP/1.1" 200 5463 "-" "Jetpack by WordPress.com (Jetpack 12.5; WordPress 6.2)"
91.134.83.25 - - [24/Jul/2026:17:34:28 +0200] "POST /wp-cron.php?doing_wp_cron=1784907268.8083019256591796875000 HTTP/1.1" 200 5074 "-" "WordPress/6.9.4; https://as-cp.fr"
41.174.94.104 - - [24/Jul/2026:17:34:27 +0200] "POST /xmlrpc.php HTTP/1.1" 200 5463 "-" "Jetpack by WordPress.com (Jetpack 12.0; WordPress 6.1)"
91.134.83.25 - - [24/Jul/2026:17:34:38 +0200] "POST /wp-cron.php?doing_wp_cron=1784907278.9443080425262451171875 HTTP/1.1" 200 5074 "-" "WordPress/6.9.4; https://as-cp.fr"
41.174.94.104 - - [24/Jul/2026:17:34:37 +0200] "POST /xmlrpc.php HTTP/1.1" 200 5463 "-" "Jetpack by WordPress.com"
91.134.83.25 - - [24/Jul/2026:17:34:49 +0200] "POST /wp-cron.php?doing_wp_cron=1784907289.6792879104614257812500 HTTP/1.1" 200 5074 "-" "WordPress/6.9.4; https://as-cp.fr"
41.174.94.104 - - [24/Jul/2026:17:34:48 +0200] "POST /xmlrpc.php HTTP/1.1" 200 5463 "-" "Jetpack/12.1; WordPress/6.3; http://site56375142.com"
41.174.94.104 - - [24/Jul/2026:17:34:58 +0200] "POST /xmlrpc.php HTTP/1.1" 200 5463 "-" "Jetpack by WordPress.com (Jetpack 12.5; WordPress 6.2)"
114.119.138.77 - - [24/Jul/2026:17:35:00 +0200] "GET /prevoyance-courtier-en-assurance-perpignan HTTP/1.1" 301 5094 "https://as-cp.fr/nos-actualites/page/5" "Mozilla/5.0 (Linux; Android 7.0;) AppleWebKit/537.36 (HTML, like Gecko) Mobile Safari/537.36 (compatible; PetalBot;+https://webmaster.petalsearch.com/site/petalbot)"
114.119.138.77 - - [24/Jul/2026:17:35:02 +0200] "GET /prevoyance-courtier-en-assurance-perpignan/ HTTP/1.1" 200 23227 "https://as-cp.fr/nos-actualites/page/5" "Mozilla/5.0 (Linux; Android 7.0;) AppleWebKit/537.36 (HTML, like Gecko) Mobile Safari/537.36 (compatible; PetalBot;+https://webmaster.petalsearch.com/site/petalbot)"
41.174.94.104 - - [24/Jul/2026:17:35:09 +0200] "POST /xmlrpc.php HTTP/1.1" 200 5463 "-" "Jetpack by WordPress.com (Jetpack 13.0; WordPress 6.1)"
91.134.83.25 - - [24/Jul/2026:17:35:21 +0200] "POST /wp-cron.php?doing_wp_cron=1784907321.2250730991363525390625 HTTP/1.1" 200 5074 "-" "WordPress/6.9.4; https://as-cp.fr"
41.174.94.104 - - [24/Jul/2026:17:35:20 +0200] "POST /xmlrpc.php HTTP/1.1" 200 5463 "-" "Jetpack by WordPress.com (Jetpack 12.0; WordPress 6.1)"
41.174.94.104 - - [24/Jul/2026:17:35:30 +0200] "POST /xmlrpc.php HTTP/1.1" 200 5463 "-" "WordPress.com; https://wordpress.com"
91.134.83.25 - - [24/Jul/2026:17:35:41 +0200] "POST /wp-cron.php?doing_wp_cron=1784907341.7414779663085937500000 HTTP/1.1" 200 5074 "-" "WordPress/6.9.4; https://as-cp.fr"
41.174.94.104 - - [24/Jul/2026:17:35:41 +0200] "POST /xmlrpc.php HTTP/1.1" 200 5463 "-" "Jetpack/12.5; WordPress/6.2; http://site30427723.com"
91.134.83.25 - - [24/Jul/2026:17:35:52 +0200] "POST /wp-cron.php?doing_wp_cron=1784907352.2798159122467041015625 HTTP/1.1" 200 5074 "-" "WordPress/6.9.4; https://as-cp.fr"
41.174.94.104 - - [24/Jul/2026:17:35:51 +0200] "POST /xmlrpc.php HTTP/1.1" 200 5463 "-" "Jetpack/13.0; WordPress/6.2; http://site52416226.com"
17.246.23.30 - - [24/Jul/2026:17:36:01 +0200] "GET /wp-content/plugins/superfly-menu/css/public.min.css?ver=6.9.4 HTTP/1.1" 200 5103 "https://as-cp.fr/traitement-des-reclamations/" "Mozilla/5.0 (Macintosh; Intel Mac OS X 10_15_7) AppleWebKit/605.1.15 (KHTML, like Gecko) Version/17.4 Safari/605.1.15 (Applebot/0.1; +http://www.apple.com/go/applebot)"
17.246.23.30 - - [24/Jul/2026:17:36:02 +0200] "GET /wp-content/plugins/revslider/public/assets/css/rs6.css?ver=6.3.9 HTTP/1.1" 200 5106 "https://as-cp.fr/traitement-des-reclamations/" "Mozilla/5.0 (Macintosh; Intel Mac OS X 10_15_7) AppleWebKit/605.1.15 (KHTML, like Gecko) Version/17.4 Safari/605.1.15 (Applebot/0.1; +http://www.apple.com/go/applebot)"
41.174.94.104 - - [24/Jul/2026:17:36:02 +0200] "POST /xmlrpc.php HTTP/1.1" 200 5463 "-" "Jetpack by WordPress.com (Jetpack 12.0; WordPress 6.1)"
17.246.23.30 - - [24/Jul/2026:17:36:04 +0200] "GET /wp-content/uploads/la_icon_sets/style.min.css?ver=6.9.4 HTTP/1.1" 200 5068 "https://as-cp.fr/traitement-des-reclamations/" "Mozilla/5.0 (Macintosh; Intel Mac OS X 10_15_7) AppleWebKit/605.1.15 (KHTML, like Gecko) Version/17.4 Safari/605.1.15 (Applebot/0.1; +http://www.apple.com/go/applebot)"
17.246.23.30 - - [24/Jul/2026:17:36:05 +0200] "GET /wp-content/plugins/kiwi-logo-carousel/third-party/jquery.bxslider/jquery.bxslider.css?ver=6.9.4 HTTP/1.1" 200 5137 "https://as-cp.fr/traitement-des-reclamations/" "Mozilla/5.0 (Macintosh; Intel Mac OS X 10_15_7) AppleWebKit/605.1.15 (KHTML, like Gecko) Version/17.4 Safari/605.1.15 (Applebot/0.1; +http://www.apple.com/go/applebot)"
17.246.23.30 - - [24/Jul/2026:17:36:07 +0200] "GET /wp-content/themes/agencepointcom/style.css?ver=6.9.4 HTTP/1.1" 200 5094 "https://as-cp.fr/traitement-des-reclamations/" "Mozilla/5.0 (Macintosh; Intel Mac OS X 10_15_7) AppleWebKit/605.1.15 (KHTML, like Gecko) Version/17.4 Safari/605.1.15 (Applebot/0.1; +http://www.apple.com/go/applebot)"
17.246.23.30 - - [24/Jul/2026:17:36:08 +0200] "GET /wp-content/plugins/kiwi-logo-carousel/custom-styles.css?ver=6.9.4 HTTP/1.1" 200 5107 "https://as-cp.fr/traitement-des-reclamations/" "Mozilla/5.0 (Macintosh; Intel Mac OS X 10_15_7) AppleWebKit/605.1.15 (KHTML, like Gecko) Version/17.4 Safari/605.1.15 (Applebot/0.1; +http://www.apple.com/go/applebot)"
17.246.23.30 - - [24/Jul/2026:17:36:10 +0200] "GET /wp-includes/js/jquery/jquery.min.js?ver=3.7.1 HTTP/1.1" 200 5094 "https://as-cp.fr/traitement-des-reclamations/" "Mozilla/5.0 (Macintosh; Intel Mac OS X 10_15_7) AppleWebKit/605.1.15 (KHTML, like Gecko) Version/17.4 Safari/605.1.15 (Applebot/0.1; +http://www.apple.com/go/applebot)"
17.246.23.30 - - [24/Jul/2026:17:36:11 +0200] "GET /wp-includes/js/jquery/jquery-migrate.min.js?ver=3.4.1 HTTP/1.1" 200 5102 "https://as-cp.fr/traitement-des-reclamations/" "Mozilla/5.0 (Macintosh; Intel Mac OS X 10_15_7) AppleWebKit/605.1.15 (KHTML, like Gecko) Version/17.4 Safari/605.1.15 (Applebot/0.1; +http://www.apple.com/go/applebot)"
17.246.23.30 - - [24/Jul/2026:17:36:13 +0200] "GET /wp-content/plugins/superfly-menu/includes/vendor/looks_awesome/icon_manager/js/md5.js?ver=1.0,0 HTTP/1.1" 200 5144 "https://as-cp.fr/traitement-des-reclamations/" "Mozilla/5.0 (Macintosh; Intel Mac OS X 10_15_7) AppleWebKit/605.1.15 (KHTML, like Gecko) Version/17.4 Safari/605.1.15 (Applebot/0.1; +http://www.apple.com/go/applebot)"
41.174.94.104 - - [24/Jul/2026:17:36:13 +0200] "POST /xmlrpc.php HTTP/1.1" 200 5463 "-" "Jetpack/13.0; WordPress/6.2; http://site51993692.com"
17.246.23.30 - - [24/Jul/2026:17:36:14 +0200] "GET /wp-content/plugins/superfly-menu/includes/vendor/looks_awesome/icon_manager/js/util.js?ver=1.0,0 HTTP/1.1" 200 5395 "https://as-cp.fr/traitement-des-reclamations/" "Mozilla/5.0 (Macintosh; Intel Mac OS X 10_15_7) AppleWebKit/605.1.15 (KHTML, like Gecko) Version/17.4 Safari/605.1.15 (Applebot/0.1; +http://www.apple.com/go/applebot)"
17.246.23.30 - - [24/Jul/2026:17:36:16 +0200] "GET /wp-content/plugins/revslider/public/assets/js/rbtools.min.js?ver=6.3.9 HTTP/1.1" 200 5119 "https://as-cp.fr/traitement-des-reclamations/" "Mozilla/5.0 (Macintosh; Intel Mac OS X 10_15_7) AppleWebKit/605.1.15 (KHTML, like Gecko) Version/17.4 Safari/605.1.15 (Applebot/0.1; +http://www.apple.com/go/applebot)"
17.246.23.30 - - [24/Jul/2026:17:36:17 +0200] "GET /wp-content/plugins/revslider/public/assets/js/rs6.min.js?ver=6.3.9 HTTP/1.1" 200 5115 "https://as-cp.fr/traitement-des-reclamations/" "Mozilla/5.0 (Macintosh; Intel Mac OS X 10_15_7) AppleWebKit/605.1.15 (KHTML, like Gecko) Version/17.4 Safari/605.1.15 (Applebot/0.1; +http://www.apple.com/go/applebot)"
17.246.23.30 - - [24/Jul/2026:17:36:19 +0200] "GET /wp-content/plugins/superfly-menu/js/public.min.js?ver=5.0.19 HTTP/1.1" 200 5108 "https://as-cp.fr/traitement-des-reclamations/" "Mozilla/5.0 (Macintosh; Intel Mac OS X 10_15_7) AppleWebKit/605.1.15 (KHTML, like Gecko) Version/17.4 Safari/605.1.15 (Applebot/0.1; +http://www.apple.com/go/applebot)"
17.246.23.30 - - [24/Jul/2026:17:36:20 +0200] "GET /wp-content/themes/agencepointcom/js/script-frontend.js HTTP/1.1" 200 5444 "https://as-cp.fr/traitement-des-reclamations/" "Mozilla/5.0 (Macintosh; Intel Mac OS X 10_15_7) AppleWebKit/605.1.15 (KHTML, like Gecko) Version/17.4 Safari/605.1.15 (Applebot/0.1; +http://www.apple.com/go/applebot)"
17.246.23.30 - - [24/Jul/2026:17:36:22 +0200] "GET /wp-content/themes/agencepointcom/js/navigation.js?ver=20151215 HTTP/1.1" 200 5108 "https://as-cp.fr/traitement-des-reclamations/" "Mozilla/5.0 (Macintosh; Intel Mac OS X 10_15_7) AppleWebKit/605.1.15 (KHTML, like Gecko) Version/17.4 Safari/605.1.15 (Applebot/0.1; +http://www.apple.com/go/applebot)"
17.246.23.30 - - [24/Jul/2026:17:36:23 +0200] "GET /wp-content/themes/agencepointcom/js/skip-link-focus-fix.js?ver=20151215 HTTP/1.1" 200 5518 "https://as-cp.fr/traitement-des-reclamations/" "Mozilla/5.0 (Macintosh; Intel Mac OS X 10_15_7) AppleWebKit/605.1.15 (KHTML, like Gecko) Version/17.4 Safari/605.1.15 (Applebot/0.1; +http://www.apple.com/go/applebot)"
91.134.83.25 - - [24/Jul/2026:17:36:24 +0200] "POST /wp-cron.php?doing_wp_cron=1784907384.7215590476989746093750 HTTP/1.1" 200 5074 "-" "WordPress/6.9.4; https://as-cp.fr"
41.174.94.104 - - [24/Jul/2026:17:36:23 +0200] "POST /xmlrpc.php HTTP/1.1" 200 5463 "-" "Jetpack by WordPress.com (Jetpack 12.5; WordPress 6.2)"
17.246.23.30 - - [24/Jul/2026:17:36:25 +0200] "GET /wp-includes/js/dist/vendor/wp-polyfill.min.js?ver=3.15.0 HTTP/1.1" 200 5104 "https://as-cp.fr/traitement-des-reclamations/" "Mozilla/5.0 (Macintosh; Intel Mac OS X 10_15_7) AppleWebKit/605.1.15 (KHTML, like Gecko) Version/17.4 Safari/605.1.15 (Applebot/0.1; +http://www.apple.com/go/applebot)"
17.246.23.30 - - [24/Jul/2026:17:36:26 +0200] "GET /wp-content/plugins/contact-form-7/modules/recaptcha/index.js?ver=6.1.6 HTTP/1.1" 200 5584 "https://as-cp.fr/traitement-des-reclamations/" "Mozilla/5.0 (Macintosh; Intel Mac OS X 10_15_7) AppleWebKit/605.1.15 (KHTML, like Gecko) Version/17.4 Safari/605.1.15 (Applebot/0.1; +http://www.apple.com/go/applebot)"
17.246.23.30 - - [24/Jul/2026:17:36:28 +0200] "GET /wp-content/plugins/kiwi-logo-carousel/third-party/jquery.bxslider/jquery.bxslider.js?ver=6.9.4 HTTP/1.1" 200 5143 "https://as-cp.fr/traitement-des-reclamations/" "Mozilla/5.0 (Macintosh; Intel Mac OS X 10_15_7) AppleWebKit/605.1.15 (KHTML, like Gecko) Version/17.4 Safari/605.1.15 (Applebot/0.1; +http://www.apple.com/go/applebot)"
17.246.23.30 - - [24/Jul/2026:17:36:29 +0200] "GET /wp-content/plugins/wp-rocket/assets/js/wpr-beacon.min.js HTTP/1.1" 200 5115 "https://as-cp.fr/traitement-des-reclamations/" "Mozilla/5.0 (Macintosh; Intel Mac OS X 10_15_7) AppleWebKit/605.1.15 (KHTML, like Gecko) Version/17.4 Safari/605.1.15 (Applebot/0.1; +http://www.apple.com/go/applebot)"
17.246.23.30 - - [24/Jul/2026:17:36:31 +0200] "POST /wp-admin/admin-ajax.php HTTP/1.1" 200 5483 "https://as-cp.fr/traitement-des-reclamations/" "Mozilla/5.0 (Macintosh; Intel Mac OS X 10_15_7) AppleWebKit/605.1.15 (KHTML, like Gecko) Version/17.4 Safari/605.1.15 (Applebot/0.1; +http://www.apple.com/go/applebot)"
91.134.83.25 - - [24/Jul/2026:17:36:34 +0200] "POST /wp-cron.php?doing_wp_cron=1784907394.0456809997558593750000 HTTP/1.1" 200 5074 "-" "WordPress/6.9.4; https://as-cp.fr"
17.246.23.30 - - [24/Jul/2026:17:36:33 +0200] "POST /wp-admin/admin-ajax.php HTTP/1.1" 200 5678 "https://as-cp.fr/traitement-des-reclamations/" "Mozilla/5.0 (Macintosh; Intel Mac OS X 10_15_7) AppleWebKit/605.1.15 (KHTML, like Gecko) Version/17.4 Safari/605.1.15 (Applebot/0.1; +http://www.apple.com/go/applebot)"
41.174.94.104 - - [24/Jul/2026:17:36:34 +0200] "POST /xmlrpc.php HTTP/1.1" 200 5463 "-" "WordPress.com; https://wordpress.com"
91.134.83.25 - - [24/Jul/2026:17:36:43 +0200] "POST /wp-cron.php?doing_wp_cron=1784907403.0073471069335937500000 HTTP/1.1" 200 5074 "-" "WordPress/6.9.4; https://as-cp.fr"
173.252.167.190 - - [24/Jul/2026:17:36:42 +0200] "GET /wp-login.php HTTP/1.1" 200 8736 "-" "Mozilla/5.0 (Windows NT 10.0; Win64; x64) AppleWebKit/537.36 (KHTML, like Gecko) Chrome/150.0.0.0 Safari/537.36"
173.252.167.190 - - [24/Jul/2026:17:36:43 +0200] "POST /wp-login.php HTTP/1.1" 200 8912 "https://as-cp.fr/wp-login.php" "Mozilla/5.0 (Windows NT 10.0; Win64; x64) AppleWebKit/537.36 (KHTML, like Gecko) Chrome/150.0.0.0 Safari/537.36"
41.174.94.104 - - [24/Jul/2026:17:36:44 +0200] "POST /xmlrpc.php HTTP/1.1" 200 5463 "-" "Jetpack by WordPress.com (Jetpack 13.0; WordPress 6.2)"
41.174.94.104 - - [24/Jul/2026:17:36:55 +0200] "POST /xmlrpc.php HTTP/1.1" 200 5463 "-" "Jetpack/12.0; WordPress/6.2; http://site60300444.com"
167.71.240.77 - - [24/Jul/2026:17:36:57 +0200] "GET /wp-login.php HTTP/1.1" 200 8736 "-" "Mozilla/5.0 (Windows NT 10.0; Win64; x64) AppleWebKit/537.36 (KHTML, like Gecko) Chrome/150.0.0.0 Safari/537.36"
167.71.240.77 - - [24/Jul/2026:17:36:57 +0200] "POST /wp-login.php HTTP/1.1" 200 8911 "https://as-cp.fr/wp-login.php" "Mozilla/5.0 (Windows NT 10.0; Win64; x64) AppleWebKit/537.36 (KHTML, like Gecko) Chrome/150.0.0.0 Safari/537.36"
41.174.94.104 - - [24/Jul/2026:17:37:06 +0200] "POST /xmlrpc.php HTTP/1.1" 200 5463 "-" "Jetpack by WordPress.com"
41.174.94.104 - - [24/Jul/2026:17:37:16 +0200] "POST /xmlrpc.php HTTP/1.1" 200 5463 "-" "Jetpack by WordPress.com"
91.134.83.25 - - [24/Jul/2026:17:37:28 +0200] "POST /wp-cron.php?doing_wp_cron=1784907448.2689690589904785156250 HTTP/1.1" 200 5074 "-" "WordPress/6.9.4; https://as-cp.fr"
41.174.94.104 - - [24/Jul/2026:17:37:27 +0200] "POST /xmlrpc.php HTTP/1.1" 200 5463 "-" "WordPress.com; https://wordpress.com"
91.134.83.25 - - [24/Jul/2026:17:37:38 +0200] "POST /wp-cron.php?doing_wp_cron=1784907458.7532329559326171875000 HTTP/1.1" 200 5074 "-" "WordPress/6.9.4; https://as-cp.fr"
41.174.94.104 - - [24/Jul/2026:17:37:37 +0200] "POST /xmlrpc.php HTTP/1.1" 200 5463 "-" "Jetpack by WordPress.com"
91.134.83.25 - - [24/Jul/2026:17:37:49 +0200] "POST /wp-cron.php?doing_wp_cron=1784907469.3578701019287109375000 HTTP/1.1" 200 5074 "-" "WordPress/6.9.4; https://as-cp.fr"
41.174.94.104 - - [24/Jul/2026:17:37:48 +0200] "POST /xmlrpc.php HTTP/1.1" 200 5463 "-" "Jetpack/13.0; WordPress/6.2; http://site78279810.com"
41.174.94.104 - - [24/Jul/2026:17:37:59 +0200] "POST /xmlrpc.php HTTP/1.1" 200 5463 "-" "WordPress.com; https://wordpress.com"
41.174.94.104 - - [24/Jul/2026:17:38:09 +0200] "POST /xmlrpc.php HTTP/1.1" 200 5463 "-" "Jetpack by WordPress.com"
91.134.83.25 - - [24/Jul/2026:17:38:21 +0200] "POST /wp-cron.php?doing_wp_cron=1784907501.2099490165710449218750 HTTP/1.1" 200 5074 "-" "WordPress/6.9.4; https://as-cp.fr"
41.174.94.104 - - [24/Jul/2026:17:38:20 +0200] "POST /xmlrpc.php HTTP/1.1" 200 5463 "-" "Jetpack by WordPress.com (Jetpack 12.0; WordPress 6.4)"
41.174.94.104 - - [24/Jul/2026:17:38:31 +0200] "POST /xmlrpc.php HTTP/1.1" 200 5463 "-" "Jetpack by WordPress.com"
91.134.83.25 - - [24/Jul/2026:17:38:42 +0200] "POST /wp-cron.php?doing_wp_cron=1784907522.4738640785217285156250 HTTP/1.1" 200 5074 "-" "WordPress/6.9.4; https://as-cp.fr"
41.174.94.104 - - [24/Jul/2026:17:38:41 +0200] "POST /xmlrpc.php HTTP/1.1" 200 5463 "-" "Jetpack by WordPress.com (Jetpack 12.5; WordPress 6.2)"
91.134.83.25 - - [24/Jul/2026:17:38:52 +0200] "POST /wp-cron.php?doing_wp_cron=1784907532.9540441036224365234375 HTTP/1.1" 200 5074 "-" "WordPress/6.9.4; https://as-cp.fr"
41.174.94.104 - - [24/Jul/2026:17:38:52 +0200] "POST /xmlrpc.php HTTP/1.1" 200 5463 "-" "Jetpack/12.0; WordPress/6.4; http://site28373596.com"
41.174.94.104 - - [24/Jul/2026:17:39:03 +0200] "POST /xmlrpc.php HTTP/1.1" 200 5463 "-" "Jetpack by WordPress.com"
41.174.94.104 - - [24/Jul/2026:17:39:13 +0200] "POST /xmlrpc.php HTTP/1.1" 200 5463 "-" "WordPress.com; https://wordpress.com"
91.134.83.25 - - [24/Jul/2026:17:39:24 +0200] "POST /wp-cron.php?doing_wp_cron=1784907564.8941800594329833984375 HTTP/1.1" 200 5074 "-" "WordPress/6.9.4; https://as-cp.fr"
41.174.94.104 - - [24/Jul/2026:17:39:24 +0200] "POST /xmlrpc.php HTTP/1.1" 200 5463 "-" "Jetpack by WordPress.com"
91.134.83.25 - - [24/Jul/2026:17:39:35 +0200] "POST /wp-cron.php?doing_wp_cron=1784907575.3417708873748779296875 HTTP/1.1" 200 5074 "-" "WordPress/6.9.4; https://as-cp.fr"
41.174.94.104 - - [24/Jul/2026:17:39:34 +0200] "POST /xmlrpc.php HTTP/1.1" 200 5463 "-" "Jetpack/12.1; WordPress/6.4; http://site63904053.com"
91.134.83.25 - - [24/Jul/2026:17:39:46 +0200] "POST /wp-cron.php?doing_wp_cron=1784907586.2520020008087158203125 HTTP/1.1" 200 5074 "-" "WordPress/6.9.4; https://as-cp.fr"
41.174.94.104 - - [24/Jul/2026:17:39:45 +0200] "POST /xmlrpc.php HTTP/1.1" 200 5463 "-" "Jetpack/12.0; WordPress/6.4; http://site94598438.com"
41.174.94.104 - - [24/Jul/2026:17:39:56 +0200] "POST /xmlrpc.php HTTP/1.1" 200 5463 "-" "WordPress.com; https://wordpress.com"
41.174.94.104 - - [24/Jul/2026:17:40:06 +0200] "POST /xmlrpc.php HTTP/1.1" 200 5463 "-" "Jetpack by WordPress.com"
41.174.94.104 - - [24/Jul/2026:17:40:17 +0200] "POST /xmlrpc.php HTTP/1.1" 200 5463 "-" "Jetpack by WordPress.com"
91.134.83.25 - - [24/Jul/2026:17:40:28 +0200] "POST /wp-cron.php?doing_wp_cron=1784907628.8350811004638671875000 HTTP/1.1" 200 5074 "-" "WordPress/6.9.4; https://as-cp.fr"
41.174.94.104 - - [24/Jul/2026:17:40:27 +0200] "POST /xmlrpc.php HTTP/1.1" 200 5463 "-" "Jetpack/12.0; WordPress/6.2; http://site91132748.com"
