91.134.83.25 - - [25/Jul/2026:02:21:59 +0200] "POST /wp-cron.php?doing_wp_cron=1784938919.5291719436645507812500 HTTP/1.1" 200 5074 "-" "WordPress/6.9.4; https://as-cp.fr"
57.141.0.53 - - [25/Jul/2026:02:21:59 +0200] "GET /sitemap-sub-1471.xml HTTP/1.1" 301 5197 "-" "Mozilla/5.0 (Windows NT 10.0; Win64; x64) AppleWebKit/537.36 (KHTML, like Gecko) Chrome/145.0.0.0 Safari/537.36 (compatible; meta-externalagent/1.1 (+https://developers.facebook.com/docs/sharing/webmasters/crawler))"
89.246.241.14 - - [25/Jul/2026:02:22:55 +0200] "GET /loi-de-finances-2025-ce-qui-change-pour-les-particuliers/ HTTP/1.1" 200 24089 "-" "Mozilla/5.0 (Windows NT 10.0; Win64; x64; rv:142.0) Gecko/20100101 Firefox/142.0"
91.134.83.25 - - [25/Jul/2026:02:25:06 +0200] "POST /wp-cron.php?doing_wp_cron=1784939106.1348578929901123046875 HTTP/1.1" 200 5074 "-" "WordPress/6.9.4; https://as-cp.fr"
57.141.0.9 - - [25/Jul/2026:02:25:05 +0200] "GET /shops/ashlaring/a8n7d6a0r5a6c2260 HTTP/1.1" 301 5197 "-" "Mozilla/5.0 (Windows NT 10.0; Win64; x64) AppleWebKit/537.36 (KHTML, like Gecko) Chrome/145.0.0.0 Safari/537.36 (compatible; meta-externalagent/1.1 (+https://developers.facebook.com/docs/sharing/webmasters/crawler))"
91.134.83.25 - - [25/Jul/2026:02:25:30 +0200] "POST /wp-cron.php?doing_wp_cron=1784939130.0805339813232421875000 HTTP/1.1" 200 5074 "-" "WordPress/6.9.4; https://as-cp.fr"
57.141.0.8 - - [25/Jul/2026:02:25:29 +0200] "GET /shops/shoebill/g8l4e1b6a0687671 HTTP/1.1" 301 5197 "-" "Mozilla/5.0 (Macintosh; Intel Mac OS X 10_15_7) AppleWebKit/537.36 (KHTML, like Gecko) Chrome/145.0.0.0 Safari/537.36 (compatible; meta-externalagent/1.1 (+https://developers.facebook.com/docs/sharing/webmasters/crawler))"
91.134.83.25 - - [25/Jul/2026:02:26:54 +0200] "POST /wp-cron.php?doing_wp_cron=1784939214.6571419239044189453125 HTTP/1.1" 200 5074 "-" "WordPress/6.9.4; https://as-cp.fr"
57.141.0.37 - - [25/Jul/2026:02:26:54 +0200] "GET /shops/biomagnetic/s8t3a4n4d5o3f7f1i2s7h4ly HTTP/1.1" 301 5197 "-" "Mozilla/5.0 (Windows NT 10.0; Win64; x64) AppleWebKit/537.36 (KHTML, like Gecko) Chrome/145.0.0.0 Safari/537.36 (compatible; meta-externalagent/1.1 (+https://developers.facebook.com/docs/sharing/webmasters/crawler))"
205.210.31.94 - - [25/Jul/2026:02:27:23 +0200] "GET /webshell.php HTTP/1.1" 403 5816 "-" "Hello from Palo Alto Networks, find out more about our scans in https://docs-cortex.paloaltonetworks.com/r/1/Cortex-Xpanse/Scanning-activity"
91.134.83.25 - - [25/Jul/2026:02:28:54 +0200] "POST /wp-cron.php?doing_wp_cron=1784939334.3431949615478515625000 HTTP/1.1" 200 5074 "-" "WordPress/6.9.4; https://as-cp.fr"
57.141.0.47 - - [25/Jul/2026:02:28:53 +0200] "GET /shops/morbosity/p8a4m2p7a6n2o26140 HTTP/1.1" 301 5197 "-" "Mozilla/5.0 (Windows NT 10.0; Win64; x64) AppleWebKit/537.36 (KHTML, like Gecko) Chrome/145.0.0.0 Safari/537.36 (compatible; meta-externalagent/1.1 (+https://developers.facebook.com/docs/sharing/webmasters/crawler))"
91.134.83.25 - - [25/Jul/2026:02:29:40 +0200] "POST /wp-cron.php?doing_wp_cron=1784939379.9897139072418212890625 HTTP/1.1" 200 5074 "-" "WordPress/6.9.4; https://as-cp.fr"
168.144.81.91 - - [25/Jul/2026:02:29:39 +0200] "GET /wp-login.php HTTP/1.1" 200 8736 "-" "Mozilla/5.0 (Windows NT 10.0; Win64; x64) AppleWebKit/537.36 (KHTML, like Gecko) Chrome/150.0.0.0 Safari/537.36"
168.144.81.91 - - [25/Jul/2026:02:29:40 +0200] "POST /wp-login.php HTTP/1.1" 200 8912 "https://as-cp.fr/wp-login.php" "Mozilla/5.0 (Windows NT 10.0; Win64; x64) AppleWebKit/537.36 (KHTML, like Gecko) Chrome/150.0.0.0 Safari/537.36"
147.185.132.195 - - [25/Jul/2026:02:30:23 +0200] "GET /shell.php HTTP/1.1" 403 5816 "-" "Hello from Palo Alto Networks, find out more about our scans in https://docs-cortex.paloaltonetworks.com/r/1/Cortex-Xpanse/Scanning-activity"
173.252.82.21 - - [25/Jul/2026:02:32:02 +0200] "GET /robots.txt HTTP/1.1" 206 5172 "-" "facebookexternalhit/1.1 (+http://www.facebook.com/externalhit_uatext.php)"
91.134.83.25 - - [25/Jul/2026:02:34:15 +0200] "POST /wp-cron.php?doing_wp_cron=1784939655.8657639026641845703125 HTTP/1.1" 200 5074 "-" "WordPress/6.9.4; https://as-cp.fr"
57.141.0.9 - - [25/Jul/2026:02:34:15 +0200] "GET /?v=r8e2c2o4n3s3e0c3r0a9t1e HTTP/1.1" 200 98108 "-" "Mozilla/5.0 (Windows NT 10.0; Win64; x64) AppleWebKit/537.36 (KHTML, like Gecko) Chrome/145.0.0.0 Safari/537.36 (compatible; meta-externalagent/1.1 (+https://developers.facebook.com/docs/sharing/webmasters/crawler))"
216.73.217.103 - - [25/Jul/2026:02:35:03 +0200] "GET /robots.txt HTTP/1.1" 200 5168 "-" "Mozilla/5.0 AppleWebKit/537.36 (KHTML, like Gecko; compatible; ClaudeBot/1.0; +claudebot@anthropic.com)"
91.134.83.25 - - [25/Jul/2026:02:35:04 +0200] "POST /wp-cron.php?doing_wp_cron=1784939704.6925590038299560546875 HTTP/1.1" 200 5074 "-" "WordPress/6.9.4; https://as-cp.fr"
216.73.217.103 - - [25/Jul/2026:02:35:04 +0200] "GET /sitemap.xml HTTP/1.1" 301 5068 "-" "Mozilla/5.0 AppleWebKit/537.36 (KHTML, like Gecko; compatible; ClaudeBot/1.0; +claudebot@anthropic.com)"
216.73.217.103 - - [25/Jul/2026:02:35:04 +0200] "GET /sitemap_index.xml HTTP/1.1" 200 5405 "https://as-cp.fr/sitemap.xml" "Mozilla/5.0 AppleWebKit/537.36 (KHTML, like Gecko; compatible; ClaudeBot/1.0; +claudebot@anthropic.com)"
57.141.0.61 - - [25/Jul/2026:02:35:16 +0200] "GET /sentisection/v8i3c9k9e2r9s2m3a5x3i2m HTTP/1.1" 301 5197 "-" "Mozilla/5.0 (Windows NT 10.0; Win64; x64) AppleWebKit/537.36 (KHTML, like Gecko) Chrome/145.0.0.0 Safari/537.36 (compatible; meta-externalagent/1.1 (+https://developers.facebook.com/docs/sharing/webmasters/crawler))"
91.134.83.25 - - [25/Jul/2026:02:35:49 +0200] "POST /wp-cron.php?doing_wp_cron=1784939749.9505701065063476562500 HTTP/1.1" 200 5074 "-" "WordPress/6.9.4; https://as-cp.fr"
57.141.0.28 - - [25/Jul/2026:02:35:49 +0200] "GET /?flustrate/81703437007 HTTP/1.1" 301 5075 "-" "Mozilla/5.0 (Windows NT 10.0; Win64; x64) AppleWebKit/537.36 (KHTML, like Gecko) Chrome/145.0.0.0 Safari/537.36 (compatible; meta-externalagent/1.1 (+https://developers.facebook.com/docs/sharing/webmasters/crawler))"
103.83.87.82 - - [25/Jul/2026:02:36:45 +0200] "GET / HTTP/1.1" 200 99298 "-" "Mozilla/5.0 (X11; CrOS x86_64 7262.52.0) AppleWebKit/537.36 (KHTML, like Gecko) Chrome/45.0.2454.86 Safari/537.36"
103.83.87.82 - - [25/Jul/2026:02:36:45 +0200] "GET / HTTP/1.1" 200 99298 "-" "Mozilla/5.0 (X11; Linux x86_64) AppleWebKit/534.34 (KHTML, like Gecko) Qt/4.8.1 Safari/534.34"
103.83.87.82 - - [25/Jul/2026:02:36:46 +0200] "GET /contact/ HTTP/1.1" 200 78799 "-" "Mozilla/5.0 (X11; CrOS x86_64 7262.52.0) AppleWebKit/537.36 (KHTML, like Gecko) Chrome/45.0.2454.86 Safari/537.36"
103.83.87.82 - - [25/Jul/2026:02:36:46 +0200] "GET /contact/ HTTP/1.1" 200 78799 "-" "Mozilla/5.0 (X11; Linux x86_64) AppleWebKit/534.34 (KHTML, like Gecko) Qt/4.8.1 Safari/534.34"
103.83.87.82 - - [25/Jul/2026:02:36:46 +0200] "GET /aide-declaration-dimpot-a-perpignan-la-campagne-2026-est-lancee/ HTTP/1.1" 200 86446 "-" "Mozilla/5.0 (X11; CrOS x86_64 7262.52.0) AppleWebKit/537.36 (KHTML, like Gecko) Chrome/45.0.2454.86 Safari/537.36"
103.83.87.82 - - [25/Jul/2026:02:36:46 +0200] "GET /aide-declaration-dimpot-a-perpignan-la-campagne-2026-est-lancee/ HTTP/1.1" 200 86446 "-" "Mozilla/5.0 (X11; Linux x86_64) AppleWebKit/534.34 (KHTML, like Gecko) Qt/4.8.1 Safari/534.34"
103.83.87.82 - - [25/Jul/2026:02:36:46 +0200] "GET /\\\"https:\\ HTTP/1.1" 301 5197 "-" "Mozilla/5.0 (X11; CrOS x86_64 7262.52.0) AppleWebKit/537.36 (KHTML, like Gecko) Chrome/45.0.2454.86 Safari/537.36"
91.134.83.25 - - [25/Jul/2026:02:36:47 +0200] "POST /wp-cron.php?doing_wp_cron=1784939807.0766921043395996093750 HTTP/1.1" 200 5074 "-" "WordPress/6.9.4; https://as-cp.fr"
103.83.87.82 - - [25/Jul/2026:02:36:46 +0200] "GET /\\\"https:\\ HTTP/1.1" 301 5197 "-" "Mozilla/5.0 (X11; Linux x86_64) AppleWebKit/534.34 (KHTML, like Gecko) Qt/4.8.1 Safari/534.34"
103.83.87.82 - - [25/Jul/2026:02:36:47 +0200] "GET / HTTP/1.1" 200 99298 "-" "Mozilla/5.0 (X11; Linux x86_64) AppleWebKit/534.34 (KHTML, like Gecko) Qt/4.8.1 Safari/534.34"
103.83.87.82 - - [25/Jul/2026:02:36:47 +0200] "GET / HTTP/1.1" 200 99298 "-" "Mozilla/5.0 (X11; CrOS x86_64 7262.52.0) AppleWebKit/537.36 (KHTML, like Gecko) Chrome/45.0.2454.86 Safari/537.36"
103.83.87.82 - - [25/Jul/2026:02:36:47 +0200] "GET /prestations-particuliers/ HTTP/1.1" 200 82759 "-" "Mozilla/5.0 (X11; Linux x86_64) AppleWebKit/534.34 (KHTML, like Gecko) Qt/4.8.1 Safari/534.34"
103.83.87.82 - - [25/Jul/2026:02:36:47 +0200] "GET /prestations-particuliers/ HTTP/1.1" 200 82759 "-" "Mozilla/5.0 (X11; CrOS x86_64 7262.52.0) AppleWebKit/537.36 (KHTML, like Gecko) Chrome/45.0.2454.86 Safari/537.36"
103.83.87.82 - - [25/Jul/2026:02:36:47 +0200] "GET /prestations-professionnels/ HTTP/1.1" 200 79854 "-" "Mozilla/5.0 (X11; Linux x86_64) AppleWebKit/534.34 (KHTML, like Gecko) Qt/4.8.1 Safari/534.34"
103.83.87.82 - - [25/Jul/2026:02:36:47 +0200] "GET /prestations-professionnels/ HTTP/1.1" 200 79854 "-" "Mozilla/5.0 (X11; CrOS x86_64 7262.52.0) AppleWebKit/537.36 (KHTML, like Gecko) Chrome/45.0.2454.86 Safari/537.36"
103.83.87.82 - - [25/Jul/2026:02:36:48 +0200] "GET /nos-actualites/ HTTP/1.1" 200 100008 "-" "Mozilla/5.0 (X11; Linux x86_64) AppleWebKit/534.34 (KHTML, like Gecko) Qt/4.8.1 Safari/534.34"
103.83.87.82 - - [25/Jul/2026:02:36:48 +0200] "GET /nos-actualites/ HTTP/1.1" 200 100008 "-" "Mozilla/5.0 (X11; CrOS x86_64 7262.52.0) AppleWebKit/537.36 (KHTML, like Gecko) Chrome/45.0.2454.86 Safari/537.36"
103.83.87.82 - - [25/Jul/2026:02:36:48 +0200] "GET /aide-declaration-fiscale-a-perpignan-ne-laissez-plus-vos-impots-au-hasard/ HTTP/1.1" 200 86103 "-" "Mozilla/5.0 (X11; CrOS x86_64 7262.52.0) AppleWebKit/537.36 (KHTML, like Gecko) Chrome/45.0.2454.86 Safari/537.36"
103.83.87.82 - - [25/Jul/2026:02:36:48 +0200] "GET /aide-declaration-fiscale-a-perpignan-ne-laissez-plus-vos-impots-au-hasard/ HTTP/1.1" 200 86103 "-" "Mozilla/5.0 (X11; Linux x86_64) AppleWebKit/534.34 (KHTML, like Gecko) Qt/4.8.1 Safari/534.34"
103.83.87.82 - - [25/Jul/2026:02:36:48 +0200] "GET /succession-un-nouvel-abattement-pour-les-enfants-du-conjoint-pourquoi-un-conseil-en-succession-a-perpignan-et-alentours-est-important/ HTTP/1.1" 200 86501 "-" "Mozilla/5.0 (X11; CrOS x86_64 7262.52.0) AppleWebKit/537.36 (KHTML, like Gecko) Chrome/45.0.2454.86 Safari/537.36"
103.83.87.82 - - [25/Jul/2026:02:36:48 +0200] "GET /succession-un-nouvel-abattement-pour-les-enfants-du-conjoint-pourquoi-un-conseil-en-succession-a-perpignan-et-alentours-est-important/ HTTP/1.1" 200 86501 "-" "Mozilla/5.0 (X11; Linux x86_64) AppleWebKit/534.34 (KHTML, like Gecko) Qt/4.8.1 Safari/534.34"
103.83.87.82 - - [25/Jul/2026:02:36:48 +0200] "GET /courtier-assurance-emprunteur-saint-esteve-economies/ HTTP/1.1" 200 86018 "-" "Mozilla/5.0 (X11; CrOS x86_64 7262.52.0) AppleWebKit/537.36 (KHTML, like Gecko) Chrome/45.0.2454.86 Safari/537.36"
103.83.87.82 - - [25/Jul/2026:02:36:48 +0200] "GET /courtier-assurance-emprunteur-saint-esteve-economies/ HTTP/1.1" 200 86018 "-" "Mozilla/5.0 (X11; Linux x86_64) AppleWebKit/534.34 (KHTML, like Gecko) Qt/4.8.1 Safari/534.34"
103.83.87.82 - - [25/Jul/2026:02:36:49 +0200] "GET /contact/ HTTP/1.1" 200 78799 "-" "Mozilla/5.0 (Macintosh; Intel Mac OS X 10.7; rv:37.0) Gecko/20100101 Firefox/37.0"
103.83.87.82 - - [25/Jul/2026:02:36:49 +0200] "POST /contact/ HTTP/1.1" 200 22030 "https://as-cp.fr/contact/" "Mozilla/5.0 (Macintosh; Intel Mac OS X 10.7; rv:37.0) Gecko/20100101 Firefox/37.0"
155.103.69.33 - - [25/Jul/2026:02:36:52 +0200] "GET /contact/ HTTP/1.1" 200 78801 "-" "Mozilla/5.0 (Windows NT 6.2; ARM; Trident/7.0; Touch; rv:11.0; WPDesktop; Lumia 1520) like Gecko"
155.103.69.33 - - [25/Jul/2026:02:36:59 +0200] "POST /contact/ HTTP/1.1" 200 22028 "https://as-cp.fr/contact/" "Mozilla/5.0 (Windows NT 6.2; ARM; Trident/7.0; Touch; rv:11.0; WPDesktop; Lumia 1520) like Gecko"
198.235.24.193 - - [25/Jul/2026:02:37:02 +0200] "GET /shell HTTP/1.1" 301 5197 "-" "Hello from Palo Alto Networks, find out more about our scans in https://docs-cortex.paloaltonetworks.com/r/1/Cortex-Xpanse/Scanning-activity"
57.141.0.37 - - [25/Jul/2026:02:37:23 +0200] "GET /defiscalisation-66-solutions-reduire-impots-perpignan/ HTTP/1.1" 200 85765 "-" "Mozilla/5.0 (Macintosh; Intel Mac OS X 10_15_7) AppleWebKit/537.36 (KHTML, like Gecko) Chrome/145.0.0.0 Safari/537.36 (compatible; meta-externalagent/1.1 (+https://developers.facebook.com/docs/sharing/webmasters/crawler))"
91.134.83.25 - - [25/Jul/2026:02:37:24 +0200] "POST /wp-cron.php?doing_wp_cron=1784939844.6540091037750244140625 HTTP/1.1" 200 5074 "-" "WordPress/6.9.4; https://as-cp.fr"
57.141.0.25 - - [25/Jul/2026:02:37:24 +0200] "GET /?v=s8e2n0a2t5o5r3i0a3l7l0y HTTP/1.1" 200 98108 "-" "Mozilla/5.0 (Windows NT 10.0; Win64; x64) AppleWebKit/537.36 (KHTML, like Gecko) Chrome/145.0.0.0 Safari/537.36 (compatible; meta-externalagent/1.1 (+https://developers.facebook.com/docs/sharing/webmasters/crawler))"
209.50.254.87 - - [25/Jul/2026:02:37:34 +0200] "GET / HTTP/1.1" 200 26624 "-" "Mozilla/5.0 (Windows NT 11.0; Win64; x64) AppleWebKit/537.36 (KHTML, like Gecko) Chrome/134.0.6998.166 Safari/537.36"
91.134.83.25 - - [25/Jul/2026:02:37:35 +0200] "POST /wp-cron.php?doing_wp_cron=1784939855.2470619678497314453125 HTTP/1.1" 200 5074 "-" "WordPress/6.9.4; https://as-cp.fr"
57.141.0.49 - - [25/Jul/2026:02:37:34 +0200] "GET /?fishy/83848709062 HTTP/1.1" 301 5071 "-" "Mozilla/5.0 (Windows NT 10.0; Win64; x64) AppleWebKit/537.36 (KHTML, like Gecko) Chrome/145.0.0.0 Safari/537.36 (compatible; meta-externalagent/1.1 (+https://developers.facebook.com/docs/sharing/webmasters/crawler))"
209.50.254.87 - - [25/Jul/2026:02:37:35 +0200] "GET /wp-content/plugins/revslider/public/assets/css/rs6.css?ver=6.3.9 HTTP/1.1" 200 5106 "https://as-cp.fr/" "Mozilla/5.0 (Windows NT 11.0; Win64; x64) AppleWebKit/537.36 (KHTML, like Gecko) Chrome/134.0.6998.166 Safari/537.36"
209.50.254.87 - - [25/Jul/2026:02:37:35 +0200] "GET /wp-content/plugins/kiwi-logo-carousel/third-party/jquery.bxslider/jquery.bxslider.css?ver=6.9.4 HTTP/1.1" 200 5137 "https://as-cp.fr/" "Mozilla/5.0 (Windows NT 11.0; Win64; x64) AppleWebKit/537.36 (KHTML, like Gecko) Chrome/134.0.6998.166 Safari/537.36"
209.50.254.87 - - [25/Jul/2026:02:37:35 +0200] "GET /wp-content/uploads/la_icon_sets/style.min.css?ver=6.9.4 HTTP/1.1" 200 5068 "https://as-cp.fr/" "Mozilla/5.0 (Windows NT 11.0; Win64; x64) AppleWebKit/537.36 (KHTML, like Gecko) Chrome/134.0.6998.166 Safari/537.36"
209.50.254.87 - - [25/Jul/2026:02:37:35 +0200] "GET /wp-content/plugins/kiwi-logo-carousel/custom-styles.css?ver=6.9.4 HTTP/1.1" 200 5107 "https://as-cp.fr/" "Mozilla/5.0 (Windows NT 11.0; Win64; x64) AppleWebKit/537.36 (KHTML, like Gecko) Chrome/134.0.6998.166 Safari/537.36"
209.50.254.87 - - [25/Jul/2026:02:37:35 +0200] "GET /wp-content/plugins/superfly-menu/includes/vendor/looks_awesome/icon_manager/js/md5.js?ver=1.0,0 HTTP/1.1" 200 5144 "https://as-cp.fr/" "Mozilla/5.0 (Windows NT 11.0; Win64; x64) AppleWebKit/537.36 (KHTML, like Gecko) Chrome/134.0.6998.166 Safari/537.36"
209.50.254.87 - - [25/Jul/2026:02:37:35 +0200] "GET /wp-content/plugins/superfly-menu/css/public.min.css?ver=6.9.4 HTTP/1.1" 200 5103 "https://as-cp.fr/" "Mozilla/5.0 (Windows NT 11.0; Win64; x64) AppleWebKit/537.36 (KHTML, like Gecko) Chrome/134.0.6998.166 Safari/537.36"
209.50.254.87 - - [25/Jul/2026:02:37:35 +0200] "GET /wp-content/themes/agencepointcom/style.css?ver=6.9.4 HTTP/1.1" 200 5094 "https://as-cp.fr/" "Mozilla/5.0 (Windows NT 11.0; Win64; x64) AppleWebKit/537.36 (KHTML, like Gecko) Chrome/134.0.6998.166 Safari/537.36"
209.50.254.87 - - [25/Jul/2026:02:37:35 +0200] "GET /wp-includes/js/jquery/jquery.min.js?ver=3.7.1 HTTP/1.1" 200 5094 "https://as-cp.fr/" "Mozilla/5.0 (Windows NT 11.0; Win64; x64) AppleWebKit/537.36 (KHTML, like Gecko) Chrome/134.0.6998.166 Safari/537.36"
209.50.254.87 - - [25/Jul/2026:02:37:35 +0200] "GET /wp-includes/js/jquery/jquery-migrate.min.js?ver=3.4.1 HTTP/1.1" 200 5102 "https://as-cp.fr/" "Mozilla/5.0 (Windows NT 11.0; Win64; x64) AppleWebKit/537.36 (KHTML, like Gecko) Chrome/134.0.6998.166 Safari/537.36"
209.50.254.87 - - [25/Jul/2026:02:37:35 +0200] "GET /wp-content/plugins/superfly-menu/includes/vendor/looks_awesome/icon_manager/js/util.js?ver=1.0,0 HTTP/1.1" 200 5395 "https://as-cp.fr/" "Mozilla/5.0 (Windows NT 11.0; Win64; x64) AppleWebKit/537.36 (KHTML, like Gecko) Chrome/134.0.6998.166 Safari/537.36"
209.50.254.87 - - [25/Jul/2026:02:37:35 +0200] "GET /wp-content/plugins/revslider/public/assets/js/rbtools.min.js?ver=6.3.9 HTTP/1.1" 200 5119 "https://as-cp.fr/" "Mozilla/5.0 (Windows NT 11.0; Win64; x64) AppleWebKit/537.36 (KHTML, like Gecko) Chrome/134.0.6998.166 Safari/537.36"
209.50.254.87 - - [25/Jul/2026:02:37:35 +0200] "GET /wp-content/plugins/revslider/public/assets/js/rs6.min.js?ver=6.3.9 HTTP/1.1" 200 5115 "https://as-cp.fr/" "Mozilla/5.0 (Windows NT 11.0; Win64; x64) AppleWebKit/537.36 (KHTML, like Gecko) Chrome/134.0.6998.166 Safari/537.36"
209.50.254.87 - - [25/Jul/2026:02:37:35 +0200] "GET /wp-content/plugins/superfly-menu/js/public.min.js?ver=5.0.19 HTTP/1.1" 200 5108 "https://as-cp.fr/" "Mozilla/5.0 (Windows NT 11.0; Win64; x64) AppleWebKit/537.36 (KHTML, like Gecko) Chrome/134.0.6998.166 Safari/537.36"
209.50.254.87 - - [25/Jul/2026:02:37:35 +0200] "GET /wp-content/themes/agencepointcom/js/script-frontend.js HTTP/1.1" 200 5444 "https://as-cp.fr/" "Mozilla/5.0 (Windows NT 11.0; Win64; x64) AppleWebKit/537.36 (KHTML, like Gecko) Chrome/134.0.6998.166 Safari/537.36"
209.50.254.87 - - [25/Jul/2026:02:37:37 +0200] "GET /wp-content/themes/agencepointcom/js/navigation.js?ver=20151215 HTTP/1.1" 200 5108 "https://as-cp.fr/" "Mozilla/5.0 (Windows NT 11.0; Win64; x64) AppleWebKit/537.36 (KHTML, like Gecko) Chrome/134.0.6998.166 Safari/537.36"
209.50.254.87 - - [25/Jul/2026:02:37:37 +0200] "GET /wp-content/themes/agencepointcom/js/skip-link-focus-fix.js?ver=20151215 HTTP/1.1" 200 5518 "https://as-cp.fr/" "Mozilla/5.0 (Windows NT 11.0; Win64; x64) AppleWebKit/537.36 (KHTML, like Gecko) Chrome/134.0.6998.166 Safari/537.36"
209.50.254.87 - - [25/Jul/2026:02:37:37 +0200] "GET /wp-includes/js/dist/vendor/wp-polyfill.min.js?ver=3.15.0 HTTP/1.1" 200 5104 "https://as-cp.fr/" "Mozilla/5.0 (Windows NT 11.0; Win64; x64) AppleWebKit/537.36 (KHTML, like Gecko) Chrome/134.0.6998.166 Safari/537.36"
209.50.254.87 - - [25/Jul/2026:02:37:37 +0200] "GET /wp-content/plugins/contact-form-7/modules/recaptcha/index.js?ver=6.1.6 HTTP/1.1" 200 5584 "https://as-cp.fr/" "Mozilla/5.0 (Windows NT 11.0; Win64; x64) AppleWebKit/537.36 (KHTML, like Gecko) Chrome/134.0.6998.166 Safari/537.36"
209.50.254.87 - - [25/Jul/2026:02:37:37 +0200] "GET /wp-content/plugins/kiwi-logo-carousel/third-party/jquery.bxslider/jquery.bxslider.js?ver=6.9.4 HTTP/1.1" 200 5143 "https://as-cp.fr/" "Mozilla/5.0 (Windows NT 11.0; Win64; x64) AppleWebKit/537.36 (KHTML, like Gecko) Chrome/134.0.6998.166 Safari/537.36"
209.50.254.87 - - [25/Jul/2026:02:37:37 +0200] "GET /wp-content/themes/agencepointcom/fonts/Biko.woff2 HTTP/1.1" 200 5097 "https://as-cp.fr/wp-content/themes/agencepointcom/style.css?ver=6.9.4" "Mozilla/5.0 (Windows NT 11.0; Win64; x64) AppleWebKit/537.36 (KHTML, like Gecko) Chrome/134.0.6998.166 Safari/537.36"
209.50.254.87 - - [25/Jul/2026:02:37:37 +0200] "GET /wp-content/themes/agencepointcom/fonts/Biko-Bold.woff2 HTTP/1.1" 200 5102 "https://as-cp.fr/wp-content/themes/agencepointcom/style.css?ver=6.9.4" "Mozilla/5.0 (Windows NT 11.0; Win64; x64) AppleWebKit/537.36 (KHTML, like Gecko) Chrome/134.0.6998.166 Safari/537.36"
209.50.254.87 - - [25/Jul/2026:02:37:37 +0200] "GET /wp-content/themes/agencepointcom/fonts/NexaLight.woff2 HTTP/1.1" 200 5102 "https://as-cp.fr/wp-content/themes/agencepointcom/style.css?ver=6.9.4" "Mozilla/5.0 (Windows NT 11.0; Win64; x64) AppleWebKit/537.36 (KHTML, like Gecko) Chrome/134.0.6998.166 Safari/537.36"
209.50.254.87 - - [25/Jul/2026:02:37:37 +0200] "GET /wp-content/themes/agencepointcom/fonts/NexaBold.woff2 HTTP/1.1" 200 5101 "https://as-cp.fr/wp-content/themes/agencepointcom/style.css?ver=6.9.4" "Mozilla/5.0 (Windows NT 11.0; Win64; x64) AppleWebKit/537.36 (KHTML, like Gecko) Chrome/134.0.6998.166 Safari/537.36"
57.141.0.59 - - [25/Jul/2026:02:37:41 +0200] "GET /?v=s8y4n6a2n0t9h6e7s5i0s HTTP/1.1" 200 98108 "-" "Mozilla/5.0 (Windows NT 10.0; Win64; x64) AppleWebKit/537.36 (KHTML, like Gecko) Chrome/145.0.0.0 Safari/537.36 (compatible; meta-externalagent/1.1 (+https://developers.facebook.com/docs/sharing/webmasters/crawler))"
91.134.83.25 - - [25/Jul/2026:02:38:30 +0200] "POST /wp-cron.php?doing_wp_cron=1784939910.4792680740356445312500 HTTP/1.1" 200 5074 "-" "WordPress/6.9.4; https://as-cp.fr"
57.141.0.10 - - [25/Jul/2026:02:38:30 +0200] "GET /shops/livelier/s8u1r1b4a3s3e7d498 HTTP/1.1" 301 5197 "-" "Mozilla/5.0 (X11; Linux x86_64) AppleWebKit/537.36 (KHTML, like Gecko) Chrome/145.0.0.0 Safari/537.36 (compatible; meta-externalagent/1.1 (+https://developers.facebook.com/docs/sharing/webmasters/crawler))"
91.134.83.25 - - [25/Jul/2026:02:41:02 +0200] "POST /wp-cron.php?doing_wp_cron=1784940061.8331089019775390625000 HTTP/1.1" 200 5074 "-" "WordPress/6.9.4; https://as-cp.fr"
57.141.0.12 - - [25/Jul/2026:02:41:01 +0200] "GET /shops/topchain/r8e2g7a7l9i7a42680 HTTP/1.1" 301 5197 "-" "Mozilla/5.0 (X11; Linux x86_64) AppleWebKit/537.36 (KHTML, like Gecko) Chrome/145.0.0.0 Safari/537.36 (compatible; meta-externalagent/1.1 (+https://developers.facebook.com/docs/sharing/webmasters/crawler))"
57.141.0.32 - - [25/Jul/2026:02:41:14 +0200] "GET /?v=t8a1k5e7s8815151 HTTP/1.1" 200 98108 "-" "Mozilla/5.0 (Windows NT 10.0; Win64; x64) AppleWebKit/537.36 (KHTML, like Gecko) Chrome/145.0.0.0 Safari/537.36 (compatible; meta-externalagent/1.1 (+https://developers.facebook.com/docs/sharing/webmasters/crawler))"
91.134.83.25 - - [25/Jul/2026:02:42:01 +0200] "POST /wp-cron.php?doing_wp_cron=1784940121.7990880012512207031250 HTTP/1.1" 200 5074 "-" "WordPress/6.9.4; https://as-cp.fr"
57.141.0.67 - - [25/Jul/2026:02:42:01 +0200] "GET /purna/bellwether/82818716081 HTTP/1.1" 301 5197 "-" "Mozilla/5.0 (Windows NT 10.0; Win64; x64) AppleWebKit/537.36 (KHTML, like Gecko) Chrome/145.0.0.0 Safari/537.36 (compatible; meta-externalagent/1.1 (+https://developers.facebook.com/docs/sharing/webmasters/crawler))"
173.252.87.37 - - [25/Jul/2026:02:46:05 +0200] "GET /robots.txt HTTP/1.1" 206 5172 "-" "facebookexternalhit/1.1 (+http://www.facebook.com/externalhit_uatext.php)"
91.134.83.25 - - [25/Jul/2026:02:46:11 +0200] "POST /wp-cron.php?doing_wp_cron=1784940371.7869279384613037109375 HTTP/1.1" 200 5074 "-" "WordPress/6.9.4; https://as-cp.fr"
57.141.0.28 - - [25/Jul/2026:02:46:11 +0200] "GET /?v=i8n1s4e3s5s0o4r2e1s24 HTTP/1.1" 200 98108 "-" "Mozilla/5.0 (Macintosh; Intel Mac OS X 10_15_7) AppleWebKit/537.36 (KHTML, like Gecko) Chrome/145.0.0.0 Safari/537.36 (compatible; meta-externalagent/1.1 (+https://developers.facebook.com/docs/sharing/webmasters/crawler))"
91.134.83.25 - - [25/Jul/2026:02:46:43 +0200] "POST /wp-cron.php?doing_wp_cron=1784940403.7382600307464599609375 HTTP/1.1" 200 5074 "-" "WordPress/6.9.4; https://as-cp.fr"
57.141.0.1 - - [25/Jul/2026:02:46:43 +0200] "GET /homeschooled/gallinae/8114173975 HTTP/1.1" 301 5197 "-" "Mozilla/5.0 (Macintosh; Intel Mac OS X 10_15_7) AppleWebKit/537.36 (KHTML, like Gecko) Chrome/145.0.0.0 Safari/537.36 (compatible; meta-externalagent/1.1 (+https://developers.facebook.com/docs/sharing/webmasters/crawler))"
91.134.83.25 - - [25/Jul/2026:02:47:30 +0200] "POST /wp-cron.php?doing_wp_cron=1784940450.0281889438629150390625 HTTP/1.1" 200 5074 "-" "WordPress/6.9.4; https://as-cp.fr"
57.141.0.39 - - [25/Jul/2026:02:47:29 +0200] "GET /?vicety/83767065377 HTTP/1.1" 301 5072 "-" "Mozilla/5.0 (Windows NT 10.0; Win64; x64) AppleWebKit/537.36 (KHTML, like Gecko) Chrome/145.0.0.0 Safari/537.36 (compatible; meta-externalagent/1.1 (+https://developers.facebook.com/docs/sharing/webmasters/crawler))"
89.246.241.14 - - [25/Jul/2026:02:47:49 +0200] "GET /investissement-immobilier-locatif-a-perpignan/ HTTP/1.1" 200 23588 "-" "Mozilla/5.0 (Windows NT 10.0; Win64; x64; rv:142.0) Gecko/20100101 Firefox/142.0"
91.134.83.25 - - [25/Jul/2026:02:48:45 +0200] "POST /wp-cron.php?doing_wp_cron=1784940525.2331190109252929687500 HTTP/1.1" 200 5074 "-" "WordPress/6.9.4; https://as-cp.fr"
185.129.117.210 - - [25/Jul/2026:02:48:44 +0200] "GET /wp-login.php HTTP/1.1" 200 8736 "-" "Mozilla/5.0 (Windows NT 10.0; Win64; x64) AppleWebKit/537.36 (KHTML, like Gecko) Chrome/150.0.0.0 Safari/537.36"
185.129.117.210 - - [25/Jul/2026:02:48:45 +0200] "POST /wp-login.php HTTP/1.1" 200 8911 "https://as-cp.fr/wp-login.php" "Mozilla/5.0 (Windows NT 10.0; Win64; x64) AppleWebKit/537.36 (KHTML, like Gecko) Chrome/150.0.0.0 Safari/537.36"
57.141.0.29 - - [25/Jul/2026:02:49:11 +0200] "GET /?v=e8x3c4l4a7m3a9t0i3o3n HTTP/1.1" 200 98130 "-" "Mozilla/5.0 (Windows NT 10.0; Win64; x64) AppleWebKit/537.36 (KHTML, like Gecko) Chrome/145.0.0.0 Safari/537.36 (compatible; meta-externalagent/1.1 (+https://developers.facebook.com/docs/sharing/webmasters/crawler))"
91.134.83.25 - - [25/Jul/2026:02:50:03 +0200] "POST /wp-cron.php?doing_wp_cron=1784940603.4105660915374755859375 HTTP/1.1" 200 5074 "-" "WordPress/6.9.4; https://as-cp.fr"
57.141.0.37 - - [25/Jul/2026:02:50:02 +0200] "GET /dwarfish/leased/8977363169 HTTP/1.1" 301 5197 "-" "Mozilla/5.0 (Windows NT 10.0; Win64; x64) AppleWebKit/537.36 (KHTML, like Gecko) Chrome/145.0.0.0 Safari/537.36 (compatible; meta-externalagent/1.1 (+https://developers.facebook.com/docs/sharing/webmasters/crawler))"
91.134.83.25 - - [25/Jul/2026:02:51:45 +0200] "POST /wp-cron.php?doing_wp_cron=1784940705.5564510822296142578125 HTTP/1.1" 200 5074 "-" "WordPress/6.9.4; https://as-cp.fr"
69.58.1.163 - - [25/Jul/2026:02:51:45 +0200] "GET /wp-login.php HTTP/1.1" 200 8736 "https://as-cp.fr/" "Mozilla/5.0 (X11; Fedora; Linux x86_64; rv:114.0) Gecko/20100101 Firefox/114.0"
69.58.1.163 - - [25/Jul/2026:02:51:47 +0200] "GET /wp-login.php HTTP/1.1" 200 8736 "https://as-cp.fr/wp-login.php" "Mozilla/5.0 (Windows NT 6.3; Win64; x64) AppleWebKit/537.36 (KHTML, like Gecko) Chrome/103.0.0.0 Safari/537.36"
69.58.1.163 - - [25/Jul/2026:02:51:49 +0200] "POST /wp-login.php HTTP/1.1" 200 8908 "https://as-cp.fr/wp-login.php" "Mozilla/5.0 (Windows NT 6.3; Win64; x64) AppleWebKit/537.36 (KHTML, like Gecko) Chrome/103.0.0.0 Safari/537.36"
69.58.1.163 - - [25/Jul/2026:02:51:52 +0200] "GET /xmlrpc.php HTTP/1.1" 405 5126 "https://as-cp.fr/wp-login.php" "Mozilla/5.0 (Windows NT 6.3; Win64; x64) AppleWebKit/537.36 (KHTML, like Gecko) Chrome/103.0.0.0 Safari/537.36"
69.58.1.163 - - [25/Jul/2026:02:51:54 +0200] "POST /xmlrpc.php HTTP/1.1" 200 5268 "https://as-cp.fr/xmlrpc.php" "Mozilla/5.0 (Windows NT 6.3; Win64; x64) AppleWebKit/537.36 (KHTML, like Gecko) Chrome/103.0.0.0 Safari/537.36"
69.58.1.163 - - [25/Jul/2026:02:51:56 +0200] "POST /xmlrpc.php HTTP/1.1" 200 5268 "https://as-cp.fr/xmlrpc.php" "Mozilla/5.0 (Windows NT 6.3; Win64; x64) AppleWebKit/537.36 (KHTML, like Gecko) Chrome/103.0.0.0 Safari/537.36"
69.58.1.163 - - [25/Jul/2026:02:51:58 +0200] "GET /wp-login.php HTTP/1.1" 200 8736 "https://as-cp.fr/xmlrpc.php" "Mozilla/5.0 (Windows NT 6.3; Win64; x64) AppleWebKit/537.36 (KHTML, like Gecko) Chrome/103.0.0.0 Safari/537.36"
69.58.1.163 - - [25/Jul/2026:02:52:01 +0200] "GET /wp-admin/ HTTP/1.1" 302 5221 "https://as-cp.fr/wp-login.php" "Mozilla/5.0 (Windows NT 6.3; Win64; x64) AppleWebKit/537.36 (KHTML, like Gecko) Chrome/103.0.0.0 Safari/537.36"
69.58.1.163 - - [25/Jul/2026:02:52:03 +0200] "GET /wp-login.php?redirect_to=https%3A%2F%2Fas-cp.fr%2Fwp-admin%2F&reauth=1 HTTP/1.1" 200 10801 "https://as-cp.fr/wp-admin/" "Mozilla/5.0 (Windows NT 6.3; Win64; x64) AppleWebKit/537.36 (KHTML, like Gecko) Chrome/103.0.0.0 Safari/537.36"
91.134.83.25 - - [25/Jul/2026:02:53:39 +0200] "POST /wp-cron.php?doing_wp_cron=1784940818.9841649532318115234375 HTTP/1.1" 200 5074 "-" "WordPress/6.9.4; https://as-cp.fr"
57.141.0.61 - - [25/Jul/2026:02:53:38 +0200] "GET /sitemap-sub-588.xml HTTP/1.1" 301 5197 "-" "Mozilla/5.0 (Windows NT 10.0; Win64; x64; rv:147.0) Gecko/20100101 Firefox/147.0 (compatible; meta-externalagent/1.1 (+https://developers.facebook.com/docs/sharing/webmasters/crawler))"
17.241.227.95 - - [25/Jul/2026:02:53:49 +0200] "GET /robots.txt HTTP/1.1" 200 5168 "-" "Mozilla/5.0 (Macintosh; Intel Mac OS X 10_15_7) AppleWebKit/605.1.15 (KHTML, like Gecko) Version/17.4 Safari/605.1.15 (Applebot/0.1; +http://www.apple.com/go/applebot)"
17.241.227.95 - - [25/Jul/2026:02:53:49 +0200] "GET /conseiller-en-succession-perpignan/ HTTP/1.1" 200 23509 "-" "Mozilla/5.0 (Macintosh; Intel Mac OS X 10_15_7) AppleWebKit/605.1.15 (KHTML, like Gecko) Version/17.4 Safari/605.1.15 (Applebot/0.1; +http://www.apple.com/go/applebot)"
91.134.83.25 - - [25/Jul/2026:02:54:21 +0200] "POST /wp-cron.php?doing_wp_cron=1784940861.3210930824279785156250 HTTP/1.1" 200 5074 "-" "WordPress/6.9.4; https://as-cp.fr"
57.141.0.18 - - [25/Jul/2026:02:54:20 +0200] "GET /shops/meatoscope/p8h2t2h8a9l6i1d5e784 HTTP/1.1" 301 5197 "-" "Mozilla/5.0 (Windows NT 10.0; Win64; x64) AppleWebKit/537.36 (KHTML, like Gecko) Chrome/145.0.0.0 Safari/537.36 (compatible; meta-externalagent/1.1 (+https://developers.facebook.com/docs/sharing/webmasters/crawler))"
91.134.83.25 - - [25/Jul/2026:02:54:36 +0200] "POST /wp-cron.php?doing_wp_cron=1784940876.0302720069885253906250 HTTP/1.1" 200 5074 "-" "WordPress/6.9.4; https://as-cp.fr"
54.234.0.14 - - [25/Jul/2026:02:54:35 +0200] "GET /wp-content/uploads/2024/09/opcvm-a HTTP/1.1" 301 5197 "-" "Mozilla/5.0 AppleWebKit/605.1.15 (KHTML, like Gecko) Chrome/139.0.0.0 Safari/605.1.15"
54.208.78.6 - - [25/Jul/2026:02:54:36 +0200] "GET / HTTP/1.1" 200 26624 "-" "Mozilla/5.0 AppleWebKit/605.1.15 (KHTML, like Gecko) Chrome/139.0.0.0 Safari/605.1.15"
91.134.83.25 - - [25/Jul/2026:02:55:30 +0200] "POST /wp-cron.php?doing_wp_cron=1784940930.8545770645141601562500 HTTP/1.1" 200 5074 "-" "WordPress/6.9.4; https://as-cp.fr"
57.141.0.16 - - [25/Jul/2026:02:55:30 +0200] "GET /sitemap-sub-627.xml HTTP/1.1" 301 5197 "-" "Mozilla/5.0 (Windows NT 10.0; Win64; x64) AppleWebKit/537.36 (KHTML, like Gecko) Chrome/145.0.0.0 Safari/537.36 (compatible; meta-externalagent/1.1 (+https://developers.facebook.com/docs/sharing/webmasters/crawler))"
91.134.83.25 - - [25/Jul/2026:02:55:34 +0200] "POST /wp-cron.php?doing_wp_cron=1784940934.7244110107421875000000 HTTP/1.1" 200 5074 "-" "WordPress/6.9.4; https://as-cp.fr"
57.141.0.66 - - [25/Jul/2026:02:55:34 +0200] "GET /?v=a8b3l3o0o5m745608 HTTP/1.1" 200 98108 "-" "Mozilla/5.0 (Windows NT 10.0; Win64; x64) AppleWebKit/537.36 (KHTML, like Gecko) Chrome/145.0.0.0 Safari/537.36 (compatible; meta-externalagent/1.1 (+https://developers.facebook.com/docs/sharing/webmasters/crawler))"
91.134.83.25 - - [25/Jul/2026:02:55:50 +0200] "POST /wp-cron.php?doing_wp_cron=1784940950.0509169101715087890625 HTTP/1.1" 200 5074 "-" "WordPress/6.9.4; https://as-cp.fr"
57.141.0.15 - - [25/Jul/2026:02:55:49 +0200] "GET /shops/neversaydie/a8u3t0o1p6h8a3g1y690 HTTP/1.1" 301 5197 "-" "Mozilla/5.0 (Windows NT 10.0; Win64; x64) AppleWebKit/537.36 (KHTML, like Gecko) Chrome/145.0.0.0 Safari/537.36 (compatible; meta-externalagent/1.1 (+https://developers.facebook.com/docs/sharing/webmasters/crawler))"
57.141.0.16 - - [25/Jul/2026:02:55:52 +0200] "GET /shops/psidium/p8l1i4c8a2t7u3l0a423 HTTP/1.1" 301 5197 "-" "Mozilla/5.0 (Windows NT 10.0; Win64; x64) AppleWebKit/537.36 (KHTML, like Gecko) Chrome/145.0.0.0 Safari/537.36 (compatible; meta-externalagent/1.1 (+https://developers.facebook.com/docs/sharing/webmasters/crawler))"
57.141.0.7 - - [25/Jul/2026:02:56:16 +0200] "GET /?v=e8a2r3t5h4w4a1r5d555 HTTP/1.1" 200 98108 "-" "Mozilla/5.0 (Macintosh; Intel Mac OS X 10_15_7) AppleWebKit/537.36 (KHTML, like Gecko) Chrome/145.0.0.0 Safari/537.36 (compatible; meta-externalagent/1.1 (+https://developers.facebook.com/docs/sharing/webmasters/crawler))"
91.134.83.25 - - [25/Jul/2026:02:58:11 +0200] "POST /wp-cron.php?doing_wp_cron=1784941091.5085120201110839843750 HTTP/1.1" 200 5074 "-" "WordPress/6.9.4; https://as-cp.fr"
57.141.0.24 - - [25/Jul/2026:02:58:10 +0200] "GET /shops/cuniculus/a8n1i2s2o2m4e8r7o6u7s1 HTTP/1.1" 301 5197 "-" "Mozilla/5.0 (Macintosh; Intel Mac OS X 10_15_7) AppleWebKit/537.36 (KHTML, like Gecko) Chrome/145.0.0.0 Safari/537.36 (compatible; meta-externalagent/1.1 (+https://developers.facebook.com/docs/sharing/webmasters/crawler))"
80.253.249.64 - - [25/Jul/2026:02:58:11 +0200] "POST /?rest_route=/batch/v1 HTTP/1.1" 207 1859650 "-" "wp2shell"
91.134.83.25 - - [25/Jul/2026:02:58:59 +0200] "POST /wp-cron.php?doing_wp_cron=1784941139.8029530048370361328125 HTTP/1.1" 200 5074 "-" "WordPress/6.9.4; https://as-cp.fr"
57.141.0.48 - - [25/Jul/2026:02:58:59 +0200] "GET /?v=t8o1r3q0u9a8t8e4d668 HTTP/1.1" 200 98108 "-" "Mozilla/5.0 (Windows NT 10.0; Win64; x64) AppleWebKit/537.36 (KHTML, like Gecko) Chrome/145.0.0.0 Safari/537.36 (compatible; meta-externalagent/1.1 (+https://developers.facebook.com/docs/sharing/webmasters/crawler))"
57.141.0.64 - - [25/Jul/2026:02:59:06 +0200] "GET /excrescency/streak/o8b3l3i9g9e4r38503 HTTP/1.1" 301 5197 "-" "Mozilla/5.0 (Macintosh; Intel Mac OS X 10_15_7) AppleWebKit/537.36 (KHTML, like Gecko) Chrome/145.0.0.0 Safari/537.36 (compatible; meta-externalagent/1.1 (+https://developers.facebook.com/docs/sharing/webmasters/crawler))"
57.141.0.36 - - [25/Jul/2026:02:59:09 +0200] "GET /?v=d8u4t0i3f8u9l09903 HTTP/1.1" 200 98108 "-" "Mozilla/5.0 (Macintosh; Intel Mac OS X 10_15_7) AppleWebKit/537.36 (KHTML, like Gecko) Chrome/145.0.0.0 Safari/537.36 (compatible; meta-externalagent/1.1 (+https://developers.facebook.com/docs/sharing/webmasters/crawler))"
91.134.83.25 - - [25/Jul/2026:03:01:09 +0200] "POST /wp-cron.php?doing_wp_cron=1784941269.3336699008941650390625 HTTP/1.1" 200 5074 "-" "WordPress/6.9.4; https://as-cp.fr"
57.141.0.65 - - [25/Jul/2026:03:01:08 +0200] "GET /shops/astrolabe/p8r2a2e4d1i2a0l5231 HTTP/1.1" 301 5197 "-" "Mozilla/5.0 (Windows NT 10.0; Win64; x64) AppleWebKit/537.36 (KHTML, like Gecko) Chrome/145.0.0.0 Safari/537.36 (compatible; meta-externalagent/1.1 (+https://developers.facebook.com/docs/sharing/webmasters/crawler))"
91.134.83.25 - - [25/Jul/2026:03:01:23 +0200] "POST /wp-cron.php?doing_wp_cron=1784941283.0259981155395507812500 HTTP/1.1" 200 5074 "-" "WordPress/6.9.4; https://as-cp.fr"
57.141.0.50 - - [25/Jul/2026:03:01:22 +0200] "GET /shops/reiterated/h8a3t8e1r0672958 HTTP/1.1" 301 5197 "-" "Mozilla/5.0 (Macintosh; Intel Mac OS X 10_15_7) AppleWebKit/537.36 (KHTML, like Gecko) Chrome/145.0.0.0 Safari/537.36 (compatible; meta-externalagent/1.1 (+https://developers.facebook.com/docs/sharing/webmasters/crawler))"
17.241.227.178 - - [25/Jul/2026:03:01:57 +0200] "GET /wp-content/plugins/kiwi-logo-carousel/custom-styles.css?ver=6.9.4 HTTP/1.1" 200 5107 "https://as-cp.fr/conseiller-en-succession-perpignan/" "Mozilla/5.0 (Macintosh; Intel Mac OS X 10_15_7) AppleWebKit/605.1.15 (KHTML, like Gecko) Version/17.4 Safari/605.1.15 (Applebot/0.1; +http://www.apple.com/go/applebot)"
17.241.227.178 - - [25/Jul/2026:03:01:58 +0200] "GET /wp-content/themes/agencepointcom/style.css?ver=6.9.4 HTTP/1.1" 200 5094 "https://as-cp.fr/conseiller-en-succession-perpignan/" "Mozilla/5.0 (Macintosh; Intel Mac OS X 10_15_7) AppleWebKit/605.1.15 (KHTML, like Gecko) Version/17.4 Safari/605.1.15 (Applebot/0.1; +http://www.apple.com/go/applebot)"
17.241.227.178 - - [25/Jul/2026:03:02:00 +0200] "GET /wp-content/plugins/kiwi-logo-carousel/third-party/jquery.bxslider/jquery.bxslider.css?ver=6.9.4 HTTP/1.1" 200 5137 "https://as-cp.fr/conseiller-en-succession-perpignan/" "Mozilla/5.0 (Macintosh; Intel Mac OS X 10_15_7) AppleWebKit/605.1.15 (KHTML, like Gecko) Version/17.4 Safari/605.1.15 (Applebot/0.1; +http://www.apple.com/go/applebot)"
17.241.227.178 - - [25/Jul/2026:03:02:01 +0200] "GET /wp-content/plugins/revslider/public/assets/css/rs6.css?ver=6.3.9 HTTP/1.1" 200 5106 "https://as-cp.fr/conseiller-en-succession-perpignan/" "Mozilla/5.0 (Macintosh; Intel Mac OS X 10_15_7) AppleWebKit/605.1.15 (KHTML, like Gecko) Version/17.4 Safari/605.1.15 (Applebot/0.1; +http://www.apple.com/go/applebot)"
17.241.227.178 - - [25/Jul/2026:03:02:03 +0200] "GET /wp-content/uploads/la_icon_sets/style.min.css?ver=6.9.4 HTTP/1.1" 200 5068 "https://as-cp.fr/conseiller-en-succession-perpignan/" "Mozilla/5.0 (Macintosh; Intel Mac OS X 10_15_7) AppleWebKit/605.1.15 (KHTML, like Gecko) Version/17.4 Safari/605.1.15 (Applebot/0.1; +http://www.apple.com/go/applebot)"
17.241.227.178 - - [25/Jul/2026:03:02:04 +0200] "GET /wp-content/plugins/superfly-menu/css/public.min.css?ver=6.9.4 HTTP/1.1" 200 5103 "https://as-cp.fr/conseiller-en-succession-perpignan/" "Mozilla/5.0 (Macintosh; Intel Mac OS X 10_15_7) AppleWebKit/605.1.15 (KHTML, like Gecko) Version/17.4 Safari/605.1.15 (Applebot/0.1; +http://www.apple.com/go/applebot)"
17.241.227.178 - - [25/Jul/2026:03:02:05 +0200] "GET /wp-includes/js/jquery/jquery.min.js?ver=3.7.1 HTTP/1.1" 200 5094 "https://as-cp.fr/conseiller-en-succession-perpignan/" "Mozilla/5.0 (Macintosh; Intel Mac OS X 10_15_7) AppleWebKit/605.1.15 (KHTML, like Gecko) Version/17.4 Safari/605.1.15 (Applebot/0.1; +http://www.apple.com/go/applebot)"
17.241.227.178 - - [25/Jul/2026:03:02:07 +0200] "GET /wp-includes/js/jquery/jquery-migrate.min.js?ver=3.4.1 HTTP/1.1" 200 5102 "https://as-cp.fr/conseiller-en-succession-perpignan/" "Mozilla/5.0 (Macintosh; Intel Mac OS X 10_15_7) AppleWebKit/605.1.15 (KHTML, like Gecko) Version/17.4 Safari/605.1.15 (Applebot/0.1; +http://www.apple.com/go/applebot)"
17.241.227.178 - - [25/Jul/2026:03:02:08 +0200] "GET /wp-content/plugins/superfly-menu/includes/vendor/looks_awesome/icon_manager/js/md5.js?ver=1.0,0 HTTP/1.1" 200 5144 "https://as-cp.fr/conseiller-en-succession-perpignan/" "Mozilla/5.0 (Macintosh; Intel Mac OS X 10_15_7) AppleWebKit/605.1.15 (KHTML, like Gecko) Version/17.4 Safari/605.1.15 (Applebot/0.1; +http://www.apple.com/go/applebot)"
17.241.227.178 - - [25/Jul/2026:03:02:10 +0200] "GET /wp-content/plugins/superfly-menu/includes/vendor/looks_awesome/icon_manager/js/util.js?ver=1.0,0 HTTP/1.1" 200 5395 "https://as-cp.fr/conseiller-en-succession-perpignan/" "Mozilla/5.0 (Macintosh; Intel Mac OS X 10_15_7) AppleWebKit/605.1.15 (KHTML, like Gecko) Version/17.4 Safari/605.1.15 (Applebot/0.1; +http://www.apple.com/go/applebot)"
17.241.227.178 - - [25/Jul/2026:03:02:11 +0200] "GET /wp-content/plugins/revslider/public/assets/js/rbtools.min.js?ver=6.3.9 HTTP/1.1" 200 5119 "https://as-cp.fr/conseiller-en-succession-perpignan/" "Mozilla/5.0 (Macintosh; Intel Mac OS X 10_15_7) AppleWebKit/605.1.15 (KHTML, like Gecko) Version/17.4 Safari/605.1.15 (Applebot/0.1; +http://www.apple.com/go/applebot)"
17.241.227.178 - - [25/Jul/2026:03:02:13 +0200] "GET /wp-content/plugins/revslider/public/assets/js/rs6.min.js?ver=6.3.9 HTTP/1.1" 200 5115 "https://as-cp.fr/conseiller-en-succession-perpignan/" "Mozilla/5.0 (Macintosh; Intel Mac OS X 10_15_7) AppleWebKit/605.1.15 (KHTML, like Gecko) Version/17.4 Safari/605.1.15 (Applebot/0.1; +http://www.apple.com/go/applebot)"
17.241.227.178 - - [25/Jul/2026:03:02:14 +0200] "GET /wp-content/plugins/superfly-menu/js/public.min.js?ver=5.0.19 HTTP/1.1" 200 5108 "https://as-cp.fr/conseiller-en-succession-perpignan/" "Mozilla/5.0 (Macintosh; Intel Mac OS X 10_15_7) AppleWebKit/605.1.15 (KHTML, like Gecko) Version/17.4 Safari/605.1.15 (Applebot/0.1; +http://www.apple.com/go/applebot)"
17.241.227.178 - - [25/Jul/2026:03:02:16 +0200] "GET /wp-content/themes/agencepointcom/js/script-frontend.js HTTP/1.1" 200 5444 "https://as-cp.fr/conseiller-en-succession-perpignan/" "Mozilla/5.0 (Macintosh; Intel Mac OS X 10_15_7) AppleWebKit/605.1.15 (KHTML, like Gecko) Version/17.4 Safari/605.1.15 (Applebot/0.1; +http://www.apple.com/go/applebot)"
17.241.227.178 - - [25/Jul/2026:03:02:17 +0200] "GET /wp-content/themes/agencepointcom/js/navigation.js?ver=20151215 HTTP/1.1" 200 5108 "https://as-cp.fr/conseiller-en-succession-perpignan/" "Mozilla/5.0 (Macintosh; Intel Mac OS X 10_15_7) AppleWebKit/605.1.15 (KHTML, like Gecko) Version/17.4 Safari/605.1.15 (Applebot/0.1; +http://www.apple.com/go/applebot)"
17.241.227.178 - - [25/Jul/2026:03:02:18 +0200] "GET /wp-content/themes/agencepointcom/js/skip-link-focus-fix.js?ver=20151215 HTTP/1.1" 200 5518 "https://as-cp.fr/conseiller-en-succession-perpignan/" "Mozilla/5.0 (Macintosh; Intel Mac OS X 10_15_7) AppleWebKit/605.1.15 (KHTML, like Gecko) Version/17.4 Safari/605.1.15 (Applebot/0.1; +http://www.apple.com/go/applebot)"
17.241.227.178 - - [25/Jul/2026:03:02:20 +0200] "GET /wp-includes/js/dist/vendor/wp-polyfill.min.js?ver=3.15.0 HTTP/1.1" 200 5104 "https://as-cp.fr/conseiller-en-succession-perpignan/" "Mozilla/5.0 (Macintosh; Intel Mac OS X 10_15_7) AppleWebKit/605.1.15 (KHTML, like Gecko) Version/17.4 Safari/605.1.15 (Applebot/0.1; +http://www.apple.com/go/applebot)"
17.241.227.178 - - [25/Jul/2026:03:02:21 +0200] "GET /wp-content/plugins/contact-form-7/modules/recaptcha/index.js?ver=6.1.6 HTTP/1.1" 200 5584 "https://as-cp.fr/conseiller-en-succession-perpignan/" "Mozilla/5.0 (Macintosh; Intel Mac OS X 10_15_7) AppleWebKit/605.1.15 (KHTML, like Gecko) Version/17.4 Safari/605.1.15 (Applebot/0.1; +http://www.apple.com/go/applebot)"
17.241.227.178 - - [25/Jul/2026:03:02:23 +0200] "GET /wp-content/plugins/kiwi-logo-carousel/third-party/jquery.bxslider/jquery.bxslider.js?ver=6.9.4 HTTP/1.1" 200 5143 "https://as-cp.fr/conseiller-en-succession-perpignan/" "Mozilla/5.0 (Macintosh; Intel Mac OS X 10_15_7) AppleWebKit/605.1.15 (KHTML, like Gecko) Version/17.4 Safari/605.1.15 (Applebot/0.1; +http://www.apple.com/go/applebot)"
17.241.227.178 - - [25/Jul/2026:03:02:24 +0200] "GET /wp-content/plugins/wp-rocket/assets/js/wpr-beacon.min.js HTTP/1.1" 200 5115 "https://as-cp.fr/conseiller-en-succession-perpignan/" "Mozilla/5.0 (Macintosh; Intel Mac OS X 10_15_7) AppleWebKit/605.1.15 (KHTML, like Gecko) Version/17.4 Safari/605.1.15 (Applebot/0.1; +http://www.apple.com/go/applebot)"
91.134.83.25 - - [25/Jul/2026:03:02:26 +0200] "POST /wp-cron.php?doing_wp_cron=1784941346.8826389312744140625000 HTTP/1.1" 200 5074 "-" "WordPress/6.9.4; https://as-cp.fr"
17.241.227.178 - - [25/Jul/2026:03:02:26 +0200] "POST /wp-admin/admin-ajax.php HTTP/1.1" 200 5486 "https://as-cp.fr/conseiller-en-succession-perpignan/" "Mozilla/5.0 (Macintosh; Intel Mac OS X 10_15_7) AppleWebKit/605.1.15 (KHTML, like Gecko) Version/17.4 Safari/605.1.15 (Applebot/0.1; +http://www.apple.com/go/applebot)"
17.241.227.178 - - [25/Jul/2026:03:02:27 +0200] "POST /wp-admin/admin-ajax.php HTTP/1.1" 200 5862 "https://as-cp.fr/conseiller-en-succession-perpignan/" "Mozilla/5.0 (Macintosh; Intel Mac OS X 10_15_7) AppleWebKit/605.1.15 (KHTML, like Gecko) Version/17.4 Safari/605.1.15 (Applebot/0.1; +http://www.apple.com/go/applebot)"
91.134.83.25 - - [25/Jul/2026:03:02:39 +0200] "POST /wp-cron.php?doing_wp_cron=1784941359.8665499687194824218750 HTTP/1.1" 200 5074 "-" "WordPress/6.9.4; https://as-cp.fr"
57.141.0.45 - - [25/Jul/2026:03:02:39 +0200] "GET /boatable/a8d2j3u2t4a8g3e4757 HTTP/1.1" 301 5197 "-" "Mozilla/5.0 (Windows NT 10.0; Win64; x64) AppleWebKit/537.36 (KHTML, like Gecko) Chrome/145.0.0.0 Safari/537.36 (compatible; meta-externalagent/1.1 (+https://developers.facebook.com/docs/sharing/webmasters/crawler))"
91.134.83.25 - - [25/Jul/2026:03:02:46 +0200] "POST /wp-cron.php?doing_wp_cron=1784941366.4261159896850585937500 HTTP/1.1" 200 5074 "-" "WordPress/6.9.4; https://as-cp.fr"
57.141.0.23 - - [25/Jul/2026:03:02:46 +0200] "GET /shops/blacksnake/h8u2s1b1a4n9d2a8b4l1e8 HTTP/1.1" 301 5197 "-" "Mozilla/5.0 (Windows NT 10.0; Win64; x64) AppleWebKit/537.36 (KHTML, like Gecko) Chrome/145.0.0.0 Safari/537.36 (compatible; meta-externalagent/1.1 (+https://developers.facebook.com/docs/sharing/webmasters/crawler))"
91.134.83.25 - - [25/Jul/2026:03:03:30 +0200] "POST /wp-cron.php?doing_wp_cron=1784941410.5309860706329345703125 HTTP/1.1" 200 5074 "-" "WordPress/6.9.4; https://as-cp.fr"
57.141.0.4 - - [25/Jul/2026:03:03:30 +0200] "GET /shops/encolure/s8u3p7r5a4273057 HTTP/1.1" 301 5197 "-" "Mozilla/5.0 (Macintosh; Intel Mac OS X 10_15_7) AppleWebKit/537.36 (KHTML, like Gecko) Chrome/145.0.0.0 Safari/537.36 (compatible; meta-externalagent/1.1 (+https://developers.facebook.com/docs/sharing/webmasters/crawler))"
91.134.83.25 - - [25/Jul/2026:03:03:34 +0200] "POST /wp-cron.php?doing_wp_cron=1784941414.0381059646606445312500 HTTP/1.1" 200 5074 "-" "WordPress/6.9.4; https://as-cp.fr"
57.141.0.27 - - [25/Jul/2026:03:03:33 +0200] "GET /?v=m8o9n2o8g7e2n2i3s6t3ic HTTP/1.1" 200 98108 "-" "Mozilla/5.0 (Windows NT 10.0; Win64; x64) AppleWebKit/537.36 (KHTML, like Gecko) Chrome/145.0.0.0 Safari/537.36 Edg/145.0.0.0 (compatible; meta-externalagent/1.1 (+https://developers.facebook.com/docs/sharing/webmasters/crawler))"
57.141.0.25 - - [25/Jul/2026:03:03:40 +0200] "GET /shops/attributes/v8i7l1l9a4n2i0z3e2d HTTP/1.1" 301 5197 "-" "Mozilla/5.0 (Windows NT 10.0; Win64; x64) AppleWebKit/537.36 (KHTML, like Gecko) Chrome/145.0.0.0 Safari/537.36 (compatible; meta-externalagent/1.1 (+https://developers.facebook.com/docs/sharing/webmasters/crawler))"
91.134.83.25 - - [25/Jul/2026:03:05:52 +0200] "POST /wp-cron.php?doing_wp_cron=1784941552.4012460708618164062500 HTTP/1.1" 200 5074 "-" "WordPress/6.9.4; https://as-cp.fr"
57.141.0.41 - - [25/Jul/2026:03:05:51 +0200] "GET /bondsmen/meliphagan/s8a3m1s1o3n735568 HTTP/1.1" 301 5197 "-" "Mozilla/5.0 (Windows NT 10.0; Win64; x64) AppleWebKit/537.36 (KHTML, like Gecko) Chrome/145.0.0.0 Safari/537.36 (compatible; meta-externalagent/1.1 (+https://developers.facebook.com/docs/sharing/webmasters/crawler))"
91.134.83.25 - - [25/Jul/2026:03:06:25 +0200] "POST /wp-cron.php?doing_wp_cron=1784941585.1766428947448730468750 HTTP/1.1" 200 5074 "-" "WordPress/6.9.4; https://as-cp.fr"
57.141.0.4 - - [25/Jul/2026:03:06:24 +0200] "GET /?inexpediently/81921123677 HTTP/1.1" 301 5079 "-" "Mozilla/5.0 (Windows NT 10.0; Win64; x64) AppleWebKit/537.36 (KHTML, like Gecko) Chrome/145.0.0.0 Safari/537.36 (compatible; meta-externalagent/1.1 (+https://developers.facebook.com/docs/sharing/webmasters/crawler))"
57.141.0.54 - - [25/Jul/2026:03:06:27 +0200] "GET /?v=t8e1r2c5i5n0e52225 HTTP/1.1" 200 98108 "-" "Mozilla/5.0 (Windows NT 10.0; Win64; x64) AppleWebKit/537.36 (KHTML, like Gecko) Chrome/145.0.0.0 Safari/537.36 (compatible; meta-externalagent/1.1 (+https://developers.facebook.com/docs/sharing/webmasters/crawler))"
91.134.83.25 - - [25/Jul/2026:03:07:10 +0200] "POST /wp-cron.php?doing_wp_cron=1784941630.7537500858306884765625 HTTP/1.1" 200 5074 "-" "WordPress/6.9.4; https://as-cp.fr"
172.213.144.209 - - [25/Jul/2026:03:07:10 +0200] "GET /wp-content/plugins/hellopress/wp_filemanager.php HTTP/1.1" 301 5197 "-" "-"
172.213.144.209 - - [25/Jul/2026:03:07:10 +0200] "GET / HTTP/1.1" 200 99298 "-" "-"
172.213.144.209 - - [25/Jul/2026:03:07:10 +0200] "GET /this_is_a_new_hello_world.php HTTP/1.1" 403 5816 "-" "-"
172.213.144.209 - - [25/Jul/2026:03:07:10 +0200] "GET /bootstrap.php HTTP/1.1" 403 5816 "-" "-"
172.213.144.209 - - [25/Jul/2026:03:07:10 +0200] "GET /images.php HTTP/1.1" 403 5816 "-" "-"
172.213.144.209 - - [25/Jul/2026:03:07:10 +0200] "GET /fpwch.php HTTP/1.1" 403 5816 "-" "-"
172.213.144.209 - - [25/Jul/2026:03:07:10 +0200] "GET /hypo.php HTTP/1.1" 403 5816 "-" "-"
172.213.144.209 - - [25/Jul/2026:03:07:10 +0200] "GET /puc.php HTTP/1.1" 403 5816 "-" "-"
172.213.144.209 - - [25/Jul/2026:03:07:11 +0200] "GET /xstelth.php HTTP/1.1" 403 5816 "-" "-"
172.213.144.209 - - [25/Jul/2026:03:07:11 +0200] "GET /kir.php HTTP/1.1" 403 5816 "-" "-"
172.213.144.209 - - [25/Jul/2026:03:07:11 +0200] "GET /blacks.php HTTP/1.1" 403 5816 "-" "-"
172.213.144.209 - - [25/Jul/2026:03:07:11 +0200] "GET /cap.php HTTP/1.1" 403 5816 "-" "-"
172.213.144.209 - - [25/Jul/2026:03:07:11 +0200] "GET /ccc.php HTTP/1.1" 403 5816 "-" "-"
172.213.144.209 - - [25/Jul/2026:03:07:11 +0200] "GET /wp-5jbk59g.php HTTP/1.1" 403 5816 "-" "-"
172.213.144.209 - - [25/Jul/2026:03:07:11 +0200] "GET /123.php HTTP/1.1" 403 5816 "-" "-"
172.213.144.209 - - [25/Jul/2026:03:07:11 +0200] "GET /82.php HTTP/1.1" 403 5816 "-" "-"
172.213.144.209 - - [25/Jul/2026:03:07:11 +0200] "GET /reviall.php HTTP/1.1" 403 5816 "-" "-"
172.213.144.209 - - [25/Jul/2026:03:07:11 +0200] "GET /cmd.php HTTP/1.1" 403 5816 "-" "-"
172.213.144.209 - - [25/Jul/2026:03:07:11 +0200] "GET /common.php HTTP/1.1" 403 5816 "-" "-"
172.213.144.209 - - [25/Jul/2026:03:07:11 +0200] "GET /zoomab.php HTTP/1.1" 403 5816 "-" "-"
172.213.144.209 - - [25/Jul/2026:03:07:11 +0200] "GET /zewuaq.php HTTP/1.1" 403 5816 "-" "-"
172.213.144.209 - - [25/Jul/2026:03:07:11 +0200] "GET /bootstrap.php HTTP/1.1" 403 5816 "-" "-"
172.213.144.209 - - [25/Jul/2026:03:07:11 +0200] "GET /shell.php HTTP/1.1" 403 5816 "-" "-"
172.213.144.209 - - [25/Jul/2026:03:07:11 +0200] "GET /wp-blink.php HTTP/1.1" 403 5816 "-" "-"
172.213.144.209 - - [25/Jul/2026:03:07:11 +0200] "GET /vdgrbPKxpkw.php HTTP/1.1" 403 5816 "-" "-"
172.213.144.209 - - [25/Jul/2026:03:07:12 +0200] "GET /ms-edit.php HTTP/1.1" 301 5197 "-" "-"
172.213.144.209 - - [25/Jul/2026:03:07:12 +0200] "GET / HTTP/1.1" 200 99298 "-" "-"
172.213.144.209 - - [25/Jul/2026:03:07:12 +0200] "GET /swm.php HTTP/1.1" 403 5816 "-" "-"
172.213.144.209 - - [25/Jul/2026:03:07:12 +0200] "GET /2x.php HTTP/1.1" 403 5816 "-" "-"
172.213.144.209 - - [25/Jul/2026:03:07:12 +0200] "GET /9WOLF.php HTTP/1.1" 403 5816 "-" "-"
172.213.144.209 - - [25/Jul/2026:03:07:13 +0200] "GET /as.php HTTP/1.1" 403 5816 "-" "-"
172.213.144.209 - - [25/Jul/2026:03:07:13 +0200] "GET /window.php HTTP/1.1" 403 5816 "-" "-"
172.213.144.209 - - [25/Jul/2026:03:07:13 +0200] "GET /lazqstrk.php HTTP/1.1" 403 5816 "-" "-"
172.213.144.209 - - [25/Jul/2026:03:07:13 +0200] "GET /sx.php HTTP/1.1" 403 5816 "-" "-"
172.213.144.209 - - [25/Jul/2026:03:07:13 +0200] "GET /php.php HTTP/1.1" 403 5816 "-" "-"
172.213.144.209 - - [25/Jul/2026:03:07:13 +0200] "GET /666.php HTTP/1.1" 403 5816 "-" "-"
