36.72.223.176 - - [24/Jul/2026:18:55:05 +0200] "POST /xmlrpc.php HTTP/1.1" 200 5463 "-" "Jetpack/13.0; WordPress/6.2; http://site91896099.com"
36.72.223.176 - - [24/Jul/2026:18:55:15 +0200] "POST /xmlrpc.php HTTP/1.1" 200 5463 "-" "Jetpack by WordPress.com (Jetpack 12.0; WordPress 6.1)"
91.134.83.25 - - [24/Jul/2026:18:55:26 +0200] "POST /wp-cron.php?doing_wp_cron=1784912126.9454729557037353515625 HTTP/1.1" 200 5074 "-" "WordPress/6.9.4; https://as-cp.fr"
36.72.223.176 - - [24/Jul/2026:18:55:26 +0200] "POST /xmlrpc.php HTTP/1.1" 200 5463 "-" "Jetpack by WordPress.com (Jetpack 12.5; WordPress 6.3)"
91.134.83.25 - - [24/Jul/2026:18:55:37 +0200] "POST /wp-cron.php?doing_wp_cron=1784912137.5623600482940673828125 HTTP/1.1" 200 5074 "-" "WordPress/6.9.4; https://as-cp.fr"
36.72.223.176 - - [24/Jul/2026:18:55:37 +0200] "POST /xmlrpc.php HTTP/1.1" 200 5463 "-" "Jetpack by WordPress.com"
91.134.83.25 - - [24/Jul/2026:18:55:48 +0200] "POST /wp-cron.php?doing_wp_cron=1784912148.1719570159912109375000 HTTP/1.1" 200 5074 "-" "WordPress/6.9.4; https://as-cp.fr"
36.72.223.176 - - [24/Jul/2026:18:55:47 +0200] "POST /xmlrpc.php HTTP/1.1" 200 5463 "-" "Jetpack by WordPress.com"
36.72.223.176 - - [24/Jul/2026:18:55:58 +0200] "POST /xmlrpc.php HTTP/1.1" 200 5463 "-" "Jetpack by WordPress.com"
36.72.223.176 - - [24/Jul/2026:18:56:08 +0200] "POST /xmlrpc.php HTTP/1.1" 200 5463 "-" "Jetpack/12.1; WordPress/6.3; http://site45442576.com"
91.134.83.25 - - [24/Jul/2026:18:56:20 +0200] "POST /wp-cron.php?doing_wp_cron=1784912180.0818269252777099609375 HTTP/1.1" 200 5074 "-" "WordPress/6.9.4; https://as-cp.fr"
36.72.223.176 - - [24/Jul/2026:18:56:19 +0200] "POST /xmlrpc.php HTTP/1.1" 200 5463 "-" "WordPress.com; https://wordpress.com"
91.134.83.25 - - [24/Jul/2026:18:56:30 +0200] "POST /wp-cron.php?doing_wp_cron=1784912190.7419230937957763671875 HTTP/1.1" 200 5074 "-" "WordPress/6.9.4; https://as-cp.fr"
36.72.223.176 - - [24/Jul/2026:18:56:30 +0200] "POST /xmlrpc.php HTTP/1.1" 200 5463 "-" "Jetpack by WordPress.com (Jetpack 12.0; WordPress 6.3)"
91.134.83.25 - - [24/Jul/2026:18:56:41 +0200] "POST /wp-cron.php?doing_wp_cron=1784912201.3131999969482421875000 HTTP/1.1" 200 5074 "-" "WordPress/6.9.4; https://as-cp.fr"
36.72.223.176 - - [24/Jul/2026:18:56:40 +0200] "POST /xmlrpc.php HTTP/1.1" 200 5463 "-" "WordPress.com; https://wordpress.com"
91.134.83.25 - - [24/Jul/2026:18:56:51 +0200] "POST /wp-cron.php?doing_wp_cron=1784912211.9488310813903808593750 HTTP/1.1" 200 5074 "-" "WordPress/6.9.4; https://as-cp.fr"
36.72.223.176 - - [24/Jul/2026:18:56:51 +0200] "POST /xmlrpc.php HTTP/1.1" 200 5463 "-" "Jetpack by WordPress.com"
36.72.223.176 - - [24/Jul/2026:18:57:02 +0200] "POST /xmlrpc.php HTTP/1.1" 200 5463 "-" "Jetpack by WordPress.com (Jetpack 13.0; WordPress 6.3)"
36.72.223.176 - - [24/Jul/2026:18:57:12 +0200] "POST /xmlrpc.php HTTP/1.1" 200 5463 "-" "Jetpack by WordPress.com (Jetpack 12.1; WordPress 6.2)"
91.134.83.25 - - [24/Jul/2026:18:57:23 +0200] "POST /wp-cron.php?doing_wp_cron=1784912243.9062650203704833984375 HTTP/1.1" 200 5074 "-" "WordPress/6.9.4; https://as-cp.fr"
36.72.223.176 - - [24/Jul/2026:18:57:23 +0200] "POST /xmlrpc.php HTTP/1.1" 200 5463 "-" "Jetpack/13.0; WordPress/6.3; http://site33925251.com"
91.134.83.25 - - [24/Jul/2026:18:57:34 +0200] "POST /wp-cron.php?doing_wp_cron=1784912254.5222020149230957031250 HTTP/1.1" 200 5074 "-" "WordPress/6.9.4; https://as-cp.fr"
36.72.223.176 - - [24/Jul/2026:18:57:34 +0200] "POST /xmlrpc.php HTTP/1.1" 200 5463 "-" "Jetpack by WordPress.com"
91.134.83.25 - - [24/Jul/2026:18:57:45 +0200] "POST /wp-cron.php?doing_wp_cron=1784912265.2793679237365722656250 HTTP/1.1" 200 5074 "-" "WordPress/6.9.4; https://as-cp.fr"
36.72.223.176 - - [24/Jul/2026:18:57:44 +0200] "POST /xmlrpc.php HTTP/1.1" 200 5463 "-" "WordPress.com; https://wordpress.com"
36.72.223.176 - - [24/Jul/2026:18:57:55 +0200] "POST /xmlrpc.php HTTP/1.1" 200 5463 "-" "WordPress.com; https://wordpress.com"
36.72.223.176 - - [24/Jul/2026:18:58:06 +0200] "POST /xmlrpc.php HTTP/1.1" 200 5463 "-" "WordPress.com; https://wordpress.com"
36.72.223.176 - - [24/Jul/2026:18:58:16 +0200] "POST /xmlrpc.php HTTP/1.1" 200 5463 "-" "Jetpack by WordPress.com (Jetpack 12.5; WordPress 6.4)"
91.134.83.25 - - [24/Jul/2026:18:58:27 +0200] "POST /wp-cron.php?doing_wp_cron=1784912307.7325229644775390625000 HTTP/1.1" 200 5074 "-" "WordPress/6.9.4; https://as-cp.fr"
36.72.223.176 - - [24/Jul/2026:18:58:27 +0200] "POST /xmlrpc.php HTTP/1.1" 200 5463 "-" "Jetpack by WordPress.com"
91.134.83.25 - - [24/Jul/2026:18:58:38 +0200] "POST /wp-cron.php?doing_wp_cron=1784912318.3986320495605468750000 HTTP/1.1" 200 5074 "-" "WordPress/6.9.4; https://as-cp.fr"
36.72.223.176 - - [24/Jul/2026:18:58:37 +0200] "POST /xmlrpc.php HTTP/1.1" 200 5463 "-" "Jetpack by WordPress.com"
36.72.223.176 - - [24/Jul/2026:18:58:48 +0200] "POST /xmlrpc.php HTTP/1.1" 200 5463 "-" "Jetpack by WordPress.com"
91.134.83.25 - - [24/Jul/2026:18:58:49 +0200] "POST /wp-cron.php?doing_wp_cron=1784912328.8892459869384765625000 HTTP/1.1" 200 5074 "-" "WordPress/6.9.4; https://as-cp.fr"
95.71.70.93 - - [24/Jul/2026:18:58:48 +0200] "GET /wp-json/ HTTP/1.1" 200 262726 "-" "Mozilla/5.0 (Windows NT 10.0; Win64; x64) AppleWebKit/537.36 (KHTML, like Gecko) Chrome/91.0.4472.124 Safari/537.36"
36.72.223.176 - - [24/Jul/2026:18:58:59 +0200] "POST /xmlrpc.php HTTP/1.1" 200 5463 "-" "Jetpack/12.0; WordPress/6.4; http://site54599390.com"
36.72.223.176 - - [24/Jul/2026:18:59:10 +0200] "POST /xmlrpc.php HTTP/1.1" 200 5463 "-" "WordPress.com; https://wordpress.com"
91.134.83.25 - - [24/Jul/2026:18:59:19 +0200] "POST /wp-cron.php?doing_wp_cron=1784912359.6658589839935302734375 HTTP/1.1" 200 5074 "-" "WordPress/6.9.4; https://as-cp.fr"
95.71.70.93 - - [24/Jul/2026:18:59:19 +0200] "GET /wp-admin/ HTTP/1.1" 302 5221 "-" "Mozilla/5.0 (Windows NT 10.0; Win64; x64) AppleWebKit/537.36 (KHTML, like Gecko) Chrome/91.0.4472.124 Safari/537.36"
95.71.70.93 - - [24/Jul/2026:18:59:19 +0200] "GET /wp-login.php?redirect_to=https%3A%2F%2Fas-cp.fr%2Fwp-admin%2F&reauth=1 HTTP/1.1" 200 19130 "-" "Mozilla/5.0 (Windows NT 10.0; Win64; x64) AppleWebKit/537.36 (KHTML, like Gecko) Chrome/91.0.4472.124 Safari/537.36"
95.71.70.93 - - [24/Jul/2026:18:59:20 +0200] "GET /wp-content/ HTTP/1.1" 200 4981 "-" "Mozilla/5.0 (Windows NT 10.0; Win64; x64) AppleWebKit/537.36 (KHTML, like Gecko) Chrome/91.0.4472.124 Safari/537.36"
95.71.70.93 - - [24/Jul/2026:18:59:21 +0200] "GET /wp-includes/ HTTP/1.1" 403 5816 "-" "Mozilla/5.0 (Windows NT 10.0; Win64; x64) AppleWebKit/537.36 (KHTML, like Gecko) Chrome/91.0.4472.124 Safari/537.36"
91.134.83.25 - - [24/Jul/2026:18:59:21 +0200] "POST /wp-cron.php?doing_wp_cron=1784912361.3567969799041748046875 HTTP/1.1" 200 5074 "-" "WordPress/6.9.4; https://as-cp.fr"
36.72.223.176 - - [24/Jul/2026:18:59:20 +0200] "POST /xmlrpc.php HTTP/1.1" 200 5463 "-" "WordPress.com; https://wordpress.com"
95.71.70.93 - - [24/Jul/2026:18:59:21 +0200] "GET /readme.html HTTP/1.1" 200 5094 "-" "Mozilla/5.0 (Windows NT 10.0; Win64; x64) AppleWebKit/537.36 (KHTML, like Gecko) Chrome/91.0.4472.124 Safari/537.36"
95.71.70.93 - - [24/Jul/2026:18:59:21 +0200] "GET /license.txt HTTP/1.1" 200 5095 "-" "Mozilla/5.0 (Windows NT 10.0; Win64; x64) AppleWebKit/537.36 (KHTML, like Gecko) Chrome/91.0.4472.124 Safari/537.36"
91.134.83.25 - - [24/Jul/2026:18:59:22 +0200] "POST /wp-cron.php?doing_wp_cron=1784912362.6720440387725830078125 HTTP/1.1" 200 5074 "-" "WordPress/6.9.4; https://as-cp.fr"
95.71.70.93 - - [24/Jul/2026:18:59:22 +0200] "GET /xmlrpc.php HTTP/1.1" 405 5103 "-" "Mozilla/5.0 (Windows NT 10.0; Win64; x64) AppleWebKit/537.36 (KHTML, like Gecko) Chrome/91.0.4472.124 Safari/537.36"
95.71.70.93 - - [24/Jul/2026:18:59:23 +0200] "GET / HTTP/1.1" 200 99298 "-" "Mozilla/5.0 (Windows NT 10.0; Win64; x64) AppleWebKit/537.36 (KHTML, like Gecko) Chrome/91.0.4472.124 Safari/537.36"
36.72.223.176 - - [24/Jul/2026:18:59:31 +0200] "POST /xmlrpc.php HTTP/1.1" 200 5463 "-" "WordPress.com; https://wordpress.com"
91.134.83.25 - - [24/Jul/2026:18:59:42 +0200] "POST /wp-cron.php?doing_wp_cron=1784912382.3505110740661621093750 HTTP/1.1" 200 5074 "-" "WordPress/6.9.4; https://as-cp.fr"
36.72.223.176 - - [24/Jul/2026:18:59:41 +0200] "POST /xmlrpc.php HTTP/1.1" 200 5463 "-" "WordPress.com; https://wordpress.com"
91.134.83.25 - - [24/Jul/2026:18:59:52 +0200] "POST /wp-cron.php?doing_wp_cron=1784912392.9514310359954833984375 HTTP/1.1" 200 5074 "-" "WordPress/6.9.4; https://as-cp.fr"
36.72.223.176 - - [24/Jul/2026:18:59:52 +0200] "POST /xmlrpc.php HTTP/1.1" 200 5463 "-" "Jetpack/12.1; WordPress/6.3; http://site47097701.com"
95.71.70.93 - - [24/Jul/2026:18:59:53 +0200] "POST /wp-json/batch/v1 HTTP/1.1" 400 5712 "-" "Mozilla/5.0 (Windows NT 10.0; Win64; x64) AppleWebKit/537.36 (KHTML, like Gecko) Chrome/91.0.4472.124 Safari/537.36"
57.141.0.17 - - [24/Jul/2026:18:59:58 +0200] "GET /shops/shrieker/e8b1u1r4n2e4u4s6819 HTTP/1.1" 301 5197 "-" "Mozilla/5.0 (Windows NT 10.0; Win64; x64) AppleWebKit/537.36 (KHTML, like Gecko) Chrome/145.0.0.0 Safari/537.36 (compatible; meta-externalagent/1.1 (+https://developers.facebook.com/docs/sharing/webmasters/crawler))"
36.72.223.176 - - [24/Jul/2026:19:00:03 +0200] "POST /xmlrpc.php HTTP/1.1" 200 5463 "-" "Jetpack/13.0; WordPress/6.1; http://site11786526.com"
36.72.223.176 - - [24/Jul/2026:19:00:13 +0200] "POST /xmlrpc.php HTTP/1.1" 200 5463 "-" "Jetpack by WordPress.com"
91.134.83.25 - - [24/Jul/2026:19:00:24 +0200] "POST /wp-cron.php?doing_wp_cron=1784912424.9043960571289062500000 HTTP/1.1" 200 5074 "-" "WordPress/6.9.4; https://as-cp.fr"
36.72.223.176 - - [24/Jul/2026:19:00:24 +0200] "POST /xmlrpc.php HTTP/1.1" 200 5463 "-" "Jetpack/13.0; WordPress/6.2; http://site37138962.com"
91.134.83.25 - - [24/Jul/2026:19:00:35 +0200] "POST /wp-cron.php?doing_wp_cron=1784912435.5180668830871582031250 HTTP/1.1" 200 5074 "-" "WordPress/6.9.4; https://as-cp.fr"
36.72.223.176 - - [24/Jul/2026:19:00:35 +0200] "POST /xmlrpc.php HTTP/1.1" 200 5463 "-" "Jetpack by WordPress.com (Jetpack 12.1; WordPress 6.3)"
36.72.223.176 - - [24/Jul/2026:19:00:45 +0200] "POST /xmlrpc.php HTTP/1.1" 200 5463 "-" "Jetpack/12.1; WordPress/6.1; http://site40738954.com"
91.134.83.25 - - [24/Jul/2026:19:00:46 +0200] "POST /wp-cron.php?doing_wp_cron=1784912446.0902740955352783203125 HTTP/1.1" 200 5074 "-" "WordPress/6.9.4; https://as-cp.fr"
36.72.223.176 - - [24/Jul/2026:19:00:56 +0200] "POST /xmlrpc.php HTTP/1.1" 200 5463 "-" "Jetpack by WordPress.com"
92.184.144.139 - - [24/Jul/2026:19:01:02 +0200] "GET /wp-content/uploads/2021/02/pique.png HTTP/1.1" 200 5074 "https://as-cp.fr/" "Mozilla/5.0 (iPhone; CPU iPhone OS 18_5_0 like Mac OS X) AppleWebKit/605.1.15 (KHTML, like Gecko) CriOS/137.0.7151.51 Mobile/15E148 Safari/604.1"
92.184.144.139 - - [24/Jul/2026:19:01:02 +0200] "GET /wp-content/plugins/superfly-menu/css/public.min.css?ver=6.9.4 HTTP/1.1" 200 5103 "https://as-cp.fr/" "Mozilla/5.0 (iPhone; CPU iPhone OS 18_5_0 like Mac OS X) AppleWebKit/605.1.15 (KHTML, like Gecko) CriOS/137.0.7151.51 Mobile/15E148 Safari/604.1"
92.184.144.139 - - [24/Jul/2026:19:01:02 +0200] "GET /wp-content/plugins/kiwi-logo-carousel/third-party/jquery.bxslider/jquery.bxslider.css?ver=6.9.4 HTTP/1.1" 200 5137 "https://as-cp.fr/" "Mozilla/5.0 (iPhone; CPU iPhone OS 18_5_0 like Mac OS X) AppleWebKit/605.1.15 (KHTML, like Gecko) CriOS/137.0.7151.51 Mobile/15E148 Safari/604.1"
92.184.144.139 - - [24/Jul/2026:19:01:02 +0200] "GET /wp-includes/js/jquery/jquery-migrate.min.js?ver=3.4.1 HTTP/1.1" 200 5102 "https://as-cp.fr/" "Mozilla/5.0 (iPhone; CPU iPhone OS 18_5_0 like Mac OS X) AppleWebKit/605.1.15 (KHTML, like Gecko) CriOS/137.0.7151.51 Mobile/15E148 Safari/604.1"
92.184.144.139 - - [24/Jul/2026:19:01:02 +0200] "GET /wp-content/plugins/revslider/public/assets/js/rbtools.min.js?ver=6.3.9 HTTP/1.1" 200 5119 "https://as-cp.fr/" "Mozilla/5.0 (iPhone; CPU iPhone OS 18_5_0 like Mac OS X) AppleWebKit/605.1.15 (KHTML, like Gecko) CriOS/137.0.7151.51 Mobile/15E148 Safari/604.1"
92.184.144.139 - - [24/Jul/2026:19:01:02 +0200] "GET /wp-content/plugins/kiwi-logo-carousel/third-party/jquery.bxslider/jquery.bxslider.js?ver=6.9.4 HTTP/1.1" 200 5143 "https://as-cp.fr/" "Mozilla/5.0 (iPhone; CPU iPhone OS 18_5_0 like Mac OS X) AppleWebKit/605.1.15 (KHTML, like Gecko) CriOS/137.0.7151.51 Mobile/15E148 Safari/604.1"
92.184.144.139 - - [24/Jul/2026:19:01:02 +0200] "GET /wp-content/uploads/2021/03/metlife.jpg HTTP/1.1" 200 5077 "https://as-cp.fr/" "Mozilla/5.0 (iPhone; CPU iPhone OS 18_5_0 like Mac OS X) AppleWebKit/605.1.15 (KHTML, like Gecko) CriOS/137.0.7151.51 Mobile/15E148 Safari/604.1"
92.184.144.139 - - [24/Jul/2026:19:01:02 +0200] "GET /wp-content/uploads/2021/03/april.jpg HTTP/1.1" 200 5075 "https://as-cp.fr/" "Mozilla/5.0 (iPhone; CPU iPhone OS 18_5_0 like Mac OS X) AppleWebKit/605.1.15 (KHTML, like Gecko) CriOS/137.0.7151.51 Mobile/15E148 Safari/604.1"
92.184.144.139 - - [24/Jul/2026:19:01:02 +0200] "GET /wp-content/themes/agencepointcom/fonts/NexaBold.woff2 HTTP/1.1" 200 5101 "https://as-cp.fr/" "Mozilla/5.0 (iPhone; CPU iPhone OS 18_5_0 like Mac OS X) AppleWebKit/605.1.15 (KHTML, like Gecko) CriOS/137.0.7151.51 Mobile/15E148 Safari/604.1"
92.184.144.139 - - [24/Jul/2026:19:01:02 +0200] "GET /wp-content/uploads/2021/03/afi_esca.jpg HTTP/1.1" 200 5078 "https://as-cp.fr/" "Mozilla/5.0 (iPhone; CPU iPhone OS 18_5_0 like Mac OS X) AppleWebKit/605.1.15 (KHTML, like Gecko) CriOS/137.0.7151.51 Mobile/15E148 Safari/604.1"
92.184.144.139 - - [24/Jul/2026:19:01:02 +0200] "GET /wp-content/uploads/2025/07/Bureau_principal.jpg HTTP/1.1" 200 5086 "https://as-cp.fr/" "Mozilla/5.0 (iPhone; CPU iPhone OS 18_5_0 like Mac OS X) AppleWebKit/605.1.15 (KHTML, like Gecko) CriOS/137.0.7151.51 Mobile/15E148 Safari/604.1"
92.184.144.139 - - [24/Jul/2026:19:01:02 +0200] "GET /wp-content/plugins/kiwi-logo-carousel/third-party/jquery.bxslider/images/bx_loader.gif HTTP/1.1" 200 5124 "https://as-cp.fr/" "Mozilla/5.0 (iPhone; CPU iPhone OS 18_5_0 like Mac OS X) AppleWebKit/605.1.15 (KHTML, like Gecko) CriOS/137.0.7151.51 Mobile/15E148 Safari/604.1"
92.184.144.139 - - [24/Jul/2026:19:01:02 +0200] "GET /wp-content/uploads/2021/03/favicon.jpg HTTP/1.1" 200 5077 "-" "Mozilla/5.0 (iPhone; CPU iPhone OS 18_5_0 like Mac OS X) AppleWebKit/605.1.15 (KHTML, like Gecko) CriOS/137.0.7151.51 Mobile/15E148 Safari/604.1"
36.72.223.176 - - [24/Jul/2026:19:01:07 +0200] "POST /xmlrpc.php HTTP/1.1" 200 5463 "-" "Jetpack by WordPress.com (Jetpack 12.5; WordPress 6.3)"
36.72.223.176 - - [24/Jul/2026:19:01:17 +0200] "POST /xmlrpc.php HTTP/1.1" 200 5463 "-" "Jetpack/13.0; WordPress/6.3; http://site18645011.com"
91.134.83.25 - - [24/Jul/2026:19:01:28 +0200] "POST /wp-cron.php?doing_wp_cron=1784912488.6777939796447753906250 HTTP/1.1" 200 5074 "-" "WordPress/6.9.4; https://as-cp.fr"
36.72.223.176 - - [24/Jul/2026:19:01:28 +0200] "POST /xmlrpc.php HTTP/1.1" 200 5463 "-" "WordPress.com; https://wordpress.com"
91.134.83.25 - - [24/Jul/2026:19:01:39 +0200] "POST /wp-cron.php?doing_wp_cron=1784912499.3599300384521484375000 HTTP/1.1" 200 5074 "-" "WordPress/6.9.4; https://as-cp.fr"
36.72.223.176 - - [24/Jul/2026:19:01:38 +0200] "POST /xmlrpc.php HTTP/1.1" 200 5463 "-" "WordPress.com; https://wordpress.com"
91.134.83.25 - - [24/Jul/2026:19:01:50 +0200] "POST /wp-cron.php?doing_wp_cron=1784912510.0873029232025146484375 HTTP/1.1" 200 5074 "-" "WordPress/6.9.4; https://as-cp.fr"
36.72.223.176 - - [24/Jul/2026:19:01:49 +0200] "POST /xmlrpc.php HTTP/1.1" 200 5463 "-" "Jetpack by WordPress.com"
36.72.223.176 - - [24/Jul/2026:19:02:00 +0200] "POST /xmlrpc.php HTTP/1.1" 200 5463 "-" "Jetpack by WordPress.com"
36.72.223.176 - - [24/Jul/2026:19:02:11 +0200] "POST /xmlrpc.php HTTP/1.1" 200 5463 "-" "Jetpack by WordPress.com"
91.134.83.25 - - [24/Jul/2026:19:02:22 +0200] "POST /wp-cron.php?doing_wp_cron=1784912542.1031129360198974609375 HTTP/1.1" 200 5074 "-" "WordPress/6.9.4; https://as-cp.fr"
36.72.223.176 - - [24/Jul/2026:19:02:21 +0200] "POST /xmlrpc.php HTTP/1.1" 200 5463 "-" "WordPress.com; https://wordpress.com"
36.72.223.176 - - [24/Jul/2026:19:02:32 +0200] "POST /xmlrpc.php HTTP/1.1" 200 5463 "-" "WordPress.com; https://wordpress.com"
91.134.83.25 - - [24/Jul/2026:19:02:43 +0200] "POST /wp-cron.php?doing_wp_cron=1784912563.4433310031890869140625 HTTP/1.1" 200 5074 "-" "WordPress/6.9.4; https://as-cp.fr"
36.72.223.176 - - [24/Jul/2026:19:02:43 +0200] "POST /xmlrpc.php HTTP/1.1" 200 5463 "-" "WordPress.com; https://wordpress.com"
36.72.223.176 - - [24/Jul/2026:19:02:53 +0200] "POST /xmlrpc.php HTTP/1.1" 200 5463 "-" "Jetpack by WordPress.com (Jetpack 12.1; WordPress 6.2)"
36.72.223.176 - - [24/Jul/2026:19:03:04 +0200] "POST /xmlrpc.php HTTP/1.1" 200 5463 "-" "Jetpack/13.0; WordPress/6.2; http://site84958899.com"
36.72.223.176 - - [24/Jul/2026:19:03:15 +0200] "POST /xmlrpc.php HTTP/1.1" 200 5463 "-" "Jetpack by WordPress.com (Jetpack 12.1; WordPress 6.1)"
91.134.83.25 - - [24/Jul/2026:19:03:26 +0200] "POST /wp-cron.php?doing_wp_cron=1784912606.0205039978027343750000 HTTP/1.1" 200 5074 "-" "WordPress/6.9.4; https://as-cp.fr"
36.72.223.176 - - [24/Jul/2026:19:03:25 +0200] "POST /xmlrpc.php HTTP/1.1" 200 5463 "-" "Jetpack/12.5; WordPress/6.3; http://site15220584.com"
91.134.83.25 - - [24/Jul/2026:19:03:36 +0200] "POST /wp-cron.php?doing_wp_cron=1784912616.7336180210113525390625 HTTP/1.1" 200 5074 "-" "WordPress/6.9.4; https://as-cp.fr"
36.72.223.176 - - [24/Jul/2026:19:03:36 +0200] "POST /xmlrpc.php HTTP/1.1" 200 5463 "-" "Jetpack/13.0; WordPress/6.2; http://site84978290.com"
91.134.83.25 - - [24/Jul/2026:19:03:47 +0200] "POST /wp-cron.php?doing_wp_cron=1784912627.3704090118408203125000 HTTP/1.1" 200 5074 "-" "WordPress/6.9.4; https://as-cp.fr"
36.72.223.176 - - [24/Jul/2026:19:03:46 +0200] "POST /xmlrpc.php HTTP/1.1" 200 5463 "-" "Jetpack/12.1; WordPress/6.3; http://site72097145.com"
36.72.223.176 - - [24/Jul/2026:19:03:57 +0200] "POST /xmlrpc.php HTTP/1.1" 200 5463 "-" "Jetpack by WordPress.com (Jetpack 12.1; WordPress 6.3)"
36.72.223.176 - - [24/Jul/2026:19:04:08 +0200] "POST /xmlrpc.php HTTP/1.1" 200 5463 "-" "Jetpack by WordPress.com"
57.141.0.3 - - [24/Jul/2026:19:04:16 +0200] "GET /jaculable/s8a3n3s2c5u3l6o2t0t7i7sm HTTP/1.1" 301 5197 "-" "Mozilla/5.0 (Windows NT 10.0; Win64; x64) AppleWebKit/537.36 (KHTML, like Gecko) Chrome/145.0.0.0 Safari/537.36 (compatible; meta-externalagent/1.1 (+https://developers.facebook.com/docs/sharing/webmasters/crawler))"
91.134.83.25 - - [24/Jul/2026:19:04:19 +0200] "POST /wp-cron.php?doing_wp_cron=1784912659.4902920722961425781250 HTTP/1.1" 200 5074 "-" "WordPress/6.9.4; https://as-cp.fr"
36.72.223.176 - - [24/Jul/2026:19:04:19 +0200] "POST /xmlrpc.php HTTP/1.1" 200 5463 "-" "WordPress.com; https://wordpress.com"
91.134.83.25 - - [24/Jul/2026:19:04:22 +0200] "POST /wp-cron.php?doing_wp_cron=1784912662.1878859996795654296875 HTTP/1.1" 200 5074 "-" "WordPress/6.9.4; https://as-cp.fr"
45.131.193.154 - - [24/Jul/2026:19:04:21 +0200] "POST /wp-login.php HTTP/1.1" 200 8903 "-" "Mozilla/5.0 (Windows NT 10.0; Win64; x64) AppleWebKit/537.36 Chrome/129.0.0.0 Safari/537.36"
45.131.193.166 - - [24/Jul/2026:19:04:21 +0200] "POST /wp-login.php HTTP/1.1" 200 8904 "-" "Mozilla/5.0 (Windows NT 10.0; Win64; rv:143.0) Gecko/20100101 Firefox/143.0"
36.72.223.176 - - [24/Jul/2026:19:04:29 +0200] "POST /xmlrpc.php HTTP/1.1" 200 5463 "-" "Jetpack by WordPress.com"
91.134.83.25 - - [24/Jul/2026:19:04:40 +0200] "POST /wp-cron.php?doing_wp_cron=1784912680.6847879886627197265625 HTTP/1.1" 200 5074 "-" "WordPress/6.9.4; https://as-cp.fr"
36.72.223.176 - - [24/Jul/2026:19:04:40 +0200] "POST /xmlrpc.php HTTP/1.1" 200 5463 "-" "Jetpack by WordPress.com"
91.134.83.25 - - [24/Jul/2026:19:04:51 +0200] "POST /wp-cron.php?doing_wp_cron=1784912691.2788128852844238281250 HTTP/1.1" 200 5074 "-" "WordPress/6.9.4; https://as-cp.fr"
36.72.223.176 - - [24/Jul/2026:19:04:50 +0200] "POST /xmlrpc.php HTTP/1.1" 200 5463 "-" "Jetpack by WordPress.com (Jetpack 13.0; WordPress 6.2)"
36.72.223.176 - - [24/Jul/2026:19:05:01 +0200] "POST /xmlrpc.php HTTP/1.1" 200 5463 "-" "Jetpack/12.5; WordPress/6.1; http://site22793495.com"
91.134.83.25 - - [24/Jul/2026:19:05:12 +0200] "POST /wp-cron.php?doing_wp_cron=1784912712.4520399570465087890625 HTTP/1.1" 200 5074 "-" "WordPress/6.9.4; https://as-cp.fr"
36.72.223.176 - - [24/Jul/2026:19:05:12 +0200] "POST /xmlrpc.php HTTP/1.1" 200 5463 "-" "Jetpack by WordPress.com"
91.134.83.25 - - [24/Jul/2026:19:05:23 +0200] "POST /wp-cron.php?doing_wp_cron=1784912723.0689589977264404296875 HTTP/1.1" 200 5074 "-" "WordPress/6.9.4; https://as-cp.fr"
36.72.223.176 - - [24/Jul/2026:19:05:22 +0200] "POST /xmlrpc.php HTTP/1.1" 200 5463 "-" "Jetpack by WordPress.com (Jetpack 12.0; WordPress 6.2)"
36.72.223.176 - - [24/Jul/2026:19:05:33 +0200] "POST /xmlrpc.php HTTP/1.1" 200 5463 "-" "Jetpack/12.0; WordPress/6.2; http://site36897047.com"
91.134.83.25 - - [24/Jul/2026:19:05:44 +0200] "POST /wp-cron.php?doing_wp_cron=1784912744.3044910430908203125000 HTTP/1.1" 200 5074 "-" "WordPress/6.9.4; https://as-cp.fr"
36.72.223.176 - - [24/Jul/2026:19:05:43 +0200] "POST /xmlrpc.php HTTP/1.1" 200 5463 "-" "Jetpack/13.0; WordPress/6.1; http://site69819834.com"
36.72.223.176 - - [24/Jul/2026:19:05:54 +0200] "POST /xmlrpc.php HTTP/1.1" 200 5463 "-" "WordPress.com; https://wordpress.com"
36.72.223.176 - - [24/Jul/2026:19:06:05 +0200] "POST /xmlrpc.php HTTP/1.1" 200 5463 "-" "Jetpack/12.1; WordPress/6.2; http://site95051892.com"
36.72.223.176 - - [24/Jul/2026:19:06:15 +0200] "POST /xmlrpc.php HTTP/1.1" 200 5463 "-" "WordPress.com; https://wordpress.com"
91.134.83.25 - - [24/Jul/2026:19:06:26 +0200] "POST /wp-cron.php?doing_wp_cron=1784912786.8311500549316406250000 HTTP/1.1" 200 5074 "-" "WordPress/6.9.4; https://as-cp.fr"
36.72.223.176 - - [24/Jul/2026:19:06:26 +0200] "POST /xmlrpc.php HTTP/1.1" 200 5463 "-" "Jetpack by WordPress.com"
91.134.83.25 - - [24/Jul/2026:19:06:37 +0200] "POST /wp-cron.php?doing_wp_cron=1784912797.4843969345092773437500 HTTP/1.1" 200 5074 "-" "WordPress/6.9.4; https://as-cp.fr"
36.72.223.176 - - [24/Jul/2026:19:06:37 +0200] "POST /xmlrpc.php HTTP/1.1" 200 5463 "-" "Jetpack by WordPress.com (Jetpack 12.5; WordPress 6.3)"
91.134.83.25 - - [24/Jul/2026:19:06:48 +0200] "POST /wp-cron.php?doing_wp_cron=1784912808.0792601108551025390625 HTTP/1.1" 200 5074 "-" "WordPress/6.9.4; https://as-cp.fr"
36.72.223.176 - - [24/Jul/2026:19:06:47 +0200] "POST /xmlrpc.php HTTP/1.1" 200 5463 "-" "Jetpack by WordPress.com"
36.72.223.176 - - [24/Jul/2026:19:06:58 +0200] "POST /xmlrpc.php HTTP/1.1" 200 5463 "-" "WordPress.com; https://wordpress.com"
36.72.223.176 - - [24/Jul/2026:19:07:08 +0200] "POST /xmlrpc.php HTTP/1.1" 200 5463 "-" "Jetpack by WordPress.com"
91.134.83.25 - - [24/Jul/2026:19:07:20 +0200] "POST /wp-cron.php?doing_wp_cron=1784912840.0101630687713623046875 HTTP/1.1" 200 5074 "-" "WordPress/6.9.4; https://as-cp.fr"
36.72.223.176 - - [24/Jul/2026:19:07:19 +0200] "POST /xmlrpc.php HTTP/1.1" 200 5463 "-" "Jetpack by WordPress.com"
91.134.83.25 - - [24/Jul/2026:19:07:30 +0200] "POST /wp-cron.php?doing_wp_cron=1784912850.7454659938812255859375 HTTP/1.1" 200 5074 "-" "WordPress/6.9.4; https://as-cp.fr"
36.72.223.176 - - [24/Jul/2026:19:07:30 +0200] "POST /xmlrpc.php HTTP/1.1" 200 5463 "-" "Jetpack by WordPress.com (Jetpack 13.0; WordPress 6.1)"
91.134.83.25 - - [24/Jul/2026:19:07:41 +0200] "POST /wp-cron.php?doing_wp_cron=1784912861.3882710933685302734375 HTTP/1.1" 200 5074 "-" "WordPress/6.9.4; https://as-cp.fr"
36.72.223.176 - - [24/Jul/2026:19:07:40 +0200] "POST /xmlrpc.php HTTP/1.1" 200 5463 "-" "Jetpack by WordPress.com"
91.134.83.25 - - [24/Jul/2026:19:07:52 +0200] "POST /wp-cron.php?doing_wp_cron=1784912872.1163458824157714843750 HTTP/1.1" 200 5074 "-" "WordPress/6.9.4; https://as-cp.fr"
36.72.223.176 - - [24/Jul/2026:19:07:51 +0200] "POST /xmlrpc.php HTTP/1.1" 200 5463 "-" "Jetpack/13.0; WordPress/6.2; http://site91687524.com"
36.72.223.176 - - [24/Jul/2026:19:08:02 +0200] "POST /xmlrpc.php HTTP/1.1" 200 5463 "-" "WordPress.com; https://wordpress.com"
57.141.0.28 - - [24/Jul/2026:19:08:10 +0200] "GET /vility/vaucherieae/82118794936 HTTP/1.1" 301 5197 "-" "Mozilla/5.0 (Windows NT 10.0; Win64; x64) AppleWebKit/537.36 (KHTML, like Gecko) Chrome/145.0.0.0 Safari/537.36 (compatible; meta-externalagent/1.1 (+https://developers.facebook.com/docs/sharing/webmasters/crawler))"
36.72.223.176 - - [24/Jul/2026:19:08:13 +0200] "POST /xmlrpc.php HTTP/1.1" 200 5463 "-" "Jetpack by WordPress.com (Jetpack 12.1; WordPress 6.2)"
91.134.83.25 - - [24/Jul/2026:19:08:24 +0200] "POST /wp-cron.php?doing_wp_cron=1784912904.1544229984283447265625 HTTP/1.1" 200 5074 "-" "WordPress/6.9.4; https://as-cp.fr"
36.72.223.176 - - [24/Jul/2026:19:08:23 +0200] "POST /xmlrpc.php HTTP/1.1" 200 5463 "-" "WordPress.com; https://wordpress.com"
17.246.15.133 - - [24/Jul/2026:19:08:33 +0200] "GET /feed/ HTTP/1.1" 200 17643 "-" "Mozilla/5.0 (Macintosh; Intel Mac OS X 10_15_7) AppleWebKit/605.1.15 (KHTML, like Gecko) Version/17.4 Safari/605.1.15 (Applebot/0.1; +http://www.apple.com/go/applebot)"
91.134.83.25 - - [24/Jul/2026:19:08:34 +0200] "POST /wp-cron.php?doing_wp_cron=1784912914.6436688899993896484375 HTTP/1.1" 200 5074 "-" "WordPress/6.9.4; https://as-cp.fr"
36.72.223.176 - - [24/Jul/2026:19:08:34 +0200] "POST /xmlrpc.php HTTP/1.1" 200 5463 "-" "WordPress.com; https://wordpress.com"
91.134.83.25 - - [24/Jul/2026:19:08:45 +0200] "POST /wp-cron.php?doing_wp_cron=1784912925.3039851188659667968750 HTTP/1.1" 200 5074 "-" "WordPress/6.9.4; https://as-cp.fr"
36.72.223.176 - - [24/Jul/2026:19:08:44 +0200] "POST /xmlrpc.php HTTP/1.1" 200 5463 "-" "WordPress.com; https://wordpress.com"
36.72.223.176 - - [24/Jul/2026:19:08:55 +0200] "POST /xmlrpc.php HTTP/1.1" 200 5463 "-" "Jetpack by WordPress.com (Jetpack 13.0; WordPress 6.3)"
114.119.130.221 - - [24/Jul/2026:19:09:01 +0200] "GET /nos-actualites/page/6/ HTTP/1.1" 200 24058 "https://as-cp.fr/nos-actualites/page/5/" "Mozilla/5.0 (Linux; Android 7.0;) AppleWebKit/537.36 (HTML, like Gecko) Mobile Safari/537.36 (compatible; PetalBot;+https://webmaster.petalsearch.com/site/petalbot)"
36.72.223.176 - - [24/Jul/2026:19:09:06 +0200] "POST /xmlrpc.php HTTP/1.1" 200 5463 "-" "Jetpack by WordPress.com"
36.72.223.176 - - [24/Jul/2026:19:09:16 +0200] "POST /xmlrpc.php HTTP/1.1" 200 5463 "-" "Jetpack/12.5; WordPress/6.4; http://site93987502.com"
91.134.83.25 - - [24/Jul/2026:19:09:27 +0200] "POST /wp-cron.php?doing_wp_cron=1784912967.8930850028991699218750 HTTP/1.1" 200 5074 "-" "WordPress/6.9.4; https://as-cp.fr"
36.72.223.176 - - [24/Jul/2026:19:09:27 +0200] "POST /xmlrpc.php HTTP/1.1" 200 5463 "-" "Jetpack by WordPress.com"
91.134.83.25 - - [24/Jul/2026:19:09:38 +0200] "POST /wp-cron.php?doing_wp_cron=1784912978.5882670879364013671875 HTTP/1.1" 200 5074 "-" "WordPress/6.9.4; https://as-cp.fr"
36.72.223.176 - - [24/Jul/2026:19:09:38 +0200] "POST /xmlrpc.php HTTP/1.1" 200 5463 "-" "Jetpack by WordPress.com (Jetpack 12.0; WordPress 6.2)"
91.134.83.25 - - [24/Jul/2026:19:09:49 +0200] "POST /wp-cron.php?doing_wp_cron=1784912989.2118570804595947265625 HTTP/1.1" 200 5074 "-" "WordPress/6.9.4; https://as-cp.fr"
36.72.223.176 - - [24/Jul/2026:19:09:48 +0200] "POST /xmlrpc.php HTTP/1.1" 200 5463 "-" "Jetpack by WordPress.com (Jetpack 12.0; WordPress 6.3)"
36.72.223.176 - - [24/Jul/2026:19:09:59 +0200] "POST /xmlrpc.php HTTP/1.1" 200 5463 "-" "WordPress.com; https://wordpress.com"
57.141.0.4 - - [24/Jul/2026:19:10:04 +0200] "GET /shops/contusing/b8l2e6a4r3e9y6e0d4n9e3ss HTTP/1.1" 301 5197 "-" "Mozilla/5.0 (Macintosh; Intel Mac OS X 10_15_7) AppleWebKit/537.36 (KHTML, like Gecko) Chrome/145.0.0.0 Safari/537.36 (compatible; meta-externalagent/1.1 (+https://developers.facebook.com/docs/sharing/webmasters/crawler))"
36.72.223.176 - - [24/Jul/2026:19:10:09 +0200] "POST /xmlrpc.php HTTP/1.1" 200 5463 "-" "Jetpack/12.1; WordPress/6.2; http://site64199089.com"
91.134.83.25 - - [24/Jul/2026:19:10:21 +0200] "POST /wp-cron.php?doing_wp_cron=1784913021.0564649105072021484375 HTTP/1.1" 200 5074 "-" "WordPress/6.9.4; https://as-cp.fr"
36.72.223.176 - - [24/Jul/2026:19:10:20 +0200] "POST /xmlrpc.php HTTP/1.1" 200 5463 "-" "Jetpack/12.5; WordPress/6.1; http://site88599405.com"
114.119.132.227 - - [24/Jul/2026:19:10:24 +0200] "GET /cession-dentreprise-a-perpignan/ HTTP/1.1" 200 23214 "https://as-cp.fr/category/professionnel" "Mozilla/5.0 (Linux; Android 7.0;) AppleWebKit/537.36 (HTML, like Gecko) Mobile Safari/537.36 (compatible; PetalBot;+https://webmaster.petalsearch.com/site/petalbot)"
57.141.0.28 - - [24/Jul/2026:19:10:27 +0200] "GET /shops/punctatus/p8r3e5s2c0i8e2n3c3e38 HTTP/1.1" 301 5197 "-" "Mozilla/5.0 (Macintosh; Intel Mac OS X 10_15_7) AppleWebKit/537.36 (KHTML, like Gecko) Chrome/145.0.0.0 Safari/537.36 (compatible; meta-externalagent/1.1 (+https://developers.facebook.com/docs/sharing/webmasters/crawler))"
36.72.223.176 - - [24/Jul/2026:19:10:31 +0200] "POST /xmlrpc.php HTTP/1.1" 200 5463 "-" "Jetpack/12.0; WordPress/6.4; http://site50024344.com"
91.134.83.25 - - [24/Jul/2026:19:10:42 +0200] "POST /wp-cron.php?doing_wp_cron=1784913042.4525120258331298828125 HTTP/1.1" 200 5074 "-" "WordPress/6.9.4; https://as-cp.fr"
36.72.223.176 - - [24/Jul/2026:19:10:41 +0200] "POST /xmlrpc.php HTTP/1.1" 200 5463 "-" "WordPress.com; https://wordpress.com"
36.72.223.176 - - [24/Jul/2026:19:10:52 +0200] "POST /xmlrpc.php HTTP/1.1" 200 5463 "-" "Jetpack/12.5; WordPress/6.4; http://site23878671.com"
36.72.223.176 - - [24/Jul/2026:19:11:03 +0200] "POST /xmlrpc.php HTTP/1.1" 200 5463 "-" "WordPress.com; https://wordpress.com"
36.72.223.176 - - [24/Jul/2026:19:11:13 +0200] "POST /xmlrpc.php HTTP/1.1" 200 5463 "-" "Jetpack/12.0; WordPress/6.4; http://site86228174.com"
91.134.83.25 - - [24/Jul/2026:19:11:25 +0200] "POST /wp-cron.php?doing_wp_cron=1784913085.0684928894042968750000 HTTP/1.1" 200 5074 "-" "WordPress/6.9.4; https://as-cp.fr"
36.72.223.176 - - [24/Jul/2026:19:11:24 +0200] "POST /xmlrpc.php HTTP/1.1" 200 5463 "-" "Jetpack by WordPress.com (Jetpack 12.0; WordPress 6.4)"
91.134.83.25 - - [24/Jul/2026:19:11:35 +0200] "POST /wp-cron.php?doing_wp_cron=1784913095.6819319725036621093750 HTTP/1.1" 200 5074 "-" "WordPress/6.9.4; https://as-cp.fr"
36.72.223.176 - - [24/Jul/2026:19:11:35 +0200] "POST /xmlrpc.php HTTP/1.1" 200 5463 "-" "WordPress.com; https://wordpress.com"
91.134.83.25 - - [24/Jul/2026:19:11:46 +0200] "POST /wp-cron.php?doing_wp_cron=1784913106.2418239116668701171875 HTTP/1.1" 200 5074 "-" "WordPress/6.9.4; https://as-cp.fr"
36.72.223.176 - - [24/Jul/2026:19:11:45 +0200] "POST /xmlrpc.php HTTP/1.1" 200 5463 "-" "Jetpack by WordPress.com (Jetpack 12.1; WordPress 6.4)"
36.72.223.176 - - [24/Jul/2026:19:11:56 +0200] "POST /xmlrpc.php HTTP/1.1" 200 5463 "-" "WordPress.com; https://wordpress.com"
36.72.223.176 - - [24/Jul/2026:19:12:07 +0200] "POST /xmlrpc.php HTTP/1.1" 200 5463 "-" "Jetpack/13.0; WordPress/6.2; http://site38047734.com"
57.141.0.33 - - [24/Jul/2026:19:12:15 +0200] "GET /ranter/p8e3r5i4c1h3e9t2e282 HTTP/1.1" 301 5197 "-" "Mozilla/5.0 (X11; Linux x86_64) AppleWebKit/537.36 (KHTML, like Gecko) Chrome/145.0.0.0 Safari/537.36 (compatible; meta-externalagent/1.1 (+https://developers.facebook.com/docs/sharing/webmasters/crawler))"
36.72.223.176 - - [24/Jul/2026:19:12:17 +0200] "POST /xmlrpc.php HTTP/1.1" 200 5463 "-" "Jetpack by WordPress.com (Jetpack 12.1; WordPress 6.1)"
91.134.83.25 - - [24/Jul/2026:19:12:18 +0200] "POST /wp-cron.php?doing_wp_cron=1784913138.3603270053863525390625 HTTP/1.1" 200 5074 "-" "WordPress/6.9.4; https://as-cp.fr"
91.134.83.25 - - [24/Jul/2026:19:12:29 +0200] "POST /wp-cron.php?doing_wp_cron=1784913149.0306661128997802734375 HTTP/1.1" 200 5074 "-" "WordPress/6.9.4; https://as-cp.fr"
36.72.223.176 - - [24/Jul/2026:19:12:28 +0200] "POST /xmlrpc.php HTTP/1.1" 200 5463 "-" "Jetpack/12.5; WordPress/6.1; http://site76619212.com"
91.134.83.25 - - [24/Jul/2026:19:12:39 +0200] "POST /wp-cron.php?doing_wp_cron=1784913159.5522139072418212890625 HTTP/1.1" 200 5074 "-" "WordPress/6.9.4; https://as-cp.fr"
36.72.223.176 - - [24/Jul/2026:19:12:39 +0200] "POST /xmlrpc.php HTTP/1.1" 200 5463 "-" "Jetpack/13.0; WordPress/6.3; http://site25529826.com"
91.134.83.25 - - [24/Jul/2026:19:12:50 +0200] "POST /wp-cron.php?doing_wp_cron=1784913170.2611811161041259765625 HTTP/1.1" 200 5074 "-" "WordPress/6.9.4; https://as-cp.fr"
36.72.223.176 - - [24/Jul/2026:19:12:49 +0200] "POST /xmlrpc.php HTTP/1.1" 200 5463 "-" "Jetpack by WordPress.com"
36.72.223.176 - - [24/Jul/2026:19:13:00 +0200] "POST /xmlrpc.php HTTP/1.1" 200 5463 "-" "Jetpack by WordPress.com (Jetpack 12.0; WordPress 6.3)"
91.134.83.25 - - [24/Jul/2026:19:14:00 +0200] "POST /wp-cron.php?doing_wp_cron=1784913240.2845249176025390625000 HTTP/1.1" 200 5074 "-" "WordPress/6.9.4; https://as-cp.fr"
57.141.0.33 - - [24/Jul/2026:19:13:59 +0200] "GET /sitemap-sub-316.xml HTTP/1.1" 301 5197 "-" "Mozilla/5.0 (Windows NT 10.0; Win64; x64) AppleWebKit/537.36 (KHTML, like Gecko) Chrome/145.0.0.0 Safari/537.36 (compatible; meta-externalagent/1.1 (+https://developers.facebook.com/docs/sharing/webmasters/crawler))"
91.134.83.25 - - [24/Jul/2026:19:14:46 +0200] "POST /wp-cron.php?doing_wp_cron=1784913286.3112509250640869140625 HTTP/1.1" 200 5074 "-" "WordPress/6.9.4; https://as-cp.fr"
57.141.0.58 - - [24/Jul/2026:19:14:45 +0200] "GET /?v=c8a4s2u6a1r1i3n1a7l6e1s HTTP/1.1" 200 98108 "-" "Mozilla/5.0 (Windows NT 10.0; Win64; x64) AppleWebKit/537.36 (KHTML, like Gecko) Chrome/145.0.0.0 Safari/537.36 (compatible; meta-externalagent/1.1 (+https://developers.facebook.com/docs/sharing/webmasters/crawler))"
91.134.83.25 - - [24/Jul/2026:19:16:38 +0200] "POST /wp-cron.php?doing_wp_cron=1784913398.4564011096954345703125 HTTP/1.1" 200 5074 "-" "WordPress/6.9.4; https://as-cp.fr"
57.141.0.1 - - [24/Jul/2026:19:16:38 +0200] "GET /shops/interiority/a8r3m4a6m8e6n9t0754 HTTP/1.1" 301 5197 "-" "Mozilla/5.0 (Windows NT 10.0; Win64; x64) AppleWebKit/537.36 (KHTML, like Gecko) Chrome/145.0.0.0 Safari/537.36 (compatible; meta-externalagent/1.1 (+https://developers.facebook.com/docs/sharing/webmasters/crawler))"
91.134.83.25 - - [24/Jul/2026:19:18:45 +0200] "POST /wp-cron.php?doing_wp_cron=1784913525.3973979949951171875000 HTTP/1.1" 200 5074 "-" "WordPress/6.9.4; https://as-cp.fr"
57.141.0.28 - - [24/Jul/2026:19:18:44 +0200] "GET /?v=i8n3u2r7e4m8e8n6t013 HTTP/1.1" 200 98108 "-" "Mozilla/5.0 (Windows NT 10.0; Win64; x64) AppleWebKit/537.36 (KHTML, like Gecko) Chrome/145.0.0.0 Safari/537.36 (compatible; meta-externalagent/1.1 (+https://developers.facebook.com/docs/sharing/webmasters/crawler))"
54.147.80.137 - - [24/Jul/2026:19:19:03 +0200] "GET /embed/ HTTP/1.1" 301 5051 "-" "Mozilla/5.0 AppleWebKit/537.36 (KHTML, like Gecko; compatible; Amazonbot/0.1; +https://developer.amazon.com/support/amazonbot) Chrome/119.0.6045.214 Safari/537.36"
44.215.231.15 - - [24/Jul/2026:19:19:04 +0200] "GET / HTTP/1.1" 200 26624 "-" "Mozilla/5.0 AppleWebKit/537.36 (KHTML, like Gecko; compatible; Amazonbot/0.1; +https://developer.amazon.com/support/amazonbot) Chrome/119.0.6045.214 Safari/537.36"
91.134.83.25 - - [24/Jul/2026:19:19:34 +0200] "POST /wp-cron.php?doing_wp_cron=1784913574.1233770847320556640625 HTTP/1.1" 200 5074 "-" "WordPress/6.9.4; https://as-cp.fr"
45.131.193.167 - - [24/Jul/2026:19:19:33 +0200] "POST /wp-login.php HTTP/1.1" 200 8904 "-" "Mozilla/5.0 (Windows NT 10.0; Win64; x64) AppleWebKit/537.36 Chrome/129.0.0.0 Safari/537.36"
45.131.193.164 - - [24/Jul/2026:19:19:33 +0200] "POST /wp-login.php HTTP/1.1" 200 8903 "-" "Mozilla/5.0 (Macintosh; Intel Mac OS X 10_15_7) AppleWebKit/605.1.15 Version/17.0 Safari/605.1.15"
91.134.83.25 - - [24/Jul/2026:19:19:44 +0200] "POST /wp-cron.php?doing_wp_cron=1784913583.6616730690002441406250 HTTP/1.1" 200 5074 "-" "WordPress/6.9.4; https://as-cp.fr"
65.109.158.145 - - [24/Jul/2026:19:19:43 +0200] "GET /wp-login.php HTTP/1.1" 200 8736 "-" "Mozilla/5.0 (Windows NT 10.0; Win64; x64) AppleWebKit/537.36 (KHTML, like Gecko) Chrome/150.0.0.0 Safari/537.36"
65.109.158.145 - - [24/Jul/2026:19:19:44 +0200] "POST /wp-login.php HTTP/1.1" 200 8911 "https://as-cp.fr/wp-login.php" "Mozilla/5.0 (Windows NT 10.0; Win64; x64) AppleWebKit/537.36 (KHTML, like Gecko) Chrome/150.0.0.0 Safari/537.36"
91.134.83.25 - - [24/Jul/2026:19:21:31 +0200] "POST /wp-cron.php?doing_wp_cron=1784913691.2858479022979736328125 HTTP/1.1" 200 5074 "-" "WordPress/6.9.4; https://as-cp.fr"
57.141.0.31 - - [24/Jul/2026:19:21:30 +0200] "GET /?v=l8e4v1i5g1a3t4e6d588 HTTP/1.1" 200 98108 "-" "Mozilla/5.0 (Macintosh; Intel Mac OS X 10_15_7) AppleWebKit/537.36 (KHTML, like Gecko) Chrome/145.0.0.0 Safari/537.36 (compatible; meta-externalagent/1.1 (+https://developers.facebook.com/docs/sharing/webmasters/crawler))"
91.134.83.25 - - [24/Jul/2026:19:22:21 +0200] "POST /wp-cron.php?doing_wp_cron=1784913741.9592490196228027343750 HTTP/1.1" 200 5074 "-" "WordPress/6.9.4; https://as-cp.fr"
57.141.0.23 - - [24/Jul/2026:19:22:21 +0200] "GET /?phonographic/83083169882 HTTP/1.1" 301 5078 "-" "Mozilla/5.0 (Macintosh; Intel Mac OS X 10_15_7) AppleWebKit/537.36 (KHTML, like Gecko) Chrome/145.0.0.0 Safari/537.36 (compatible; meta-externalagent/1.1 (+https://developers.facebook.com/docs/sharing/webmasters/crawler))"
57.141.0.60 - - [24/Jul/2026:19:22:21 +0200] "GET /?disaffect/84042286592 HTTP/1.1" 301 5075 "-" "Mozilla/5.0 (Windows NT 10.0; Win64; x64) AppleWebKit/537.36 (KHTML, like Gecko) Chrome/145.0.0.0 Safari/537.36 (compatible; meta-externalagent/1.1 (+https://developers.facebook.com/docs/sharing/webmasters/crawler))"
91.134.83.25 - - [24/Jul/2026:19:23:53 +0200] "POST /wp-cron.php?doing_wp_cron=1784913833.1816399097442626953125 HTTP/1.1" 200 5074 "-" "WordPress/6.9.4; https://as-cp.fr"
57.141.0.51 - - [24/Jul/2026:19:23:52 +0200] "GET /shops/restlessness/m8a3l1a2p0r2o9p8o3s HTTP/1.1" 301 5197 "-" "Mozilla/5.0 (X11; Linux x86_64) AppleWebKit/537.36 (KHTML, like Gecko) Chrome/145.0.0.0 Safari/537.36 (compatible; meta-externalagent/1.1 (+https://developers.facebook.com/docs/sharing/webmasters/crawler))"
91.134.83.25 - - [24/Jul/2026:19:24:19 +0200] "POST /wp-cron.php?doing_wp_cron=1784913859.6388809680938720703125 HTTP/1.1" 200 5074 "-" "WordPress/6.9.4; https://as-cp.fr"
57.141.0.12 - - [24/Jul/2026:19:24:19 +0200] "GET /?v=p8e2r6i2t2o6n2e3u7m84 HTTP/1.1" 200 98108 "-" "Mozilla/5.0 (Macintosh; Intel Mac OS X 10_15_7) AppleWebKit/537.36 (KHTML, like Gecko) Chrome/145.0.0.0 Safari/537.36 (compatible; meta-externalagent/1.1 (+https://developers.facebook.com/docs/sharing/webmasters/crawler))"
91.134.83.25 - - [24/Jul/2026:19:26:34 +0200] "POST /wp-cron.php?doing_wp_cron=1784913994.3005840778350830078125 HTTP/1.1" 200 5074 "-" "WordPress/6.9.4; https://as-cp.fr"
57.141.0.19 - - [24/Jul/2026:19:26:33 +0200] "GET /?v=m8o1n1s7t7r1a4t2i0o3n HTTP/1.1" 200 98108 "-" "Mozilla/5.0 (X11; Linux x86_64) AppleWebKit/537.36 (KHTML, like Gecko) Chrome/145.0.0.0 Safari/537.36 (compatible; meta-externalagent/1.1 (+https://developers.facebook.com/docs/sharing/webmasters/crawler))"
91.134.83.25 - - [24/Jul/2026:19:27:06 +0200] "POST /wp-cron.php?doing_wp_cron=1784914026.5972540378570556640625 HTTP/1.1" 200 5074 "-" "WordPress/6.9.4; https://as-cp.fr"
57.141.0.29 - - [24/Jul/2026:19:27:06 +0200] "GET /shops/misworshiper/t8e5e8m9l5e8s7s154 HTTP/1.1" 301 5197 "-" "Mozilla/5.0 (Windows NT 10.0; Win64; x64) AppleWebKit/537.36 (KHTML, like Gecko) Chrome/145.0.0.0 Safari/537.36 (compatible; meta-externalagent/1.1 (+https://developers.facebook.com/docs/sharing/webmasters/crawler))"
57.141.0.61 - - [24/Jul/2026:19:27:09 +0200] "GET /?v=t8r1i8m7m3i2n9g9l0y38 HTTP/1.1" 200 98108 "-" "Mozilla/5.0 (Windows NT 10.0; Win64; x64) AppleWebKit/537.36 (KHTML, like Gecko) Chrome/145.0.0.0 Safari/537.36 (compatible; meta-externalagent/1.1 (+https://developers.facebook.com/docs/sharing/webmasters/crawler))"
91.134.83.25 - - [24/Jul/2026:19:27:23 +0200] "POST /wp-cron.php?doing_wp_cron=1784914043.2240259647369384765625 HTTP/1.1" 200 5074 "-" "WordPress/6.9.4; https://as-cp.fr"
57.141.0.9 - - [24/Jul/2026:19:27:22 +0200] "GET /shops/consubstantiated/p8i2s5s4a1s9p7h7a9l9t8 HTTP/1.1" 301 5197 "-" "Mozilla/5.0 (Windows NT 10.0; Win64; x64) AppleWebKit/537.36 (KHTML, like Gecko) Chrome/145.0.0.0 Safari/537.36 (compatible; meta-externalagent/1.1 (+https://developers.facebook.com/docs/sharing/webmasters/crawler))"
91.134.83.25 - - [24/Jul/2026:19:28:54 +0200] "POST /wp-cron.php?doing_wp_cron=1784914134.9712929725646972656250 HTTP/1.1" 200 5074 "-" "WordPress/6.9.4; https://as-cp.fr"
57.141.0.70 - - [24/Jul/2026:19:28:54 +0200] "GET /?laundered/83274396152 HTTP/1.1" 301 5075 "-" "Mozilla/5.0 (Macintosh; Intel Mac OS X 10_15_7) AppleWebKit/537.36 (KHTML, like Gecko) Chrome/145.0.0.0 Safari/537.36 (compatible; meta-externalagent/1.1 (+https://developers.facebook.com/docs/sharing/webmasters/crawler))"
67.205.140.53 - - [24/Jul/2026:19:28:56 +0200] "GET / HTTP/1.1" 301 5051 "-" "Mozilla/5.0 (Windows NT 10.0; Win64; x64) AppleWebKit/537.36"
67.205.140.53 - - [24/Jul/2026:19:29:03 +0200] "GET / HTTP/1.1" 200 26624 "-" "Mozilla/5.0 (Windows NT 10.0; Win64; x64) AppleWebKit/537.36"
91.134.83.25 - - [24/Jul/2026:19:29:21 +0200] "POST /wp-cron.php?doing_wp_cron=1784914161.8780870437622070312500 HTTP/1.1" 200 5074 "-" "WordPress/6.9.4; https://as-cp.fr"
57.141.0.20 - - [24/Jul/2026:19:29:21 +0200] "GET /shops/basketball/r8i1b4b4o0n1e7d407 HTTP/1.1" 301 5197 "-" "Mozilla/5.0 (Macintosh; Intel Mac OS X 10_15_7) AppleWebKit/537.36 (KHTML, like Gecko) Chrome/145.0.0.0 Safari/537.36 (compatible; meta-externalagent/1.1 (+https://developers.facebook.com/docs/sharing/webmasters/crawler))"
185.191.171.1 - - [24/Jul/2026:19:30:16 +0200] "GET /robots.txt HTTP/1.1" 200 5168 "-" "Mozilla/5.0 (compatible; SemrushBot/7~bl; +http://www.semrush.com/bot.html)"
91.134.83.25 - - [24/Jul/2026:19:30:17 +0200] "POST /wp-cron.php?doing_wp_cron=1784914217.2333099842071533203125 HTTP/1.1" 200 5074 "-" "WordPress/6.9.4; https://as-cp.fr"
185.191.171.12 - - [24/Jul/2026:19:30:16 +0200] "GET /nos-actualites/page/8/ HTTP/1.1" 200 23751 "-" "Mozilla/5.0 (compatible; SemrushBot/7~bl; +http://www.semrush.com/bot.html)"
91.134.83.25 - - [24/Jul/2026:19:31:14 +0200] "POST /wp-cron.php?doing_wp_cron=1784914274.6871891021728515625000 HTTP/1.1" 200 5074 "-" "WordPress/6.9.4; https://as-cp.fr"
57.141.0.12 - - [24/Jul/2026:19:31:14 +0200] "GET /?v=c8o7s3u1r7e0t3i7e1s6 HTTP/1.1" 200 98108 "-" "Mozilla/5.0 (Macintosh; Intel Mac OS X 10_15_7) AppleWebKit/537.36 (KHTML, like Gecko) Chrome/145.0.0.0 Safari/537.36 (compatible; meta-externalagent/1.1 (+https://developers.facebook.com/docs/sharing/webmasters/crawler))"
91.134.83.25 - - [24/Jul/2026:19:31:50 +0200] "POST /wp-cron.php?doing_wp_cron=1784914310.6628780364990234375000 HTTP/1.1" 200 5074 "-" "WordPress/6.9.4; https://as-cp.fr"
57.141.0.63 - - [24/Jul/2026:19:31:50 +0200] "GET /?v=m8a3s6t5o8i7d9a5l478 HTTP/1.1" 200 98108 "-" "Mozilla/5.0 (Macintosh; Intel Mac OS X 10_15_7) AppleWebKit/537.36 (KHTML, like Gecko) Chrome/145.0.0.0 Safari/537.36 (compatible; meta-externalagent/1.1 (+https://developers.facebook.com/docs/sharing/webmasters/crawler))"
91.134.83.25 - - [24/Jul/2026:19:33:24 +0200] "POST /wp-cron.php?doing_wp_cron=1784914404.2842700481414794921875 HTTP/1.1" 200 5074 "-" "WordPress/6.9.4; https://as-cp.fr"
57.141.0.14 - - [24/Jul/2026:19:33:23 +0200] "GET /?v=f8l2o6u7r4i5s2h3e1s80 HTTP/1.1" 200 98108 "-" "Mozilla/5.0 (Macintosh; Intel Mac OS X 10_15_7) AppleWebKit/537.36 (KHTML, like Gecko) Chrome/145.0.0.0 Safari/537.36 (compatible; meta-externalagent/1.1 (+https://developers.facebook.com/docs/sharing/webmasters/crawler))"
91.134.83.25 - - [24/Jul/2026:19:34:06 +0200] "POST /wp-cron.php?doing_wp_cron=1784914446.6119570732116699218750 HTTP/1.1" 200 5074 "-" "WordPress/6.9.4; https://as-cp.fr"
57.141.0.43 - - [24/Jul/2026:19:34:06 +0200] "GET /shops/overwalk/a8v3e0r8s5i2v6e7774 HTTP/1.1" 301 5197 "-" "Mozilla/5.0 (Windows NT 10.0; Win64; x64) AppleWebKit/537.36 (KHTML, like Gecko) Chrome/145.0.0.0 Safari/537.36 (compatible; meta-externalagent/1.1 (+https://developers.facebook.com/docs/sharing/webmasters/crawler))"
57.141.0.50 - - [24/Jul/2026:19:34:11 +0200] "GET /?v=i8n7u7s6i3t7a8t9i0o9n HTTP/1.1" 200 98108 "-" "Mozilla/5.0 (Windows NT 10.0; Win64; x64) AppleWebKit/537.36 (KHTML, like Gecko) Chrome/145.0.0.0 Safari/537.36 (compatible; meta-externalagent/1.1 (+https://developers.facebook.com/docs/sharing/webmasters/crawler))"
57.141.0.34 - - [24/Jul/2026:19:34:16 +0200] "GET /shops/raniceps/p8r5o8g0n2a4t6h0i39 HTTP/1.1" 301 5197 "-" "Mozilla/5.0 (Windows NT 10.0; Win64; x64) AppleWebKit/537.36 (KHTML, like Gecko) Chrome/145.0.0.0 Safari/537.36 (compatible; meta-externalagent/1.1 (+https://developers.facebook.com/docs/sharing/webmasters/crawler))"
91.134.83.25 - - [24/Jul/2026:19:34:53 +0200] "POST /wp-cron.php?doing_wp_cron=1784914492.9865450859069824218750 HTTP/1.1" 200 5074 "-" "WordPress/6.9.4; https://as-cp.fr"
45.131.193.144 - - [24/Jul/2026:19:34:52 +0200] "POST /wp-login.php HTTP/1.1" 200 8903 "-" "Mozilla/5.0 (Macintosh; Intel Mac OS X 10_15_7) AppleWebKit/605.1.15 Version/17.0 Safari/605.1.15"
45.131.193.163 - - [24/Jul/2026:19:34:52 +0200] "POST /wp-login.php HTTP/1.1" 200 8904 "-" "Mozilla/5.0 (Windows NT 10.0; Win64; rv:143.0) Gecko/20100101 Firefox/143.0"
91.134.83.25 - - [24/Jul/2026:19:36:44 +0200] "POST /wp-cron.php?doing_wp_cron=1784914604.6276090145111083984375 HTTP/1.1" 200 5074 "-" "WordPress/6.9.4; https://as-cp.fr"
57.141.0.41 - - [24/Jul/2026:19:36:44 +0200] "GET /?v=i8n3q9u3i8n4a6t5i8o1n3 HTTP/1.1" 200 98108 "-" "Mozilla/5.0 (Windows NT 10.0; Win64; x64) AppleWebKit/537.36 (KHTML, like Gecko) Chrome/145.0.0.0 Safari/537.36 (compatible; meta-externalagent/1.1 (+https://developers.facebook.com/docs/sharing/webmasters/crawler))"
47.128.28.114 - - [24/Jul/2026:19:36:55 +0200] "GET /transmettre-des-biens-immobiliers/ HTTP/1.1" 200 23895 "-" "Mozilla/5.0 (Linux; Android 5.0) AppleWebKit/537.36 (KHTML, like Gecko) Mobile Safari/537.36 (compatible; Bytespider; spider-feedback@bytedance.com)"
47.128.28.114 - - [24/Jul/2026:19:36:56 +0200] "GET /wp-content/uploads/la_icon_sets/style.min.css?ver=6.9.4 HTTP/1.1" 200 5068 "https://as-cp.fr/transmettre-des-biens-immobiliers/" "Mozilla/5.0 (Linux; Android 5.0) AppleWebKit/537.36 (KHTML, like Gecko) Mobile Safari/537.36 (compatible; Bytespider; spider-feedback@bytedance.com)"
47.128.28.114 - - [24/Jul/2026:19:36:56 +0200] "GET /wp-content/uploads/2024/01/transmettre-des-biens-immobiliers-1-768x576.jpg HTTP/1.1" 200 5113 "https://as-cp.fr/transmettre-des-biens-immobiliers/" "Mozilla/5.0 (Linux; Android 5.0) AppleWebKit/537.36 (KHTML, like Gecko) Mobile Safari/537.36 (compatible; Bytespider; spider-feedback@bytedance.com)"
91.134.83.25 - - [24/Jul/2026:19:37:22 +0200] "POST /wp-cron.php?doing_wp_cron=1784914642.6426060199737548828125 HTTP/1.1" 200 5074 "-" "WordPress/6.9.4; https://as-cp.fr"
57.141.0.42 - - [24/Jul/2026:19:37:22 +0200] "GET /?v=s8u1m7l5e4s0s12150 HTTP/1.1" 200 98108 "-" "Mozilla/5.0 (Macintosh; Intel Mac OS X 10_15_7) AppleWebKit/537.36 (KHTML, like Gecko) Chrome/145.0.0.0 Safari/537.36 (compatible; meta-externalagent/1.1 (+https://developers.facebook.com/docs/sharing/webmasters/crawler))"
57.141.0.8 - - [24/Jul/2026:19:37:27 +0200] "GET /?v=w8a4i2v1u0r7e6874 HTTP/1.1" 200 98108 "-" "Mozilla/5.0 (Macintosh; Intel Mac OS X 10_15_7) AppleWebKit/537.36 (KHTML, like Gecko) Chrome/145.0.0.0 Safari/537.36 (compatible; meta-externalagent/1.1 (+https://developers.facebook.com/docs/sharing/webmasters/crawler))"
91.134.83.25 - - [24/Jul/2026:19:37:44 +0200] "POST /wp-cron.php?doing_wp_cron=1784914664.8048579692840576171875 HTTP/1.1" 200 5074 "-" "WordPress/6.9.4; https://as-cp.fr"
85.208.96.198 - - [24/Jul/2026:19:37:44 +0200] "GET /tag/conseiller-patrimoniale-perpignan/page/6/ HTTP/1.1" 200 24224 "-" "Mozilla/5.0 (compatible; SemrushBot/7~bl; +http://www.semrush.com/bot.html)"
57.141.0.22 - - [24/Jul/2026:19:38:01 +0200] "GET /?v=c8o7c3o0a4n9u1t6k3o3konut HTTP/1.1" 200 98108 "-" "Mozilla/5.0 (Windows NT 10.0; Win64; x64) AppleWebKit/537.36 (KHTML, like Gecko) Chrome/145.0.0.0 Safari/537.36 (compatible; meta-externalagent/1.1 (+https://developers.facebook.com/docs/sharing/webmasters/crawler))"
91.134.83.25 - - [24/Jul/2026:19:39:03 +0200] "POST /wp-cron.php?doing_wp_cron=1784914743.3833670616149902343750 HTTP/1.1" 200 5074 "-" "WordPress/6.9.4; https://as-cp.fr"
160.250.130.168 - - [24/Jul/2026:19:39:02 +0200] "GET /wp-login.php HTTP/1.1" 200 8736 "-" "Mozilla/5.0 (Windows NT 10.0; Win64; x64) AppleWebKit/537.36 (KHTML, like Gecko) Chrome/150.0.0.0 Safari/537.36"
160.250.130.168 - - [24/Jul/2026:19:39:04 +0200] "POST /wp-login.php HTTP/1.1" 200 8912 "https://as-cp.fr/wp-login.php" "Mozilla/5.0 (Windows NT 10.0; Win64; x64) AppleWebKit/537.36 (KHTML, like Gecko) Chrome/150.0.0.0 Safari/537.36"
91.134.83.25 - - [24/Jul/2026:19:39:20 +0200] "POST /wp-cron.php?doing_wp_cron=1784914760.3946530818939208984375 HTTP/1.1" 200 5074 "-" "WordPress/6.9.4; https://as-cp.fr"
5.75.134.69 - - [24/Jul/2026:19:39:19 +0200] "GET /wp-login.php HTTP/1.1" 200 8736 "-" "Mozilla/5.0 (Windows NT 10.0; Win64; x64) AppleWebKit/537.36 (KHTML, like Gecko) Chrome/150.0.0.0 Safari/537.36"
91.134.83.25 - - [24/Jul/2026:19:39:27 +0200] "POST /wp-cron.php?doing_wp_cron=1784914767.1627509593963623046875 HTTP/1.1" 200 5074 "-" "WordPress/6.9.4; https://as-cp.fr"
5.75.134.69 - - [24/Jul/2026:19:39:26 +0200] "POST /wp-login.php HTTP/1.1" 200 8911 "https://as-cp.fr/wp-login.php" "Mozilla/5.0 (Windows NT 10.0; Win64; x64) AppleWebKit/537.36 (KHTML, like Gecko) Chrome/150.0.0.0 Safari/537.36"
91.134.83.25 - - [24/Jul/2026:19:39:39 +0200] "POST /wp-cron.php?doing_wp_cron=1784914779.0047709941864013671875 HTTP/1.1" 200 5074 "-" "WordPress/6.9.4; https://as-cp.fr"
