223.185.59.47 - - [24/Jul/2026:12:03:33 +0200] "POST /xmlrpc.php HTTP/1.1" 200 5463 "-" "Jetpack by WordPress.com (Jetpack 13.0; WordPress 6.1)"
91.134.83.25 - - [24/Jul/2026:12:03:44 +0200] "POST /wp-cron.php?doing_wp_cron=1784887424.5148580074310302734375 HTTP/1.1" 200 5074 "-" "WordPress/6.9.4; https://as-cp.fr"
223.185.59.47 - - [24/Jul/2026:12:03:43 +0200] "POST /xmlrpc.php HTTP/1.1" 200 5463 "-" "Jetpack/12.5; WordPress/6.3; http://site55815247.com"
223.185.59.47 - - [24/Jul/2026:12:03:54 +0200] "POST /xmlrpc.php HTTP/1.1" 200 5463 "-" "Jetpack by WordPress.com (Jetpack 12.5; WordPress 6.4)"
223.185.59.47 - - [24/Jul/2026:12:04:05 +0200] "POST /xmlrpc.php HTTP/1.1" 200 5463 "-" "WordPress.com; https://wordpress.com"
223.185.59.47 - - [24/Jul/2026:12:04:16 +0200] "POST /xmlrpc.php HTTP/1.1" 200 5463 "-" "WordPress.com; https://wordpress.com"
91.134.83.25 - - [24/Jul/2026:12:04:27 +0200] "POST /wp-cron.php?doing_wp_cron=1784887467.8667039871215820312500 HTTP/1.1" 200 5074 "-" "WordPress/6.9.4; https://as-cp.fr"
223.185.59.47 - - [24/Jul/2026:12:04:27 +0200] "POST /xmlrpc.php HTTP/1.1" 200 5463 "-" "Jetpack by WordPress.com (Jetpack 12.1; WordPress 6.3)"
91.134.83.25 - - [24/Jul/2026:12:04:38 +0200] "POST /wp-cron.php?doing_wp_cron=1784887478.8071079254150390625000 HTTP/1.1" 200 5074 "-" "WordPress/6.9.4; https://as-cp.fr"
223.185.59.47 - - [24/Jul/2026:12:04:38 +0200] "POST /xmlrpc.php HTTP/1.1" 200 5463 "-" "Jetpack/12.5; WordPress/6.3; http://site55464567.com"
91.134.83.25 - - [24/Jul/2026:12:04:49 +0200] "POST /wp-cron.php?doing_wp_cron=1784887489.4727120399475097656250 HTTP/1.1" 200 5074 "-" "WordPress/6.9.4; https://as-cp.fr"
223.185.59.47 - - [24/Jul/2026:12:04:48 +0200] "POST /xmlrpc.php HTTP/1.1" 200 5463 "-" "Jetpack/13.0; WordPress/6.3; http://site65055070.com"
223.185.59.47 - - [24/Jul/2026:12:04:59 +0200] "POST /xmlrpc.php HTTP/1.1" 200 5463 "-" "Jetpack/13.0; WordPress/6.3; http://site15598251.com"
91.134.83.25 - - [24/Jul/2026:12:05:10 +0200] "POST /wp-cron.php?doing_wp_cron=1784887510.8847939968109130859375 HTTP/1.1" 200 5074 "-" "WordPress/6.9.4; https://as-cp.fr"
223.185.59.47 - - [24/Jul/2026:12:05:10 +0200] "POST /xmlrpc.php HTTP/1.1" 200 5463 "-" "WordPress.com; https://wordpress.com"
91.134.83.25 - - [24/Jul/2026:12:05:21 +0200] "POST /wp-cron.php?doing_wp_cron=1784887521.6880459785461425781250 HTTP/1.1" 200 5074 "-" "WordPress/6.9.4; https://as-cp.fr"
223.185.59.47 - - [24/Jul/2026:12:05:21 +0200] "POST /xmlrpc.php HTTP/1.1" 200 5463 "-" "Jetpack/12.1; WordPress/6.1; http://site23031323.com"
223.185.59.47 - - [24/Jul/2026:12:05:31 +0200] "POST /xmlrpc.php HTTP/1.1" 200 5463 "-" "Jetpack by WordPress.com"
91.134.83.25 - - [24/Jul/2026:12:05:43 +0200] "POST /wp-cron.php?doing_wp_cron=1784887543.2603399753570556640625 HTTP/1.1" 200 5074 "-" "WordPress/6.9.4; https://as-cp.fr"
223.185.59.47 - - [24/Jul/2026:12:05:42 +0200] "POST /xmlrpc.php HTTP/1.1" 200 5463 "-" "Jetpack/12.0; WordPress/6.2; http://site50381592.com"
223.185.59.47 - - [24/Jul/2026:12:05:53 +0200] "POST /xmlrpc.php HTTP/1.1" 200 5463 "-" "Jetpack/12.0; WordPress/6.4; http://site26959054.com"
223.185.59.47 - - [24/Jul/2026:12:06:04 +0200] "POST /xmlrpc.php HTTP/1.1" 200 5463 "-" "Jetpack by WordPress.com (Jetpack 13.0; WordPress 6.1)"
223.185.59.47 - - [24/Jul/2026:12:06:15 +0200] "POST /xmlrpc.php HTTP/1.1" 200 5463 "-" "WordPress.com; https://wordpress.com"
91.134.83.25 - - [24/Jul/2026:12:06:26 +0200] "POST /wp-cron.php?doing_wp_cron=1784887586.3687429428100585937500 HTTP/1.1" 200 5074 "-" "WordPress/6.9.4; https://as-cp.fr"
223.185.59.47 - - [24/Jul/2026:12:06:25 +0200] "POST /xmlrpc.php HTTP/1.1" 200 5463 "-" "Jetpack by WordPress.com"
91.134.83.25 - - [24/Jul/2026:12:06:37 +0200] "POST /wp-cron.php?doing_wp_cron=1784887597.2236030101776123046875 HTTP/1.1" 200 5074 "-" "WordPress/6.9.4; https://as-cp.fr"
223.185.59.47 - - [24/Jul/2026:12:06:36 +0200] "POST /xmlrpc.php HTTP/1.1" 200 5463 "-" "WordPress.com; https://wordpress.com"
91.134.83.25 - - [24/Jul/2026:12:06:47 +0200] "POST /wp-cron.php?doing_wp_cron=1784887607.9346249103546142578125 HTTP/1.1" 200 5074 "-" "WordPress/6.9.4; https://as-cp.fr"
223.185.59.47 - - [24/Jul/2026:12:06:47 +0200] "POST /xmlrpc.php HTTP/1.1" 200 5463 "-" "WordPress.com; https://wordpress.com"
223.185.59.47 - - [24/Jul/2026:12:06:58 +0200] "POST /xmlrpc.php HTTP/1.1" 200 5463 "-" "Jetpack by WordPress.com"
223.185.59.47 - - [24/Jul/2026:12:07:09 +0200] "POST /xmlrpc.php HTTP/1.1" 200 5463 "-" "Jetpack by WordPress.com"
91.134.83.25 - - [24/Jul/2026:12:07:20 +0200] "POST /wp-cron.php?doing_wp_cron=1784887640.4542310237884521484375 HTTP/1.1" 200 5074 "-" "WordPress/6.9.4; https://as-cp.fr"
223.185.59.47 - - [24/Jul/2026:12:07:19 +0200] "POST /xmlrpc.php HTTP/1.1" 200 5463 "-" "Jetpack by WordPress.com (Jetpack 12.1; WordPress 6.3)"
91.134.83.25 - - [24/Jul/2026:12:07:31 +0200] "POST /wp-cron.php?doing_wp_cron=1784887651.1070981025695800781250 HTTP/1.1" 200 5074 "-" "WordPress/6.9.4; https://as-cp.fr"
223.185.59.47 - - [24/Jul/2026:12:07:30 +0200] "POST /xmlrpc.php HTTP/1.1" 200 5463 "-" "Jetpack by WordPress.com (Jetpack 13.0; WordPress 6.3)"
91.134.83.25 - - [24/Jul/2026:12:07:41 +0200] "POST /wp-cron.php?doing_wp_cron=1784887661.9860100746154785156250 HTTP/1.1" 200 5074 "-" "WordPress/6.9.4; https://as-cp.fr"
223.185.59.47 - - [24/Jul/2026:12:07:41 +0200] "POST /xmlrpc.php HTTP/1.1" 200 5463 "-" "Jetpack/12.5; WordPress/6.3; http://site84438024.com"
91.134.83.25 - - [24/Jul/2026:12:07:52 +0200] "POST /wp-cron.php?doing_wp_cron=1784887672.9595279693603515625000 HTTP/1.1" 200 5074 "-" "WordPress/6.9.4; https://as-cp.fr"
223.185.59.47 - - [24/Jul/2026:12:07:52 +0200] "POST /xmlrpc.php HTTP/1.1" 200 5463 "-" "Jetpack by WordPress.com (Jetpack 12.5; WordPress 6.1)"
45.146.54.29 - - [24/Jul/2026:12:08:00 +0200] "POST /wp-login.php HTTP/1.1" 200 8902 "-" "Mozilla/5.0 (Windows; U; Windows NT 5.1; hu; rv:1.8.0.11) Gecko/20070312 Firefox/1.5.0.11"
45.146.54.7 - - [24/Jul/2026:12:08:00 +0200] "POST /wp-login.php HTTP/1.1" 200 8903 "-" "Mozilla/5.0 (Linux; Android 14; SM-G998U Build/UP1A.231005.007; wv) AppleWebKit/537.36 (KHTML, like Gecko) Version/4.0 Chrome/123.0.6312.99 Mobile Safari/537.36 Instagram 326.0.0.42.90 Android (34/14; 450dpi; 1080x2190; samsung; SM-G998U; p3q; qcom; en_US; 586181552)"
223.185.59.47 - - [24/Jul/2026:12:08:03 +0200] "POST /xmlrpc.php HTTP/1.1" 200 5463 "-" "Jetpack by WordPress.com"
223.185.59.47 - - [24/Jul/2026:12:08:14 +0200] "POST /xmlrpc.php HTTP/1.1" 200 5463 "-" "WordPress.com; https://wordpress.com"
91.134.83.25 - - [24/Jul/2026:12:08:25 +0200] "POST /wp-cron.php?doing_wp_cron=1784887705.3846559524536132812500 HTTP/1.1" 200 5074 "-" "WordPress/6.9.4; https://as-cp.fr"
223.185.59.47 - - [24/Jul/2026:12:08:24 +0200] "POST /xmlrpc.php HTTP/1.1" 200 5463 "-" "Jetpack/12.0; WordPress/6.2; http://site32873023.com"
91.134.83.25 - - [24/Jul/2026:12:08:36 +0200] "POST /wp-cron.php?doing_wp_cron=1784887716.1414101123809814453125 HTTP/1.1" 200 5074 "-" "WordPress/6.9.4; https://as-cp.fr"
223.185.59.47 - - [24/Jul/2026:12:08:35 +0200] "POST /xmlrpc.php HTTP/1.1" 200 5463 "-" "Jetpack by WordPress.com"
91.134.83.25 - - [24/Jul/2026:12:08:46 +0200] "POST /wp-cron.php?doing_wp_cron=1784887726.7919540405273437500000 HTTP/1.1" 200 5074 "-" "WordPress/6.9.4; https://as-cp.fr"
223.185.59.47 - - [24/Jul/2026:12:08:46 +0200] "POST /xmlrpc.php HTTP/1.1" 200 5463 "-" "Jetpack/12.5; WordPress/6.3; http://site24120586.com"
223.185.59.47 - - [24/Jul/2026:12:08:57 +0200] "POST /xmlrpc.php HTTP/1.1" 200 5463 "-" "Jetpack by WordPress.com (Jetpack 13.0; WordPress 6.4)"
223.185.59.47 - - [24/Jul/2026:12:09:07 +0200] "POST /xmlrpc.php HTTP/1.1" 200 5463 "-" "Jetpack by WordPress.com (Jetpack 12.1; WordPress 6.4)"
91.134.83.25 - - [24/Jul/2026:12:09:19 +0200] "POST /wp-cron.php?doing_wp_cron=1784887759.0746920108795166015625 HTTP/1.1" 200 5074 "-" "WordPress/6.9.4; https://as-cp.fr"
223.185.59.47 - - [24/Jul/2026:12:09:18 +0200] "POST /xmlrpc.php HTTP/1.1" 200 5463 "-" "Jetpack by WordPress.com (Jetpack 12.1; WordPress 6.2)"
91.134.83.25 - - [24/Jul/2026:12:09:29 +0200] "POST /wp-cron.php?doing_wp_cron=1784887769.7779490947723388671875 HTTP/1.1" 200 5074 "-" "WordPress/6.9.4; https://as-cp.fr"
223.185.59.47 - - [24/Jul/2026:12:09:29 +0200] "POST /xmlrpc.php HTTP/1.1" 200 5463 "-" "Jetpack/13.0; WordPress/6.4; http://site28213917.com"
91.134.83.25 - - [24/Jul/2026:12:09:40 +0200] "POST /wp-cron.php?doing_wp_cron=1784887780.6002340316772460937500 HTTP/1.1" 200 5074 "-" "WordPress/6.9.4; https://as-cp.fr"
223.185.59.47 - - [24/Jul/2026:12:09:40 +0200] "POST /xmlrpc.php HTTP/1.1" 200 5463 "-" "Jetpack by WordPress.com"
91.134.83.25 - - [24/Jul/2026:12:09:51 +0200] "POST /wp-cron.php?doing_wp_cron=1784887791.4079918861389160156250 HTTP/1.1" 200 5074 "-" "WordPress/6.9.4; https://as-cp.fr"
223.185.59.47 - - [24/Jul/2026:12:09:50 +0200] "POST /xmlrpc.php HTTP/1.1" 200 5463 "-" "WordPress.com; https://wordpress.com"
223.185.59.47 - - [24/Jul/2026:12:10:01 +0200] "POST /xmlrpc.php HTTP/1.1" 200 5463 "-" "Jetpack/12.1; WordPress/6.3; http://site75135735.com"
223.185.59.47 - - [24/Jul/2026:12:10:12 +0200] "POST /xmlrpc.php HTTP/1.1" 200 5463 "-" "Jetpack by WordPress.com"
45.131.193.170 - - [24/Jul/2026:12:10:16 +0200] "POST /wp-login.php HTTP/1.1" 200 8903 "-" "Mozilla/5.0 (Windows NT 10.0; Win64; x64) AppleWebKit/537.36 Chrome/129.0.0.0 Safari/537.36"
45.131.193.158 - - [24/Jul/2026:12:10:16 +0200] "POST /wp-login.php HTTP/1.1" 200 8902 "-" "Mozilla/5.0 (Windows NT 10.0; Win64; rv:143.0) Gecko/20100101 Firefox/143.0"
91.134.83.25 - - [24/Jul/2026:12:10:23 +0200] "POST /wp-cron.php?doing_wp_cron=1784887823.6209959983825683593750 HTTP/1.1" 200 5074 "-" "WordPress/6.9.4; https://as-cp.fr"
223.185.59.47 - - [24/Jul/2026:12:10:23 +0200] "POST /xmlrpc.php HTTP/1.1" 200 5463 "-" "Jetpack by WordPress.com"
91.134.83.25 - - [24/Jul/2026:12:10:34 +0200] "POST /wp-cron.php?doing_wp_cron=1784887834.2576489448547363281250 HTTP/1.1" 200 5074 "-" "WordPress/6.9.4; https://as-cp.fr"
223.185.59.47 - - [24/Jul/2026:12:10:33 +0200] "POST /xmlrpc.php HTTP/1.1" 200 5463 "-" "Jetpack by WordPress.com"
91.134.83.25 - - [24/Jul/2026:12:10:45 +0200] "POST /wp-cron.php?doing_wp_cron=1784887845.0244960784912109375000 HTTP/1.1" 200 5074 "-" "WordPress/6.9.4; https://as-cp.fr"
223.185.59.47 - - [24/Jul/2026:12:10:44 +0200] "POST /xmlrpc.php HTTP/1.1" 200 5463 "-" "Jetpack by WordPress.com"
223.185.59.47 - - [24/Jul/2026:12:10:55 +0200] "POST /xmlrpc.php HTTP/1.1" 200 5463 "-" "Jetpack/12.0; WordPress/6.2; http://site83261283.com"
223.185.59.47 - - [24/Jul/2026:12:11:06 +0200] "POST /xmlrpc.php HTTP/1.1" 200 5463 "-" "Jetpack by WordPress.com"
223.185.59.47 - - [24/Jul/2026:12:11:16 +0200] "POST /xmlrpc.php HTTP/1.1" 200 5463 "-" "WordPress.com; https://wordpress.com"
91.134.83.25 - - [24/Jul/2026:12:11:28 +0200] "POST /wp-cron.php?doing_wp_cron=1784887888.0053420066833496093750 HTTP/1.1" 200 5074 "-" "WordPress/6.9.4; https://as-cp.fr"
223.185.59.47 - - [24/Jul/2026:12:11:27 +0200] "POST /xmlrpc.php HTTP/1.1" 200 5463 "-" "Jetpack by WordPress.com"
91.134.83.25 - - [24/Jul/2026:12:11:38 +0200] "POST /wp-cron.php?doing_wp_cron=1784887898.7594590187072753906250 HTTP/1.1" 200 5074 "-" "WordPress/6.9.4; https://as-cp.fr"
223.185.59.47 - - [24/Jul/2026:12:11:38 +0200] "POST /xmlrpc.php HTTP/1.1" 200 5463 "-" "WordPress.com; https://wordpress.com"
91.134.83.25 - - [24/Jul/2026:12:11:49 +0200] "POST /wp-cron.php?doing_wp_cron=1784887909.4349889755249023437500 HTTP/1.1" 200 5074 "-" "WordPress/6.9.4; https://as-cp.fr"
223.185.59.47 - - [24/Jul/2026:12:11:49 +0200] "POST /xmlrpc.php HTTP/1.1" 200 5463 "-" "Jetpack/12.0; WordPress/6.4; http://site87090473.com"
223.185.59.47 - - [24/Jul/2026:12:11:59 +0200] "POST /xmlrpc.php HTTP/1.1" 200 5463 "-" "Jetpack/12.5; WordPress/6.1; http://site47887307.com"
223.185.59.47 - - [24/Jul/2026:12:12:10 +0200] "POST /xmlrpc.php HTTP/1.1" 200 5463 "-" "Jetpack by WordPress.com"
91.134.83.25 - - [24/Jul/2026:12:12:21 +0200] "POST /wp-cron.php?doing_wp_cron=1784887941.8292040824890136718750 HTTP/1.1" 200 5074 "-" "WordPress/6.9.4; https://as-cp.fr"
223.185.59.47 - - [24/Jul/2026:12:12:21 +0200] "POST /xmlrpc.php HTTP/1.1" 200 5463 "-" "WordPress.com; https://wordpress.com"
223.185.59.47 - - [24/Jul/2026:12:12:32 +0200] "POST /xmlrpc.php HTTP/1.1" 200 5463 "-" "Jetpack/12.0; WordPress/6.3; http://site69418970.com"
91.134.83.25 - - [24/Jul/2026:12:12:43 +0200] "POST /wp-cron.php?doing_wp_cron=1784887963.3300950527191162109375 HTTP/1.1" 200 5074 "-" "WordPress/6.9.4; https://as-cp.fr"
223.185.59.47 - - [24/Jul/2026:12:12:42 +0200] "POST /xmlrpc.php HTTP/1.1" 200 5463 "-" "Jetpack/12.0; WordPress/6.3; http://site92077705.com"
223.185.59.47 - - [24/Jul/2026:12:12:53 +0200] "POST /xmlrpc.php HTTP/1.1" 200 5463 "-" "WordPress.com; https://wordpress.com"
223.185.59.47 - - [24/Jul/2026:12:13:04 +0200] "POST /xmlrpc.php HTTP/1.1" 200 5463 "-" "Jetpack by WordPress.com (Jetpack 13.0; WordPress 6.3)"
223.185.59.47 - - [24/Jul/2026:12:13:15 +0200] "POST /xmlrpc.php HTTP/1.1" 200 5463 "-" "Jetpack by WordPress.com (Jetpack 12.1; WordPress 6.1)"
91.134.83.25 - - [24/Jul/2026:12:13:26 +0200] "POST /wp-cron.php?doing_wp_cron=1784888006.1386239528656005859375 HTTP/1.1" 200 5074 "-" "WordPress/6.9.4; https://as-cp.fr"
223.185.59.47 - - [24/Jul/2026:12:13:25 +0200] "POST /xmlrpc.php HTTP/1.1" 200 5463 "-" "Jetpack by WordPress.com"
91.134.83.25 - - [24/Jul/2026:12:13:36 +0200] "POST /wp-cron.php?doing_wp_cron=1784888016.8738629817962646484375 HTTP/1.1" 200 5074 "-" "WordPress/6.9.4; https://as-cp.fr"
223.185.59.47 - - [24/Jul/2026:12:13:36 +0200] "POST /xmlrpc.php HTTP/1.1" 200 5463 "-" "Jetpack by WordPress.com (Jetpack 12.1; WordPress 6.1)"
91.134.83.25 - - [24/Jul/2026:12:13:47 +0200] "POST /wp-cron.php?doing_wp_cron=1784888027.6779150962829589843750 HTTP/1.1" 200 5074 "-" "WordPress/6.9.4; https://as-cp.fr"
223.185.59.47 - - [24/Jul/2026:12:13:47 +0200] "POST /xmlrpc.php HTTP/1.1" 200 5463 "-" "WordPress.com; https://wordpress.com"
217.154.24.79 - - [24/Jul/2026:12:13:51 +0200] "GET /wp-login.php HTTP/1.1" 200 8735 "-" "Mozilla/5.0 (Windows NT 10.0; Win64; x64) AppleWebKit/537.36 (KHTML, like Gecko) Chrome/150.0.0.0 Safari/537.36"
223.185.59.47 - - [24/Jul/2026:12:13:57 +0200] "POST /xmlrpc.php HTTP/1.1" 200 5463 "-" "Jetpack/12.0; WordPress/6.1; http://site18626163.com"
223.185.59.47 - - [24/Jul/2026:12:14:08 +0200] "POST /xmlrpc.php HTTP/1.1" 200 5463 "-" "WordPress.com; https://wordpress.com"
91.134.83.25 - - [24/Jul/2026:12:14:19 +0200] "POST /wp-cron.php?doing_wp_cron=1784888059.7260520458221435546875 HTTP/1.1" 200 5074 "-" "WordPress/6.9.4; https://as-cp.fr"
223.185.59.47 - - [24/Jul/2026:12:14:19 +0200] "POST /xmlrpc.php HTTP/1.1" 200 5463 "-" "Jetpack/12.0; WordPress/6.4; http://site63895442.com"
91.134.83.25 - - [24/Jul/2026:12:14:30 +0200] "POST /wp-cron.php?doing_wp_cron=1784888070.8145329952239990234375 HTTP/1.1" 200 5074 "-" "WordPress/6.9.4; https://as-cp.fr"
223.185.59.47 - - [24/Jul/2026:12:14:30 +0200] "POST /xmlrpc.php HTTP/1.1" 200 5463 "-" "WordPress.com; https://wordpress.com"
91.134.83.25 - - [24/Jul/2026:12:14:41 +0200] "POST /wp-cron.php?doing_wp_cron=1784888081.3469879627227783203125 HTTP/1.1" 200 5074 "-" "WordPress/6.9.4; https://as-cp.fr"
223.185.59.47 - - [24/Jul/2026:12:14:40 +0200] "POST /xmlrpc.php HTTP/1.1" 200 5463 "-" "Jetpack by WordPress.com"
91.134.83.25 - - [24/Jul/2026:12:14:51 +0200] "POST /wp-cron.php?doing_wp_cron=1784888091.9570341110229492187500 HTTP/1.1" 200 5074 "-" "WordPress/6.9.4; https://as-cp.fr"
223.185.59.47 - - [24/Jul/2026:12:14:51 +0200] "POST /xmlrpc.php HTTP/1.1" 200 5463 "-" "Jetpack by WordPress.com (Jetpack 12.1; WordPress 6.2)"
223.185.59.47 - - [24/Jul/2026:12:15:02 +0200] "POST /xmlrpc.php HTTP/1.1" 200 5463 "-" "Jetpack/12.1; WordPress/6.1; http://site49510049.com"
223.185.59.47 - - [24/Jul/2026:12:15:12 +0200] "POST /xmlrpc.php HTTP/1.1" 200 5463 "-" "WordPress.com; https://wordpress.com"
91.134.83.25 - - [24/Jul/2026:12:15:23 +0200] "POST /wp-cron.php?doing_wp_cron=1784888123.7586948871612548828125 HTTP/1.1" 200 5074 "-" "WordPress/6.9.4; https://as-cp.fr"
223.185.59.47 - - [24/Jul/2026:12:15:23 +0200] "POST /xmlrpc.php HTTP/1.1" 200 5463 "-" "WordPress.com; https://wordpress.com"
91.134.83.25 - - [24/Jul/2026:12:15:34 +0200] "POST /wp-cron.php?doing_wp_cron=1784888134.6778330802917480468750 HTTP/1.1" 200 5074 "-" "WordPress/6.9.4; https://as-cp.fr"
223.185.59.47 - - [24/Jul/2026:12:15:33 +0200] "POST /xmlrpc.php HTTP/1.1" 200 5463 "-" "Jetpack by WordPress.com"
91.134.83.25 - - [24/Jul/2026:12:15:45 +0200] "POST /wp-cron.php?doing_wp_cron=1784888145.1982729434967041015625 HTTP/1.1" 200 5074 "-" "WordPress/6.9.4; https://as-cp.fr"
223.185.59.47 - - [24/Jul/2026:12:15:44 +0200] "POST /xmlrpc.php HTTP/1.1" 200 5463 "-" "Jetpack by WordPress.com (Jetpack 13.0; WordPress 6.4)"
223.185.59.47 - - [24/Jul/2026:12:15:55 +0200] "POST /xmlrpc.php HTTP/1.1" 200 5463 "-" "Jetpack by WordPress.com (Jetpack 12.5; WordPress 6.2)"
223.185.59.47 - - [24/Jul/2026:12:16:05 +0200] "POST /xmlrpc.php HTTP/1.1" 200 5463 "-" "WordPress.com; https://wordpress.com"
223.185.59.47 - - [24/Jul/2026:12:16:16 +0200] "POST /xmlrpc.php HTTP/1.1" 200 5463 "-" "WordPress.com; https://wordpress.com"
91.134.83.25 - - [24/Jul/2026:12:16:27 +0200] "POST /wp-cron.php?doing_wp_cron=1784888187.5442109107971191406250 HTTP/1.1" 200 5074 "-" "WordPress/6.9.4; https://as-cp.fr"
223.185.59.47 - - [24/Jul/2026:12:16:27 +0200] "POST /xmlrpc.php HTTP/1.1" 200 5463 "-" "Jetpack by WordPress.com (Jetpack 12.1; WordPress 6.1)"
91.134.83.25 - - [24/Jul/2026:12:16:38 +0200] "POST /wp-cron.php?doing_wp_cron=1784888198.3917119503021240234375 HTTP/1.1" 200 5074 "-" "WordPress/6.9.4; https://as-cp.fr"
223.185.59.47 - - [24/Jul/2026:12:16:37 +0200] "POST /xmlrpc.php HTTP/1.1" 200 5463 "-" "Jetpack/13.0; WordPress/6.2; http://site24909775.com"
91.134.83.25 - - [24/Jul/2026:12:16:49 +0200] "POST /wp-cron.php?doing_wp_cron=1784888209.1671690940856933593750 HTTP/1.1" 200 5074 "-" "WordPress/6.9.4; https://as-cp.fr"
223.185.59.47 - - [24/Jul/2026:12:16:48 +0200] "POST /xmlrpc.php HTTP/1.1" 200 5463 "-" "WordPress.com; https://wordpress.com"
91.134.83.25 - - [24/Jul/2026:12:17:00 +0200] "POST /wp-cron.php?doing_wp_cron=1784888220.1454489231109619140625 HTTP/1.1" 200 5074 "-" "WordPress/6.9.4; https://as-cp.fr"
223.185.59.47 - - [24/Jul/2026:12:16:59 +0200] "POST /xmlrpc.php HTTP/1.1" 200 5463 "-" "Jetpack by WordPress.com"
223.185.59.47 - - [24/Jul/2026:12:17:10 +0200] "POST /xmlrpc.php HTTP/1.1" 200 5463 "-" "Jetpack by WordPress.com"
91.134.83.25 - - [24/Jul/2026:12:17:21 +0200] "POST /wp-cron.php?doing_wp_cron=1784888241.4035189151763916015625 HTTP/1.1" 200 5074 "-" "WordPress/6.9.4; https://as-cp.fr"
223.185.59.47 - - [24/Jul/2026:12:17:20 +0200] "POST /xmlrpc.php HTTP/1.1" 200 5463 "-" "Jetpack by WordPress.com"
223.185.59.47 - - [24/Jul/2026:12:17:31 +0200] "POST /xmlrpc.php HTTP/1.1" 200 5463 "-" "Jetpack by WordPress.com"
91.134.83.25 - - [24/Jul/2026:12:17:42 +0200] "POST /wp-cron.php?doing_wp_cron=1784888262.9851179122924804687500 HTTP/1.1" 200 5074 "-" "WordPress/6.9.4; https://as-cp.fr"
223.185.59.47 - - [24/Jul/2026:12:17:42 +0200] "POST /xmlrpc.php HTTP/1.1" 200 5463 "-" "Jetpack/12.1; WordPress/6.4; http://site95801358.com"
217.60.241.94 - - [24/Jul/2026:12:17:52 +0200] "POST /?rest_route=/batch/v1 HTTP/1.1" 207 6010 "-" "rezwp2shell"
223.185.59.47 - - [24/Jul/2026:12:17:53 +0200] "POST /xmlrpc.php HTTP/1.1" 200 5463 "-" "WordPress.com; https://wordpress.com"
217.60.241.94 - - [24/Jul/2026:12:17:52 +0200] "POST /?rest_route=/batch/v1 HTTP/1.1" 207 1859650 "-" "rezwp2shell"
223.185.59.47 - - [24/Jul/2026:12:18:03 +0200] "POST /xmlrpc.php HTTP/1.1" 200 5463 "-" "WordPress.com; https://wordpress.com"
223.185.59.47 - - [24/Jul/2026:12:18:14 +0200] "POST /xmlrpc.php HTTP/1.1" 200 5463 "-" "WordPress.com; https://wordpress.com"
91.134.83.25 - - [24/Jul/2026:12:18:26 +0200] "POST /wp-cron.php?doing_wp_cron=1784888305.9925410747528076171875 HTTP/1.1" 200 5074 "-" "WordPress/6.9.4; https://as-cp.fr"
223.185.59.47 - - [24/Jul/2026:12:18:25 +0200] "POST /xmlrpc.php HTTP/1.1" 200 5463 "-" "Jetpack by WordPress.com (Jetpack 12.5; WordPress 6.3)"
91.134.83.25 - - [24/Jul/2026:12:18:37 +0200] "POST /wp-cron.php?doing_wp_cron=1784888317.0620410442352294921875 HTTP/1.1" 200 5074 "-" "WordPress/6.9.4; https://as-cp.fr"
223.185.59.47 - - [24/Jul/2026:12:18:36 +0200] "POST /xmlrpc.php HTTP/1.1" 200 5463 "-" "Jetpack/12.0; WordPress/6.4; http://site83112252.com"
65.21.1.252 - - [24/Jul/2026:12:18:38 +0200] "GET /wp-content/uploads/2022/10/Realiser-un-investissement-immobilier-1-768x576.jpg HTTP/1.1" 200 5117 "-" "Mozilla/5.0 (X11; Ubuntu; Linux x86_64; rv:72.0) Gecko/20100101 Firefox/72.0"
91.134.83.25 - - [24/Jul/2026:12:18:47 +0200] "POST /wp-cron.php?doing_wp_cron=1784888327.6377298831939697265625 HTTP/1.1" 200 5074 "-" "WordPress/6.9.4; https://as-cp.fr"
223.185.59.47 - - [24/Jul/2026:12:18:47 +0200] "POST /xmlrpc.php HTTP/1.1" 200 5463 "-" "Jetpack by WordPress.com (Jetpack 12.0; WordPress 6.4)"
173.252.82.58 - - [24/Jul/2026:12:18:49 +0200] "GET /robots.txt HTTP/1.1" 206 5172 "-" "facebookexternalhit/1.1 (+http://www.facebook.com/externalhit_uatext.php)"
223.185.59.47 - - [24/Jul/2026:12:18:57 +0200] "POST /xmlrpc.php HTTP/1.1" 200 5463 "-" "Jetpack by WordPress.com"
223.185.59.47 - - [24/Jul/2026:12:19:08 +0200] "POST /xmlrpc.php HTTP/1.1" 200 5463 "-" "WordPress.com; https://wordpress.com"
91.134.83.25 - - [24/Jul/2026:12:19:19 +0200] "POST /wp-cron.php?doing_wp_cron=1784888359.7657051086425781250000 HTTP/1.1" 200 5074 "-" "WordPress/6.9.4; https://as-cp.fr"
223.185.59.47 - - [24/Jul/2026:12:19:19 +0200] "POST /xmlrpc.php HTTP/1.1" 200 5463 "-" "Jetpack by WordPress.com (Jetpack 12.0; WordPress 6.3)"
91.134.83.25 - - [24/Jul/2026:12:19:30 +0200] "POST /wp-cron.php?doing_wp_cron=1784888370.4142489433288574218750 HTTP/1.1" 200 5074 "-" "WordPress/6.9.4; https://as-cp.fr"
223.185.59.47 - - [24/Jul/2026:12:19:29 +0200] "POST /xmlrpc.php HTTP/1.1" 200 5463 "-" "Jetpack/13.0; WordPress/6.3; http://site31996760.com"
91.134.83.25 - - [24/Jul/2026:12:19:41 +0200] "POST /wp-cron.php?doing_wp_cron=1784888381.3014349937438964843750 HTTP/1.1" 200 5074 "-" "WordPress/6.9.4; https://as-cp.fr"
223.185.59.47 - - [24/Jul/2026:12:19:40 +0200] "POST /xmlrpc.php HTTP/1.1" 200 5463 "-" "WordPress.com; https://wordpress.com"
91.134.83.25 - - [24/Jul/2026:12:19:51 +0200] "POST /wp-cron.php?doing_wp_cron=1784888391.9549748897552490234375 HTTP/1.1" 200 5074 "-" "WordPress/6.9.4; https://as-cp.fr"
223.185.59.47 - - [24/Jul/2026:12:19:51 +0200] "POST /xmlrpc.php HTTP/1.1" 200 5463 "-" "Jetpack/13.0; WordPress/6.2; http://site52922493.com"
223.185.59.47 - - [24/Jul/2026:12:20:01 +0200] "POST /xmlrpc.php HTTP/1.1" 200 5463 "-" "Jetpack by WordPress.com (Jetpack 12.0; WordPress 6.4)"
223.185.59.47 - - [24/Jul/2026:12:20:12 +0200] "POST /xmlrpc.php HTTP/1.1" 200 5463 "-" "Jetpack by WordPress.com (Jetpack 12.0; WordPress 6.4)"
91.134.83.25 - - [24/Jul/2026:12:20:23 +0200] "POST /wp-cron.php?doing_wp_cron=1784888423.6193170547485351562500 HTTP/1.1" 200 5074 "-" "WordPress/6.9.4; https://as-cp.fr"
223.185.59.47 - - [24/Jul/2026:12:20:23 +0200] "POST /xmlrpc.php HTTP/1.1" 200 5463 "-" "Jetpack by WordPress.com"
91.134.83.25 - - [24/Jul/2026:12:20:35 +0200] "POST /wp-cron.php?doing_wp_cron=1784888435.2623848915100097656250 HTTP/1.1" 200 5074 "-" "WordPress/6.9.4; https://as-cp.fr"
223.185.59.47 - - [24/Jul/2026:12:20:34 +0200] "POST /xmlrpc.php HTTP/1.1" 200 5463 "-" "WordPress.com; https://wordpress.com"
57.141.0.7 - - [24/Jul/2026:12:20:38 +0200] "GET /?v=a6l1l1h8a7l8l1o0w71 HTTP/1.1" 200 26376 "-" "Mozilla/5.0 (Macintosh; Intel Mac OS X 10_15_7) AppleWebKit/537.36 (KHTML, like Gecko) Chrome/145.0.0.0 Safari/537.36 (compatible; meta-externalagent/1.1 (+https://developers.facebook.com/docs/sharing/webmasters/crawler))"
57.141.0.14 - - [24/Jul/2026:12:20:40 +0200] "GET /wp-content/uploads/2026/05/conseil-en-patrimoine-saint-esteve-protection-de-capital-1-350x230.jpg HTTP/1.1" 200 5136 "https://as-cp.fr/?v=a6l1l1h8a7l8l1o0w71" "Mozilla/5.0 (Macintosh; Intel Mac OS X 10_15_7) AppleWebKit/537.36 (KHTML, like Gecko) Chrome/145.0.0.0 Safari/537.36 (compatible; meta-externalagent/1.1 (+https://developers.facebook.com/docs/sharing/webmasters/crawler))"
91.134.83.25 - - [24/Jul/2026:12:20:45 +0200] "POST /wp-cron.php?doing_wp_cron=1784888445.5034151077270507812500 HTTP/1.1" 200 5074 "-" "WordPress/6.9.4; https://as-cp.fr"
223.185.59.47 - - [24/Jul/2026:12:20:44 +0200] "POST /xmlrpc.php HTTP/1.1" 200 5463 "-" "Jetpack by WordPress.com"
57.141.0.15 - - [24/Jul/2026:12:20:46 +0200] "GET /wp-content/uploads/2025/07/plan-as-cp-300x146.jpg HTTP/1.1" 200 5088 "https://as-cp.fr/?v=a6l1l1h8a7l8l1o0w71" "Mozilla/5.0 (Macintosh; Intel Mac OS X 10_15_7) AppleWebKit/537.36 (KHTML, like Gecko) Chrome/145.0.0.0 Safari/537.36 (compatible; meta-externalagent/1.1 (+https://developers.facebook.com/docs/sharing/webmasters/crawler))"
57.141.0.69 - - [24/Jul/2026:12:20:47 +0200] "GET /null HTTP/1.1" 301 5197 "https://as-cp.fr/?v=a6l1l1h8a7l8l1o0w71" "Mozilla/5.0 (Macintosh; Intel Mac OS X 10_15_7) AppleWebKit/537.36 (KHTML, like Gecko) Chrome/145.0.0.0 Safari/537.36 (compatible; meta-externalagent/1.1 (+https://developers.facebook.com/docs/sharing/webmasters/crawler))"
57.141.0.17 - - [24/Jul/2026:12:20:48 +0200] "GET / HTTP/1.1" 200 26625 "https://as-cp.fr/?v=a6l1l1h8a7l8l1o0w71" "Mozilla/5.0 (Macintosh; Intel Mac OS X 10_15_7) AppleWebKit/537.36 (KHTML, like Gecko) Chrome/145.0.0.0 Safari/537.36 (compatible; meta-externalagent/1.1 (+https://developers.facebook.com/docs/sharing/webmasters/crawler))"
223.185.59.47 - - [24/Jul/2026:12:20:55 +0200] "POST /xmlrpc.php HTTP/1.1" 200 5463 "-" "Jetpack by WordPress.com"
223.185.59.47 - - [24/Jul/2026:12:21:06 +0200] "POST /xmlrpc.php HTTP/1.1" 200 5463 "-" "WordPress.com; https://wordpress.com"
223.185.59.47 - - [24/Jul/2026:12:21:17 +0200] "POST /xmlrpc.php HTTP/1.1" 200 5463 "-" "WordPress.com; https://wordpress.com"
91.134.83.25 - - [24/Jul/2026:12:21:28 +0200] "POST /wp-cron.php?doing_wp_cron=1784888488.4297699928283691406250 HTTP/1.1" 200 5074 "-" "WordPress/6.9.4; https://as-cp.fr"
223.185.59.47 - - [24/Jul/2026:12:21:27 +0200] "POST /xmlrpc.php HTTP/1.1" 200 5463 "-" "Jetpack/12.0; WordPress/6.4; http://site42042802.com"
91.134.83.25 - - [24/Jul/2026:12:21:39 +0200] "POST /wp-cron.php?doing_wp_cron=1784888499.3472950458526611328125 HTTP/1.1" 200 5074 "-" "WordPress/6.9.4; https://as-cp.fr"
223.185.59.47 - - [24/Jul/2026:12:21:38 +0200] "POST /xmlrpc.php HTTP/1.1" 200 5463 "-" "Jetpack by WordPress.com"
91.134.83.25 - - [24/Jul/2026:12:21:50 +0200] "POST /wp-cron.php?doing_wp_cron=1784888510.0143680572509765625000 HTTP/1.1" 200 5074 "-" "WordPress/6.9.4; https://as-cp.fr"
223.185.59.47 - - [24/Jul/2026:12:21:49 +0200] "POST /xmlrpc.php HTTP/1.1" 200 5463 "-" "Jetpack by WordPress.com (Jetpack 12.5; WordPress 6.1)"
223.185.59.47 - - [24/Jul/2026:12:22:00 +0200] "POST /xmlrpc.php HTTP/1.1" 200 5463 "-" "Jetpack/12.1; WordPress/6.2; http://site44967738.com"
223.185.59.47 - - [24/Jul/2026:12:22:10 +0200] "POST /xmlrpc.php HTTP/1.1" 200 5463 "-" "Jetpack by WordPress.com"
91.134.83.25 - - [24/Jul/2026:12:22:22 +0200] "POST /wp-cron.php?doing_wp_cron=1784888542.7083230018615722656250 HTTP/1.1" 200 5074 "-" "WordPress/6.9.4; https://as-cp.fr"
223.185.59.47 - - [24/Jul/2026:12:22:22 +0200] "POST /xmlrpc.php HTTP/1.1" 200 5463 "-" "Jetpack/12.5; WordPress/6.3; http://site25516924.com"
223.185.59.47 - - [24/Jul/2026:12:22:32 +0200] "POST /xmlrpc.php HTTP/1.1" 200 5463 "-" "WordPress.com; https://wordpress.com"
91.134.83.25 - - [24/Jul/2026:12:22:43 +0200] "POST /wp-cron.php?doing_wp_cron=1784888563.5089499950408935546875 HTTP/1.1" 200 5074 "-" "WordPress/6.9.4; https://as-cp.fr"
223.185.59.47 - - [24/Jul/2026:12:22:42 +0200] "POST /xmlrpc.php HTTP/1.1" 200 5463 "-" "Jetpack/13.0; WordPress/6.4; http://site34631002.com"
223.185.59.47 - - [24/Jul/2026:12:22:53 +0200] "POST /xmlrpc.php HTTP/1.1" 200 5463 "-" "WordPress.com; https://wordpress.com"
223.185.59.47 - - [24/Jul/2026:12:23:04 +0200] "POST /xmlrpc.php HTTP/1.1" 200 5463 "-" "Jetpack by WordPress.com (Jetpack 12.5; WordPress 6.4)"
223.185.59.47 - - [24/Jul/2026:12:23:15 +0200] "POST /xmlrpc.php HTTP/1.1" 200 5463 "-" "WordPress.com; https://wordpress.com"
91.134.83.25 - - [24/Jul/2026:12:23:26 +0200] "POST /wp-cron.php?doing_wp_cron=1784888606.6016480922698974609375 HTTP/1.1" 200 5074 "-" "WordPress/6.9.4; https://as-cp.fr"
223.185.59.47 - - [24/Jul/2026:12:23:26 +0200] "POST /xmlrpc.php HTTP/1.1" 200 5463 "-" "WordPress.com; https://wordpress.com"
91.134.83.25 - - [24/Jul/2026:12:23:37 +0200] "POST /wp-cron.php?doing_wp_cron=1784888617.5273869037628173828125 HTTP/1.1" 200 5074 "-" "WordPress/6.9.4; https://as-cp.fr"
223.185.59.47 - - [24/Jul/2026:12:23:36 +0200] "POST /xmlrpc.php HTTP/1.1" 200 5463 "-" "Jetpack by WordPress.com"
91.134.83.25 - - [24/Jul/2026:12:23:47 +0200] "POST /wp-cron.php?doing_wp_cron=1784888627.9661290645599365234375 HTTP/1.1" 200 5074 "-" "WordPress/6.9.4; https://as-cp.fr"
223.185.59.47 - - [24/Jul/2026:12:23:47 +0200] "POST /xmlrpc.php HTTP/1.1" 200 5463 "-" "Jetpack by WordPress.com (Jetpack 12.1; WordPress 6.2)"
223.185.59.47 - - [24/Jul/2026:12:23:58 +0200] "POST /xmlrpc.php HTTP/1.1" 200 5463 "-" "WordPress.com; https://wordpress.com"
223.185.59.47 - - [24/Jul/2026:12:24:09 +0200] "POST /xmlrpc.php HTTP/1.1" 200 5463 "-" "WordPress.com; https://wordpress.com"
91.134.83.25 - - [24/Jul/2026:12:24:20 +0200] "POST /wp-cron.php?doing_wp_cron=1784888660.4249629974365234375000 HTTP/1.1" 200 5074 "-" "WordPress/6.9.4; https://as-cp.fr"
223.185.59.47 - - [24/Jul/2026:12:24:19 +0200] "POST /xmlrpc.php HTTP/1.1" 200 5463 "-" "Jetpack by WordPress.com"
91.134.83.25 - - [24/Jul/2026:12:24:31 +0200] "POST /wp-cron.php?doing_wp_cron=1784888671.2469220161437988281250 HTTP/1.1" 200 5074 "-" "WordPress/6.9.4; https://as-cp.fr"
223.185.59.47 - - [24/Jul/2026:12:24:30 +0200] "POST /xmlrpc.php HTTP/1.1" 200 5463 "-" "Jetpack by WordPress.com"
91.134.83.25 - - [24/Jul/2026:12:24:42 +0200] "POST /wp-cron.php?doing_wp_cron=1784888682.1435821056365966796875 HTTP/1.1" 200 5074 "-" "WordPress/6.9.4; https://as-cp.fr"
223.185.59.47 - - [24/Jul/2026:12:24:41 +0200] "POST /xmlrpc.php HTTP/1.1" 200 5463 "-" "WordPress.com; https://wordpress.com"
91.134.83.25 - - [24/Jul/2026:12:24:52 +0200] "POST /wp-cron.php?doing_wp_cron=1784888692.9326260089874267578125 HTTP/1.1" 200 5074 "-" "WordPress/6.9.4; https://as-cp.fr"
223.185.59.47 - - [24/Jul/2026:12:24:52 +0200] "POST /xmlrpc.php HTTP/1.1" 200 5463 "-" "WordPress.com; https://wordpress.com"
223.185.59.47 - - [24/Jul/2026:12:25:03 +0200] "POST /xmlrpc.php HTTP/1.1" 200 5463 "-" "WordPress.com; https://wordpress.com"
223.185.59.47 - - [24/Jul/2026:12:25:14 +0200] "POST /xmlrpc.php HTTP/1.1" 200 5463 "-" "WordPress.com; https://wordpress.com"
91.134.83.25 - - [24/Jul/2026:12:25:25 +0200] "POST /wp-cron.php?doing_wp_cron=1784888725.3466320037841796875000 HTTP/1.1" 200 5074 "-" "WordPress/6.9.4; https://as-cp.fr"
223.185.59.47 - - [24/Jul/2026:12:25:24 +0200] "POST /xmlrpc.php HTTP/1.1" 200 5463 "-" "Jetpack by WordPress.com (Jetpack 13.0; WordPress 6.3)"
91.134.83.25 - - [24/Jul/2026:12:25:36 +0200] "POST /wp-cron.php?doing_wp_cron=1784888736.1699600219726562500000 HTTP/1.1" 200 5074 "-" "WordPress/6.9.4; https://as-cp.fr"
223.185.59.47 - - [24/Jul/2026:12:25:35 +0200] "POST /xmlrpc.php HTTP/1.1" 200 5463 "-" "WordPress.com; https://wordpress.com"
45.131.193.147 - - [24/Jul/2026:12:25:39 +0200] "POST /wp-login.php HTTP/1.1" 200 8903 "-" "Mozilla/5.0 (Windows NT 10.0; Win64; rv:143.0) Gecko/20100101 Firefox/143.0"
45.131.193.161 - - [24/Jul/2026:12:25:39 +0200] "POST /wp-login.php HTTP/1.1" 200 8902 "-" "Mozilla/5.0 (Windows NT 10.0; Win64; rv:143.0) Gecko/20100101 Firefox/143.0"
91.134.83.25 - - [24/Jul/2026:12:25:46 +0200] "POST /wp-cron.php?doing_wp_cron=1784888746.8125259876251220703125 HTTP/1.1" 200 5074 "-" "WordPress/6.9.4; https://as-cp.fr"
223.185.59.47 - - [24/Jul/2026:12:25:46 +0200] "POST /xmlrpc.php HTTP/1.1" 200 5463 "-" "Jetpack by WordPress.com"
223.185.59.47 - - [24/Jul/2026:12:25:57 +0200] "POST /xmlrpc.php HTTP/1.1" 200 5463 "-" "Jetpack/12.0; WordPress/6.1; http://site41450287.com"
223.185.59.47 - - [24/Jul/2026:12:26:08 +0200] "POST /xmlrpc.php HTTP/1.1" 200 5463 "-" "Jetpack/12.1; WordPress/6.3; http://site78236982.com"
223.185.59.47 - - [24/Jul/2026:12:26:18 +0200] "POST /xmlrpc.php HTTP/1.1" 200 5463 "-" "Jetpack by WordPress.com (Jetpack 13.0; WordPress 6.1)"
91.134.83.25 - - [24/Jul/2026:12:26:19 +0200] "POST /wp-cron.php?doing_wp_cron=1784888779.3559861183166503906250 HTTP/1.1" 200 5074 "-" "WordPress/6.9.4; https://as-cp.fr"
91.134.83.25 - - [24/Jul/2026:12:26:30 +0200] "POST /wp-cron.php?doing_wp_cron=1784888790.3519239425659179687500 HTTP/1.1" 200 5074 "-" "WordPress/6.9.4; https://as-cp.fr"
223.185.59.47 - - [24/Jul/2026:12:26:29 +0200] "POST /xmlrpc.php HTTP/1.1" 200 5463 "-" "Jetpack by WordPress.com"
91.134.83.25 - - [24/Jul/2026:12:26:40 +0200] "POST /wp-cron.php?doing_wp_cron=1784888800.5583300590515136718750 HTTP/1.1" 200 5074 "-" "WordPress/6.9.4; https://as-cp.fr"
223.185.59.47 - - [24/Jul/2026:12:26:40 +0200] "POST /xmlrpc.php HTTP/1.1" 200 5463 "-" "Jetpack by WordPress.com (Jetpack 12.1; WordPress 6.2)"
45.146.54.14 - - [24/Jul/2026:12:26:39 +0200] "POST /wp-login.php HTTP/1.1" 200 8903 "-" "Mozilla/5.0 (Linux; Android 10; K) AppleWebKit/537.36 (KHTML, like Gecko) Chrome/122.0.0.0 Mobile Safari/537.36 [ip:78.208.145.196]"
45.146.54.35 - - [24/Jul/2026:12:26:39 +0200] "POST /wp-login.php HTTP/1.1" 200 8902 "-" "Mozilla/5.0 (Macintosh; U; PPC Mac OS X 10_5_8; ja-jp) AppleWebKit/533.19.4 (KHTML, like Gecko) Version/3.2.1 Safari/525.27.1"
91.134.83.25 - - [24/Jul/2026:12:26:52 +0200] "POST /wp-cron.php?doing_wp_cron=1784888812.1167399883270263671875 HTTP/1.1" 200 5074 "-" "WordPress/6.9.4; https://as-cp.fr"
223.185.59.47 - - [24/Jul/2026:12:26:51 +0200] "POST /xmlrpc.php HTTP/1.1" 200 5463 "-" "Jetpack by WordPress.com"
223.185.59.47 - - [24/Jul/2026:12:27:02 +0200] "POST /xmlrpc.php HTTP/1.1" 200 5463 "-" "Jetpack by WordPress.com"
223.185.59.47 - - [24/Jul/2026:12:27:13 +0200] "POST /xmlrpc.php HTTP/1.1" 200 5463 "-" "Jetpack by WordPress.com (Jetpack 12.1; WordPress 6.4)"
91.134.83.25 - - [24/Jul/2026:12:27:25 +0200] "POST /wp-cron.php?doing_wp_cron=1784888845.0379710197448730468750 HTTP/1.1" 200 5074 "-" "WordPress/6.9.4; https://as-cp.fr"
223.185.59.47 - - [24/Jul/2026:12:27:24 +0200] "POST /xmlrpc.php HTTP/1.1" 200 5463 "-" "Jetpack by WordPress.com (Jetpack 12.0; WordPress 6.4)"
91.134.83.25 - - [24/Jul/2026:12:27:35 +0200] "POST /wp-cron.php?doing_wp_cron=1784888855.9476048946380615234375 HTTP/1.1" 200 5074 "-" "WordPress/6.9.4; https://as-cp.fr"
223.185.59.47 - - [24/Jul/2026:12:27:35 +0200] "POST /xmlrpc.php HTTP/1.1" 200 5463 "-" "Jetpack/12.0; WordPress/6.3; http://site53562361.com"
91.134.83.25 - - [24/Jul/2026:12:27:46 +0200] "POST /wp-cron.php?doing_wp_cron=1784888866.7095201015472412109375 HTTP/1.1" 200 5074 "-" "WordPress/6.9.4; https://as-cp.fr"
223.185.59.47 - - [24/Jul/2026:12:27:46 +0200] "POST /xmlrpc.php HTTP/1.1" 200 5463 "-" "Jetpack/12.5; WordPress/6.4; http://site32634923.com"
223.185.59.47 - - [24/Jul/2026:12:27:56 +0200] "POST /xmlrpc.php HTTP/1.1" 200 5463 "-" "Jetpack/12.0; WordPress/6.4; http://site86813578.com"
223.185.59.47 - - [24/Jul/2026:12:28:07 +0200] "POST /xmlrpc.php HTTP/1.1" 200 5463 "-" "Jetpack/13.0; WordPress/6.3; http://site67466750.com"
91.134.83.25 - - [24/Jul/2026:12:28:18 +0200] "POST /wp-cron.php?doing_wp_cron=1784888898.9274220466613769531250 HTTP/1.1" 200 5074 "-" "WordPress/6.9.4; https://as-cp.fr"
223.185.59.47 - - [24/Jul/2026:12:28:18 +0200] "POST /xmlrpc.php HTTP/1.1" 200 5463 "-" "WordPress.com; https://wordpress.com"
91.134.83.25 - - [24/Jul/2026:12:30:28 +0200] "POST /wp-cron.php?doing_wp_cron=1784889028.7894580364227294921875 HTTP/1.1" 200 5074 "-" "WordPress/6.9.4; https://as-cp.fr"
57.141.0.12 - - [24/Jul/2026:12:30:28 +0200] "GET /?orient%2F32864550587 HTTP/1.1" 200 26376 "-" "Mozilla/5.0 (Windows NT 10.0; Win64; x64) AppleWebKit/537.36 (KHTML, like Gecko) Chrome/145.0.0.0 Safari/537.36 Edg/145.0.0.0 (compatible; meta-externalagent/1.1 (+https://developers.facebook.com/docs/sharing/webmasters/crawler))"
57.141.0.20 - - [24/Jul/2026:12:30:29 +0200] "GET /wp-content/uploads/2021/02/pique.png HTTP/1.1" 200 5074 "https://as-cp.fr/?orient%2F32864550587" "Mozilla/5.0 (Windows NT 10.0; Win64; x64) AppleWebKit/537.36 (KHTML, like Gecko) Chrome/145.0.0.0 Safari/537.36 Edg/145.0.0.0 (compatible; meta-externalagent/1.1 (+https://developers.facebook.com/docs/sharing/webmasters/crawler))"
57.141.0.58 - - [24/Jul/2026:12:30:29 +0200] "GET /wp-content/plugins/kiwi-logo-carousel/third-party/jquery.bxslider/jquery.bxslider.js?ver=6.9.4 HTTP/1.1" 200 5143 "https://as-cp.fr/?orient%2F32864550587" "Mozilla/5.0 (Windows NT 10.0; Win64; x64) AppleWebKit/537.36 (KHTML, like Gecko) Chrome/145.0.0.0 Safari/537.36 Edg/145.0.0.0 (compatible; meta-externalagent/1.1 (+https://developers.facebook.com/docs/sharing/webmasters/crawler))"
57.141.0.23 - - [24/Jul/2026:12:30:29 +0200] "GET /wp-content/themes/agencepointcom/js/skip-link-focus-fix.js?ver=20151215 HTTP/1.1" 200 5518 "https://as-cp.fr/?orient%2F32864550587" "Mozilla/5.0 (Windows NT 10.0; Win64; x64) AppleWebKit/537.36 (KHTML, like Gecko) Chrome/145.0.0.0 Safari/537.36 Edg/145.0.0.0 (compatible; meta-externalagent/1.1 (+https://developers.facebook.com/docs/sharing/webmasters/crawler))"
91.134.83.25 - - [24/Jul/2026:12:30:34 +0200] "POST /wp-cron.php?doing_wp_cron=1784889034.0336320400238037109375 HTTP/1.1" 200 5074 "-" "WordPress/6.9.4; https://as-cp.fr"
114.119.134.107 - - [24/Jul/2026:12:30:33 +0200] "GET /post-sitemap.xml HTTP/1.1" 200 8166 "https://as-cp.fr/post-sitemap.xml" "Mozilla/5.0 (Linux; Android 7.0;) AppleWebKit/537.36 (HTML, like Gecko) Mobile Safari/537.36 (compatible; PetalBot;+https://webmaster.petalsearch.com/site/petalbot)"
57.141.0.61 - - [24/Jul/2026:12:30:37 +0200] "GET /null HTTP/1.1" 301 5197 "https://as-cp.fr/?orient%2F32864550587" "Mozilla/5.0 (Windows NT 10.0; Win64; x64) AppleWebKit/537.36 (KHTML, like Gecko) Chrome/145.0.0.0 Safari/537.36 Edg/145.0.0.0 (compatible; meta-externalagent/1.1 (+https://developers.facebook.com/docs/sharing/webmasters/crawler))"
57.141.0.51 - - [24/Jul/2026:12:30:38 +0200] "GET / HTTP/1.1" 200 26625 "https://as-cp.fr/?orient%2F32864550587" "Mozilla/5.0 (Windows NT 10.0; Win64; x64) AppleWebKit/537.36 (KHTML, like Gecko) Chrome/145.0.0.0 Safari/537.36 Edg/145.0.0.0 (compatible; meta-externalagent/1.1 (+https://developers.facebook.com/docs/sharing/webmasters/crawler))"
103.148.26.91 - - [24/Jul/2026:12:30:59 +0200] "GET /tag/investissement-immobilier-perpignan/ HTTP/1.1" 200 24552 "-" "Mozilla/5.0 (Macintosh; Intel Mac OS X 10_15_7) AppleWebKit/537.36 (KHTML, like Gecko) Chrome/131.0.0.0 Safari/537.36"
91.134.83.25 - - [24/Jul/2026:12:31:01 +0200] "POST /wp-cron.php?doing_wp_cron=1784889061.4244370460510253906250 HTTP/1.1" 200 5074 "-" "WordPress/6.9.4; https://as-cp.fr"
160.187.68.132 - - [24/Jul/2026:12:31:01 +0200] "GET /wp-login.php HTTP/1.1" 200 8735 "-" "Mozilla/5.0 (Windows NT 10.0; Win64; x64) AppleWebKit/537.36 (KHTML, like Gecko) Chrome/150.0.0.0 Safari/537.36"
160.187.68.132 - - [24/Jul/2026:12:31:01 +0200] "POST /wp-login.php HTTP/1.1" 200 8911 "https://as-cp.fr/wp-login.php" "Mozilla/5.0 (Windows NT 10.0; Win64; x64) AppleWebKit/537.36 (KHTML, like Gecko) Chrome/150.0.0.0 Safari/537.36"
65.98.127.42 - - [24/Jul/2026:12:31:12 +0200] "GET /wp-login.php HTTP/1.1" 200 8735 "-" "Mozilla/5.0 (Windows NT 10.0; Win64; x64) AppleWebKit/537.36 (KHTML, like Gecko) Chrome/150.0.0.0 Safari/537.36"
65.98.127.42 - - [24/Jul/2026:12:31:12 +0200] "POST /wp-login.php HTTP/1.1" 200 8910 "https://as-cp.fr/wp-login.php" "Mozilla/5.0 (Windows NT 10.0; Win64; x64) AppleWebKit/537.36 (KHTML, like Gecko) Chrome/150.0.0.0 Safari/537.36"
91.134.83.25 - - [24/Jul/2026:12:31:57 +0200] "POST /wp-cron.php?doing_wp_cron=1784889117.4043509960174560546875 HTTP/1.1" 200 5074 "-" "WordPress/6.9.4; https://as-cp.fr"
114.119.132.227 - - [24/Jul/2026:12:31:56 +0200] "GET /declarer-ses-impots HTTP/1.1" 301 5071 "https://as-cp.fr/nos-actualites/page/4" "Mozilla/5.0 (Linux; Android 7.0;) AppleWebKit/537.36 (HTML, like Gecko) Mobile Safari/537.36 (compatible; PetalBot;+https://webmaster.petalsearch.com/site/petalbot)"
114.119.132.227 - - [24/Jul/2026:12:31:58 +0200] "GET /declarer-ses-impots/ HTTP/1.1" 200 23652 "https://as-cp.fr/nos-actualites/page/4" "Mozilla/5.0 (Linux; Android 7.0;) AppleWebKit/537.36 (HTML, like Gecko) Mobile Safari/537.36 (compatible; PetalBot;+https://webmaster.petalsearch.com/site/petalbot)"
91.134.83.25 - - [24/Jul/2026:12:33:21 +0200] "POST /wp-cron.php?doing_wp_cron=1784889201.6201910972595214843750 HTTP/1.1" 200 5074 "-" "WordPress/6.9.4; https://as-cp.fr"
114.119.157.221 - - [24/Jul/2026:12:33:20 +0200] "GET /cession-dentreprise-a-perpignan/hc/en-us/articles/41383541904281-Envato-Market-Terms HTTP/1.1" 301 5197 "https://as-cp.fr/cession-dentreprise-a-perpignan" "Mozilla/5.0 (Linux; Android 7.0;) AppleWebKit/537.36 (HTML, like Gecko) Mobile Safari/537.36 (compatible; PetalBot;+https://webmaster.petalsearch.com/site/petalbot)"
114.119.157.221 - - [24/Jul/2026:12:33:22 +0200] "GET / HTTP/1.1" 200 26631 "https://as-cp.fr/cession-dentreprise-a-perpignan" "Mozilla/5.0 (Linux; Android 7.0;) AppleWebKit/537.36 (HTML, like Gecko) Mobile Safari/537.36 (compatible; PetalBot;+https://webmaster.petalsearch.com/site/petalbot)"
216.73.216.71 - - [24/Jul/2026:12:35:25 +0200] "GET /robots.txt HTTP/1.1" 200 5168 "-" "Mozilla/5.0 AppleWebKit/537.36 (KHTML, like Gecko; compatible; ClaudeBot/1.0; +claudebot@anthropic.com)"
91.134.83.25 - - [24/Jul/2026:12:35:25 +0200] "POST /wp-cron.php?doing_wp_cron=1784889325.9582149982452392578125 HTTP/1.1" 200 5074 "-" "WordPress/6.9.4; https://as-cp.fr"
216.73.216.71 - - [24/Jul/2026:12:35:25 +0200] "GET /sitemap.xml HTTP/1.1" 301 5068 "-" "Mozilla/5.0 AppleWebKit/537.36 (KHTML, like Gecko; compatible; ClaudeBot/1.0; +claudebot@anthropic.com)"
216.73.216.71 - - [24/Jul/2026:12:35:26 +0200] "GET /sitemap_index.xml HTTP/1.1" 200 5405 "https://as-cp.fr/sitemap.xml" "Mozilla/5.0 AppleWebKit/537.36 (KHTML, like Gecko; compatible; ClaudeBot/1.0; +claudebot@anthropic.com)"
142.111.198.34 - - [24/Jul/2026:12:38:31 +0200] "GET /wp-content/uploads/2022/01/conseiller_financier_perpignan-1.jpg HTTP/1.1" 200 5102 "https://as-cp.fr/conseiller-financier-perpignan/" "Mozilla/5.0 (Macintosh; Intel Mac OS X 10_15_7) AppleWebKit/537.36 (KHTML, like Gecko) Chrome/131.0.0.0 Safari/537.36"
91.134.83.25 - - [24/Jul/2026:12:40:36 +0200] "POST /wp-cron.php?doing_wp_cron=1784889636.7552359104156494140625 HTTP/1.1" 200 5074 "-" "WordPress/6.9.4; https://as-cp.fr"
194.59.31.200 - - [24/Jul/2026:12:40:36 +0200] "POST /?rest_route=/batch/v1 HTTP/1.1" 207 5335 "-" "Mozilla/5.0"
194.59.31.200 - - [24/Jul/2026:12:40:36 +0200] "POST /?rest_route=/batch/v1 HTTP/1.1" 207 1859650 "-" "Mozilla/5.0"
194.59.31.200 - - [24/Jul/2026:12:40:38 +0200] "POST /wp-json/batch/v1 HTTP/1.1" 207 5335 "-" "Mozilla/5.0"
194.59.31.200 - - [24/Jul/2026:12:40:38 +0200] "POST /wp-json/batch/v1 HTTP/1.1" 207 1859230 "-" "Mozilla/5.0"
91.134.83.25 - - [24/Jul/2026:12:40:49 +0200] "POST /wp-cron.php?doing_wp_cron=1784889649.9470310211181640625000 HTTP/1.1" 200 5074 "-" "WordPress/6.9.4; https://as-cp.fr"
45.131.193.152 - - [24/Jul/2026:12:40:49 +0200] "POST /wp-login.php HTTP/1.1" 200 8903 "-" "Mozilla/5.0 (Windows NT 10.0; Win64; x64) AppleWebKit/537.36 Chrome/129.0.0.0 Safari/537.36"
45.131.193.165 - - [24/Jul/2026:12:40:49 +0200] "POST /wp-login.php HTTP/1.1" 200 8902 "-" "Mozilla/5.0 (Windows NT 10.0; Win64; rv:143.0) Gecko/20100101 Firefox/143.0"
66.249.68.70 - - [24/Jul/2026:12:42:56 +0200] "GET /wp-content/plugins/superfly-menu/includes/vendor/looks_awesome/icon_manager/js/util.js?ver=1.0,0 HTTP/1.1" 200 5395 "https://as-cp.fr/" "Mozilla/5.0 (Linux; Android 6.0.1; Nexus 5X Build/MMB29P) AppleWebKit/537.36 (KHTML, like Gecko) Chrome/150.0.7871.128 Mobile Safari/537.36 (compatible; Googlebot/2.1; +http://www.google.com/bot.html)"
66.249.68.70 - - [24/Jul/2026:12:42:56 +0200] "GET /wp-includes/js/dist/vendor/wp-polyfill.min.js?ver=3.15.0 HTTP/1.1" 200 5104 "https://as-cp.fr/" "Mozilla/5.0 (Linux; Android 6.0.1; Nexus 5X Build/MMB29P) AppleWebKit/537.36 (KHTML, like Gecko) Chrome/150.0.7871.128 Mobile Safari/537.36 (compatible; Googlebot/2.1; +http://www.google.com/bot.html)"
66.249.68.71 - - [24/Jul/2026:12:43:02 +0200] "GET /wp-content/plugins/superfly-menu/js/public.min.js?ver=5.0.19 HTTP/1.1" 200 5108 "https://as-cp.fr/" "Mozilla/5.0 (Linux; Android 6.0.1; Nexus 5X Build/MMB29P) AppleWebKit/537.36 (KHTML, like Gecko) Chrome/150.0.7871.128 Mobile Safari/537.36 (compatible; Googlebot/2.1; +http://www.google.com/bot.html)"
91.134.83.25 - - [24/Jul/2026:12:45:16 +0200] "POST /wp-cron.php?doing_wp_cron=1784889916.3248620033264160156250 HTTP/1.1" 200 5074 "-" "WordPress/6.9.4; https://as-cp.fr"
45.131.194.241 - - [24/Jul/2026:12:45:15 +0200] "POST /wp-login.php HTTP/1.1" 200 8903 "-" "Mozilla/5.0 (X11; Linux x86_64) AppleWebKit/537.36 (KHTML, like Gecko) Chrome/85.0.4183.127 Safari/537.36"
45.146.54.18 - - [24/Jul/2026:12:45:15 +0200] "POST /wp-login.php HTTP/1.1" 200 8902 "-" "Mozilla/5.0 (Macintosh; U; Intel Mac OS X 10_6_4; fr-FR) AppleWebKit/533.4 (KHTML, like Gecko) Chrome/5.0.375.126 Safari/533.4"
57.141.0.15 - - [24/Jul/2026:12:46:12 +0200] "GET /pourquoi-le-cabinet-as-conseil-patrimoine-est-votre-meilleur-choix-de-courtier-en-assurance-a-saint-esteve/ HTTP/1.1" 200 86903 "-" "Mozilla/5.0 (Windows NT 10.0; Win64; x64) AppleWebKit/537.36 (KHTML, like Gecko) Chrome/145.0.0.0 Safari/537.36 (compatible; meta-externalagent/1.1 (+https://developers.facebook.com/docs/sharing/webmasters/crawler))"
91.134.83.25 - - [24/Jul/2026:12:47:33 +0200] "POST /wp-cron.php?doing_wp_cron=1784890053.1305088996887207031250 HTTP/1.1" 200 5074 "-" "WordPress/6.9.4; https://as-cp.fr"
37.60.231.227 - - [24/Jul/2026:12:47:32 +0200] "GET /wp-login.php HTTP/1.1" 200 8735 "-" "Mozilla/5.0 (Windows NT 10.0; Win64; x64) AppleWebKit/537.36 (KHTML, like Gecko) Chrome/150.0.0.0 Safari/537.36"
37.60.231.227 - - [24/Jul/2026:12:47:33 +0200] "POST /wp-login.php HTTP/1.1" 200 8911 "https://as-cp.fr/wp-login.php" "Mozilla/5.0 (Windows NT 10.0; Win64; x64) AppleWebKit/537.36 (KHTML, like Gecko) Chrome/150.0.0.0 Safari/537.36"
43.153.107.22 - - [24/Jul/2026:12:47:49 +0200] "GET / HTTP/1.1" 200 26631 "http://as-cp.fr" "Mozilla/5.0 (iPhone; CPU iPhone OS 13_2_3 like Mac OS X) AppleWebKit/605.1.15 (KHTML, like Gecko) Version/13.0.3 Mobile/15E148 Safari/604.1"
91.134.83.25 - - [24/Jul/2026:12:47:54 +0200] "POST /wp-cron.php?doing_wp_cron=1784890074.8005919456481933593750 HTTP/1.1" 200 5074 "-" "WordPress/6.9.4; https://as-cp.fr"
117.0.21.154 - - [24/Jul/2026:12:47:54 +0200] "GET /wp-login.php HTTP/1.1" 200 8735 "-" "Mozilla/5.0 (Windows NT 10.0; Win64; x64) AppleWebKit/537.36 (KHTML, like Gecko) Chrome/150.0.0.0 Safari/537.36"
117.0.21.154 - - [24/Jul/2026:12:47:55 +0200] "POST /wp-login.php HTTP/1.1" 200 8910 "https://as-cp.fr/wp-login.php" "Mozilla/5.0 (Windows NT 10.0; Win64; x64) AppleWebKit/537.36 (KHTML, like Gecko) Chrome/150.0.0.0 Safari/537.36"
91.134.83.25 - - [24/Jul/2026:12:50:06 +0200] "POST /wp-cron.php?doing_wp_cron=1784890206.0439109802246093750000 HTTP/1.1" 200 5074 "-" "WordPress/6.9.4; https://as-cp.fr"
94.23.188.211 - - [24/Jul/2026:12:50:05 +0200] "GET /sitemap_index.xml HTTP/1.1" 200 5405 "-" "Mozilla/5.0 (compatible; AhrefsBot/7.0; +http://ahrefs.com/robot/)"
51.68.247.201 - - [24/Jul/2026:12:50:09 +0200] "GET /post-sitemap.xml HTTP/1.1" 200 8166 "-" "Mozilla/5.0 (compatible; AhrefsBot/7.0; +http://ahrefs.com/robot/)"
54.37.118.64 - - [24/Jul/2026:12:50:12 +0200] "GET /page-sitemap.xml HTTP/1.1" 200 5544 "-" "Mozilla/5.0 (compatible; AhrefsBot/7.0; +http://ahrefs.com/robot/)"
37.59.204.144 - - [24/Jul/2026:12:50:16 +0200] "GET /category-sitemap.xml HTTP/1.1" 200 5562 "-" "Mozilla/5.0 (compatible; AhrefsBot/7.0; +http://ahrefs.com/robot/)"
91.134.83.25 - - [24/Jul/2026:12:50:20 +0200] "POST /wp-cron.php?doing_wp_cron=1784890220.4086859226226806640625 HTTP/1.1" 200 5074 "-" "WordPress/6.9.4; https://as-cp.fr"
51.68.247.211 - - [24/Jul/2026:12:50:19 +0200] "GET /post_tag-sitemap.xml HTTP/1.1" 200 5636 "-" "Mozilla/5.0 (compatible; AhrefsBot/7.0; +http://ahrefs.com/robot/)"
91.134.83.25 - - [24/Jul/2026:12:50:24 +0200] "POST /wp-cron.php?doing_wp_cron=1784890224.0982449054718017578125 HTTP/1.1" 200 5074 "-" "WordPress/6.9.4; https://as-cp.fr"
176.31.139.0 - - [24/Jul/2026:12:50:23 +0200] "GET /kwlogos-carousel-sitemap.xml HTTP/1.1" 200 5410 "-" "Mozilla/5.0 (compatible; AhrefsBot/7.0; +http://ahrefs.com/robot/)"
176.31.139.6 - - [24/Jul/2026:12:50:27 +0200] "GET /author-sitemap.xml HTTP/1.1" 200 5430 "-" "Mozilla/5.0 (compatible; AhrefsBot/7.0; +http://ahrefs.com/robot/)"
98.93.223.99 - - [24/Jul/2026:12:50:43 +0200] "GET /wp-content/uploads/2021/09/conseiller-en-gestion-de-patrimoine-Perpignan-350x230.jpg HTTP/1.1" 200 5123 "-" "Mozilla/5.0 (X11; Ubuntu; Linux x86_64; rv:72.0) Gecko/20100101 Firefox/72.0"
98.93.223.99 - - [24/Jul/2026:12:50:43 +0200] "GET /wp-content/uploads/2021/12/reduction-dimpots-a-perpignan-350x230.jpg HTTP/1.1" 200 5107 "-" "Mozilla/5.0 (X11; Ubuntu; Linux x86_64; rv:72.0) Gecko/20100101 Firefox/72.0"
