91.134.83.25 - - [24/Jul/2026:21:56:41 +0200] "POST /wp-cron.php?doing_wp_cron=1784923001.2741770744323730468750 HTTP/1.1" 200 5074 "-" "WordPress/6.9.4; https://as-cp.fr"
57.141.0.36 - - [24/Jul/2026:21:56:40 +0200] "GET /?v=t8w2i9t8t5e2r5i4n5g1 HTTP/1.1" 200 98108 "-" "Mozilla/5.0 (Windows NT 10.0; Win64; x64) AppleWebKit/537.36 (KHTML, like Gecko) Chrome/145.0.0.0 Safari/537.36 (compatible; meta-externalagent/1.1 (+https://developers.facebook.com/docs/sharing/webmasters/crawler))"
91.134.83.25 - - [24/Jul/2026:21:56:50 +0200] "POST /wp-cron.php?doing_wp_cron=1784923010.2603750228881835937500 HTTP/1.1" 200 5074 "-" "WordPress/6.9.4; https://as-cp.fr"
57.141.0.13 - - [24/Jul/2026:21:56:49 +0200] "GET /?v=m8a4r0k8a3b4l6e9959 HTTP/1.1" 200 98130 "-" "Mozilla/5.0 (Windows NT 10.0; Win64; x64) AppleWebKit/537.36 (KHTML, like Gecko) Chrome/145.0.0.0 Safari/537.36 (compatible; meta-externalagent/1.1 (+https://developers.facebook.com/docs/sharing/webmasters/crawler))"
57.141.0.34 - - [24/Jul/2026:21:56:49 +0200] "GET /?v=i8l3l3i0b9e0r5a5l5n9e9ss HTTP/1.1" 200 98130 "-" "Mozilla/5.0 (Windows NT 10.0; Win64; x64) AppleWebKit/537.36 (KHTML, like Gecko) Chrome/145.0.0.0 Safari/537.36 (compatible; meta-externalagent/1.1 (+https://developers.facebook.com/docs/sharing/webmasters/crawler))"
57.141.0.48 - - [24/Jul/2026:21:56:59 +0200] "GET /shops/cinereous/q8u4a1t8e9r1n2i3o0n0 HTTP/1.1" 301 5197 "-" "Mozilla/5.0 (Windows NT 10.0; Win64; x64) AppleWebKit/537.36 (KHTML, like Gecko) Chrome/145.0.0.0 Safari/537.36 (compatible; meta-externalagent/1.1 (+https://developers.facebook.com/docs/sharing/webmasters/crawler))"
57.141.0.25 - - [24/Jul/2026:21:57:08 +0200] "GET /?v=u8g8s0o9m5e6793 HTTP/1.1" 200 98130 "-" "Mozilla/5.0 (Windows NT 10.0; Win64; x64) AppleWebKit/537.36 (KHTML, like Gecko) Chrome/145.0.0.0 Safari/537.36 (compatible; meta-externalagent/1.1 (+https://developers.facebook.com/docs/sharing/webmasters/crawler))"
57.141.0.58 - - [24/Jul/2026:21:57:13 +0200] "GET /?v=s8u5s8p6e5c3t6771 HTTP/1.1" 200 98108 "-" "Mozilla/5.0 (Macintosh; Intel Mac OS X 10_15_7) AppleWebKit/537.36 (KHTML, like Gecko) Chrome/145.0.0.0 Safari/537.36 (compatible; meta-externalagent/1.1 (+https://developers.facebook.com/docs/sharing/webmasters/crawler))"
91.134.83.25 - - [24/Jul/2026:21:57:19 +0200] "POST /wp-cron.php?doing_wp_cron=1784923039.8307719230651855468750 HTTP/1.1" 200 5074 "-" "WordPress/6.9.4; https://as-cp.fr"
57.141.0.33 - - [24/Jul/2026:21:57:19 +0200] "GET /shops/overblow/r8e1b1u6c3o4u5s7190 HTTP/1.1" 301 5197 "-" "Mozilla/5.0 (Windows NT 10.0; Win64; x64) AppleWebKit/537.36 (KHTML, like Gecko) Chrome/145.0.0.0 Safari/537.36 Edg/145.0.0.0 (compatible; meta-externalagent/1.1 (+https://developers.facebook.com/docs/sharing/webmasters/crawler))"
91.134.83.25 - - [24/Jul/2026:21:58:26 +0200] "POST /wp-cron.php?doing_wp_cron=1784923106.8979160785675048828125 HTTP/1.1" 200 5074 "-" "WordPress/6.9.4; https://as-cp.fr"
57.141.0.18 - - [24/Jul/2026:21:58:26 +0200] "GET /?v=d8i2s8i6n5c5o3r6p8o2r8ating HTTP/1.1" 200 98108 "-" "Mozilla/5.0 (Macintosh; Intel Mac OS X 10_15_7) AppleWebKit/537.36 (KHTML, like Gecko) Chrome/145.0.0.0 Safari/537.36 (compatible; meta-externalagent/1.1 (+https://developers.facebook.com/docs/sharing/webmasters/crawler))"
91.134.83.25 - - [24/Jul/2026:21:59:46 +0200] "POST /wp-cron.php?doing_wp_cron=1784923186.3684580326080322265625 HTTP/1.1" 200 5074 "-" "WordPress/6.9.4; https://as-cp.fr"
57.141.0.34 - - [24/Jul/2026:21:59:45 +0200] "GET /?v=m8o3o6n5e7r583379 HTTP/1.1" 200 98108 "-" "Mozilla/5.0 (Windows NT 10.0; Win64; x64) AppleWebKit/537.36 (KHTML, like Gecko) Chrome/145.0.0.0 Safari/537.36 (compatible; meta-externalagent/1.1 (+https://developers.facebook.com/docs/sharing/webmasters/crawler))"
57.141.0.2 - - [24/Jul/2026:21:59:47 +0200] "GET /shops/blastophore/s8h2a4m0m2e9d38246 HTTP/1.1" 301 5197 "-" "Mozilla/5.0 (X11; Linux x86_64) AppleWebKit/537.36 (KHTML, like Gecko) Chrome/145.0.0.0 Safari/537.36 (compatible; meta-externalagent/1.1 (+https://developers.facebook.com/docs/sharing/webmasters/crawler))"
91.134.83.25 - - [24/Jul/2026:22:00:51 +0200] "POST /wp-cron.php?doing_wp_cron=1784923251.7280719280242919921875 HTTP/1.1" 200 5074 "-" "WordPress/6.9.4; https://as-cp.fr"
18.213.240.226 - - [24/Jul/2026:22:00:51 +0200] "GET /nos-actualites/page/4/ HTTP/1.1" 200 24319 "-" "Mozilla/5.0 AppleWebKit/537.36 (KHTML, like Gecko; compatible; Amazonbot/0.1; +https://developer.amazon.com/support/amazonbot) Chrome/119.0.6045.214 Safari/537.36"
91.134.83.25 - - [24/Jul/2026:22:01:27 +0200] "POST /wp-cron.php?doing_wp_cron=1784923287.5564780235290527343750 HTTP/1.1" 200 5074 "-" "WordPress/6.9.4; https://as-cp.fr"
57.141.0.50 - - [24/Jul/2026:22:01:27 +0200] "GET /shops/charlatanically/h8y1p5s2o6m1e7t4r4y97 HTTP/1.1" 301 5197 "-" "Mozilla/5.0 (Windows NT 10.0; Win64; x64) AppleWebKit/537.36 (KHTML, like Gecko) Chrome/145.0.0.0 Safari/537.36 (compatible; meta-externalagent/1.1 (+https://developers.facebook.com/docs/sharing/webmasters/crawler))"
91.134.83.25 - - [24/Jul/2026:22:03:50 +0200] "POST /wp-cron.php?doing_wp_cron=1784923430.8260929584503173828125 HTTP/1.1" 200 5074 "-" "WordPress/6.9.4; https://as-cp.fr"
57.141.0.37 - - [24/Jul/2026:22:03:50 +0200] "GET /shops/myrrh/i8n2f4i2l8t6r5a5t5i3v6e HTTP/1.1" 301 5197 "-" "Mozilla/5.0 (Windows NT 10.0; Win64; x64) AppleWebKit/537.36 (KHTML, like Gecko) Chrome/145.0.0.0 Safari/537.36 (compatible; meta-externalagent/1.1 (+https://developers.facebook.com/docs/sharing/webmasters/crawler))"
91.134.83.25 - - [24/Jul/2026:22:04:22 +0200] "POST /wp-cron.php?doing_wp_cron=1784923462.1197199821472167968750 HTTP/1.1" 200 5074 "-" "WordPress/6.9.4; https://as-cp.fr"
57.141.0.56 - - [24/Jul/2026:22:04:21 +0200] "GET /?v=a8l3k2a2l6o1i9d9783 HTTP/1.1" 200 98130 "-" "Mozilla/5.0 (Macintosh; Intel Mac OS X 10_15_7) AppleWebKit/537.36 (KHTML, like Gecko) Chrome/145.0.0.0 Safari/537.36 (compatible; meta-externalagent/1.1 (+https://developers.facebook.com/docs/sharing/webmasters/crawler))"
57.141.0.49 - - [24/Jul/2026:22:04:31 +0200] "GET /phagedenous/sideboard/81657830558 HTTP/1.1" 301 5197 "-" "Mozilla/5.0 (Macintosh; Intel Mac OS X 10_15_7) AppleWebKit/537.36 (KHTML, like Gecko) Chrome/145.0.0.0 Safari/537.36 (compatible; meta-externalagent/1.1 (+https://developers.facebook.com/docs/sharing/webmasters/crawler))"
91.134.83.25 - - [24/Jul/2026:22:05:18 +0200] "POST /wp-cron.php?doing_wp_cron=1784923518.9581389427185058593750 HTTP/1.1" 200 5074 "-" "WordPress/6.9.4; https://as-cp.fr"
57.141.0.22 - - [24/Jul/2026:22:05:18 +0200] "GET /shops/adorner/d8e3s8e1c4r0a4t9e6r47 HTTP/1.1" 301 5197 "-" "Mozilla/5.0 (Windows NT 10.0; Win64; x64) AppleWebKit/537.36 (KHTML, like Gecko) Chrome/145.0.0.0 Safari/537.36 (compatible; meta-externalagent/1.1 (+https://developers.facebook.com/docs/sharing/webmasters/crawler))"
91.134.83.25 - - [24/Jul/2026:22:05:33 +0200] "POST /wp-cron.php?doing_wp_cron=1784923533.6950800418853759765625 HTTP/1.1" 200 5074 "-" "WordPress/6.9.4; https://as-cp.fr"
57.141.0.18 - - [24/Jul/2026:22:05:33 +0200] "GET /?v=n8e4m1a8t4o2i4d0e3a5n5 HTTP/1.1" 200 98108 "-" "Mozilla/5.0 (Windows NT 10.0; Win64; x64) AppleWebKit/537.36 (KHTML, like Gecko) Chrome/145.0.0.0 Safari/537.36 (compatible; meta-externalagent/1.1 (+https://developers.facebook.com/docs/sharing/webmasters/crawler))"
57.141.0.1 - - [24/Jul/2026:22:05:36 +0200] "GET /shops/emblemize/p8h2y5l2l5o5m5e6d4u1s5a HTTP/1.1" 301 5197 "-" "Mozilla/5.0 (Windows NT 10.0; Win64; x64) AppleWebKit/537.36 (KHTML, like Gecko) Chrome/145.0.0.0 Safari/537.36 (compatible; meta-externalagent/1.1 (+https://developers.facebook.com/docs/sharing/webmasters/crawler))"
91.134.83.25 - - [24/Jul/2026:22:06:07 +0200] "POST /wp-cron.php?doing_wp_cron=1784923567.9289889335632324218750 HTTP/1.1" 200 5074 "-" "WordPress/6.9.4; https://as-cp.fr"
57.141.0.48 - - [24/Jul/2026:22:06:07 +0200] "GET /florideae/overarch/82939051513 HTTP/1.1" 301 5197 "-" "Mozilla/5.0 (Macintosh; Intel Mac OS X 10_15_7) AppleWebKit/537.36 (KHTML, like Gecko) Chrome/145.0.0.0 Safari/537.36 (compatible; meta-externalagent/1.1 (+https://developers.facebook.com/docs/sharing/webmasters/crawler))"
91.134.83.25 - - [24/Jul/2026:22:07:00 +0200] "POST /wp-cron.php?doing_wp_cron=1784923620.7757880687713623046875 HTTP/1.1" 200 5074 "-" "WordPress/6.9.4; https://as-cp.fr"
57.141.0.7 - - [24/Jul/2026:22:07:00 +0200] "GET /?v=o8r2d8i2n6a9l4e1166 HTTP/1.1" 200 98108 "-" "Mozilla/5.0 (Windows NT 10.0; Win64; x64) AppleWebKit/537.36 (KHTML, like Gecko) Chrome/145.0.0.0 Safari/537.36 (compatible; meta-externalagent/1.1 (+https://developers.facebook.com/docs/sharing/webmasters/crawler))"
91.134.83.25 - - [24/Jul/2026:22:07:26 +0200] "POST /wp-cron.php?doing_wp_cron=1784923646.0335330963134765625000 HTTP/1.1" 200 5074 "-" "WordPress/6.9.4; https://as-cp.fr"
57.141.0.31 - - [24/Jul/2026:22:07:25 +0200] "GET /shops/chemosynthesis/i8m1p4o5r2o8u8s7023 HTTP/1.1" 301 5197 "-" "Mozilla/5.0 (X11; Linux x86_64) AppleWebKit/537.36 (KHTML, like Gecko) Chrome/145.0.0.0 Safari/537.36 (compatible; meta-externalagent/1.1 (+https://developers.facebook.com/docs/sharing/webmasters/crawler))"
91.134.83.25 - - [24/Jul/2026:22:08:54 +0200] "POST /wp-cron.php?doing_wp_cron=1784923734.5216820240020751953125 HTTP/1.1" 200 5074 "-" "WordPress/6.9.4; https://as-cp.fr"
57.141.0.6 - - [24/Jul/2026:22:08:54 +0200] "GET /indelibly/sioux/s8e2n2s1u3a7l2i2s2t9i3c HTTP/1.1" 301 5197 "-" "Mozilla/5.0 (Windows NT 10.0; Win64; x64) AppleWebKit/537.36 (KHTML, like Gecko) Chrome/145.0.0.0 Safari/537.36 (compatible; meta-externalagent/1.1 (+https://developers.facebook.com/docs/sharing/webmasters/crawler))"
57.141.0.30 - - [24/Jul/2026:22:08:56 +0200] "GET /waterboard/obvolute/f8u3l6l6e0s8t93354 HTTP/1.1" 301 5197 "-" "Mozilla/5.0 (Windows NT 10.0; Win64; x64) AppleWebKit/537.36 (KHTML, like Gecko) Chrome/145.0.0.0 Safari/537.36 (compatible; meta-externalagent/1.1 (+https://developers.facebook.com/docs/sharing/webmasters/crawler))"
91.134.83.25 - - [24/Jul/2026:22:11:24 +0200] "POST /wp-cron.php?doing_wp_cron=1784923884.1670629978179931640625 HTTP/1.1" 200 5074 "-" "WordPress/6.9.4; https://as-cp.fr"
57.141.0.13 - - [24/Jul/2026:22:11:23 +0200] "GET /?welldrained/81437466322 HTTP/1.1" 301 5077 "-" "Mozilla/5.0 (Windows NT 10.0; Win64; x64) AppleWebKit/537.36 (KHTML, like Gecko) Chrome/145.0.0.0 Safari/537.36 Edg/145.0.0.0 (compatible; meta-externalagent/1.1 (+https://developers.facebook.com/docs/sharing/webmasters/crawler))"
57.141.0.23 - - [24/Jul/2026:22:11:27 +0200] "GET /?v=s8h3a8m5e3p7r8o7o7f11 HTTP/1.1" 200 98108 "-" "Mozilla/5.0 (Windows NT 10.0; Win64; x64) AppleWebKit/537.36 (KHTML, like Gecko) Chrome/145.0.0.0 Safari/537.36 (compatible; meta-externalagent/1.1 (+https://developers.facebook.com/docs/sharing/webmasters/crawler))"
91.134.83.25 - - [24/Jul/2026:22:11:41 +0200] "POST /wp-cron.php?doing_wp_cron=1784923901.4020099639892578125000 HTTP/1.1" 200 5074 "-" "WordPress/6.9.4; https://as-cp.fr"
57.141.0.5 - - [24/Jul/2026:22:11:40 +0200] "GET /?v=b8r7y0o9l1o5g4i9c4a0l HTTP/1.1" 200 98108 "-" "Mozilla/5.0 (Windows NT 10.0; Win64; x64) AppleWebKit/537.36 (KHTML, like Gecko) Chrome/145.0.0.0 Safari/537.36 (compatible; meta-externalagent/1.1 (+https://developers.facebook.com/docs/sharing/webmasters/crawler))"
98.82.214.73 - - [24/Jul/2026:22:12:11 +0200] "GET /?p=536 HTTP/1.1" 301 5108 "-" "Mozilla/5.0 AppleWebKit/537.36 (KHTML, like Gecko; compatible; Amazonbot/0.1; +https://developer.amazon.com/support/amazonbot) Chrome/119.0.6045.214 Safari/537.36"
44.209.35.147 - - [24/Jul/2026:22:12:12 +0200] "GET /loi-de-finances-2025-ce-qui-change-pour-les-particuliers/ HTTP/1.1" 200 24088 "-" "Mozilla/5.0 AppleWebKit/537.36 (KHTML, like Gecko; compatible; Amazonbot/0.1; +https://developer.amazon.com/support/amazonbot) Chrome/119.0.6045.214 Safari/537.36"
91.134.83.25 - - [24/Jul/2026:22:12:11 +0200] "POST /wp-cron.php?doing_wp_cron=1784923931.7109520435333251953125 HTTP/1.1" 200 5074 "-" "WordPress/6.9.4; https://as-cp.fr"
91.134.83.25 - - [24/Jul/2026:22:12:42 +0200] "POST /wp-cron.php?doing_wp_cron=1784923962.2010579109191894531250 HTTP/1.1" 200 5074 "-" "WordPress/6.9.4; https://as-cp.fr"
65.109.158.145 - - [24/Jul/2026:22:12:41 +0200] "GET /wp-login.php HTTP/1.1" 200 8736 "-" "Mozilla/5.0 (Windows NT 10.0; Win64; x64) AppleWebKit/537.36 (KHTML, like Gecko) Chrome/150.0.0.0 Safari/537.36"
65.109.158.145 - - [24/Jul/2026:22:12:42 +0200] "POST /wp-login.php HTTP/1.1" 200 8912 "https://as-cp.fr/wp-login.php" "Mozilla/5.0 (Windows NT 10.0; Win64; x64) AppleWebKit/537.36 (KHTML, like Gecko) Chrome/150.0.0.0 Safari/537.36"
89.246.241.14 - - [24/Jul/2026:22:13:02 +0200] "GET /category/credit/ HTTP/1.1" 200 22731 "-" "Mozilla/5.0 (Windows NT 10.0; Win64; x64; rv:142.0) Gecko/20100101 Firefox/142.0"
91.134.83.25 - - [24/Jul/2026:22:14:39 +0200] "POST /wp-cron.php?doing_wp_cron=1784924079.0269711017608642578125 HTTP/1.1" 200 5074 "-" "WordPress/6.9.4; https://as-cp.fr"
57.141.0.67 - - [24/Jul/2026:22:14:38 +0200] "GET /shops/synsepalous/g8r2a2p1h5o1a1n6a2l1y1st HTTP/1.1" 301 5197 "-" "Mozilla/5.0 (Windows NT 10.0; Win64; x64) AppleWebKit/537.36 (KHTML, like Gecko) Chrome/145.0.0.0 Safari/537.36 Edg/145.0.0.0 (compatible; meta-externalagent/1.1 (+https://developers.facebook.com/docs/sharing/webmasters/crawler))"
91.134.83.25 - - [24/Jul/2026:22:14:45 +0200] "POST /wp-cron.php?doing_wp_cron=1784924085.3840150833129882812500 HTTP/1.1" 200 5074 "-" "WordPress/6.9.4; https://as-cp.fr"
57.141.0.32 - - [24/Jul/2026:22:14:44 +0200] "GET /sitemap-sub-1600.xml HTTP/1.1" 301 5197 "-" "Mozilla/5.0 (Windows NT 10.0; Win64; x64) AppleWebKit/537.36 (KHTML, like Gecko) Chrome/145.0.0.0 Safari/537.36 (compatible; meta-externalagent/1.1 (+https://developers.facebook.com/docs/sharing/webmasters/crawler))"
57.141.0.54 - - [24/Jul/2026:22:14:51 +0200] "GET /?v=c8o8u0n9t5e9r8s9a9l8ient HTTP/1.1" 200 98108 "-" "Mozilla/5.0 (Windows NT 10.0; Win64; x64) AppleWebKit/537.36 (KHTML, like Gecko) Chrome/145.0.0.0 Safari/537.36 Edg/145.0.0.0 (compatible; meta-externalagent/1.1 (+https://developers.facebook.com/docs/sharing/webmasters/crawler))"
89.246.241.14 - - [24/Jul/2026:22:15:16 +0200] "GET /transmettre-des-biens-immobiliers/ HTTP/1.1" 200 23897 "-" "Mozilla/5.0 (Windows NT 10.0; Win64; x64; rv:142.0) Gecko/20100101 Firefox/142.0"
91.134.83.25 - - [24/Jul/2026:22:16:08 +0200] "POST /wp-cron.php?doing_wp_cron=1784924168.1598889827728271484375 HTTP/1.1" 200 5074 "-" "WordPress/6.9.4; https://as-cp.fr"
57.141.0.22 - - [24/Jul/2026:22:16:07 +0200] "GET /?v=p8r2o0p4i5o6n5i4c948 HTTP/1.1" 200 98108 "-" "Mozilla/5.0 (X11; Linux x86_64) AppleWebKit/537.36 (KHTML, like Gecko) Chrome/145.0.0.0 Safari/537.36 (compatible; meta-externalagent/1.1 (+https://developers.facebook.com/docs/sharing/webmasters/crawler))"
91.134.83.25 - - [24/Jul/2026:22:17:27 +0200] "POST /wp-cron.php?doing_wp_cron=1784924247.1245250701904296875000 HTTP/1.1" 200 5074 "-" "WordPress/6.9.4; https://as-cp.fr"
57.141.0.30 - - [24/Jul/2026:22:17:26 +0200] "GET /?v=g8a3b5b4l8i4n0g5268 HTTP/1.1" 200 98108 "-" "Mozilla/5.0 (Macintosh; Intel Mac OS X 10_15_7) AppleWebKit/537.36 (KHTML, like Gecko) Chrome/145.0.0.0 Safari/537.36 (compatible; meta-externalagent/1.1 (+https://developers.facebook.com/docs/sharing/webmasters/crawler))"
91.134.83.25 - - [24/Jul/2026:22:17:46 +0200] "POST /wp-cron.php?doing_wp_cron=1784924266.8421459197998046875000 HTTP/1.1" 200 5074 "-" "WordPress/6.9.4; https://as-cp.fr"
57.141.0.58 - - [24/Jul/2026:22:17:46 +0200] "GET /shops/bunny/d8y1b7b9u9k784337 HTTP/1.1" 301 5197 "-" "Mozilla/5.0 (Windows NT 10.0; Win64; x64) AppleWebKit/537.36 (KHTML, like Gecko) Chrome/145.0.0.0 Safari/537.36 (compatible; meta-externalagent/1.1 (+https://developers.facebook.com/docs/sharing/webmasters/crawler))"
57.141.0.65 - - [24/Jul/2026:22:17:49 +0200] "GET /?v=t8i9t6h4o3n6i6c6i5t0y HTTP/1.1" 200 98108 "-" "Mozilla/5.0 (Windows NT 10.0; Win64; x64) AppleWebKit/537.36 (KHTML, like Gecko) Chrome/145.0.0.0 Safari/537.36 (compatible; meta-externalagent/1.1 (+https://developers.facebook.com/docs/sharing/webmasters/crawler))"
91.134.83.25 - - [24/Jul/2026:22:18:42 +0200] "POST /wp-cron.php?doing_wp_cron=1784924322.3418829441070556640625 HTTP/1.1" 200 5074 "-" "WordPress/6.9.4; https://as-cp.fr"
114.119.132.227 - - [24/Jul/2026:22:18:41 +0200] "GET /author/marion-brd/page/2/ HTTP/1.1" 200 24889 "https://as-cp.fr/author/marion-brd/" "Mozilla/5.0 (Linux; Android 7.0;) AppleWebKit/537.36 (HTML, like Gecko) Mobile Safari/537.36 (compatible; PetalBot;+https://webmaster.petalsearch.com/site/petalbot)"
91.134.83.25 - - [24/Jul/2026:22:18:55 +0200] "POST /wp-cron.php?doing_wp_cron=1784924335.7047889232635498046875 HTTP/1.1" 200 5074 "-" "WordPress/6.9.4; https://as-cp.fr"
57.141.0.71 - - [24/Jul/2026:22:18:55 +0200] "GET /?v=c8r2i5n0c1u2m8c4r4a6n0cum HTTP/1.1" 200 98108 "-" "Mozilla/5.0 (Macintosh; Intel Mac OS X 10_15_7) AppleWebKit/537.36 (KHTML, like Gecko) Chrome/145.0.0.0 Safari/537.36 (compatible; meta-externalagent/1.1 (+https://developers.facebook.com/docs/sharing/webmasters/crawler))"
91.134.83.25 - - [24/Jul/2026:22:19:40 +0200] "POST /wp-cron.php?doing_wp_cron=1784924380.3554439544677734375000 HTTP/1.1" 200 5074 "-" "WordPress/6.9.4; https://as-cp.fr"
57.141.0.51 - - [24/Jul/2026:22:19:39 +0200] "GET /shops/wafer/p8a1l1m4a0t4a711 HTTP/1.1" 301 5197 "-" "Mozilla/5.0 (Windows NT 10.0; Win64; x64) AppleWebKit/537.36 (KHTML, like Gecko) Chrome/145.0.0.0 Safari/537.36 (compatible; meta-externalagent/1.1 (+https://developers.facebook.com/docs/sharing/webmasters/crawler))"
91.134.83.25 - - [24/Jul/2026:22:20:18 +0200] "POST /wp-cron.php?doing_wp_cron=1784924418.7515540122985839843750 HTTP/1.1" 200 5074 "-" "WordPress/6.9.4; https://as-cp.fr"
57.141.0.19 - - [24/Jul/2026:22:20:18 +0200] "GET /?compeller/82364082992 HTTP/1.1" 301 5075 "-" "Mozilla/5.0 (Windows NT 10.0; Win64; x64) AppleWebKit/537.36 (KHTML, like Gecko) Chrome/145.0.0.0 Safari/537.36 (compatible; meta-externalagent/1.1 (+https://developers.facebook.com/docs/sharing/webmasters/crawler))"
91.134.83.25 - - [24/Jul/2026:22:20:53 +0200] "POST /wp-cron.php?doing_wp_cron=1784924453.5601930618286132812500 HTTP/1.1" 200 5074 "-" "WordPress/6.9.4; https://as-cp.fr"
57.141.0.1 - - [24/Jul/2026:22:20:53 +0200] "GET /mileage/propitious/83275838488 HTTP/1.1" 301 5197 "-" "Mozilla/5.0 (Windows NT 10.0; Win64; x64) AppleWebKit/537.36 (KHTML, like Gecko) Chrome/145.0.0.0 Safari/537.36 (compatible; meta-externalagent/1.1 (+https://developers.facebook.com/docs/sharing/webmasters/crawler))"
91.134.83.25 - - [24/Jul/2026:22:23:17 +0200] "POST /wp-cron.php?doing_wp_cron=1784924597.0121490955352783203125 HTTP/1.1" 200 5074 "-" "WordPress/6.9.4; https://as-cp.fr"
141.98.11.182 - - [24/Jul/2026:22:23:16 +0200] "GET /wp-login.php?wp_lang=en_US HTTP/1.1" 200 7967 "-" "Mozilla/5.0 (X11; Ubuntu; Linux x86_64; rv:120.0.1) Gecko/20100101 Firefox/120.0.1"
141.98.11.182 - - [24/Jul/2026:22:23:17 +0200] "POST /wp-login.php HTTP/1.1" 302 6107 "https://as-cp.fr/wp-admin/" "Mozilla/5.0 (Windows NT 11.0; Win64; x64) AppleWebKit/537.36 (KHTML, like Gecko) Chrome/122.0.6261.57 Safari/537.36"
91.134.83.25 - - [24/Jul/2026:22:23:18 +0200] "POST /wp-cron.php?doing_wp_cron=1784924598.4016530513763427734375 HTTP/1.1" 200 5074 "-" "WordPress/6.9.4; https://as-cp.fr"
141.98.11.182 - - [24/Jul/2026:22:23:17 +0200] "GET /wp-admin/ HTTP/1.1" 200 80601 "https://as-cp.fr/wp-admin/" "Mozilla/5.0 (Windows NT 11.0; Win64; x64) AppleWebKit/537.36 (KHTML, like Gecko) Chrome/122.0.6261.57 Safari/537.36"
141.98.11.182 - - [24/Jul/2026:22:23:18 +0200] "GET /wp-admin/ HTTP/1.1" 200 80601 "-" "Mozilla/5.0 (Macintosh; Intel Mac OS X 12_6_2) AppleWebKit/605.1.15 (KHTML, like Gecko) Version/17.2.1 Safari/605.1.15"
141.98.11.182 - - [24/Jul/2026:22:23:19 +0200] "GET /wp-admin/theme-install.php?tab=upload HTTP/1.1" 403 5816 "-" "Mozilla/5.0 (X11; Linux x86_64) AppleWebKit/537.36 (KHTML, like Gecko) Chrome/118.0.5993.88 Safari/537.36"
141.98.11.182 - - [24/Jul/2026:22:23:19 +0200] "GET /wp-admin/plugin-install.php?tab=upload HTTP/1.1" 403 5816 "-" "Mozilla/5.0 (Windows NT 10.0; Win64; x64) AppleWebKit/537.36 (KHTML, like Gecko) Chrome/119.0.0.0 Safari/537.36 Edg/119.0.2151.97"
141.98.11.182 - - [24/Jul/2026:22:23:19 +0200] "GET /wp-admin/plugin-install.php?s=File+Manager&tab=search&type=term HTTP/1.1" 403 5816 "-" "Mozilla/5.0 (Windows NT 10.0; Win64; x64) Gecko/20100101 Firefox/121.0"
141.98.11.182 - - [24/Jul/2026:22:23:25 +0200] "GET /wp-admin/plugin-install.php?s=File+Manager&tab=search&type=term HTTP/1.1" 403 5816 "-" "Mozilla/5.0 (X11; Ubuntu; Linux x86_64) AppleWebKit/537.36 (KHTML, like Gecko) Chrome/119.0.6045.159 Safari/537.36"
216.73.216.71 - - [24/Jul/2026:22:23:40 +0200] "GET /robots.txt HTTP/1.1" 200 5168 "-" "Mozilla/5.0 AppleWebKit/537.36 (KHTML, like Gecko; compatible; ClaudeBot/1.0; +claudebot@anthropic.com)"
91.134.83.25 - - [24/Jul/2026:22:23:41 +0200] "POST /wp-cron.php?doing_wp_cron=1784924621.2801480293273925781250 HTTP/1.1" 200 5074 "-" "WordPress/6.9.4; https://as-cp.fr"
216.73.216.71 - - [24/Jul/2026:22:23:40 +0200] "GET /sitemap.xml HTTP/1.1" 301 5068 "-" "Mozilla/5.0 AppleWebKit/537.36 (KHTML, like Gecko; compatible; ClaudeBot/1.0; +claudebot@anthropic.com)"
216.73.216.71 - - [24/Jul/2026:22:23:41 +0200] "GET /sitemap_index.xml HTTP/1.1" 200 5405 "https://as-cp.fr/sitemap.xml" "Mozilla/5.0 AppleWebKit/537.36 (KHTML, like Gecko; compatible; ClaudeBot/1.0; +claudebot@anthropic.com)"
91.134.83.25 - - [24/Jul/2026:22:23:56 +0200] "POST /wp-cron.php?doing_wp_cron=1784924636.2565751075744628906250 HTTP/1.1" 200 5074 "-" "WordPress/6.9.4; https://as-cp.fr"
57.141.0.18 - - [24/Jul/2026:22:23:55 +0200] "GET /shops/hallucinating/d8e1b6i0t2u8m0i6n2i6z3e HTTP/1.1" 301 5197 "-" "Mozilla/5.0 (Windows NT 10.0; Win64; x64) AppleWebKit/537.36 (KHTML, like Gecko) Chrome/145.0.0.0 Safari/537.36 (compatible; meta-externalagent/1.1 (+https://developers.facebook.com/docs/sharing/webmasters/crawler))"
91.134.83.25 - - [24/Jul/2026:22:26:27 +0200] "POST /wp-cron.php?doing_wp_cron=1784924787.3149890899658203125000 HTTP/1.1" 200 5074 "-" "WordPress/6.9.4; https://as-cp.fr"
57.141.0.16 - - [24/Jul/2026:22:26:26 +0200] "GET /shops/purpura/c8o2l3o3r0e6d35660 HTTP/1.1" 301 5197 "-" "Mozilla/5.0 (Windows NT 10.0; Win64; x64) AppleWebKit/537.36 (KHTML, like Gecko) Chrome/145.0.0.0 Safari/537.36 (compatible; meta-externalagent/1.1 (+https://developers.facebook.com/docs/sharing/webmasters/crawler))"
91.134.83.25 - - [24/Jul/2026:22:28:01 +0200] "POST /wp-cron.php?doing_wp_cron=1784924881.6714670658111572265625 HTTP/1.1" 200 5074 "-" "WordPress/6.9.4; https://as-cp.fr"
57.141.0.41 - - [24/Jul/2026:22:28:01 +0200] "GET /?v=e8p4i1p3h2y1t7e4s469 HTTP/1.1" 200 98108 "-" "Mozilla/5.0 (Windows NT 10.0; Win64; x64) AppleWebKit/537.36 (KHTML, like Gecko) Chrome/145.0.0.0 Safari/537.36 (compatible; meta-externalagent/1.1 (+https://developers.facebook.com/docs/sharing/webmasters/crawler))"
91.134.83.25 - - [24/Jul/2026:22:29:13 +0200] "POST /wp-cron.php?doing_wp_cron=1784924953.3180670738220214843750 HTTP/1.1" 200 5074 "-" "WordPress/6.9.4; https://as-cp.fr"
57.141.0.12 - - [24/Jul/2026:22:29:12 +0200] "GET /?v=p8a7r7k7e5d91008 HTTP/1.1" 200 98108 "-" "Mozilla/5.0 (Windows NT 10.0; Win64; x64) AppleWebKit/537.36 (KHTML, like Gecko) Chrome/145.0.0.0 Safari/537.36 (compatible; meta-externalagent/1.1 (+https://developers.facebook.com/docs/sharing/webmasters/crawler))"
91.134.83.25 - - [24/Jul/2026:22:29:39 +0200] "POST /wp-cron.php?doing_wp_cron=1784924979.4855999946594238281250 HTTP/1.1" 200 5074 "-" "WordPress/6.9.4; https://as-cp.fr"
158.158.96.17 - - [24/Jul/2026:22:29:39 +0200] "GET /wp-content/plugins/hellopress/wp_filemanager.php HTTP/1.1" 301 5197 "-" "-"
158.158.96.17 - - [24/Jul/2026:22:29:39 +0200] "GET / HTTP/1.1" 200 99298 "-" "-"
158.158.96.17 - - [24/Jul/2026:22:29:39 +0200] "GET /this_is_a_new_hello_world.php HTTP/1.1" 403 5816 "-" "-"
158.158.96.17 - - [24/Jul/2026:22:29:39 +0200] "GET /echkm.php?p= HTTP/1.1" 403 5816 "-" "-"
158.158.96.17 - - [24/Jul/2026:22:29:39 +0200] "GET /la.php HTTP/1.1" 403 5816 "-" "-"
158.158.96.17 - - [24/Jul/2026:22:29:40 +0200] "GET /66.php HTTP/1.1" 403 5816 "-" "-"
158.158.96.17 - - [24/Jul/2026:22:29:40 +0200] "GET /8.php HTTP/1.1" 403 5816 "-" "-"
158.158.96.17 - - [24/Jul/2026:22:29:40 +0200] "GET /about.php HTTP/1.1" 403 5816 "-" "-"
158.158.96.17 - - [24/Jul/2026:22:29:40 +0200] "GET /ava.php HTTP/1.1" 403 5816 "-" "-"
158.158.96.17 - - [24/Jul/2026:22:29:40 +0200] "GET /resp.php HTTP/1.1" 403 5816 "-" "-"
158.158.96.17 - - [24/Jul/2026:22:29:40 +0200] "GET /bypltspd.php HTTP/1.1" 403 5816 "-" "-"
158.158.96.17 - - [24/Jul/2026:22:29:40 +0200] "GET /jga.php HTTP/1.1" 403 5816 "-" "-"
158.158.96.17 - - [24/Jul/2026:22:29:40 +0200] "GET /new4.php HTTP/1.1" 403 5816 "-" "-"
158.158.96.17 - - [24/Jul/2026:22:29:41 +0200] "GET /yee.php HTTP/1.1" 403 5816 "-" "-"
158.158.96.17 - - [24/Jul/2026:22:29:41 +0200] "GET /zc.php HTTP/1.1" 403 5816 "-" "-"
158.158.96.17 - - [24/Jul/2026:22:29:41 +0200] "GET /cilus.php HTTP/1.1" 403 5816 "-" "-"
158.158.96.17 - - [24/Jul/2026:22:29:41 +0200] "GET /domvf.php HTTP/1.1" 403 5816 "-" "-"
158.158.96.17 - - [24/Jul/2026:22:29:41 +0200] "GET /c1.php HTTP/1.1" 403 5816 "-" "-"
158.158.96.17 - - [24/Jul/2026:22:29:41 +0200] "GET /crgio.php?p= HTTP/1.1" 403 5816 "-" "-"
158.158.96.17 - - [24/Jul/2026:22:29:41 +0200] "GET /drykl.php HTTP/1.1" 403 5816 "-" "-"
158.158.96.17 - - [24/Jul/2026:22:29:41 +0200] "GET /waso.php HTTP/1.1" 403 5816 "-" "-"
158.158.96.17 - - [24/Jul/2026:22:29:42 +0200] "GET /cro.php HTTP/1.1" 403 5816 "-" "-"
158.158.96.17 - - [24/Jul/2026:22:29:42 +0200] "GET /d61.php HTTP/1.1" 403 5816 "-" "-"
158.158.96.17 - - [24/Jul/2026:22:29:42 +0200] "GET /uwu.php HTTP/1.1" 403 5816 "-" "-"
158.158.96.17 - - [24/Jul/2026:22:29:42 +0200] "GET /cc.php HTTP/1.1" 403 5816 "-" "-"
158.158.96.17 - - [24/Jul/2026:22:29:42 +0200] "GET /sta.php HTTP/1.1" 403 5816 "-" "-"
158.158.96.17 - - [24/Jul/2026:22:29:42 +0200] "GET /2x.php HTTP/1.1" 403 5816 "-" "-"
158.158.96.17 - - [24/Jul/2026:22:29:42 +0200] "GET /ingfo.php HTTP/1.1" 403 5816 "-" "-"
158.158.96.17 - - [24/Jul/2026:22:29:42 +0200] "GET /ccc.php?p= HTTP/1.1" 403 5816 "-" "-"
158.158.96.17 - - [24/Jul/2026:22:29:42 +0200] "GET /jdrot.php HTTP/1.1" 403 5816 "-" "-"
158.158.96.17 - - [24/Jul/2026:22:29:42 +0200] "GET /alpha.php HTTP/1.1" 403 5816 "-" "-"
158.158.96.17 - - [24/Jul/2026:22:29:42 +0200] "GET /ini.php HTTP/1.1" 403 5816 "-" "-"
158.158.96.17 - - [24/Jul/2026:22:29:42 +0200] "GET /jo.php HTTP/1.1" 403 5816 "-" "-"
158.158.96.17 - - [24/Jul/2026:22:29:42 +0200] "GET /jos.php HTTP/1.1" 403 5816 "-" "-"
158.158.96.17 - - [24/Jul/2026:22:29:42 +0200] "GET /srv.php HTTP/1.1" 403 5816 "-" "-"
158.158.96.17 - - [24/Jul/2026:22:29:43 +0200] "GET /uninstall.php HTTP/1.1" 403 5816 "-" "-"
158.158.96.17 - - [24/Jul/2026:22:29:43 +0200] "GET /transfer.php HTTP/1.1" 403 5816 "-" "-"
158.158.96.17 - - [24/Jul/2026:22:29:43 +0200] "GET /geforce.php HTTP/1.1" 403 5816 "-" "-"
158.158.96.17 - - [24/Jul/2026:22:29:43 +0200] "GET /r.php?p= HTTP/1.1" 403 5816 "-" "-"
158.158.96.17 - - [24/Jul/2026:22:29:43 +0200] "GET /sixxis.php HTTP/1.1" 403 5816 "-" "-"
158.158.96.17 - - [24/Jul/2026:22:29:43 +0200] "GET /bthil.php HTTP/1.1" 403 5816 "-" "-"
91.134.83.25 - - [24/Jul/2026:22:30:24 +0200] "POST /wp-cron.php?doing_wp_cron=1784925024.0146090984344482421875 HTTP/1.1" 200 5074 "-" "WordPress/6.9.4; https://as-cp.fr"
57.141.0.54 - - [24/Jul/2026:22:30:23 +0200] "GET /?v=s8y4m2b2o7l6i8c4a4l2l9y HTTP/1.1" 200 98108 "-" "Mozilla/5.0 (Windows NT 10.0; Win64; x64) AppleWebKit/537.36 (KHTML, like Gecko) Chrome/145.0.0.0 Safari/537.36 (compatible; meta-externalagent/1.1 (+https://developers.facebook.com/docs/sharing/webmasters/crawler))"
91.134.83.25 - - [24/Jul/2026:22:30:34 +0200] "POST /wp-cron.php?doing_wp_cron=1784925034.5503470897674560546875 HTTP/1.1" 200 5074 "-" "WordPress/6.9.4; https://as-cp.fr"
57.141.0.33 - - [24/Jul/2026:22:30:34 +0200] "GET /shops/pantophagy/t8h6u3r9i6f6i7c2a7t0ion HTTP/1.1" 301 5197 "-" "Mozilla/5.0 (Windows NT 10.0; Win64; x64) AppleWebKit/537.36 (KHTML, like Gecko) Chrome/145.0.0.0 Safari/537.36 (compatible; meta-externalagent/1.1 (+https://developers.facebook.com/docs/sharing/webmasters/crawler))"
91.134.83.25 - - [24/Jul/2026:22:31:00 +0200] "POST /wp-cron.php?doing_wp_cron=1784925060.9400289058685302734375 HTTP/1.1" 200 5074 "-" "WordPress/6.9.4; https://as-cp.fr"
57.141.0.35 - - [24/Jul/2026:22:31:00 +0200] "GET /?v=c8h2a4n5t1e9d74984 HTTP/1.1" 200 98130 "-" "Mozilla/5.0 (Windows NT 10.0; Win64; x64) AppleWebKit/537.36 (KHTML, like Gecko) Chrome/145.0.0.0 Safari/537.36 (compatible; meta-externalagent/1.1 (+https://developers.facebook.com/docs/sharing/webmasters/crawler))"
91.134.83.25 - - [24/Jul/2026:22:32:01 +0200] "POST /wp-cron.php?doing_wp_cron=1784925121.4731309413909912109375 HTTP/1.1" 200 5074 "-" "WordPress/6.9.4; https://as-cp.fr"
195.20.18.103 - - [24/Jul/2026:22:32:01 +0200] "GET /wp-login.php HTTP/1.1" 200 8736 "-" "Mozilla/5.0 (Windows NT 10.0; Win64; x64) AppleWebKit/537.36 (KHTML, like Gecko) Chrome/150.0.0.0 Safari/537.36"
195.20.18.103 - - [24/Jul/2026:22:32:01 +0200] "POST /wp-login.php HTTP/1.1" 200 8912 "https://as-cp.fr/wp-login.php" "Mozilla/5.0 (Windows NT 10.0; Win64; x64) AppleWebKit/537.36 (KHTML, like Gecko) Chrome/150.0.0.0 Safari/537.36"
91.134.83.25 - - [24/Jul/2026:22:32:18 +0200] "POST /wp-cron.php?doing_wp_cron=1784925138.1298420429229736328125 HTTP/1.1" 200 5074 "-" "WordPress/6.9.4; https://as-cp.fr"
160.187.68.132 - - [24/Jul/2026:22:32:17 +0200] "GET /wp-login.php HTTP/1.1" 200 8736 "-" "Mozilla/5.0 (Windows NT 10.0; Win64; x64) AppleWebKit/537.36 (KHTML, like Gecko) Chrome/150.0.0.0 Safari/537.36"
160.187.68.132 - - [24/Jul/2026:22:32:18 +0200] "POST /wp-login.php HTTP/1.1" 200 8911 "https://as-cp.fr/wp-login.php" "Mozilla/5.0 (Windows NT 10.0; Win64; x64) AppleWebKit/537.36 (KHTML, like Gecko) Chrome/150.0.0.0 Safari/537.36"
91.134.83.25 - - [24/Jul/2026:22:33:33 +0200] "POST /wp-cron.php?doing_wp_cron=1784925213.5297729969024658203125 HTTP/1.1" 200 5074 "-" "WordPress/6.9.4; https://as-cp.fr"
57.141.0.35 - - [24/Jul/2026:22:33:32 +0200] "GET /?v=n8i9m0m3e5d64615 HTTP/1.1" 200 98108 "-" "Mozilla/5.0 (Macintosh; Intel Mac OS X 10_15_7) AppleWebKit/537.36 (KHTML, like Gecko) Chrome/145.0.0.0 Safari/537.36 (compatible; meta-externalagent/1.1 (+https://developers.facebook.com/docs/sharing/webmasters/crawler))"
91.134.83.25 - - [24/Jul/2026:22:33:46 +0200] "POST /wp-cron.php?doing_wp_cron=1784925226.9195280075073242187500 HTTP/1.1" 200 5074 "-" "WordPress/6.9.4; https://as-cp.fr"
57.141.0.50 - - [24/Jul/2026:22:33:46 +0200] "GET /?v=c8a1l6m8n6e3s6s2780 HTTP/1.1" 200 98130 "-" "Mozilla/5.0 (Windows NT 10.0; Win64; x64) AppleWebKit/537.36 (KHTML, like Gecko) Chrome/145.0.0.0 Safari/537.36 (compatible; meta-externalagent/1.1 (+https://developers.facebook.com/docs/sharing/webmasters/crawler))"
57.141.0.13 - - [24/Jul/2026:22:34:17 +0200] "GET /?v=p8r2o4f8i6t6e3d4431 HTTP/1.1" 200 98108 "-" "Mozilla/5.0 (Windows NT 10.0; Win64; x64) AppleWebKit/537.36 (KHTML, like Gecko) Chrome/145.0.0.0 Safari/537.36 (compatible; meta-externalagent/1.1 (+https://developers.facebook.com/docs/sharing/webmasters/crawler))"
91.134.83.25 - - [24/Jul/2026:22:34:33 +0200] "POST /wp-cron.php?doing_wp_cron=1784925273.3928260803222656250000 HTTP/1.1" 200 5074 "-" "WordPress/6.9.4; https://as-cp.fr"
54.163.169.168 - - [24/Jul/2026:22:34:32 +0200] "GET /?p=310 HTTP/1.1" 301 5080 "-" "Mozilla/5.0 AppleWebKit/537.36 (KHTML, like Gecko; compatible; Amazonbot/0.1; +https://developer.amazon.com/support/amazonbot) Chrome/119.0.6045.214 Safari/537.36"
52.200.251.20 - - [24/Jul/2026:22:34:33 +0200] "GET /assurance-vie-et-le-livret-a/ HTTP/1.1" 200 23574 "-" "Mozilla/5.0 AppleWebKit/537.36 (KHTML, like Gecko; compatible; Amazonbot/0.1; +https://developer.amazon.com/support/amazonbot) Chrome/119.0.6045.214 Safari/537.36"
91.134.83.25 - - [24/Jul/2026:22:35:45 +0200] "POST /wp-cron.php?doing_wp_cron=1784925345.7115590572357177734375 HTTP/1.1" 200 5074 "-" "WordPress/6.9.4; https://as-cp.fr"
57.141.0.60 - - [24/Jul/2026:22:35:45 +0200] "GET /?negotiant/8847568507 HTTP/1.1" 301 5074 "-" "Mozilla/5.0 (Windows NT 10.0; Win64; x64) AppleWebKit/537.36 (KHTML, like Gecko) Chrome/145.0.0.0 Safari/537.36 (compatible; meta-externalagent/1.1 (+https://developers.facebook.com/docs/sharing/webmasters/crawler))"
57.141.0.66 - - [24/Jul/2026:22:35:59 +0200] "GET /?v=a8u3r6u8m3508876 HTTP/1.1" 200 98108 "-" "Mozilla/5.0 (Windows NT 10.0; Win64; x64) AppleWebKit/537.36 (KHTML, like Gecko) Chrome/145.0.0.0 Safari/537.36 (compatible; meta-externalagent/1.1 (+https://developers.facebook.com/docs/sharing/webmasters/crawler))"
91.134.83.25 - - [24/Jul/2026:22:37:20 +0200] "POST /wp-cron.php?doing_wp_cron=1784925440.2647569179534912109375 HTTP/1.1" 200 5074 "-" "WordPress/6.9.4; https://as-cp.fr"
57.141.0.43 - - [24/Jul/2026:22:37:19 +0200] "GET /shops/underwork/r8e4l1a9t9e1r71227 HTTP/1.1" 301 5197 "-" "Mozilla/5.0 (Macintosh; Intel Mac OS X 10_15_7) AppleWebKit/537.36 (KHTML, like Gecko) Chrome/145.0.0.0 Safari/537.36 (compatible; meta-externalagent/1.1 (+https://developers.facebook.com/docs/sharing/webmasters/crawler))"
91.134.83.25 - - [24/Jul/2026:22:37:24 +0200] "POST /wp-cron.php?doing_wp_cron=1784925444.3814120292663574218750 HTTP/1.1" 200 5074 "-" "WordPress/6.9.4; https://as-cp.fr"
57.141.0.36 - - [24/Jul/2026:22:37:23 +0200] "GET /?v=t8o1y5e6r0574320 HTTP/1.1" 200 98108 "-" "Mozilla/5.0 (Windows NT 10.0; Win64; x64) AppleWebKit/537.36 (KHTML, like Gecko) Chrome/145.0.0.0 Safari/537.36 (compatible; meta-externalagent/1.1 (+https://developers.facebook.com/docs/sharing/webmasters/crawler))"
91.134.83.25 - - [24/Jul/2026:22:38:33 +0200] "POST /wp-cron.php?doing_wp_cron=1784925513.7618799209594726562500 HTTP/1.1" 200 5074 "-" "WordPress/6.9.4; https://as-cp.fr"
57.141.0.66 - - [24/Jul/2026:22:38:33 +0200] "GET /?mirroring/83236030727 HTTP/1.1" 301 5075 "-" "Mozilla/5.0 (Macintosh; Intel Mac OS X 10_15_7) AppleWebKit/537.36 (KHTML, like Gecko) Chrome/145.0.0.0 Safari/537.36 (compatible; meta-externalagent/1.1 (+https://developers.facebook.com/docs/sharing/webmasters/crawler))"
114.119.130.221 - - [24/Jul/2026:22:38:53 +0200] "GET /prevoyance-courtier-en-assurance-perpignan/ HTTP/1.1" 200 23227 "https://as-cp.fr/category/assurance/page/2/" "Mozilla/5.0 (Linux; Android 7.0;) AppleWebKit/537.36 (HTML, like Gecko) Mobile Safari/537.36 (compatible; PetalBot;+https://webmaster.petalsearch.com/site/petalbot)"
91.134.83.25 - - [24/Jul/2026:22:40:07 +0200] "POST /wp-cron.php?doing_wp_cron=1784925607.8849918842315673828125 HTTP/1.1" 200 5074 "-" "WordPress/6.9.4; https://as-cp.fr"
57.141.0.65 - - [24/Jul/2026:22:40:07 +0200] "GET /?v=g8a1l8v4a5n9o9g7r9a3p5hy HTTP/1.1" 200 98108 "-" "Mozilla/5.0 (Windows NT 10.0; Win64; x64) AppleWebKit/537.36 (KHTML, like Gecko) Chrome/145.0.0.0 Safari/537.36 (compatible; meta-externalagent/1.1 (+https://developers.facebook.com/docs/sharing/webmasters/crawler))"
114.119.146.41 - - [24/Jul/2026:22:40:16 +0200] "GET /defiscalisation-66-solutions-reduire-impots-perpignan/ HTTP/1.1" 200 24272 "https://as-cp.fr/author/marion-brd/" "Mozilla/5.0 (Linux; Android 7.0;) AppleWebKit/537.36 (HTML, like Gecko) Mobile Safari/537.36 (compatible; PetalBot;+https://webmaster.petalsearch.com/site/petalbot)"
91.134.83.25 - - [24/Jul/2026:22:41:25 +0200] "POST /wp-cron.php?doing_wp_cron=1784925685.7670190334320068359375 HTTP/1.1" 200 5074 "-" "WordPress/6.9.4; https://as-cp.fr"
57.141.0.38 - - [24/Jul/2026:22:41:25 +0200] "GET /shops/diversifying/q8u2a5n9t7i6v3a1l7e9n0ce HTTP/1.1" 301 5197 "-" "Mozilla/5.0 (Windows NT 10.0; Win64; x64) AppleWebKit/537.36 (KHTML, like Gecko) Chrome/145.0.0.0 Safari/537.36 (compatible; meta-externalagent/1.1 (+https://developers.facebook.com/docs/sharing/webmasters/crawler))"
91.134.83.25 - - [24/Jul/2026:22:42:41 +0200] "POST /wp-cron.php?doing_wp_cron=1784925761.7857029438018798828125 HTTP/1.1" 200 5074 "-" "WordPress/6.9.4; https://as-cp.fr"
57.141.0.34 - - [24/Jul/2026:22:42:41 +0200] "GET /obiism/u8n4s0w3a6t8h1e2027 HTTP/1.1" 301 5197 "-" "Mozilla/5.0 (Windows NT 10.0; Win64; x64) AppleWebKit/537.36 (KHTML, like Gecko) Chrome/145.0.0.0 Safari/537.36 (compatible; meta-externalagent/1.1 (+https://developers.facebook.com/docs/sharing/webmasters/crawler))"
91.134.83.25 - - [24/Jul/2026:22:43:01 +0200] "POST /wp-cron.php?doing_wp_cron=1784925781.6821510791778564453125 HTTP/1.1" 200 5074 "-" "WordPress/6.9.4; https://as-cp.fr"
57.141.0.33 - - [24/Jul/2026:22:43:01 +0200] "GET /diadem/seemliness/84039862378 HTTP/1.1" 301 5197 "-" "Mozilla/5.0 (Windows NT 10.0; Win64; x64) AppleWebKit/537.36 (KHTML, like Gecko) Chrome/145.0.0.0 Safari/537.36 (compatible; meta-externalagent/1.1 (+https://developers.facebook.com/docs/sharing/webmasters/crawler))"
89.246.241.14 - - [24/Jul/2026:22:43:07 +0200] "GET /category/retraite/ HTTP/1.1" 200 23154 "-" "Mozilla/5.0 (Windows NT 10.0; Win64; x64; rv:142.0) Gecko/20100101 Firefox/142.0"
91.134.83.25 - - [24/Jul/2026:22:43:53 +0200] "POST /wp-cron.php?doing_wp_cron=1784925833.1332099437713623046875 HTTP/1.1" 200 5074 "-" "WordPress/6.9.4; https://as-cp.fr"
57.141.0.41 - - [24/Jul/2026:22:43:52 +0200] "GET /?v=s8u3b5d3i8t0i1t5i5o9u3s HTTP/1.1" 200 98108 "-" "Mozilla/5.0 (Windows NT 10.0; Win64; x64) AppleWebKit/537.36 (KHTML, like Gecko) Chrome/145.0.0.0 Safari/537.36 (compatible; meta-externalagent/1.1 (+https://developers.facebook.com/docs/sharing/webmasters/crawler))"
57.141.0.18 - - [24/Jul/2026:22:44:07 +0200] "GET /endometrium/m8i9s9c5e3l2l3a1n5e7ously HTTP/1.1" 301 5197 "-" "Mozilla/5.0 (Windows NT 10.0; Win64; x64) AppleWebKit/537.36 (KHTML, like Gecko) Chrome/145.0.0.0 Safari/537.36 (compatible; meta-externalagent/1.1 (+https://developers.facebook.com/docs/sharing/webmasters/crawler))"
91.134.83.25 - - [24/Jul/2026:22:45:32 +0200] "POST /wp-cron.php?doing_wp_cron=1784925932.4334950447082519531250 HTTP/1.1" 200 5074 "-" "WordPress/6.9.4; https://as-cp.fr"
57.141.0.54 - - [24/Jul/2026:22:45:31 +0200] "GET /?v=s8a9l7i5v4o1u1s75 HTTP/1.1" 200 98108 "-" "Mozilla/5.0 (Windows NT 10.0; Win64; x64) AppleWebKit/537.36 (KHTML, like Gecko) Chrome/145.0.0.0 Safari/537.36 (compatible; meta-externalagent/1.1 (+https://developers.facebook.com/docs/sharing/webmasters/crawler))"
91.134.83.25 - - [24/Jul/2026:22:45:38 +0200] "POST /wp-cron.php?doing_wp_cron=1784925938.3054640293121337890625 HTTP/1.1" 200 5074 "-" "WordPress/6.9.4; https://as-cp.fr"
57.141.0.24 - - [24/Jul/2026:22:45:37 +0200] "GET /?v=q8u3a2l2i6f6i8c9a6t4o4r HTTP/1.1" 200 98108 "-" "Mozilla/5.0 (Macintosh; Intel Mac OS X 10_15_7) AppleWebKit/537.36 (KHTML, like Gecko) Chrome/145.0.0.0 Safari/537.36 (compatible; meta-externalagent/1.1 (+https://developers.facebook.com/docs/sharing/webmasters/crawler))"
91.134.83.25 - - [24/Jul/2026:22:45:51 +0200] "POST /wp-cron.php?doing_wp_cron=1784925951.0230150222778320312500 HTTP/1.1" 200 5074 "-" "WordPress/6.9.4; https://as-cp.fr"
57.141.0.16 - - [24/Jul/2026:22:45:50 +0200] "GET /unmotorized/t8u7r3n5p9i6k6e1d82 HTTP/1.1" 301 5197 "-" "Mozilla/5.0 (Macintosh; Intel Mac OS X 10_15_7) AppleWebKit/537.36 (KHTML, like Gecko) Chrome/145.0.0.0 Safari/537.36 (compatible; meta-externalagent/1.1 (+https://developers.facebook.com/docs/sharing/webmasters/crawler))"
91.134.83.25 - - [24/Jul/2026:22:46:29 +0200] "POST /wp-cron.php?doing_wp_cron=1784925989.3392689228057861328125 HTTP/1.1" 200 5074 "-" "WordPress/6.9.4; https://as-cp.fr"
57.141.0.8 - - [24/Jul/2026:22:46:28 +0200] "GET /?v=s8i3l7e9n1u8s27161 HTTP/1.1" 200 98108 "-" "Mozilla/5.0 (Windows NT 10.0; Win64; x64) AppleWebKit/537.36 (KHTML, like Gecko) Chrome/145.0.0.0 Safari/537.36 (compatible; meta-externalagent/1.1 (+https://developers.facebook.com/docs/sharing/webmasters/crawler))"
91.134.83.25 - - [24/Jul/2026:22:47:16 +0200] "POST /wp-cron.php?doing_wp_cron=1784926036.2839009761810302734375 HTTP/1.1" 200 5074 "-" "WordPress/6.9.4; https://as-cp.fr"
57.141.0.27 - - [24/Jul/2026:22:47:15 +0200] "GET /?v=m8o3o6n6s8h1i3n6e593 HTTP/1.1" 200 98108 "-" "Mozilla/5.0 (Macintosh; Intel Mac OS X 10_15_7) AppleWebKit/537.36 (KHTML, like Gecko) Chrome/145.0.0.0 Safari/537.36 (compatible; meta-externalagent/1.1 (+https://developers.facebook.com/docs/sharing/webmasters/crawler))"
91.134.83.25 - - [24/Jul/2026:22:47:32 +0200] "POST /wp-cron.php?doing_wp_cron=1784926052.4740569591522216796875 HTTP/1.1" 200 5074 "-" "WordPress/6.9.4; https://as-cp.fr"
57.141.0.10 - - [24/Jul/2026:22:47:32 +0200] "GET /?v=t8r2e9n3c6h4a7n3t1ly HTTP/1.1" 200 98108 "-" "Mozilla/5.0 (X11; Linux x86_64) AppleWebKit/537.36 (KHTML, like Gecko) Chrome/145.0.0.0 Safari/537.36 (compatible; meta-externalagent/1.1 (+https://developers.facebook.com/docs/sharing/webmasters/crawler))"
91.134.83.25 - - [24/Jul/2026:22:47:35 +0200] "POST /wp-cron.php?doing_wp_cron=1784926055.7534899711608886718750 HTTP/1.1" 200 5074 "-" "WordPress/6.9.4; https://as-cp.fr"
57.141.0.4 - - [24/Jul/2026:22:47:35 +0200] "GET /shops/steening/p8l3a6q9u0e359047 HTTP/1.1" 301 5197 "-" "Mozilla/5.0 (Windows NT 10.0; Win64; x64) AppleWebKit/537.36 (KHTML, like Gecko) Chrome/145.0.0.0 Safari/537.36 (compatible; meta-externalagent/1.1 (+https://developers.facebook.com/docs/sharing/webmasters/crawler))"
91.134.83.25 - - [24/Jul/2026:22:48:01 +0200] "POST /wp-cron.php?doing_wp_cron=1784926081.8429028987884521484375 HTTP/1.1" 200 5074 "-" "WordPress/6.9.4; https://as-cp.fr"
57.141.0.48 - - [24/Jul/2026:22:48:01 +0200] "GET /?v=a8l2b9u4g6i5n8e9o0u1s HTTP/1.1" 200 98108 "-" "Mozilla/5.0 (Windows NT 10.0; Win64; x64) AppleWebKit/537.36 (KHTML, like Gecko) Chrome/145.0.0.0 Safari/537.36 (compatible; meta-externalagent/1.1 (+https://developers.facebook.com/docs/sharing/webmasters/crawler))"
91.134.83.25 - - [24/Jul/2026:22:48:28 +0200] "POST /wp-cron.php?doing_wp_cron=1784926108.1436429023742675781250 HTTP/1.1" 200 5074 "-" "WordPress/6.9.4; https://as-cp.fr"
57.141.0.47 - - [24/Jul/2026:22:48:27 +0200] "GET /shops/emunctories/l8e2p4i0d1o0d2e1n0d3roid HTTP/1.1" 301 5197 "-" "Mozilla/5.0 (Windows NT 10.0; Win64; x64) AppleWebKit/537.36 (KHTML, like Gecko) Chrome/145.0.0.0 Safari/537.36 Edg/145.0.0.0 (compatible; meta-externalagent/1.1 (+https://developers.facebook.com/docs/sharing/webmasters/crawler))"
91.134.83.25 - - [24/Jul/2026:22:48:54 +0200] "POST /wp-cron.php?doing_wp_cron=1784926134.7048211097717285156250 HTTP/1.1" 200 5074 "-" "WordPress/6.9.4; https://as-cp.fr"
57.141.0.17 - - [24/Jul/2026:22:48:54 +0200] "GET /shops/mummying/x8a2n2t5h5u1r8u3s596 HTTP/1.1" 301 5197 "-" "Mozilla/5.0 (Windows NT 10.0; Win64; x64) AppleWebKit/537.36 (KHTML, like Gecko) Chrome/145.0.0.0 Safari/537.36 (compatible; meta-externalagent/1.1 (+https://developers.facebook.com/docs/sharing/webmasters/crawler))"
57.141.0.2 - - [24/Jul/2026:22:49:06 +0200] "GET /?v=t8r1i5s8y5l1l0a5b8l8e3 HTTP/1.1" 200 98108 "-" "Mozilla/5.0 (Macintosh; Intel Mac OS X 10_15_7) AppleWebKit/537.36 (KHTML, like Gecko) Chrome/145.0.0.0 Safari/537.36 (compatible; meta-externalagent/1.1 (+https://developers.facebook.com/docs/sharing/webmasters/crawler))"
91.134.83.25 - - [24/Jul/2026:22:49:52 +0200] "POST /wp-cron.php?doing_wp_cron=1784926192.6400079727172851562500 HTTP/1.1" 200 5074 "-" "WordPress/6.9.4; https://as-cp.fr"
202.61.233.195 - - [24/Jul/2026:22:49:52 +0200] "GET /wp-login.php HTTP/1.1" 200 8736 "-" "Mozilla/5.0 (Windows NT 10.0; Win64; x64) AppleWebKit/537.36 (KHTML, like Gecko) Chrome/150.0.0.0 Safari/537.36"
202.61.233.195 - - [24/Jul/2026:22:49:52 +0200] "POST /wp-login.php HTTP/1.1" 200 8911 "https://as-cp.fr/wp-login.php" "Mozilla/5.0 (Windows NT 10.0; Win64; x64) AppleWebKit/537.36 (KHTML, like Gecko) Chrome/150.0.0.0 Safari/537.36"
91.134.83.25 - - [24/Jul/2026:22:50:55 +0200] "POST /wp-cron.php?doing_wp_cron=1784926255.5614519119262695312500 HTTP/1.1" 200 5074 "-" "WordPress/6.9.4; https://as-cp.fr"
57.141.0.31 - - [24/Jul/2026:22:50:55 +0200] "GET /shops/ecclesiologist/l8y1c9a1e8n7a95564 HTTP/1.1" 301 5197 "-" "Mozilla/5.0 (Windows NT 10.0; Win64; x64) AppleWebKit/537.36 (KHTML, like Gecko) Chrome/145.0.0.0 Safari/537.36 (compatible; meta-externalagent/1.1 (+https://developers.facebook.com/docs/sharing/webmasters/crawler))"
91.134.83.25 - - [24/Jul/2026:22:51:47 +0200] "POST /wp-cron.php?doing_wp_cron=1784926307.6853249073028564453125 HTTP/1.1" 200 5074 "-" "WordPress/6.9.4; https://as-cp.fr"
57.141.0.69 - - [24/Jul/2026:22:51:47 +0200] "GET /shops/identism/e8a2r1t8h8519066 HTTP/1.1" 301 5197 "-" "Mozilla/5.0 (Windows NT 10.0; Win64; x64) AppleWebKit/537.36 (KHTML, like Gecko) Chrome/145.0.0.0 Safari/537.36 (compatible; meta-externalagent/1.1 (+https://developers.facebook.com/docs/sharing/webmasters/crawler))"
91.134.83.25 - - [24/Jul/2026:22:52:13 +0200] "POST /wp-cron.php?doing_wp_cron=1784926333.3492898941040039062500 HTTP/1.1" 200 5074 "-" "WordPress/6.9.4; https://as-cp.fr"
57.141.0.12 - - [24/Jul/2026:22:52:12 +0200] "GET /shops/coelogyne/e8n3c8o4m3p9a5s6s7e6d7 HTTP/1.1" 301 5197 "-" "Mozilla/5.0 (Macintosh; Intel Mac OS X 10_15_7) AppleWebKit/537.36 (KHTML, like Gecko) Chrome/145.0.0.0 Safari/537.36 (compatible; meta-externalagent/1.1 (+https://developers.facebook.com/docs/sharing/webmasters/crawler))"
91.134.83.25 - - [24/Jul/2026:22:52:21 +0200] "POST /wp-cron.php?doing_wp_cron=1784926341.5627789497375488281250 HTTP/1.1" 200 5074 "-" "WordPress/6.9.4; https://as-cp.fr"
57.141.0.24 - - [24/Jul/2026:22:52:21 +0200] "GET /skelet/v8a2g4i7n4a5l23792 HTTP/1.1" 301 5197 "-" "Mozilla/5.0 (Macintosh; Intel Mac OS X 10_15_7) AppleWebKit/537.36 (KHTML, like Gecko) Chrome/145.0.0.0 Safari/537.36 (compatible; meta-externalagent/1.1 (+https://developers.facebook.com/docs/sharing/webmasters/crawler))"
91.134.83.25 - - [24/Jul/2026:22:52:39 +0200] "POST /wp-cron.php?doing_wp_cron=1784926359.1109609603881835937500 HTTP/1.1" 200 5074 "-" "WordPress/6.9.4; https://as-cp.fr"
57.141.0.55 - - [24/Jul/2026:22:52:38 +0200] "GET /?v=w8h2o5l0e6759025 HTTP/1.1" 200 98108 "-" "Mozilla/5.0 (Windows NT 10.0; Win64; x64) AppleWebKit/537.36 (KHTML, like Gecko) Chrome/145.0.0.0 Safari/537.36 (compatible; meta-externalagent/1.1 (+https://developers.facebook.com/docs/sharing/webmasters/crawler))"
91.134.83.25 - - [24/Jul/2026:22:55:48 +0200] "POST /wp-cron.php?doing_wp_cron=1784926548.6465620994567871093750 HTTP/1.1" 200 5074 "-" "WordPress/6.9.4; https://as-cp.fr"
45.227.253.15 - - [24/Jul/2026:22:55:48 +0200] "GET /index.php/jk HTTP/1.1" 301 5165 "-" "Mozilla/5.0 (Windows NT 6.1; WOW64; rv:70.0) Gecko/20100101 Firefox/70.0"
45.227.253.15 - - [24/Jul/2026:22:55:48 +0200] "GET /jk HTTP/1.1" 301 5197 "https://as-cp.fr/index.php/jk" "Mozilla/5.0 (Windows NT 6.1; WOW64; rv:70.0) Gecko/20100101 Firefox/70.0"
45.227.253.15 - - [24/Jul/2026:22:55:49 +0200] "GET / HTTP/1.1" 200 26624 "https://as-cp.fr/jk" "Mozilla/5.0 (Windows NT 6.1; WOW64; rv:70.0) Gecko/20100101 Firefox/70.0"
57.141.0.55 - - [24/Jul/2026:22:55:53 +0200] "GET /?guardrail/81112376192 HTTP/1.1" 301 5075 "-" "Mozilla/5.0 (Macintosh; Intel Mac OS X 10_15_7) AppleWebKit/537.36 (KHTML, like Gecko) Chrome/145.0.0.0 Safari/537.36 (compatible; meta-externalagent/1.1 (+https://developers.facebook.com/docs/sharing/webmasters/crawler))"
91.134.83.25 - - [24/Jul/2026:22:57:02 +0200] "POST /wp-cron.php?doing_wp_cron=1784926622.9409360885620117187500 HTTP/1.1" 200 5074 "-" "WordPress/6.9.4; https://as-cp.fr"
57.141.0.21 - - [24/Jul/2026:22:57:02 +0200] "GET /disgavel/rifely/83358418643 HTTP/1.1" 301 5197 "-" "Mozilla/5.0 (Macintosh; Intel Mac OS X 10_15_7) AppleWebKit/537.36 (KHTML, like Gecko) Chrome/145.0.0.0 Safari/537.36 (compatible; meta-externalagent/1.1 (+https://developers.facebook.com/docs/sharing/webmasters/crawler))"
91.134.83.25 - - [24/Jul/2026:22:57:26 +0200] "POST /wp-cron.php?doing_wp_cron=1784926646.8756530284881591796875 HTTP/1.1" 200 5074 "-" "WordPress/6.9.4; https://as-cp.fr"
57.141.0.12 - - [24/Jul/2026:22:57:26 +0200] "GET /lovelier/avocette/83398226404 HTTP/1.1" 301 5197 "-" "Mozilla/5.0 (Macintosh; Intel Mac OS X 10_15_7) AppleWebKit/537.36 (KHTML, like Gecko) Chrome/145.0.0.0 Safari/537.36 (compatible; meta-externalagent/1.1 (+https://developers.facebook.com/docs/sharing/webmasters/crawler))"
91.134.83.25 - - [24/Jul/2026:22:57:45 +0200] "POST /wp-cron.php?doing_wp_cron=1784926665.2733321189880371093750 HTTP/1.1" 200 5074 "-" "WordPress/6.9.4; https://as-cp.fr"
57.141.0.3 - - [24/Jul/2026:22:57:44 +0200] "GET /?v=w8i3t0h5e9r1l7i8n7g70 HTTP/1.1" 200 98108 "-" "Mozilla/5.0 (Macintosh; Intel Mac OS X 10_15_7) AppleWebKit/537.36 (KHTML, like Gecko) Chrome/145.0.0.0 Safari/537.36 (compatible; meta-externalagent/1.1 (+https://developers.facebook.com/docs/sharing/webmasters/crawler))"
57.141.0.47 - - [24/Jul/2026:22:58:15 +0200] "GET /?v=m8o2n4i0l3i5f6o4r4m31 HTTP/1.1" 200 98108 "-" "Mozilla/5.0 (Macintosh; Intel Mac OS X 10_15_7) AppleWebKit/537.36 (KHTML, like Gecko) Chrome/145.0.0.0 Safari/537.36 (compatible; meta-externalagent/1.1 (+https://developers.facebook.com/docs/sharing/webmasters/crawler))"
89.246.241.14 - - [24/Jul/2026:22:58:33 +0200] "GET /traitement-des-reclamations/ HTTP/1.1" 200 21956 "-" "Mozilla/5.0 (Windows NT 10.0; Win64; x64; rv:142.0) Gecko/20100101 Firefox/142.0"
64.89.160.197 - - [24/Jul/2026:22:59:46 +0200] "GET / HTTP/1.1" 200 99320 "-" "-"
91.134.83.25 - - [24/Jul/2026:22:59:48 +0200] "POST /wp-cron.php?doing_wp_cron=1784926787.9619390964508056640625 HTTP/1.1" 200 5074 "-" "WordPress/6.9.4; https://as-cp.fr"
64.89.160.197 - - [24/Jul/2026:22:59:46 +0200] "GET /wordpress HTTP/1.1" 301 5197 "-" "-"
64.89.160.197 - - [24/Jul/2026:22:59:48 +0200] "GET / HTTP/1.1" 200 99298 "-" "-"
64.89.160.197 - - [24/Jul/2026:22:59:48 +0200] "GET /wp-admin/setup-config.php HTTP/1.1" 409 7785 "-" "-"
