57.141.0.42 - - [24/Jul/2026:19:39:38 +0200] "GET /?v=d8e2e4s8s5748654 HTTP/1.1" 200 98108 "-" "Mozilla/5.0 (Windows NT 10.0; Win64; x64) AppleWebKit/537.36 (KHTML, like Gecko) Chrome/145.0.0.0 Safari/537.36 (compatible; meta-externalagent/1.1 (+https://developers.facebook.com/docs/sharing/webmasters/crawler))"
187.77.142.146 - - [24/Jul/2026:19:42:54 +0200] "GET / HTTP/1.1" 200 26624 "-" "Sitetals-Compliance-Scanner/1.0 (+https://sitetals.com/scanner)"
91.134.83.25 - - [24/Jul/2026:19:42:55 +0200] "POST /wp-cron.php?doing_wp_cron=1784914975.4362139701843261718750 HTTP/1.1" 200 5074 "-" "WordPress/6.9.4; https://as-cp.fr"
187.77.142.146 - - [24/Jul/2026:19:42:54 +0200] "GET /mentions-legales HTTP/1.1" 301 5068 "-" "Sitetals-Compliance-Scanner/1.0 (+https://sitetals.com/scanner)"
187.77.142.146 - - [24/Jul/2026:19:42:55 +0200] "GET /mentions-legales/ HTTP/1.1" 200 24088 "-" "Sitetals-Compliance-Scanner/1.0 (+https://sitetals.com/scanner)"
187.77.142.146 - - [24/Jul/2026:19:42:55 +0200] "GET /aide-declaration-dimpot-a-perpignan-la-campagne-2026-est-lancee HTTP/1.1" 301 5115 "-" "Sitetals-Compliance-Scanner/1.0 (+https://sitetals.com/scanner)"
187.77.142.146 - - [24/Jul/2026:19:42:55 +0200] "GET /aide-declaration-dimpot-a-perpignan-la-campagne-2026-est-lancee/ HTTP/1.1" 200 24288 "-" "Sitetals-Compliance-Scanner/1.0 (+https://sitetals.com/scanner)"
185.191.171.14 - - [24/Jul/2026:19:43:52 +0200] "GET /tag/conseiller-en-succession-a-perpignan/ HTTP/1.1" 200 24557 "-" "Mozilla/5.0 (compatible; SemrushBot/7~bl; +http://www.semrush.com/bot.html)"
91.134.83.25 - - [24/Jul/2026:19:44:17 +0200] "POST /wp-cron.php?doing_wp_cron=1784915057.7045879364013671875000 HTTP/1.1" 200 5074 "-" "WordPress/6.9.4; https://as-cp.fr"
57.141.0.69 - - [24/Jul/2026:19:44:17 +0200] "GET /?v=d8i2v2i0s7i2o6n8a0r3y8 HTTP/1.1" 200 98108 "-" "Mozilla/5.0 (Macintosh; Intel Mac OS X 10_15_7) AppleWebKit/537.36 (KHTML, like Gecko) Chrome/145.0.0.0 Safari/537.36 (compatible; meta-externalagent/1.1 (+https://developers.facebook.com/docs/sharing/webmasters/crawler))"
91.134.83.25 - - [24/Jul/2026:19:44:45 +0200] "POST /wp-cron.php?doing_wp_cron=1784915085.0039329528808593750000 HTTP/1.1" 200 5074 "-" "WordPress/6.9.4; https://as-cp.fr"
57.141.0.56 - - [24/Jul/2026:19:44:44 +0200] "GET /?v=m8e3r0v8a6i8l0l6e179 HTTP/1.1" 200 98108 "-" "Mozilla/5.0 (Macintosh; Intel Mac OS X 10_15_7) AppleWebKit/537.36 (KHTML, like Gecko) Chrome/145.0.0.0 Safari/537.36 (compatible; meta-externalagent/1.1 (+https://developers.facebook.com/docs/sharing/webmasters/crawler))"
34.194.165.45 - - [24/Jul/2026:19:45:35 +0200] "GET /wp-content/uploads/2021/03/succession-a-perpignan-1024x682.jpg HTTP/1.1" 200 5101 "-" "Mozilla/5.0 AppleWebKit/537.36 (KHTML, like Gecko; compatible; Amazonbot/0.1; +https://developer.amazon.com/support/amazonbot) Chrome/119.0.6045.214 Safari/537.36"
91.134.83.25 - - [24/Jul/2026:19:45:42 +0200] "POST /wp-cron.php?doing_wp_cron=1784915142.5661759376525878906250 HTTP/1.1" 200 5074 "-" "WordPress/6.9.4; https://as-cp.fr"
57.141.0.39 - - [24/Jul/2026:19:45:42 +0200] "GET /?sebat/8545979557 HTTP/1.1" 301 5070 "-" "Mozilla/5.0 (Windows NT 10.0; Win64; x64) AppleWebKit/537.36 (KHTML, like Gecko) Chrome/145.0.0.0 Safari/537.36 (compatible; meta-externalagent/1.1 (+https://developers.facebook.com/docs/sharing/webmasters/crawler))"
57.141.0.59 - - [24/Jul/2026:19:46:13 +0200] "GET /?v=a8c2r0i0s342760 HTTP/1.1" 200 98108 "-" "Mozilla/5.0 (Windows NT 10.0; Win64; x64) AppleWebKit/537.36 (KHTML, like Gecko) Chrome/145.0.0.0 Safari/537.36 (compatible; meta-externalagent/1.1 (+https://developers.facebook.com/docs/sharing/webmasters/crawler))"
91.134.83.25 - - [24/Jul/2026:19:47:56 +0200] "POST /wp-cron.php?doing_wp_cron=1784915276.0793778896331787109375 HTTP/1.1" 200 5074 "-" "WordPress/6.9.4; https://as-cp.fr"
57.141.0.44 - - [24/Jul/2026:19:47:55 +0200] "GET /?v=a8s2c7e9r0t9a7i0n5e4d1 HTTP/1.1" 200 98108 "-" "Mozilla/5.0 (Windows NT 10.0; Win64; x64) AppleWebKit/537.36 (KHTML, like Gecko) Chrome/145.0.0.0 Safari/537.36 (compatible; meta-externalagent/1.1 (+https://developers.facebook.com/docs/sharing/webmasters/crawler))"
91.134.83.25 - - [24/Jul/2026:19:48:36 +0200] "POST /wp-cron.php?doing_wp_cron=1784915316.9379661083221435546875 HTTP/1.1" 200 5074 "-" "WordPress/6.9.4; https://as-cp.fr"
57.141.0.19 - - [24/Jul/2026:19:48:36 +0200] "GET /shops/aortal/v8e3r0i8f6i4e7d9873 HTTP/1.1" 301 5197 "-" "Mozilla/5.0 (Macintosh; Intel Mac OS X 10_15_7) AppleWebKit/537.36 (KHTML, like Gecko) Chrome/145.0.0.0 Safari/537.36 (compatible; meta-externalagent/1.1 (+https://developers.facebook.com/docs/sharing/webmasters/crawler))"
91.134.83.25 - - [24/Jul/2026:19:49:57 +0200] "POST /wp-cron.php?doing_wp_cron=1784915397.7920689582824707031250 HTTP/1.1" 200 5074 "-" "WordPress/6.9.4; https://as-cp.fr"
57.141.0.26 - - [24/Jul/2026:19:49:57 +0200] "GET /?v=f8l2e8c9t7o7r05331 HTTP/1.1" 200 98108 "-" "Mozilla/5.0 (Macintosh; Intel Mac OS X 10_15_7) AppleWebKit/537.36 (KHTML, like Gecko) Chrome/145.0.0.0 Safari/537.36 (compatible; meta-externalagent/1.1 (+https://developers.facebook.com/docs/sharing/webmasters/crawler))"
45.131.193.157 - - [24/Jul/2026:19:50:02 +0200] "POST /wp-login.php HTTP/1.1" 200 8904 "-" "Mozilla/5.0 (Windows NT 10.0; Win64; rv:143.0) Gecko/20100101 Firefox/143.0"
45.131.193.168 - - [24/Jul/2026:19:50:01 +0200] "POST /wp-login.php HTTP/1.1" 200 8903 "-" "Mozilla/5.0 (Windows NT 10.0; Win64; rv:143.0) Gecko/20100101 Firefox/143.0"
57.141.0.45 - - [24/Jul/2026:19:50:05 +0200] "GET /vineleaf/preserved/82064452354 HTTP/1.1" 301 5197 "-" "Mozilla/5.0 (Windows NT 10.0; Win64; x64) AppleWebKit/537.36 (KHTML, like Gecko) Chrome/145.0.0.0 Safari/537.36 (compatible; meta-externalagent/1.1 (+https://developers.facebook.com/docs/sharing/webmasters/crawler))"
91.134.83.25 - - [24/Jul/2026:19:52:20 +0200] "POST /wp-cron.php?doing_wp_cron=1784915540.3293409347534179687500 HTTP/1.1" 200 5074 "-" "WordPress/6.9.4; https://as-cp.fr"
57.141.0.42 - - [24/Jul/2026:19:52:19 +0200] "GET /?v=k8i7m7n4e1l6581 HTTP/1.1" 200 98108 "-" "Mozilla/5.0 (Macintosh; Intel Mac OS X 10_15_7) AppleWebKit/537.36 (KHTML, like Gecko) Chrome/145.0.0.0 Safari/537.36 (compatible; meta-externalagent/1.1 (+https://developers.facebook.com/docs/sharing/webmasters/crawler))"
91.134.83.25 - - [24/Jul/2026:19:52:32 +0200] "POST /wp-cron.php?doing_wp_cron=1784915552.7012529373168945312500 HTTP/1.1" 200 5074 "-" "WordPress/6.9.4; https://as-cp.fr"
57.141.0.35 - - [24/Jul/2026:19:52:32 +0200] "GET /shops/azotometer/g8r1a8d5a1t9e62329 HTTP/1.1" 301 5197 "-" "Mozilla/5.0 (Windows NT 10.0; Win64; x64) AppleWebKit/537.36 (KHTML, like Gecko) Chrome/145.0.0.0 Safari/537.36 (compatible; meta-externalagent/1.1 (+https://developers.facebook.com/docs/sharing/webmasters/crawler))"
91.134.83.25 - - [24/Jul/2026:19:54:04 +0200] "POST /wp-cron.php?doing_wp_cron=1784915644.3406860828399658203125 HTTP/1.1" 200 5074 "-" "WordPress/6.9.4; https://as-cp.fr"
57.141.0.10 - - [24/Jul/2026:19:54:03 +0200] "GET /?v=b8a3r0r3a7c0u7d1a405 HTTP/1.1" 200 98108 "-" "Mozilla/5.0 (Macintosh; Intel Mac OS X 10_15_7) AppleWebKit/537.36 (KHTML, like Gecko) Chrome/145.0.0.0 Safari/537.36 (compatible; meta-externalagent/1.1 (+https://developers.facebook.com/docs/sharing/webmasters/crawler))"
159.223.177.192 - - [24/Jul/2026:19:54:29 +0200] "GET /wp-includes/core.php HTTP/1.1" 403 5816 "-" "Mozlila/5.0 (Linux; Android 7.0; SM-G892A Bulid/NRD90M; wv) AppleWebKit/537.36 (KHTML, like Gecko) Version/4.0 Chrome/60.0.3112.107 Moblie Safari/537.36"
91.134.83.25 - - [24/Jul/2026:19:54:48 +0200] "POST /wp-cron.php?doing_wp_cron=1784915688.7902541160583496093750 HTTP/1.1" 200 5074 "-" "WordPress/6.9.4; https://as-cp.fr"
160.187.68.132 - - [24/Jul/2026:19:54:48 +0200] "GET /wp-login.php HTTP/1.1" 200 8736 "-" "Mozilla/5.0 (Windows NT 10.0; Win64; x64) AppleWebKit/537.36 (KHTML, like Gecko) Chrome/150.0.0.0 Safari/537.36"
160.187.68.132 - - [24/Jul/2026:19:54:49 +0200] "POST /wp-login.php HTTP/1.1" 200 8912 "https://as-cp.fr/wp-login.php" "Mozilla/5.0 (Windows NT 10.0; Win64; x64) AppleWebKit/537.36 (KHTML, like Gecko) Chrome/150.0.0.0 Safari/537.36"
91.134.83.25 - - [24/Jul/2026:19:55:23 +0200] "POST /wp-cron.php?doing_wp_cron=1784915723.2634611129760742187500 HTTP/1.1" 200 5074 "-" "WordPress/6.9.4; https://as-cp.fr"
209.42.27.159 - - [24/Jul/2026:19:55:22 +0200] "GET /wp-login.php HTTP/1.1" 200 8736 "-" "Mozilla/5.0 (Windows NT 10.0; Win64; x64) AppleWebKit/537.36 (KHTML, like Gecko) Chrome/150.0.0.0 Safari/537.36"
209.42.27.159 - - [24/Jul/2026:19:55:23 +0200] "POST /wp-login.php HTTP/1.1" 200 8911 "https://as-cp.fr/wp-login.php" "Mozilla/5.0 (Windows NT 10.0; Win64; x64) AppleWebKit/537.36 (KHTML, like Gecko) Chrome/150.0.0.0 Safari/537.36"
65.109.158.145 - - [24/Jul/2026:19:55:31 +0200] "GET /wp-login.php HTTP/1.1" 200 8736 "-" "Mozilla/5.0 (Windows NT 10.0; Win64; x64) AppleWebKit/537.36 (KHTML, like Gecko) Chrome/150.0.0.0 Safari/537.36"
91.134.83.25 - - [24/Jul/2026:19:58:01 +0200] "POST /wp-cron.php?doing_wp_cron=1784915881.0922191143035888671875 HTTP/1.1" 200 5074 "-" "WordPress/6.9.4; https://as-cp.fr"
57.141.0.26 - - [24/Jul/2026:19:58:00 +0200] "GET /?caulocarpous/82449550802 HTTP/1.1" 301 5078 "-" "Mozilla/5.0 (Windows NT 10.0; Win64; x64) AppleWebKit/537.36 (KHTML, like Gecko) Chrome/145.0.0.0 Safari/537.36 (compatible; meta-externalagent/1.1 (+https://developers.facebook.com/docs/sharing/webmasters/crawler))"
91.134.83.25 - - [24/Jul/2026:19:59:09 +0200] "POST /wp-cron.php?doing_wp_cron=1784915949.8635289669036865234375 HTTP/1.1" 200 5074 "-" "WordPress/6.9.4; https://as-cp.fr"
57.141.0.36 - - [24/Jul/2026:19:59:09 +0200] "GET /?v=u8n1s2t9u3d5i7e8d190 HTTP/1.1" 200 98108 "-" "Mozilla/5.0 (Windows NT 10.0; Win64; x64) AppleWebKit/537.36 (KHTML, like Gecko) Chrome/145.0.0.0 Safari/537.36 (compatible; meta-externalagent/1.1 (+https://developers.facebook.com/docs/sharing/webmasters/crawler))"
91.134.83.25 - - [24/Jul/2026:19:59:30 +0200] "POST /wp-cron.php?doing_wp_cron=1784915970.8141360282897949218750 HTTP/1.1" 200 5074 "-" "WordPress/6.9.4; https://as-cp.fr"
57.141.0.24 - - [24/Jul/2026:19:59:30 +0200] "GET /?v=c8o2n6j3u3r5a0t3i3o0n4 HTTP/1.1" 200 98108 "-" "Mozilla/5.0 (Windows NT 10.0; Win64; x64) AppleWebKit/537.36 (KHTML, like Gecko) Chrome/145.0.0.0 Safari/537.36 (compatible; meta-externalagent/1.1 (+https://developers.facebook.com/docs/sharing/webmasters/crawler))"
91.134.83.25 - - [24/Jul/2026:20:00:33 +0200] "POST /wp-cron.php?doing_wp_cron=1784916033.4265511035919189453125 HTTP/1.1" 200 5074 "-" "WordPress/6.9.4; https://as-cp.fr"
57.141.0.59 - - [24/Jul/2026:20:00:32 +0200] "GET /?v=a8r4c2t2o0m9y9s7749 HTTP/1.1" 200 98108 "-" "Mozilla/5.0 (X11; Linux x86_64) AppleWebKit/537.36 (KHTML, like Gecko) Chrome/145.0.0.0 Safari/537.36 (compatible; meta-externalagent/1.1 (+https://developers.facebook.com/docs/sharing/webmasters/crawler))"
91.134.83.25 - - [24/Jul/2026:20:01:15 +0200] "POST /wp-cron.php?doing_wp_cron=1784916075.7911028861999511718750 HTTP/1.1" 200 5074 "-" "WordPress/6.9.4; https://as-cp.fr"
57.141.0.63 - - [24/Jul/2026:20:01:15 +0200] "GET /glochidia/b8a4l5d4r1i3b1257 HTTP/1.1" 301 5197 "-" "Mozilla/5.0 (Windows NT 10.0; Win64; x64) AppleWebKit/537.36 (KHTML, like Gecko) Chrome/145.0.0.0 Safari/537.36 (compatible; meta-externalagent/1.1 (+https://developers.facebook.com/docs/sharing/webmasters/crawler))"
91.134.83.25 - - [24/Jul/2026:20:01:34 +0200] "POST /wp-cron.php?doing_wp_cron=1784916094.5560228824615478515625 HTTP/1.1" 200 5074 "-" "WordPress/6.9.4; https://as-cp.fr"
57.141.0.7 - - [24/Jul/2026:20:01:33 +0200] "GET /?v=a8n1o5m5m2a445304 HTTP/1.1" 200 98108 "-" "Mozilla/5.0 (Windows NT 10.0; Win64; x64) AppleWebKit/537.36 (KHTML, like Gecko) Chrome/145.0.0.0 Safari/537.36 (compatible; meta-externalagent/1.1 (+https://developers.facebook.com/docs/sharing/webmasters/crawler))"
91.134.83.25 - - [24/Jul/2026:20:02:06 +0200] "POST /wp-cron.php?doing_wp_cron=1784916126.9455170631408691406250 HTTP/1.1" 200 5074 "-" "WordPress/6.9.4; https://as-cp.fr"
57.141.0.63 - - [24/Jul/2026:20:02:06 +0200] "GET /shops/toadyism/b8o3r1n6o9u2s844 HTTP/1.1" 301 5197 "-" "Mozilla/5.0 (Windows NT 10.0; Win64; x64) AppleWebKit/537.36 (KHTML, like Gecko) Chrome/145.0.0.0 Safari/537.36 (compatible; meta-externalagent/1.1 (+https://developers.facebook.com/docs/sharing/webmasters/crawler))"
57.141.0.51 - - [24/Jul/2026:20:02:14 +0200] "GET /shops/cytostasis/s8a1n9a9b9i5l5i3t4y88 HTTP/1.1" 301 5197 "-" "Mozilla/5.0 (Windows NT 10.0; Win64; x64) AppleWebKit/537.36 (KHTML, like Gecko) Chrome/145.0.0.0 Safari/537.36 (compatible; meta-externalagent/1.1 (+https://developers.facebook.com/docs/sharing/webmasters/crawler))"
91.134.83.25 - - [24/Jul/2026:20:07:56 +0200] "POST /wp-cron.php?doing_wp_cron=1784916476.7230339050292968750000 HTTP/1.1" 200 5074 "-" "WordPress/6.9.4; https://as-cp.fr"
57.141.0.25 - - [24/Jul/2026:20:07:56 +0200] "GET /overbalance/since/d8e1g2l8u8t9i8n9a3t8i6on HTTP/1.1" 301 5197 "-" "Mozilla/5.0 (Windows NT 10.0; Win64; x64) AppleWebKit/537.36 (KHTML, like Gecko) Chrome/145.0.0.0 Safari/537.36 (compatible; meta-externalagent/1.1 (+https://developers.facebook.com/docs/sharing/webmasters/crawler))"
91.134.83.25 - - [24/Jul/2026:20:09:15 +0200] "POST /wp-cron.php?doing_wp_cron=1784916555.5766930580139160156250 HTTP/1.1" 200 5074 "-" "WordPress/6.9.4; https://as-cp.fr"
57.141.0.23 - - [24/Jul/2026:20:09:15 +0200] "GET /?v=g8a2l5l0i3a7r0d8i6s5e8 HTTP/1.1" 200 98108 "-" "Mozilla/5.0 (Windows NT 10.0; Win64; x64) AppleWebKit/537.36 (KHTML, like Gecko) Chrome/145.0.0.0 Safari/537.36 (compatible; meta-externalagent/1.1 (+https://developers.facebook.com/docs/sharing/webmasters/crawler))"
91.134.83.25 - - [24/Jul/2026:20:10:12 +0200] "POST /wp-cron.php?doing_wp_cron=1784916612.2306709289550781250000 HTTP/1.1" 200 5074 "-" "WordPress/6.9.4; https://as-cp.fr"
57.141.0.35 - - [24/Jul/2026:20:10:11 +0200] "GET /?v=s8c3r7e7w4c5u6t8t2i0n8g HTTP/1.1" 200 98108 "-" "Mozilla/5.0 (Macintosh; Intel Mac OS X 10_15_7) AppleWebKit/537.36 (KHTML, like Gecko) Chrome/145.0.0.0 Safari/537.36 (compatible; meta-externalagent/1.1 (+https://developers.facebook.com/docs/sharing/webmasters/crawler))"
91.134.83.25 - - [24/Jul/2026:20:11:26 +0200] "POST /wp-cron.php?doing_wp_cron=1784916686.6434469223022460937500 HTTP/1.1" 200 5074 "-" "WordPress/6.9.4; https://as-cp.fr"
57.141.0.22 - - [24/Jul/2026:20:11:26 +0200] "GET /?v=v8e2r0n2a6n9t72706 HTTP/1.1" 200 98108 "-" "Mozilla/5.0 (Macintosh; Intel Mac OS X 10_15_7) AppleWebKit/537.36 (KHTML, like Gecko) Chrome/145.0.0.0 Safari/537.36 (compatible; meta-externalagent/1.1 (+https://developers.facebook.com/docs/sharing/webmasters/crawler))"
91.134.83.25 - - [24/Jul/2026:20:12:04 +0200] "POST /wp-cron.php?doing_wp_cron=1784916724.4993479251861572265625 HTTP/1.1" 200 5074 "-" "WordPress/6.9.4; https://as-cp.fr"
57.141.0.32 - - [24/Jul/2026:20:12:04 +0200] "GET /shops/sacculmic/o8c2t8o9s4p3e9r5m3o7u2s HTTP/1.1" 301 5197 "-" "Mozilla/5.0 (Macintosh; Intel Mac OS X 10_15_7) AppleWebKit/537.36 (KHTML, like Gecko) Chrome/145.0.0.0 Safari/537.36 (compatible; meta-externalagent/1.1 (+https://developers.facebook.com/docs/sharing/webmasters/crawler))"
91.134.83.25 - - [24/Jul/2026:20:12:57 +0200] "POST /wp-cron.php?doing_wp_cron=1784916777.2011930942535400390625 HTTP/1.1" 200 5074 "-" "WordPress/6.9.4; https://as-cp.fr"
142.93.10.93 - - [24/Jul/2026:20:12:56 +0200] "GET /wp-login.php HTTP/1.1" 200 8736 "-" "Mozilla/5.0 (Windows NT 10.0; Win64; x64) AppleWebKit/537.36 (KHTML, like Gecko) Chrome/150.0.0.0 Safari/537.36"
142.93.10.93 - - [24/Jul/2026:20:12:57 +0200] "POST /wp-login.php HTTP/1.1" 200 8912 "https://as-cp.fr/wp-login.php" "Mozilla/5.0 (Windows NT 10.0; Win64; x64) AppleWebKit/537.36 (KHTML, like Gecko) Chrome/150.0.0.0 Safari/537.36"
91.134.83.25 - - [24/Jul/2026:20:13:19 +0200] "POST /wp-cron.php?doing_wp_cron=1784916799.1398329734802246093750 HTTP/1.1" 200 5074 "-" "WordPress/6.9.4; https://as-cp.fr"
195.26.253.119 - - [24/Jul/2026:20:13:18 +0200] "GET /wp-login.php HTTP/1.1" 200 8736 "-" "Mozilla/5.0 (Windows NT 10.0; Win64; x64) AppleWebKit/537.36 (KHTML, like Gecko) Chrome/150.0.0.0 Safari/537.36"
195.26.253.119 - - [24/Jul/2026:20:13:19 +0200] "POST /wp-login.php HTTP/1.1" 200 8911 "https://as-cp.fr/wp-login.php" "Mozilla/5.0 (Windows NT 10.0; Win64; x64) AppleWebKit/537.36 (KHTML, like Gecko) Chrome/150.0.0.0 Safari/537.36"
91.134.83.25 - - [24/Jul/2026:20:14:43 +0200] "POST /wp-cron.php?doing_wp_cron=1784916883.7476539611816406250000 HTTP/1.1" 200 5074 "-" "WordPress/6.9.4; https://as-cp.fr"
57.141.0.34 - - [24/Jul/2026:20:14:43 +0200] "GET /yaulp/t8e2t7r7a3g6o1n5o4l8o7bus HTTP/1.1" 301 5197 "-" "Mozilla/5.0 (Windows NT 10.0; Win64; x64) AppleWebKit/537.36 (KHTML, like Gecko) Chrome/145.0.0.0 Safari/537.36 (compatible; meta-externalagent/1.1 (+https://developers.facebook.com/docs/sharing/webmasters/crawler))"
57.141.0.55 - - [24/Jul/2026:20:15:15 +0200] "GET /shops/taplash/d8i7s4p3e8l1l4i3n5g5 HTTP/1.1" 301 5197 "-" "Mozilla/5.0 (Macintosh; Intel Mac OS X 10_15_7) AppleWebKit/537.36 (KHTML, like Gecko) Chrome/145.0.0.0 Safari/537.36 (compatible; meta-externalagent/1.1 (+https://developers.facebook.com/docs/sharing/webmasters/crawler))"
91.134.83.25 - - [24/Jul/2026:20:15:58 +0200] "POST /wp-cron.php?doing_wp_cron=1784916958.6136839389801025390625 HTTP/1.1" 200 5074 "-" "WordPress/6.9.4; https://as-cp.fr"
57.141.0.62 - - [24/Jul/2026:20:15:58 +0200] "GET /?v=s8i9g7n9a4l6l1y029 HTTP/1.1" 200 98108 "-" "Mozilla/5.0 (Windows NT 10.0; Win64; x64) AppleWebKit/537.36 (KHTML, like Gecko) Chrome/145.0.0.0 Safari/537.36 (compatible; meta-externalagent/1.1 (+https://developers.facebook.com/docs/sharing/webmasters/crawler))"
91.134.83.25 - - [24/Jul/2026:20:17:03 +0200] "POST /wp-cron.php?doing_wp_cron=1784917023.1552529335021972656250 HTTP/1.1" 200 5074 "-" "WordPress/6.9.4; https://as-cp.fr"
57.141.0.19 - - [24/Jul/2026:20:17:02 +0200] "GET /?v=h8o1b6b3l5e886716 HTTP/1.1" 200 98108 "-" "Mozilla/5.0 (Macintosh; Intel Mac OS X 10_15_7) AppleWebKit/537.36 (KHTML, like Gecko) Chrome/145.0.0.0 Safari/537.36 (compatible; meta-externalagent/1.1 (+https://developers.facebook.com/docs/sharing/webmasters/crawler))"
40.77.167.150 - - [24/Jul/2026:20:17:06 +0200] "GET /contact HTTP/1.1" 301 5059 "-" "Mozilla/5.0 AppleWebKit/537.36 (KHTML, like Gecko; compatible; bingbot/2.0; +http://www.bing.com/bingbot.htm) Chrome/116.0.1938.76 Safari/537.36"
40.77.167.150 - - [24/Jul/2026:20:17:07 +0200] "GET /contact/ HTTP/1.1" 200 22183 "-" "Mozilla/5.0 AppleWebKit/537.36 (KHTML, like Gecko; compatible; bingbot/2.0; +http://www.bing.com/bingbot.htm) Chrome/116.0.1938.76 Safari/537.36"
91.134.83.25 - - [24/Jul/2026:20:17:37 +0200] "POST /wp-cron.php?doing_wp_cron=1784917057.9654779434204101562500 HTTP/1.1" 200 5074 "-" "WordPress/6.9.4; https://as-cp.fr"
57.141.0.45 - - [24/Jul/2026:20:17:37 +0200] "GET /shops/firenew/l8e1g2a1t3o50484 HTTP/1.1" 301 5197 "-" "Mozilla/5.0 (Windows NT 10.0; Win64; x64) AppleWebKit/537.36 (KHTML, like Gecko) Chrome/144.0.0.0 Safari/537.36 Edg/144.0.0.0 (compatible; meta-externalagent/1.1 (+https://developers.facebook.com/docs/sharing/webmasters/crawler))"
91.134.83.25 - - [24/Jul/2026:20:18:33 +0200] "POST /wp-cron.php?doing_wp_cron=1784917113.5840859413146972656250 HTTP/1.1" 200 5074 "-" "WordPress/6.9.4; https://as-cp.fr"
57.141.0.24 - - [24/Jul/2026:20:18:33 +0200] "GET /phene/c8t4e8n4o0m3y8s377 HTTP/1.1" 301 5197 "-" "Mozilla/5.0 (Macintosh; Intel Mac OS X 10_15_7) AppleWebKit/537.36 (KHTML, like Gecko) Chrome/145.0.0.0 Safari/537.36 (compatible; meta-externalagent/1.1 (+https://developers.facebook.com/docs/sharing/webmasters/crawler))"
91.134.83.25 - - [24/Jul/2026:20:19:13 +0200] "POST /wp-cron.php?doing_wp_cron=1784917153.5508859157562255859375 HTTP/1.1" 200 5074 "-" "WordPress/6.9.4; https://as-cp.fr"
57.141.0.24 - - [24/Jul/2026:20:19:13 +0200] "GET /shops/alienated/i8m3p0o2s6i6n1g4216 HTTP/1.1" 301 5197 "-" "Mozilla/5.0 (Windows NT 10.0; Win64; x64) AppleWebKit/537.36 (KHTML, like Gecko) Chrome/145.0.0.0 Safari/537.36 (compatible; meta-externalagent/1.1 (+https://developers.facebook.com/docs/sharing/webmasters/crawler))"
91.134.83.25 - - [24/Jul/2026:20:19:36 +0200] "POST /wp-cron.php?doing_wp_cron=1784917176.5408110618591308593750 HTTP/1.1" 200 5074 "-" "WordPress/6.9.4; https://as-cp.fr"
57.141.0.38 - - [24/Jul/2026:20:19:36 +0200] "GET /?v=d8i3s5a9c3i4d0i6f7y83 HTTP/1.1" 200 98108 "-" "Mozilla/5.0 (Windows NT 10.0; Win64; x64) AppleWebKit/537.36 (KHTML, like Gecko) Chrome/145.0.0.0 Safari/537.36 (compatible; meta-externalagent/1.1 (+https://developers.facebook.com/docs/sharing/webmasters/crawler))"
158.158.41.78 - - [24/Jul/2026:20:19:37 +0200] "GET /wp-content/plugins/hellopress/wp_filemanager.php HTTP/1.1" 301 5197 "-" "-"
158.158.41.78 - - [24/Jul/2026:20:19:37 +0200] "GET / HTTP/1.1" 200 99298 "-" "-"
158.158.41.78 - - [24/Jul/2026:20:19:37 +0200] "GET /this_is_a_new_hello_world.php HTTP/1.1" 403 5816 "-" "-"
158.158.41.78 - - [24/Jul/2026:20:19:37 +0200] "GET /admin.php HTTP/1.1" 301 5197 "-" "-"
158.158.41.78 - - [24/Jul/2026:20:19:38 +0200] "GET / HTTP/1.1" 200 99298 "-" "-"
158.158.41.78 - - [24/Jul/2026:20:19:38 +0200] "GET /public/css.php HTTP/1.1" 301 5197 "-" "-"
158.158.41.78 - - [24/Jul/2026:20:19:38 +0200] "GET / HTTP/1.1" 200 99298 "-" "-"
158.158.41.78 - - [24/Jul/2026:20:19:39 +0200] "GET /classwithtostring.php HTTP/1.1" 403 5816 "-" "-"
158.158.41.78 - - [24/Jul/2026:20:19:39 +0200] "GET /wp-includes/block-supports/ HTTP/1.1" 403 5816 "-" "-"
158.158.41.78 - - [24/Jul/2026:20:19:39 +0200] "GET /wp-content/admin.php HTTP/1.1" 301 5197 "-" "-"
158.158.41.78 - - [24/Jul/2026:20:19:39 +0200] "GET / HTTP/1.1" 200 99298 "-" "-"
158.158.41.78 - - [24/Jul/2026:20:19:39 +0200] "GET /gelay.php HTTP/1.1" 403 5816 "-" "-"
158.158.41.78 - - [24/Jul/2026:20:19:39 +0200] "GET /wp-admin/images/admin.php HTTP/1.1" 301 5197 "-" "-"
158.158.41.78 - - [24/Jul/2026:20:19:40 +0200] "GET / HTTP/1.1" 200 99298 "-" "-"
158.158.41.78 - - [24/Jul/2026:20:19:40 +0200] "GET /adminfuns.php HTTP/1.1" 301 5197 "-" "-"
158.158.41.78 - - [24/Jul/2026:20:19:40 +0200] "GET / HTTP/1.1" 200 99298 "-" "-"
158.158.41.78 - - [24/Jul/2026:20:19:40 +0200] "GET /wp-admin/css/ HTTP/1.1" 403 5816 "-" "-"
158.158.41.78 - - [24/Jul/2026:20:19:40 +0200] "GET /admin/controller/extension/extension/ultra.php HTTP/1.1" 301 5197 "-" "-"
158.158.41.78 - - [24/Jul/2026:20:19:41 +0200] "GET / HTTP/1.1" 200 99298 "-" "-"
158.158.41.78 - - [24/Jul/2026:20:19:41 +0200] "GET /about.php HTTP/1.1" 403 5816 "-" "-"
158.158.41.78 - - [24/Jul/2026:20:19:41 +0200] "GET /wp-admin/css/colors/index.php HTTP/1.1" 301 5183 "-" "-"
158.158.41.78 - - [24/Jul/2026:20:19:42 +0200] "GET /wp-admin/css/colors/ HTTP/1.1" 403 5816 "-" "-"
158.158.41.78 - - [24/Jul/2026:20:19:42 +0200] "GET /f35.php HTTP/1.1" 403 5816 "-" "-"
158.158.41.78 - - [24/Jul/2026:20:19:42 +0200] "GET /wp-includes/js/ HTTP/1.1" 403 5816 "-" "-"
158.158.41.78 - - [24/Jul/2026:20:19:42 +0200] "GET /inputs.php HTTP/1.1" 301 5197 "-" "-"
158.158.41.78 - - [24/Jul/2026:20:19:42 +0200] "GET / HTTP/1.1" 200 99298 "-" "-"
158.158.41.78 - - [24/Jul/2026:20:19:42 +0200] "GET /wp-admin/css/colors/ HTTP/1.1" 403 5816 "-" "-"
158.158.41.78 - - [24/Jul/2026:20:19:43 +0200] "GET /alfa.php HTTP/1.1" 403 5816 "-" "-"
158.158.41.78 - - [24/Jul/2026:20:19:43 +0200] "GET /lock360.php HTTP/1.1" 403 5816 "-" "-"
158.158.41.78 - - [24/Jul/2026:20:19:43 +0200] "GET /flower.php HTTP/1.1" 403 5816 "-" "-"
158.158.41.78 - - [24/Jul/2026:20:19:43 +0200] "GET /13.php HTTP/1.1" 403 5816 "-" "-"
158.158.41.78 - - [24/Jul/2026:20:19:43 +0200] "GET /cc.php HTTP/1.1" 403 5816 "-" "-"
158.158.41.78 - - [24/Jul/2026:20:19:43 +0200] "GET /gecko-new.php HTTP/1.1" 403 5816 "-" "-"
158.158.41.78 - - [24/Jul/2026:20:19:43 +0200] "GET /wp-content.php.php HTTP/1.1" 403 5816 "-" "-"
158.158.41.78 - - [24/Jul/2026:20:19:43 +0200] "GET /01.php HTTP/1.1" 403 5816 "-" "-"
158.158.41.78 - - [24/Jul/2026:20:19:43 +0200] "GET /lv.php HTTP/1.1" 403 5816 "-" "-"
158.158.41.78 - - [24/Jul/2026:20:19:43 +0200] "GET /new.php HTTP/1.1" 403 5816 "-" "-"
158.158.41.78 - - [24/Jul/2026:20:19:43 +0200] "GET /222.php HTTP/1.1" 403 5816 "-" "-"
158.158.41.78 - - [24/Jul/2026:20:19:44 +0200] "GET /chosen.php HTTP/1.1" 403 5816 "-" "-"
158.158.41.78 - - [24/Jul/2026:20:19:44 +0200] "GET /info.php HTTP/1.1" 403 5816 "-" "-"
158.158.41.78 - - [24/Jul/2026:20:19:44 +0200] "GET /wp-includes/html-api/ HTTP/1.1" 403 5816 "-" "-"
91.134.83.25 - - [24/Jul/2026:20:19:44 +0200] "POST /wp-cron.php?doing_wp_cron=1784917184.6553430557250976562500 HTTP/1.1" 200 5074 "-" "WordPress/6.9.4; https://as-cp.fr"
158.158.41.78 - - [24/Jul/2026:20:19:44 +0200] "GET /wp-includes/ID3/index.php HTTP/1.1" 301 5179 "-" "-"
158.158.41.78 - - [24/Jul/2026:20:19:44 +0200] "GET /wp-includes/ID3/ HTTP/1.1" 403 5816 "-" "-"
158.158.41.78 - - [24/Jul/2026:20:19:44 +0200] "GET /wp-admin/network/index.php HTTP/1.1" 302 5240 "-" "-"
158.158.41.78 - - [24/Jul/2026:20:19:45 +0200] "GET /wp-login.php?redirect_to=https%3A%2F%2Fas-cp.fr%2Fwp-admin%2Fnetwork%2Findex.php&reauth=1 HTTP/1.1" 200 19164 "-" "-"
158.158.41.78 - - [24/Jul/2026:20:19:46 +0200] "GET /k.php HTTP/1.1" 403 5816 "-" "-"
158.158.41.78 - - [24/Jul/2026:20:19:48 +0200] "GET /wp-admin/js/ HTTP/1.1" 403 5816 "-" "-"
158.158.41.78 - - [24/Jul/2026:20:19:49 +0200] "GET /403.php HTTP/1.1" 403 5816 "-" "-"
158.158.41.78 - - [24/Jul/2026:20:19:50 +0200] "GET /wp-includes/images/ HTTP/1.1" 403 5816 "-" "-"
158.158.41.78 - - [24/Jul/2026:20:19:50 +0200] "GET /wp-content/cache/ HTTP/1.1" 403 5816 "-" "-"
158.158.41.78 - - [24/Jul/2026:20:19:52 +0200] "GET /gecko.php HTTP/1.1" 403 5816 "-" "-"
158.158.41.78 - - [24/Jul/2026:20:19:52 +0200] "GET /wp-includes/ HTTP/1.1" 403 5816 "-" "-"
158.158.41.78 - - [24/Jul/2026:20:19:52 +0200] "GET /aa.php HTTP/1.1" 403 5816 "-" "-"
158.158.41.78 - - [24/Jul/2026:20:19:52 +0200] "GET /0x.php HTTP/1.1" 403 5816 "-" "-"
158.158.41.78 - - [24/Jul/2026:20:19:52 +0200] "GET /www.php HTTP/1.1" 403 5816 "-" "-"
158.158.41.78 - - [24/Jul/2026:20:19:52 +0200] "GET /wicked.php HTTP/1.1" 403 5816 "-" "-"
158.158.41.78 - - [24/Jul/2026:20:19:52 +0200] "GET /HLA-dd.php HTTP/1.1" 403 5816 "-" "-"
158.158.41.78 - - [24/Jul/2026:20:19:52 +0200] "GET /wp-content/upgrade/index.php HTTP/1.1" 301 5182 "-" "-"
158.158.41.78 - - [24/Jul/2026:20:19:53 +0200] "GET /wp-content/upgrade/ HTTP/1.1" 403 5816 "-" "-"
158.158.41.78 - - [24/Jul/2026:20:19:53 +0200] "GET /cah.php HTTP/1.1" 403 5816 "-" "-"
158.158.41.78 - - [24/Jul/2026:20:19:53 +0200] "GET /wp-includes/js/tinymce/plugins/compat3x/css/ HTTP/1.1" 403 5816 "-" "-"
158.158.41.78 - - [24/Jul/2026:20:19:52 +0200] "GET /zxz.php HTTP/1.1" 403 5816 "-" "-"
158.158.41.78 - - [24/Jul/2026:20:19:54 +0200] "GET /system_log.php HTTP/1.1" 301 5197 "-" "-"
158.158.41.78 - - [24/Jul/2026:20:19:54 +0200] "GET / HTTP/1.1" 200 99298 "-" "-"
158.158.41.78 - - [24/Jul/2026:20:19:56 +0200] "GET /wp-includes/pomo/ HTTP/1.1" 403 5816 "-" "-"
158.158.41.78 - - [24/Jul/2026:20:19:58 +0200] "GET /wp-admin/user/index.php HTTP/1.1" 302 5237 "-" "-"
158.158.41.78 - - [24/Jul/2026:20:19:59 +0200] "GET /wp-login.php?redirect_to=https%3A%2F%2Fas-cp.fr%2Fwp-admin%2Fuser%2Findex.php&reauth=1 HTTP/1.1" 200 19158 "-" "-"
158.158.41.78 - - [24/Jul/2026:20:19:59 +0200] "GET /ioxi-o.php HTTP/1.1" 403 5816 "-" "-"
158.158.41.78 - - [24/Jul/2026:20:19:59 +0200] "GET /abc.php HTTP/1.1" 403 5816 "-" "-"
158.158.41.78 - - [24/Jul/2026:20:20:00 +0200] "GET /akcc.php HTTP/1.1" 403 5816 "-" "-"
158.158.41.78 - - [24/Jul/2026:20:20:01 +0200] "GET /wk/index.php HTTP/1.1" 301 5166 "-" "-"
158.158.41.78 - - [24/Jul/2026:20:20:02 +0200] "GET /wk/ HTTP/1.1" 301 5197 "-" "-"
158.158.41.78 - - [24/Jul/2026:20:20:03 +0200] "GET / HTTP/1.1" 200 99298 "-" "-"
158.158.41.78 - - [24/Jul/2026:20:20:05 +0200] "GET /1.php HTTP/1.1" 403 5816 "-" "-"
158.158.41.78 - - [24/Jul/2026:20:20:05 +0200] "GET /wp-content/x/index.php HTTP/1.1" 301 5176 "-" "-"
158.158.41.78 - - [24/Jul/2026:20:20:05 +0200] "GET /wp-content/x/ HTTP/1.1" 301 5197 "-" "-"
158.158.41.78 - - [24/Jul/2026:20:20:06 +0200] "GET / HTTP/1.1" 200 99298 "-" "-"
158.158.41.78 - - [24/Jul/2026:20:20:06 +0200] "GET /wp-content/index.php HTTP/1.1" 200 4981 "-" "-"
158.158.41.78 - - [24/Jul/2026:20:20:06 +0200] "GET /as.php HTTP/1.1" 403 5816 "-" "-"
158.158.41.78 - - [24/Jul/2026:20:20:07 +0200] "GET /wp-content/themes/admin.php HTTP/1.1" 301 5197 "-" "-"
158.158.41.78 - - [24/Jul/2026:20:20:07 +0200] "GET / HTTP/1.1" 200 99298 "-" "-"
158.158.41.78 - - [24/Jul/2026:20:20:07 +0200] "GET /wp-config-sample.php HTTP/1.1" 500 7583 "-" "-"
158.158.41.78 - - [24/Jul/2026:20:20:07 +0200] "GET /wp-includes/blocks/shortcode/index.php HTTP/1.1" 301 5192 "-" "-"
158.158.41.78 - - [24/Jul/2026:20:20:11 +0200] "GET /wp-includes/blocks/shortcode/ HTTP/1.1" 403 5816 "-" "-"
158.158.41.78 - - [24/Jul/2026:20:20:11 +0200] "GET /wp-includes/images/smilies/ HTTP/1.1" 403 5816 "-" "-"
158.158.41.78 - - [24/Jul/2026:20:20:12 +0200] "GET /cgi-bin/index.php HTTP/1.1" 404 5829 "-" "-"
158.158.41.78 - - [24/Jul/2026:20:20:12 +0200] "GET /an.php HTTP/1.1" 403 5816 "-" "-"
158.158.41.78 - - [24/Jul/2026:20:20:12 +0200] "GET /wp-admin/images/ HTTP/1.1" 403 5816 "-" "-"
158.158.41.78 - - [24/Jul/2026:20:20:12 +0200] "GET /404.php HTTP/1.1" 403 5816 "-" "-"
158.158.41.78 - - [24/Jul/2026:20:20:12 +0200] "GET /wp-login.php HTTP/1.1" 200 16981 "-" "-"
158.158.41.78 - - [24/Jul/2026:20:20:17 +0200] "GET /wp-content/uploads/goods.php HTTP/1.1" 403 5816 "-" "-"
158.158.41.78 - - [24/Jul/2026:20:20:18 +0200] "GET /wp-includes/ID3/ HTTP/1.1" 403 5816 "-" "-"
91.134.83.25 - - [24/Jul/2026:20:20:18 +0200] "POST /wp-cron.php?doing_wp_cron=1784917218.8660409450531005859375 HTTP/1.1" 200 5074 "-" "WordPress/6.9.4; https://as-cp.fr"
158.158.41.78 - - [24/Jul/2026:20:20:18 +0200] "GET /.well-known/ HTTP/1.1" 301 5197 "-" "-"
158.158.41.78 - - [24/Jul/2026:20:20:18 +0200] "GET / HTTP/1.1" 200 99298 "-" "-"
158.158.41.78 - - [24/Jul/2026:20:20:19 +0200] "GET /wso.php HTTP/1.1" 403 5816 "-" "-"
158.158.41.78 - - [24/Jul/2026:20:20:19 +0200] "GET /sf.php HTTP/1.1" 403 5816 "-" "-"
158.158.41.78 - - [24/Jul/2026:20:20:19 +0200] "GET /index/function.php HTTP/1.1" 301 5197 "-" "-"
158.158.41.78 - - [24/Jul/2026:20:20:19 +0200] "GET / HTTP/1.1" 200 99298 "-" "-"
158.158.41.78 - - [24/Jul/2026:20:20:19 +0200] "GET /edit.php HTTP/1.1" 301 5197 "-" "-"
158.158.41.78 - - [24/Jul/2026:20:20:20 +0200] "GET / HTTP/1.1" 200 99298 "-" "-"
158.158.41.78 - - [24/Jul/2026:20:20:20 +0200] "GET /wp-includes/rest-api/ HTTP/1.1" 403 5816 "-" "-"
158.158.41.78 - - [24/Jul/2026:20:20:20 +0200] "GET /wp-content/themes/twentytwenty/404.php HTTP/1.1" 301 5197 "-" "-"
158.158.41.78 - - [24/Jul/2026:20:20:20 +0200] "GET / HTTP/1.1" 200 99298 "-" "-"
158.158.41.78 - - [24/Jul/2026:20:20:21 +0200] "GET /wp-good.php HTTP/1.1" 403 5816 "-" "-"
158.158.41.78 - - [24/Jul/2026:20:20:22 +0200] "GET /wp-admin/js/widgets/ HTTP/1.1" 403 5816 "-" "-"
158.158.41.78 - - [24/Jul/2026:20:20:22 +0200] "GET /wp-admin/css/colors/midnight/ HTTP/1.1" 403 5816 "-" "-"
158.158.41.78 - - [24/Jul/2026:20:20:22 +0200] "GET /tes.php HTTP/1.1" 403 5816 "-" "-"
91.134.83.25 - - [24/Jul/2026:20:20:22 +0200] "POST /wp-cron.php?doing_wp_cron=1784917222.9045100212097167968750 HTTP/1.1" 200 5074 "-" "WordPress/6.9.4; https://as-cp.fr"
158.158.41.78 - - [24/Jul/2026:20:20:22 +0200] "GET /files/index.php HTTP/1.1" 301 5169 "-" "-"
158.158.41.78 - - [24/Jul/2026:20:20:22 +0200] "GET /files/ HTTP/1.1" 301 5197 "-" "-"
158.158.41.78 - - [24/Jul/2026:20:20:23 +0200] "GET / HTTP/1.1" 200 99298 "-" "-"
158.158.41.78 - - [24/Jul/2026:20:20:23 +0200] "GET /wp-content/uploads/index.php HTTP/1.1" 301 5182 "-" "-"
158.158.41.78 - - [24/Jul/2026:20:20:24 +0200] "GET /wp-content/uploads/ HTTP/1.1" 403 5816 "-" "-"
158.158.41.78 - - [24/Jul/2026:20:20:24 +0200] "GET /images/images/about.php HTTP/1.1" 301 5197 "-" "-"
158.158.41.78 - - [24/Jul/2026:20:20:24 +0200] "GET / HTTP/1.1" 200 99298 "-" "-"
158.158.41.78 - - [24/Jul/2026:20:20:24 +0200] "GET /ms-edit.php HTTP/1.1" 301 5197 "-" "-"
158.158.41.78 - - [24/Jul/2026:20:20:25 +0200] "GET / HTTP/1.1" 200 99298 "-" "-"
158.158.41.78 - - [24/Jul/2026:20:20:25 +0200] "GET /rip.php HTTP/1.1" 403 5816 "-" "-"
158.158.41.78 - - [24/Jul/2026:20:20:25 +0200] "GET /wp-content/uploads/ HTTP/1.1" 403 5816 "-" "-"
158.158.41.78 - - [24/Jul/2026:20:20:25 +0200] "GET /xmlrpc.php HTTP/1.1" 405 5103 "-" "-"
158.158.41.78 - - [24/Jul/2026:20:20:25 +0200] "GET /moon.php HTTP/1.1" 403 5816 "-" "-"
158.158.41.78 - - [24/Jul/2026:20:20:25 +0200] "GET /cache.php HTTP/1.1" 403 5816 "-" "-"
158.158.41.78 - - [24/Jul/2026:20:20:26 +0200] "GET /wp-includes/block-bindings/ HTTP/1.1" 403 5816 "-" "-"
158.158.41.78 - - [24/Jul/2026:20:20:26 +0200] "GET /vendor/ HTTP/1.1" 301 5197 "-" "-"
158.158.41.78 - - [24/Jul/2026:20:20:26 +0200] "GET / HTTP/1.1" 200 99298 "-" "-"
158.158.41.78 - - [24/Jul/2026:20:20:27 +0200] "GET /wp-content/themes/ HTTP/1.1" 200 4981 "-" "-"
158.158.41.78 - - [24/Jul/2026:20:20:27 +0200] "GET /wp-includes/images/smilies/about.php HTTP/1.1" 403 5816 "-" "-"
158.158.41.78 - - [24/Jul/2026:20:20:27 +0200] "GET /wp-includes/js/crop/ HTTP/1.1" 403 5816 "-" "-"
158.158.41.78 - - [24/Jul/2026:20:20:29 +0200] "GET /wp-mail.php HTTP/1.1" 403 7639 "-" "-"
158.158.41.78 - - [24/Jul/2026:20:20:29 +0200] "GET /o.php HTTP/1.1" 403 5816 "-" "-"
158.158.41.78 - - [24/Jul/2026:20:20:29 +0200] "GET /bb.php HTTP/1.1" 403 5816 "-" "-"
158.158.41.78 - - [24/Jul/2026:20:20:29 +0200] "GET /wp-admin/maint/admin.php HTTP/1.1" 301 5197 "-" "-"
158.158.41.78 - - [24/Jul/2026:20:20:30 +0200] "GET / HTTP/1.1" 200 99298 "-" "-"
158.158.41.78 - - [24/Jul/2026:20:20:30 +0200] "GET /wp-admin/network/ HTTP/1.1" 302 5231 "-" "-"
158.158.41.78 - - [24/Jul/2026:20:20:30 +0200] "GET /wp-login.php?redirect_to=https%3A%2F%2Fas-cp.fr%2Fwp-admin%2Fnetwork%2F&reauth=1 HTTP/1.1" 200 19146 "-" "-"
158.158.41.78 - - [24/Jul/2026:20:20:31 +0200] "GET /wp-includes/IXR/index.php HTTP/1.1" 301 5179 "-" "-"
158.158.41.78 - - [24/Jul/2026:20:20:31 +0200] "GET /wp-includes/IXR/ HTTP/1.1" 403 5816 "-" "-"
158.158.41.78 - - [24/Jul/2026:20:20:32 +0200] "GET /xmrlpc.php HTTP/1.1" 403 5816 "-" "-"
158.158.41.78 - - [24/Jul/2026:20:20:33 +0200] "GET /file.php HTTP/1.1" 403 5816 "-" "-"
158.158.41.78 - - [24/Jul/2026:20:20:33 +0200] "GET /epinyins.php HTTP/1.1" 301 5197 "-" "-"
158.158.41.78 - - [24/Jul/2026:20:20:33 +0200] "GET / HTTP/1.1" 200 99298 "-" "-"
91.134.83.25 - - [24/Jul/2026:20:20:34 +0200] "POST /wp-cron.php?doing_wp_cron=1784917234.4111030101776123046875 HTTP/1.1" 200 5074 "-" "WordPress/6.9.4; https://as-cp.fr"
158.158.41.78 - - [24/Jul/2026:20:20:34 +0200] "GET /wp-admin/css/index.php HTTP/1.1" 301 5176 "-" "-"
158.158.41.78 - - [24/Jul/2026:20:20:35 +0200] "GET /wp-includes/php-compat/ HTTP/1.1" 403 5816 "-" "-"
158.158.41.78 - - [24/Jul/2026:20:20:35 +0200] "GET /wp-includes/style-engine/index.php HTTP/1.1" 301 5188 "-" "-"
158.158.41.78 - - [24/Jul/2026:20:20:35 +0200] "GET /wp-includes/style-engine/ HTTP/1.1" 403 5816 "-" "-"
158.158.41.78 - - [24/Jul/2026:20:20:34 +0200] "GET /wp-admin/css/ HTTP/1.1" 403 5816 "-" "-"
158.158.41.78 - - [24/Jul/2026:20:20:35 +0200] "GET /wp-admin/css/colors/coffee/index.php HTTP/1.1" 301 5190 "-" "-"
158.158.41.78 - - [24/Jul/2026:20:20:36 +0200] "GET /wp-admin/css/colors/coffee/ HTTP/1.1" 403 5816 "-" "-"
158.158.41.78 - - [24/Jul/2026:20:20:37 +0200] "GET /wp.php HTTP/1.1" 403 5816 "-" "-"
158.158.41.78 - - [24/Jul/2026:20:20:37 +0200] "GET /function/function.php HTTP/1.1" 301 5197 "-" "-"
158.158.41.78 - - [24/Jul/2026:20:20:38 +0200] "GET / HTTP/1.1" 200 99298 "-" "-"
158.158.41.78 - - [24/Jul/2026:20:20:38 +0200] "GET /wp-includes/style-engine/autoload_classmap.php HTTP/1.1" 403 5816 "-" "-"
158.158.41.78 - - [24/Jul/2026:20:20:39 +0200] "GET /wp-includes/SimplePie/admin.php HTTP/1.1" 301 5197 "-" "-"
158.158.41.78 - - [24/Jul/2026:20:20:39 +0200] "GET / HTTP/1.1" 200 99298 "-" "-"
158.158.41.78 - - [24/Jul/2026:20:20:39 +0200] "GET /ok.php HTTP/1.1" 403 5816 "-" "-"
158.158.41.78 - - [24/Jul/2026:20:20:39 +0200] "GET /item.php HTTP/1.1" 403 5816 "-" "-"
91.134.83.25 - - [24/Jul/2026:20:20:43 +0200] "POST /wp-cron.php?doing_wp_cron=1784917243.6066770553588867187500 HTTP/1.1" 200 5074 "-" "WordPress/6.9.4; https://as-cp.fr"
37.59.204.153 - - [24/Jul/2026:20:20:43 +0200] "GET /sitemap_index.xml HTTP/1.1" 200 5405 "-" "Mozilla/5.0 (compatible; AhrefsBot/7.0; +http://ahrefs.com/robot/)"
54.37.118.77 - - [24/Jul/2026:20:20:47 +0200] "GET /post-sitemap.xml HTTP/1.1" 200 8166 "-" "Mozilla/5.0 (compatible; AhrefsBot/7.0; +http://ahrefs.com/robot/)"
176.31.139.13 - - [24/Jul/2026:20:20:50 +0200] "GET /page-sitemap.xml HTTP/1.1" 200 5544 "-" "Mozilla/5.0 (compatible; AhrefsBot/7.0; +http://ahrefs.com/robot/)"
51.75.236.147 - - [24/Jul/2026:20:20:54 +0200] "GET /category-sitemap.xml HTTP/1.1" 200 5562 "-" "Mozilla/5.0 (compatible; AhrefsBot/7.0; +http://ahrefs.com/robot/)"
37.59.204.157 - - [24/Jul/2026:20:20:58 +0200] "GET /post_tag-sitemap.xml HTTP/1.1" 200 5636 "-" "Mozilla/5.0 (compatible; AhrefsBot/7.0; +http://ahrefs.com/robot/)"
140.174.186.101 - - [24/Jul/2026:20:21:01 +0200] "POST /wp-json/batch/v1 HTTP/1.1" 207 1859654 "-" "Mozilla/5.0 (Macintosh; Intel Mac OS X 10_15_7) AppleWebKit/537.36 (KHTML, like Gecko) Chrome/148.0.0.0 Safari/537.36"
54.37.118.69 - - [24/Jul/2026:20:21:01 +0200] "GET /kwlogos-carousel-sitemap.xml HTTP/1.1" 200 5410 "-" "Mozilla/5.0 (compatible; AhrefsBot/7.0; +http://ahrefs.com/robot/)"
57.141.0.52 - - [24/Jul/2026:20:21:02 +0200] "GET /?v=t8a2l1l1i3s9646 HTTP/1.1" 200 98108 "-" "Mozilla/5.0 (Windows NT 10.0; Win64; x64) AppleWebKit/537.36 (KHTML, like Gecko) Chrome/145.0.0.0 Safari/537.36 (compatible; meta-externalagent/1.1 (+https://developers.facebook.com/docs/sharing/webmasters/crawler))"
140.174.186.101 - - [24/Jul/2026:20:21:03 +0200] "POST /wp-json/batch/v1 HTTP/1.1" 207 6196 "-" "Mozilla/5.0 (Windows NT 10.0; Win64; x64) AppleWebKit/537.36 (KHTML, like Gecko) Chrome/148.0.0.0 Safari/537.36"
57.141.0.16 - - [24/Jul/2026:20:21:04 +0200] "GET /?v=d8o3g7g1e4d4n6e5s2s96 HTTP/1.1" 200 98108 "-" "Mozilla/5.0 (Macintosh; Intel Mac OS X 10_15_7) AppleWebKit/537.36 (KHTML, like Gecko) Chrome/145.0.0.0 Safari/537.36 (compatible; meta-externalagent/1.1 (+https://developers.facebook.com/docs/sharing/webmasters/crawler))"
5.39.1.252 - - [24/Jul/2026:20:21:05 +0200] "GET /author-sitemap.xml HTTP/1.1" 200 5430 "-" "Mozilla/5.0 (compatible; AhrefsBot/7.0; +http://ahrefs.com/robot/)"
91.134.83.25 - - [24/Jul/2026:20:21:20 +0200] "POST /wp-cron.php?doing_wp_cron=1784917280.2009301185607910156250 HTTP/1.1" 200 5074 "-" "WordPress/6.9.4; https://as-cp.fr"
57.141.0.69 - - [24/Jul/2026:20:21:19 +0200] "GET /sitemap-sub-402.xml HTTP/1.1" 301 5197 "-" "Mozilla/5.0 (Macintosh; Intel Mac OS X 10_15_7) AppleWebKit/537.36 (KHTML, like Gecko) Chrome/145.0.0.0 Safari/537.36 (compatible; meta-externalagent/1.1 (+https://developers.facebook.com/docs/sharing/webmasters/crawler))"
91.134.83.25 - - [24/Jul/2026:20:21:23 +0200] "POST /wp-cron.php?doing_wp_cron=1784917283.2842440605163574218750 HTTP/1.1" 200 5074 "-" "WordPress/6.9.4; https://as-cp.fr"
140.174.186.101 - - [24/Jul/2026:20:21:04 +0200] "POST /wp-json/batch/v1 HTTP/1.1" 207 6196 "-" "Mozilla/5.0 (Windows NT 10.0; Win64; x64) AppleWebKit/537.36 (KHTML, like Gecko) Chrome/149.0.0.0 Safari/537.36"
91.134.83.25 - - [24/Jul/2026:20:21:48 +0200] "POST /wp-cron.php?doing_wp_cron=1784917308.5941879749298095703125 HTTP/1.1" 200 5074 "-" "WordPress/6.9.4; https://as-cp.fr"
57.141.0.46 - - [24/Jul/2026:20:21:48 +0200] "GET /shops/micromercurialism/r8e2l8a6t8i8o4n6s7h8i7p HTTP/1.1" 301 5197 "-" "Mozilla/5.0 (Macintosh; Intel Mac OS X 10_15_7) AppleWebKit/537.36 (KHTML, like Gecko) Chrome/145.0.0.0 Safari/537.36 (compatible; meta-externalagent/1.1 (+https://developers.facebook.com/docs/sharing/webmasters/crawler))"
91.134.83.25 - - [24/Jul/2026:20:22:49 +0200] "POST /wp-cron.php?doing_wp_cron=1784917369.5021409988403320312500 HTTP/1.1" 200 5074 "-" "WordPress/6.9.4; https://as-cp.fr"
57.141.0.24 - - [24/Jul/2026:20:22:49 +0200] "GET /winklehawk/icteritious/83731820350 HTTP/1.1" 301 5197 "-" "Mozilla/5.0 (Windows NT 10.0; Win64; x64) AppleWebKit/537.36 (KHTML, like Gecko) Chrome/145.0.0.0 Safari/537.36 (compatible; meta-externalagent/1.1 (+https://developers.facebook.com/docs/sharing/webmasters/crawler))"
57.141.0.58 - - [24/Jul/2026:20:22:51 +0200] "GET /shops/tawery/g8e2m0i2n9o0u7s0566 HTTP/1.1" 301 5197 "-" "Mozilla/5.0 (Windows NT 10.0; Win64; x64) AppleWebKit/537.36 (KHTML, like Gecko) Chrome/145.0.0.0 Safari/537.36 (compatible; meta-externalagent/1.1 (+https://developers.facebook.com/docs/sharing/webmasters/crawler))"
91.134.83.25 - - [24/Jul/2026:20:23:55 +0200] "POST /wp-cron.php?doing_wp_cron=1784917435.2653601169586181640625 HTTP/1.1" 200 5074 "-" "WordPress/6.9.4; https://as-cp.fr"
57.141.0.65 - - [24/Jul/2026:20:23:54 +0200] "GET /?v=p8r1e6r1o4g3a1t9i7v7e0 HTTP/1.1" 200 98108 "-" "Mozilla/5.0 (Macintosh; Intel Mac OS X 10_15_7) AppleWebKit/537.36 (KHTML, like Gecko) Chrome/145.0.0.0 Safari/537.36 (compatible; meta-externalagent/1.1 (+https://developers.facebook.com/docs/sharing/webmasters/crawler))"
91.134.83.25 - - [24/Jul/2026:20:24:32 +0200] "POST /wp-cron.php?doing_wp_cron=1784917472.8831589221954345703125 HTTP/1.1" 200 5074 "-" "WordPress/6.9.4; https://as-cp.fr"
3.224.215.150 - - [24/Jul/2026:20:24:32 +0200] "GET /?p=275 HTTP/1.1" 301 5105 "-" "Mozilla/5.0 AppleWebKit/537.36 (KHTML, like Gecko; compatible; Amazonbot/0.1; +https://developer.amazon.com/support/amazonbot) Chrome/119.0.6045.214 Safari/537.36"
54.156.55.147 - - [24/Jul/2026:20:24:33 +0200] "GET /payer-moins-dimpots-gestion-de-patrimoine-a-perpignan/ HTTP/1.1" 200 23358 "-" "Mozilla/5.0 AppleWebKit/537.36 (KHTML, like Gecko; compatible; Amazonbot/0.1; +https://developer.amazon.com/support/amazonbot) Chrome/119.0.6045.214 Safari/537.36"
91.134.83.25 - - [24/Jul/2026:20:26:20 +0200] "POST /wp-cron.php?doing_wp_cron=1784917580.5993781089782714843750 HTTP/1.1" 200 5074 "-" "WordPress/6.9.4; https://as-cp.fr"
57.141.0.45 - - [24/Jul/2026:20:26:20 +0200] "GET /?v=p8l3a1g7i4u3s6a8898 HTTP/1.1" 200 98108 "-" "Mozilla/5.0 (Windows NT 10.0; Win64; x64) AppleWebKit/537.36 (KHTML, like Gecko) Chrome/145.0.0.0 Safari/537.36 (compatible; meta-externalagent/1.1 (+https://developers.facebook.com/docs/sharing/webmasters/crawler))"
91.134.83.25 - - [24/Jul/2026:20:30:08 +0200] "POST /wp-cron.php?doing_wp_cron=1784917808.2273459434509277343750 HTTP/1.1" 200 5074 "-" "WordPress/6.9.4; https://as-cp.fr"
57.141.0.48 - - [24/Jul/2026:20:30:07 +0200] "GET /?v=a8p4o0t0h2e3g7m9a8t2i3ze HTTP/1.1" 200 98108 "-" "Mozilla/5.0 (Windows NT 10.0; Win64; x64) AppleWebKit/537.36 (KHTML, like Gecko) Chrome/145.0.0.0 Safari/537.36 (compatible; meta-externalagent/1.1 (+https://developers.facebook.com/docs/sharing/webmasters/crawler))"
160.187.68.132 - - [24/Jul/2026:20:30:13 +0200] "GET /wp-login.php HTTP/1.1" 200 8736 "-" "Mozilla/5.0 (Windows NT 10.0; Win64; x64) AppleWebKit/537.36 (KHTML, like Gecko) Chrome/150.0.0.0 Safari/537.36"
160.187.68.132 - - [24/Jul/2026:20:30:14 +0200] "POST /wp-login.php HTTP/1.1" 200 8912 "https://as-cp.fr/wp-login.php" "Mozilla/5.0 (Windows NT 10.0; Win64; x64) AppleWebKit/537.36 (KHTML, like Gecko) Chrome/150.0.0.0 Safari/537.36"
216.73.216.71 - - [24/Jul/2026:20:30:32 +0200] "GET /robots.txt HTTP/1.1" 200 5168 "-" "Mozilla/5.0 AppleWebKit/537.36 (KHTML, like Gecko; compatible; ClaudeBot/1.0; +claudebot@anthropic.com)"
91.134.83.25 - - [24/Jul/2026:20:30:32 +0200] "POST /wp-cron.php?doing_wp_cron=1784917832.9117000102996826171875 HTTP/1.1" 200 5074 "-" "WordPress/6.9.4; https://as-cp.fr"
216.73.216.71 - - [24/Jul/2026:20:30:32 +0200] "GET /sitemap.xml HTTP/1.1" 301 5068 "-" "Mozilla/5.0 AppleWebKit/537.36 (KHTML, like Gecko; compatible; ClaudeBot/1.0; +claudebot@anthropic.com)"
216.73.216.71 - - [24/Jul/2026:20:30:33 +0200] "GET /sitemap_index.xml HTTP/1.1" 200 5405 "https://as-cp.fr/sitemap.xml" "Mozilla/5.0 AppleWebKit/537.36 (KHTML, like Gecko; compatible; ClaudeBot/1.0; +claudebot@anthropic.com)"
91.134.83.25 - - [24/Jul/2026:20:30:36 +0200] "POST /wp-cron.php?doing_wp_cron=1784917835.8935480117797851562500 HTTP/1.1" 200 5074 "-" "WordPress/6.9.4; https://as-cp.fr"
216.73.216.71 - - [24/Jul/2026:20:30:36 +0200] "GET /sitemap_index.xml HTTP/1.1" 200 5405 "https://as-cp.fr/sitemap.xml" "Mozilla/5.0 AppleWebKit/537.36 (KHTML, like Gecko; compatible; ClaudeBot/1.0; +claudebot@anthropic.com)"
216.73.216.71 - - [24/Jul/2026:20:30:35 +0200] "GET /sitemap.xml HTTP/1.1" 301 5068 "-" "Mozilla/5.0 AppleWebKit/537.36 (KHTML, like Gecko; compatible; ClaudeBot/1.0; +claudebot@anthropic.com)"
91.134.83.25 - - [24/Jul/2026:20:31:00 +0200] "POST /wp-cron.php?doing_wp_cron=1784917860.8767220973968505859375 HTTP/1.1" 200 5074 "-" "WordPress/6.9.4; https://as-cp.fr"
57.141.0.25 - - [24/Jul/2026:20:31:00 +0200] "GET /?v=b8e2d1s8t3o7c6k6755 HTTP/1.1" 200 98108 "-" "Mozilla/5.0 (Windows NT 10.0; Win64; x64) AppleWebKit/537.36 (KHTML, like Gecko) Chrome/145.0.0.0 Safari/537.36 (compatible; meta-externalagent/1.1 (+https://developers.facebook.com/docs/sharing/webmasters/crawler))"
91.134.83.25 - - [24/Jul/2026:20:31:47 +0200] "POST /wp-cron.php?doing_wp_cron=1784917907.8122329711914062500000 HTTP/1.1" 200 5074 "-" "WordPress/6.9.4; https://as-cp.fr"
57.141.0.21 - - [24/Jul/2026:20:31:47 +0200] "GET /shops/analog/p8r1o9l5e6g9o9m5e1n9a1 HTTP/1.1" 301 5197 "-" "Mozilla/5.0 (X11; Linux x86_64) AppleWebKit/537.36 (KHTML, like Gecko) Chrome/145.0.0.0 Safari/537.36 (compatible; meta-externalagent/1.1 (+https://developers.facebook.com/docs/sharing/webmasters/crawler))"
91.134.83.25 - - [24/Jul/2026:20:33:01 +0200] "POST /wp-cron.php?doing_wp_cron=1784917981.6789009571075439453125 HTTP/1.1" 200 5074 "-" "WordPress/6.9.4; https://as-cp.fr"
57.141.0.45 - - [24/Jul/2026:20:33:01 +0200] "GET /?v=a8u1n7c5e9l976576 HTTP/1.1" 200 98108 "-" "Mozilla/5.0 (X11; Linux x86_64) AppleWebKit/537.36 (KHTML, like Gecko) Chrome/145.0.0.0 Safari/537.36 (compatible; meta-externalagent/1.1 (+https://developers.facebook.com/docs/sharing/webmasters/crawler))"
91.134.83.25 - - [24/Jul/2026:20:33:58 +0200] "POST /wp-cron.php?doing_wp_cron=1784918038.1146130561828613281250 HTTP/1.1" 200 5074 "-" "WordPress/6.9.4; https://as-cp.fr"
57.141.0.6 - - [24/Jul/2026:20:33:57 +0200] "GET /assam/v8e1r6n5i4l1i2t7y547 HTTP/1.1" 301 5197 "-" "Mozilla/5.0 (Macintosh; Intel Mac OS X 10_15_7) AppleWebKit/537.36 (KHTML, like Gecko) Chrome/145.0.0.0 Safari/537.36 (compatible; meta-externalagent/1.1 (+https://developers.facebook.com/docs/sharing/webmasters/crawler))"
57.141.0.56 - - [24/Jul/2026:20:34:12 +0200] "GET /shops/coquetry/v8e2n6t4r8i5c4o9s2a81 HTTP/1.1" 301 5197 "-" "Mozilla/5.0 (Macintosh; Intel Mac OS X 10_15_7) AppleWebKit/537.36 (KHTML, like Gecko) Chrome/145.0.0.0 Safari/537.36 (compatible; meta-externalagent/1.1 (+https://developers.facebook.com/docs/sharing/webmasters/crawler))"
89.246.241.14 - - [24/Jul/2026:20:35:22 +0200] "GET /aide-declaration-dimpot-a-perpignan-la-campagne-2026-est-lancee/ HTTP/1.1" 200 24288 "-" "Mozilla/5.0 (Windows NT 10.0; Win64; x64; rv:142.0) Gecko/20100101 Firefox/142.0"
91.134.83.25 - - [24/Jul/2026:20:36:18 +0200] "POST /wp-cron.php?doing_wp_cron=1784918178.7623438835144042968750 HTTP/1.1" 200 5074 "-" "WordPress/6.9.4; https://as-cp.fr"
57.141.0.15 - - [24/Jul/2026:20:36:18 +0200] "GET /?v=h8e3r4b0o0r8i1z4e141 HTTP/1.1" 200 98108 "-" "Mozilla/5.0 (Windows NT 10.0; Win64; x64) AppleWebKit/537.36 (KHTML, like Gecko) Chrome/145.0.0.0 Safari/537.36 (compatible; meta-externalagent/1.1 (+https://developers.facebook.com/docs/sharing/webmasters/crawler))"
91.134.83.25 - - [24/Jul/2026:20:36:34 +0200] "POST /wp-cron.php?doing_wp_cron=1784918194.1957969665527343750000 HTTP/1.1" 200 5074 "-" "WordPress/6.9.4; https://as-cp.fr"
57.141.0.40 - - [24/Jul/2026:20:36:33 +0200] "GET /?v=b8e4t1t1o4n5g8i9a178 HTTP/1.1" 200 98108 "-" "Mozilla/5.0 (Windows NT 10.0; Win64; x64) AppleWebKit/537.36 (KHTML, like Gecko) Chrome/145.0.0.0 Safari/537.36 (compatible; meta-externalagent/1.1 (+https://developers.facebook.com/docs/sharing/webmasters/crawler))"
114.119.134.107 - - [24/Jul/2026:20:36:52 +0200] "GET /prelevement-a-la-source/ HTTP/1.1" 200 23558 "https://as-cp.fr/category/impots/page/2/" "Mozilla/5.0 (Linux; Android 7.0;) AppleWebKit/537.36 (HTML, like Gecko) Mobile Safari/537.36 (compatible; PetalBot;+https://webmaster.petalsearch.com/site/petalbot)"
91.134.83.25 - - [24/Jul/2026:20:37:11 +0200] "POST /wp-cron.php?doing_wp_cron=1784918231.7079770565032958984375 HTTP/1.1" 200 5074 "-" "WordPress/6.9.4; https://as-cp.fr"
57.141.0.56 - - [24/Jul/2026:20:37:11 +0200] "GET /sternebral/s8e4t2o2p9h5a6g8a192 HTTP/1.1" 301 5197 "-" "Mozilla/5.0 (Macintosh; Intel Mac OS X 10_15_7) AppleWebKit/537.36 (KHTML, like Gecko) Chrome/145.0.0.0 Safari/537.36 (compatible; meta-externalagent/1.1 (+https://developers.facebook.com/docs/sharing/webmasters/crawler))"
91.134.83.25 - - [24/Jul/2026:20:38:26 +0200] "POST /wp-cron.php?doing_wp_cron=1784918306.1207170486450195312500 HTTP/1.1" 200 5074 "-" "WordPress/6.9.4; https://as-cp.fr"
57.141.0.30 - - [24/Jul/2026:20:38:25 +0200] "GET /sitemap-sub-1842.xml HTTP/1.1" 301 5197 "-" "Mozilla/5.0 (Windows NT 10.0; Win64; x64) AppleWebKit/537.36 (KHTML, like Gecko) Chrome/145.0.0.0 Safari/537.36 (compatible; meta-externalagent/1.1 (+https://developers.facebook.com/docs/sharing/webmasters/crawler))"
91.134.83.25 - - [24/Jul/2026:20:39:01 +0200] "POST /wp-cron.php?doing_wp_cron=1784918341.3413190841674804687500 HTTP/1.1" 200 5074 "-" "WordPress/6.9.4; https://as-cp.fr"
