104.234.53.41 - - [24/Jul/2026:23:19:23 +0200] "GET /wp-admin/index.php HTTP/1.1" 302 5230 "https://as-cp.fr/wp-login.php" "Mozilla/5.0 (Windows NT 10.0; Win64; x64) AppleWebKit/537.36 (KHTML, like Gecko) Chrome/119.0.0.0 Safari/537.36"
104.234.53.41 - - [24/Jul/2026:23:19:23 +0200] "GET /wp-login.php?redirect_to=https%3A%2F%2Fas-cp.fr%2Fwp-admin%2Findex.php&reauth=1 HTTP/1.1" 200 10805 "https://as-cp.fr/wp-login.php" "Mozilla/5.0 (Windows NT 10.0; Win64; x64) AppleWebKit/537.36 (KHTML, like Gecko) Chrome/119.0.0.0 Safari/537.36"
104.234.53.41 - - [24/Jul/2026:23:19:24 +0200] "POST /wp-login.php HTTP/1.1" 200 8903 "https://as-cp.fr/wp-login.php" "Mozilla/5.0 (Windows NT 10.0; Win64; x64; rv:119.0) Gecko/20100101 Firefox/119.0"
88.166.28.185 - - [24/Jul/2026:23:19:24 +0200] "POST /xmlrpc.php HTTP/1.1" 200 5463 "-" "Mozilla/5.0 (Macintosh; Intel Mac OS X 10_15_7; x86) AppleWebKit/537.36 (KHTML, like Gecko) Edge/86.0.0.0 Safari/537.36"
104.234.53.41 - - [24/Jul/2026:23:19:25 +0200] "GET /wp-admin/index.php HTTP/1.1" 302 5230 "https://as-cp.fr/wp-login.php" "Mozilla/5.0 (Windows NT 11.0; Win64; x64; rv:118.0) Gecko/20100101 Firefox/118.0"
104.234.53.41 - - [24/Jul/2026:23:19:25 +0200] "GET /wp-login.php?redirect_to=https%3A%2F%2Fas-cp.fr%2Fwp-admin%2Findex.php&reauth=1 HTTP/1.1" 200 10805 "https://as-cp.fr/wp-login.php" "Mozilla/5.0 (Windows NT 11.0; Win64; x64; rv:118.0) Gecko/20100101 Firefox/118.0"
104.234.53.41 - - [24/Jul/2026:23:19:26 +0200] "GET /wp-admin/index.php HTTP/1.1" 302 5230 "https://as-cp.fr/wp-login.php" "Mozilla/5.0 (Windows NT 10.0; Win64; x64; rv:121.0) Gecko/20100101 Firefox/121.0"
104.234.53.41 - - [24/Jul/2026:23:19:26 +0200] "POST /wp-login.php HTTP/1.1" 200 8903 "https://as-cp.fr/wp-login.php" "Mozilla/5.0 (Macintosh; Intel Mac OS X 13_6_1) AppleWebKit/605.1.15 (KHTML, like Gecko) Version/17.0 Safari/605.1.15"
104.234.53.41 - - [24/Jul/2026:23:19:27 +0200] "GET /wp-login.php?redirect_to=https%3A%2F%2Fas-cp.fr%2Fwp-admin%2Findex.php&reauth=1 HTTP/1.1" 200 10805 "https://as-cp.fr/wp-login.php" "Mozilla/5.0 (Windows NT 10.0; Win64; x64; rv:121.0) Gecko/20100101 Firefox/121.0"
104.234.53.41 - - [24/Jul/2026:23:19:28 +0200] "POST /wp-login.php HTTP/1.1" 200 8903 "https://as-cp.fr/wp-login.php" "Mozilla/5.0 (X11; Ubuntu; Linux x86_64) AppleWebKit/537.36 (KHTML, like Gecko) Chrome/119.0.0.0 Safari/537.36"
104.234.53.41 - - [24/Jul/2026:23:19:29 +0200] "GET /wp-admin/index.php HTTP/1.1" 302 5230 "https://as-cp.fr/wp-login.php" "Mozilla/5.0 (Windows NT 10.0; Win64; x64) AppleWebKit/537.36 (KHTML, like Gecko) Chrome/119.0.0.0 Safari/537.36"
104.234.53.41 - - [24/Jul/2026:23:19:29 +0200] "GET /wp-login.php?redirect_to=https%3A%2F%2Fas-cp.fr%2Fwp-admin%2Findex.php&reauth=1 HTTP/1.1" 200 10805 "https://as-cp.fr/wp-login.php" "Mozilla/5.0 (Windows NT 10.0; Win64; x64) AppleWebKit/537.36 (KHTML, like Gecko) Chrome/119.0.0.0 Safari/537.36"
104.234.53.41 - - [24/Jul/2026:23:19:31 +0200] "POST /wp-login.php HTTP/1.1" 200 8903 "https://as-cp.fr/wp-login.php" "Mozilla/5.0 (Windows NT 10.0; Win64; x64) AppleWebKit/537.36 (KHTML, like Gecko) Chrome/118.0.0.0 Safari/537.36"
104.234.53.41 - - [24/Jul/2026:23:19:31 +0200] "GET /wp-admin/index.php HTTP/1.1" 302 5230 "https://as-cp.fr/wp-login.php" "Mozilla/5.0 (Windows NT 10.0; Win64; x64; rv:121.0) Gecko/20100101 Firefox/121.0"
104.234.53.41 - - [24/Jul/2026:23:19:32 +0200] "GET /wp-login.php?redirect_to=https%3A%2F%2Fas-cp.fr%2Fwp-admin%2Findex.php&reauth=1 HTTP/1.1" 200 10805 "https://as-cp.fr/wp-login.php" "Mozilla/5.0 (Windows NT 10.0; Win64; x64; rv:121.0) Gecko/20100101 Firefox/121.0"
104.234.53.41 - - [24/Jul/2026:23:19:33 +0200] "POST /wp-login.php HTTP/1.1" 200 8903 "https://as-cp.fr/wp-login.php" "Mozilla/5.0 (Macintosh; Intel Mac OS X 13_6_1) AppleWebKit/605.1.15 (KHTML, like Gecko) Version/17.1 Safari/605.1.15"
91.134.83.25 - - [24/Jul/2026:23:19:34 +0200] "POST /wp-cron.php?doing_wp_cron=1784927974.0243580341339111328125 HTTP/1.1" 200 5074 "-" "WordPress/6.9.4; https://as-cp.fr"
104.234.53.41 - - [24/Jul/2026:23:19:33 +0200] "GET /wp-admin/index.php HTTP/1.1" 302 5230 "https://as-cp.fr/wp-login.php" "Mozilla/5.0 (X11; Ubuntu; Linux x86_64) AppleWebKit/537.36 (KHTML, like Gecko) Chrome/120.0.0.0 Safari/537.36"
104.234.53.41 - - [24/Jul/2026:23:19:34 +0200] "GET /wp-login.php?redirect_to=https%3A%2F%2Fas-cp.fr%2Fwp-admin%2Findex.php&reauth=1 HTTP/1.1" 200 10805 "https://as-cp.fr/wp-login.php" "Mozilla/5.0 (X11; Ubuntu; Linux x86_64) AppleWebKit/537.36 (KHTML, like Gecko) Chrome/120.0.0.0 Safari/537.36"
104.234.53.41 - - [24/Jul/2026:23:19:35 +0200] "POST /wp-login.php HTTP/1.1" 200 8903 "https://as-cp.fr/wp-login.php" "Mozilla/5.0 (Macintosh; Intel Mac OS X 10_15_7) AppleWebKit/605.1.15 (KHTML, like Gecko) Version/17.1 Safari/605.1.15"
104.234.53.41 - - [24/Jul/2026:23:19:35 +0200] "GET /wp-admin/index.php HTTP/1.1" 302 5230 "https://as-cp.fr/wp-login.php" "Mozilla/5.0 (Macintosh; Intel Mac OS X 10_15_7) AppleWebKit/605.1.15 (KHTML, like Gecko) Version/17.2 Safari/605.1.15"
104.234.53.41 - - [24/Jul/2026:23:19:36 +0200] "GET /wp-login.php?redirect_to=https%3A%2F%2Fas-cp.fr%2Fwp-admin%2Findex.php&reauth=1 HTTP/1.1" 200 10805 "https://as-cp.fr/wp-login.php" "Mozilla/5.0 (Macintosh; Intel Mac OS X 10_15_7) AppleWebKit/605.1.15 (KHTML, like Gecko) Version/17.2 Safari/605.1.15"
104.234.53.41 - - [24/Jul/2026:23:19:37 +0200] "POST /wp-login.php HTTP/1.1" 200 8903 "https://as-cp.fr/wp-login.php" "Mozilla/5.0 (Macintosh; Intel Mac OS X 10_15_7; rv:119.0) Gecko/20100101 Firefox/119.0"
104.234.53.41 - - [24/Jul/2026:23:19:37 +0200] "GET /wp-admin/index.php HTTP/1.1" 302 5230 "https://as-cp.fr/wp-login.php" "Mozilla/5.0 (X11; Linux x86_64) AppleWebKit/537.36 (KHTML, like Gecko) Chrome/119.0.0.0 Safari/537.36"
104.234.53.41 - - [24/Jul/2026:23:19:38 +0200] "GET /wp-login.php?redirect_to=https%3A%2F%2Fas-cp.fr%2Fwp-admin%2Findex.php&reauth=1 HTTP/1.1" 200 10805 "https://as-cp.fr/wp-login.php" "Mozilla/5.0 (X11; Linux x86_64) AppleWebKit/537.36 (KHTML, like Gecko) Chrome/119.0.0.0 Safari/537.36"
104.234.53.41 - - [24/Jul/2026:23:19:39 +0200] "POST /wp-login.php HTTP/1.1" 200 8904 "https://as-cp.fr/wp-login.php" "Mozilla/5.0 (Macintosh; Intel Mac OS X 10_15_7) AppleWebKit/605.1.15 (KHTML, like Gecko) Version/16.6 Safari/605.1.15"
104.234.53.41 - - [24/Jul/2026:23:19:40 +0200] "GET /wp-admin/index.php HTTP/1.1" 302 5230 "https://as-cp.fr/wp-login.php" "Mozilla/5.0 (Macintosh; Intel Mac OS X 13_6_1) AppleWebKit/537.36 (KHTML, like Gecko) Chrome/119.0.0.0 Safari/537.36"
104.234.53.41 - - [24/Jul/2026:23:19:40 +0200] "GET /wp-login.php?redirect_to=https%3A%2F%2Fas-cp.fr%2Fwp-admin%2Findex.php&reauth=1 HTTP/1.1" 200 10805 "https://as-cp.fr/wp-login.php" "Mozilla/5.0 (Macintosh; Intel Mac OS X 13_6_1) AppleWebKit/537.36 (KHTML, like Gecko) Chrome/119.0.0.0 Safari/537.36"
104.234.53.41 - - [24/Jul/2026:23:19:41 +0200] "POST /wp-login.php HTTP/1.1" 200 8904 "https://as-cp.fr/wp-login.php" "Mozilla/5.0 (Macintosh; Intel Mac OS X 13_6_1) AppleWebKit/605.1.15 (KHTML, like Gecko) Version/17.1 Safari/605.1.15"
104.234.53.41 - - [24/Jul/2026:23:19:42 +0200] "GET /wp-admin/index.php HTTP/1.1" 302 5230 "https://as-cp.fr/wp-login.php" "Mozilla/5.0 (Windows NT 10.0; Win64; x64; rv:119.0) Gecko/20100101 Firefox/119.0"
91.134.83.25 - - [24/Jul/2026:23:19:43 +0200] "POST /wp-cron.php?doing_wp_cron=1784927983.6491189002990722656250 HTTP/1.1" 200 5074 "-" "WordPress/6.9.4; https://as-cp.fr"
104.234.53.41 - - [24/Jul/2026:23:19:43 +0200] "GET /wp-login.php?redirect_to=https%3A%2F%2Fas-cp.fr%2Fwp-admin%2Findex.php&reauth=1 HTTP/1.1" 200 10805 "https://as-cp.fr/wp-login.php" "Mozilla/5.0 (Windows NT 10.0; Win64; x64; rv:119.0) Gecko/20100101 Firefox/119.0"
104.234.53.41 - - [24/Jul/2026:23:19:44 +0200] "GET /wp-admin/index.php HTTP/1.1" 302 5230 "https://as-cp.fr/wp-login.php" "Mozilla/5.0 (X11; Ubuntu; Linux x86_64) AppleWebKit/537.36 (KHTML, like Gecko) Chrome/120.0.0.0 Safari/537.36"
104.234.53.41 - - [24/Jul/2026:23:19:43 +0200] "POST /wp-login.php HTTP/1.1" 200 8904 "https://as-cp.fr/wp-login.php" "Mozilla/5.0 (Macintosh; Intel Mac OS X 13_6_1) AppleWebKit/537.36 (KHTML, like Gecko) Chrome/121.0.0.0 Safari/537.36"
104.234.53.41 - - [24/Jul/2026:23:19:45 +0200] "GET /wp-login.php?redirect_to=https%3A%2F%2Fas-cp.fr%2Fwp-admin%2Findex.php&reauth=1 HTTP/1.1" 200 10805 "https://as-cp.fr/wp-login.php" "Mozilla/5.0 (X11; Ubuntu; Linux x86_64) AppleWebKit/537.36 (KHTML, like Gecko) Chrome/120.0.0.0 Safari/537.36"
104.234.53.41 - - [24/Jul/2026:23:19:46 +0200] "POST /wp-login.php HTTP/1.1" 200 8904 "https://as-cp.fr/wp-login.php" "Mozilla/5.0 (Windows NT 11.0; Win64; x64) AppleWebKit/537.36 (KHTML, like Gecko) Chrome/118.0.0.0 Safari/537.36"
104.234.53.41 - - [24/Jul/2026:23:19:47 +0200] "GET /wp-admin/index.php HTTP/1.1" 302 5230 "https://as-cp.fr/wp-login.php" "Mozilla/5.0 (Windows NT 10.0; Win64; x64; rv:119.0) Gecko/20100101 Firefox/119.0"
104.234.53.41 - - [24/Jul/2026:23:19:47 +0200] "GET /wp-login.php?redirect_to=https%3A%2F%2Fas-cp.fr%2Fwp-admin%2Findex.php&reauth=1 HTTP/1.1" 200 10805 "https://as-cp.fr/wp-login.php" "Mozilla/5.0 (Windows NT 10.0; Win64; x64; rv:119.0) Gecko/20100101 Firefox/119.0"
104.234.53.41 - - [24/Jul/2026:23:19:48 +0200] "POST /wp-login.php HTTP/1.1" 200 8904 "https://as-cp.fr/wp-login.php" "Mozilla/5.0 (X11; Linux x86_64) AppleWebKit/537.36 (KHTML, like Gecko) Chrome/119.0.0.0 Safari/537.36"
104.234.53.41 - - [24/Jul/2026:23:19:49 +0200] "GET /wp-admin/index.php HTTP/1.1" 302 5230 "https://as-cp.fr/wp-login.php" "Mozilla/5.0 (Windows NT 10.0; Win64; x64; rv:121.0) Gecko/20100101 Firefox/121.0"
104.234.53.41 - - [24/Jul/2026:23:19:50 +0200] "GET /wp-login.php?redirect_to=https%3A%2F%2Fas-cp.fr%2Fwp-admin%2Findex.php&reauth=1 HTTP/1.1" 200 10805 "https://as-cp.fr/wp-login.php" "Mozilla/5.0 (Windows NT 10.0; Win64; x64; rv:121.0) Gecko/20100101 Firefox/121.0"
104.234.53.41 - - [24/Jul/2026:23:19:51 +0200] "POST /wp-login.php HTTP/1.1" 200 8904 "https://as-cp.fr/wp-login.php" "Mozilla/5.0 (Macintosh; Intel Mac OS X 13_6_1) AppleWebKit/537.36 (KHTML, like Gecko) Chrome/118.0.0.0 Safari/537.36"
104.234.53.41 - - [24/Jul/2026:23:19:52 +0200] "GET /wp-admin/index.php HTTP/1.1" 302 5230 "https://as-cp.fr/wp-login.php" "Mozilla/5.0 (X11; Ubuntu; Linux x86_64) AppleWebKit/537.36 (KHTML, like Gecko) Chrome/118.0.0.0 Safari/537.36"
104.234.53.41 - - [24/Jul/2026:23:19:52 +0200] "GET /wp-login.php?redirect_to=https%3A%2F%2Fas-cp.fr%2Fwp-admin%2Findex.php&reauth=1 HTTP/1.1" 200 10805 "https://as-cp.fr/wp-login.php" "Mozilla/5.0 (X11; Ubuntu; Linux x86_64) AppleWebKit/537.36 (KHTML, like Gecko) Chrome/118.0.0.0 Safari/537.36"
104.234.53.41 - - [24/Jul/2026:23:19:53 +0200] "POST /wp-login.php HTTP/1.1" 200 8904 "https://as-cp.fr/wp-login.php" "Mozilla/5.0 (Windows NT 11.0; Win64; x64) AppleWebKit/537.36 (KHTML, like Gecko) Chrome/120.0.0.0 Safari/537.36"
104.234.53.41 - - [24/Jul/2026:23:19:54 +0200] "GET /wp-admin/index.php HTTP/1.1" 302 5230 "https://as-cp.fr/wp-login.php" "Mozilla/5.0 (Macintosh; Intel Mac OS X 10_15_7) AppleWebKit/605.1.15 (KHTML, like Gecko) Version/17.1 Safari/605.1.15"
88.166.28.185 - - [24/Jul/2026:23:19:54 +0200] "POST /xmlrpc.php HTTP/1.1" 200 5463 "-" "Mozilla/5.0 (Windows NT 6.2; x86) AppleWebKit/537.36 (KHTML, like Gecko) Opera/72.0.0.0 Safari/537.36"
104.234.53.41 - - [24/Jul/2026:23:19:54 +0200] "GET /wp-login.php?redirect_to=https%3A%2F%2Fas-cp.fr%2Fwp-admin%2Findex.php&reauth=1 HTTP/1.1" 200 10805 "https://as-cp.fr/wp-login.php" "Mozilla/5.0 (Macintosh; Intel Mac OS X 10_15_7) AppleWebKit/605.1.15 (KHTML, like Gecko) Version/17.1 Safari/605.1.15"
104.234.53.41 - - [24/Jul/2026:23:19:55 +0200] "POST /wp-login.php HTTP/1.1" 200 8904 "https://as-cp.fr/wp-login.php" "Mozilla/5.0 (Macintosh; Intel Mac OS X 10_15_7; rv:119.0) Gecko/20100101 Firefox/119.0"
104.234.53.41 - - [24/Jul/2026:23:19:55 +0200] "GET /wp-admin/index.php HTTP/1.1" 302 5230 "https://as-cp.fr/wp-login.php" "Mozilla/5.0 (Macintosh; Intel Mac OS X 10_15_7) AppleWebKit/605.1.15 (KHTML, like Gecko) Version/16.6 Safari/605.1.15"
88.166.28.185 - - [24/Jul/2026:23:19:56 +0200] "POST /xmlrpc.php HTTP/1.1" 200 5463 "-" "Mozilla/5.0 (Macintosh; Intel Mac OS X 10_15_7; x64) AppleWebKit/537.36 (KHTML, like Gecko) Chrome/105.0.0.0 Safari/537.36"
104.234.53.41 - - [24/Jul/2026:23:19:56 +0200] "GET /wp-login.php?redirect_to=https%3A%2F%2Fas-cp.fr%2Fwp-admin%2Findex.php&reauth=1 HTTP/1.1" 200 10805 "https://as-cp.fr/wp-login.php" "Mozilla/5.0 (Macintosh; Intel Mac OS X 10_15_7) AppleWebKit/605.1.15 (KHTML, like Gecko) Version/16.6 Safari/605.1.15"
104.234.53.41 - - [24/Jul/2026:23:19:57 +0200] "POST /wp-login.php HTTP/1.1" 200 8904 "https://as-cp.fr/wp-login.php" "Mozilla/5.0 (Windows NT 11.0; Win64; x64) AppleWebKit/537.36 (KHTML, like Gecko) Chrome/121.0.0.0 Safari/537.36"
104.234.53.41 - - [24/Jul/2026:23:19:58 +0200] "GET /wp-admin/index.php HTTP/1.1" 302 5230 "https://as-cp.fr/wp-login.php" "Mozilla/5.0 (X11; Linux x86_64) AppleWebKit/537.36 (KHTML, like Gecko) Chrome/118.0.0.0 Safari/537.36"
104.234.53.41 - - [24/Jul/2026:23:19:58 +0200] "GET /wp-login.php?redirect_to=https%3A%2F%2Fas-cp.fr%2Fwp-admin%2Findex.php&reauth=1 HTTP/1.1" 200 10805 "https://as-cp.fr/wp-login.php" "Mozilla/5.0 (X11; Linux x86_64) AppleWebKit/537.36 (KHTML, like Gecko) Chrome/118.0.0.0 Safari/537.36"
104.234.53.41 - - [24/Jul/2026:23:20:00 +0200] "GET /wp-admin/index.php HTTP/1.1" 302 5230 "https://as-cp.fr/wp-login.php" "Mozilla/5.0 (Macintosh; Intel Mac OS X 10_15_7) AppleWebKit/605.1.15 (KHTML, like Gecko) Version/17.0 Safari/605.1.15"
104.234.53.41 - - [24/Jul/2026:23:19:59 +0200] "POST /wp-login.php HTTP/1.1" 200 8904 "https://as-cp.fr/wp-login.php" "Mozilla/5.0 (X11; Ubuntu; Linux x86_64) AppleWebKit/537.36 (KHTML, like Gecko) Chrome/119.0.0.0 Safari/537.36"
104.234.53.41 - - [24/Jul/2026:23:20:00 +0200] "GET /wp-login.php?redirect_to=https%3A%2F%2Fas-cp.fr%2Fwp-admin%2Findex.php&reauth=1 HTTP/1.1" 200 10805 "https://as-cp.fr/wp-login.php" "Mozilla/5.0 (Macintosh; Intel Mac OS X 10_15_7) AppleWebKit/605.1.15 (KHTML, like Gecko) Version/17.0 Safari/605.1.15"
104.234.53.41 - - [24/Jul/2026:23:20:01 +0200] "POST /wp-login.php HTTP/1.1" 200 8904 "https://as-cp.fr/wp-login.php" "Mozilla/5.0 (X11; Linux x86_64) AppleWebKit/537.36 (KHTML, like Gecko) Chrome/119.0.0.0 Safari/537.36"
104.234.53.41 - - [24/Jul/2026:23:20:01 +0200] "GET /wp-admin/index.php HTTP/1.1" 302 5230 "https://as-cp.fr/wp-login.php" "Mozilla/5.0 (X11; Ubuntu; Linux x86_64) AppleWebKit/537.36 (KHTML, like Gecko) Chrome/121.0.0.0 Safari/537.36"
104.234.53.41 - - [24/Jul/2026:23:20:02 +0200] "GET /wp-login.php?redirect_to=https%3A%2F%2Fas-cp.fr%2Fwp-admin%2Findex.php&reauth=1 HTTP/1.1" 200 10805 "https://as-cp.fr/wp-login.php" "Mozilla/5.0 (X11; Ubuntu; Linux x86_64) AppleWebKit/537.36 (KHTML, like Gecko) Chrome/121.0.0.0 Safari/537.36"
104.234.53.41 - - [24/Jul/2026:23:20:03 +0200] "POST /wp-login.php HTTP/1.1" 200 8904 "https://as-cp.fr/wp-login.php" "Mozilla/5.0 (Windows NT 10.0; Win64; x64) AppleWebKit/537.36 (KHTML, like Gecko) Chrome/118.0.0.0 Safari/537.36"
104.234.53.41 - - [24/Jul/2026:23:20:03 +0200] "GET /wp-admin/index.php HTTP/1.1" 302 5230 "https://as-cp.fr/wp-login.php" "Mozilla/5.0 (X11; Ubuntu; Linux x86_64) AppleWebKit/537.36 (KHTML, like Gecko) Chrome/121.0.0.0 Safari/537.36"
104.234.53.41 - - [24/Jul/2026:23:20:04 +0200] "GET /wp-login.php?redirect_to=https%3A%2F%2Fas-cp.fr%2Fwp-admin%2Findex.php&reauth=1 HTTP/1.1" 200 10805 "https://as-cp.fr/wp-login.php" "Mozilla/5.0 (X11; Ubuntu; Linux x86_64) AppleWebKit/537.36 (KHTML, like Gecko) Chrome/121.0.0.0 Safari/537.36"
104.234.53.41 - - [24/Jul/2026:23:20:05 +0200] "POST /wp-login.php HTTP/1.1" 200 8904 "https://as-cp.fr/wp-login.php" "Mozilla/5.0 (Macintosh; Intel Mac OS X 13_6_1) AppleWebKit/605.1.15 (KHTML, like Gecko) Version/17.1 Safari/605.1.15"
104.234.53.41 - - [24/Jul/2026:23:20:05 +0200] "GET /wp-admin/index.php HTTP/1.1" 302 5230 "https://as-cp.fr/wp-login.php" "Mozilla/5.0 (Macintosh; Intel Mac OS X 13_6_1; rv:120.0) Gecko/20100101 Firefox/120.0"
104.234.53.41 - - [24/Jul/2026:23:20:06 +0200] "GET /wp-login.php?redirect_to=https%3A%2F%2Fas-cp.fr%2Fwp-admin%2Findex.php&reauth=1 HTTP/1.1" 200 10805 "https://as-cp.fr/wp-login.php" "Mozilla/5.0 (Macintosh; Intel Mac OS X 13_6_1; rv:120.0) Gecko/20100101 Firefox/120.0"
104.234.53.41 - - [24/Jul/2026:23:20:06 +0200] "POST /wp-login.php HTTP/1.1" 200 8904 "https://as-cp.fr/wp-login.php" "Mozilla/5.0 (X11; Linux x86_64) AppleWebKit/537.36 (KHTML, like Gecko) Chrome/119.0.0.0 Safari/537.36"
104.234.53.41 - - [24/Jul/2026:23:20:07 +0200] "GET /wp-admin/index.php HTTP/1.1" 302 5230 "https://as-cp.fr/wp-login.php" "Mozilla/5.0 (Windows NT 11.0; Win64; x64; rv:119.0) Gecko/20100101 Firefox/119.0"
104.234.53.41 - - [24/Jul/2026:23:20:08 +0200] "GET /wp-login.php?redirect_to=https%3A%2F%2Fas-cp.fr%2Fwp-admin%2Findex.php&reauth=1 HTTP/1.1" 200 10805 "https://as-cp.fr/wp-login.php" "Mozilla/5.0 (Windows NT 11.0; Win64; x64; rv:119.0) Gecko/20100101 Firefox/119.0"
104.234.53.41 - - [24/Jul/2026:23:20:08 +0200] "POST /wp-login.php HTTP/1.1" 200 8904 "https://as-cp.fr/wp-login.php" "Mozilla/5.0 (Macintosh; Intel Mac OS X 10_15_7) AppleWebKit/605.1.15 (KHTML, like Gecko) Version/17.2 Safari/605.1.15"
104.234.53.41 - - [24/Jul/2026:23:20:09 +0200] "GET /wp-admin/index.php HTTP/1.1" 302 5230 "https://as-cp.fr/wp-login.php" "Mozilla/5.0 (Macintosh; Intel Mac OS X 13_6_1) AppleWebKit/605.1.15 (KHTML, like Gecko) Version/17.2 Safari/605.1.15"
104.234.53.41 - - [24/Jul/2026:23:20:10 +0200] "GET /wp-login.php?redirect_to=https%3A%2F%2Fas-cp.fr%2Fwp-admin%2Findex.php&reauth=1 HTTP/1.1" 200 10805 "https://as-cp.fr/wp-login.php" "Mozilla/5.0 (Macintosh; Intel Mac OS X 13_6_1) AppleWebKit/605.1.15 (KHTML, like Gecko) Version/17.2 Safari/605.1.15"
104.234.53.41 - - [24/Jul/2026:23:20:10 +0200] "POST /wp-login.php HTTP/1.1" 200 8904 "https://as-cp.fr/wp-login.php" "Mozilla/5.0 (Macintosh; Intel Mac OS X 10_15_7; rv:120.0) Gecko/20100101 Firefox/120.0"
104.234.53.41 - - [24/Jul/2026:23:20:11 +0200] "GET /wp-admin/index.php HTTP/1.1" 302 5230 "https://as-cp.fr/wp-login.php" "Mozilla/5.0 (Windows NT 10.0; Win64; x64) AppleWebKit/537.36 (KHTML, like Gecko) Chrome/118.0.0.0 Safari/537.36"
104.234.53.41 - - [24/Jul/2026:23:20:12 +0200] "GET /wp-login.php?redirect_to=https%3A%2F%2Fas-cp.fr%2Fwp-admin%2Findex.php&reauth=1 HTTP/1.1" 200 10805 "https://as-cp.fr/wp-login.php" "Mozilla/5.0 (Windows NT 10.0; Win64; x64) AppleWebKit/537.36 (KHTML, like Gecko) Chrome/118.0.0.0 Safari/537.36"
104.234.53.41 - - [24/Jul/2026:23:20:13 +0200] "POST /wp-login.php HTTP/1.1" 200 8904 "https://as-cp.fr/wp-login.php" "Mozilla/5.0 (Windows NT 10.0; Win64; x64; rv:119.0) Gecko/20100101 Firefox/119.0"
104.234.53.41 - - [24/Jul/2026:23:20:14 +0200] "GET /wp-admin/index.php HTTP/1.1" 302 5230 "https://as-cp.fr/wp-login.php" "Mozilla/5.0 (Windows NT 10.0; Win64; x64) AppleWebKit/537.36 (KHTML, like Gecko) Chrome/119.0.0.0 Safari/537.36"
104.234.53.41 - - [24/Jul/2026:23:20:15 +0200] "GET /wp-login.php?redirect_to=https%3A%2F%2Fas-cp.fr%2Fwp-admin%2Findex.php&reauth=1 HTTP/1.1" 200 10805 "https://as-cp.fr/wp-login.php" "Mozilla/5.0 (Windows NT 10.0; Win64; x64) AppleWebKit/537.36 (KHTML, like Gecko) Chrome/119.0.0.0 Safari/537.36"
104.234.53.41 - - [24/Jul/2026:23:20:16 +0200] "GET /wp-admin/index.php HTTP/1.1" 302 5230 "https://as-cp.fr/wp-login.php" "Mozilla/5.0 (Macintosh; Intel Mac OS X 10_15_7) AppleWebKit/605.1.15 (KHTML, like Gecko) Version/17.0 Safari/605.1.15"
104.234.53.41 - - [24/Jul/2026:23:20:17 +0200] "GET /wp-login.php?redirect_to=https%3A%2F%2Fas-cp.fr%2Fwp-admin%2Findex.php&reauth=1 HTTP/1.1" 200 10805 "https://as-cp.fr/wp-login.php" "Mozilla/5.0 (Macintosh; Intel Mac OS X 10_15_7) AppleWebKit/605.1.15 (KHTML, like Gecko) Version/17.0 Safari/605.1.15"
104.234.53.41 - - [24/Jul/2026:23:20:16 +0200] "POST /wp-login.php HTTP/1.1" 200 8904 "https://as-cp.fr/wp-login.php" "Mozilla/5.0 (X11; Linux x86_64) AppleWebKit/537.36 (KHTML, like Gecko) Chrome/121.0.0.0 Safari/537.36"
91.134.83.25 - - [24/Jul/2026:23:20:18 +0200] "POST /wp-cron.php?doing_wp_cron=1784928018.5075640678405761718750 HTTP/1.1" 200 5074 "-" "WordPress/6.9.4; https://as-cp.fr"
104.234.53.41 - - [24/Jul/2026:23:20:18 +0200] "GET /wp-admin/index.php HTTP/1.1" 302 5230 "https://as-cp.fr/wp-login.php" "Mozilla/5.0 (Macintosh; Intel Mac OS X 10_15_7; rv:121.0) Gecko/20100101 Firefox/121.0"
104.234.53.41 - - [24/Jul/2026:23:20:18 +0200] "POST /wp-login.php HTTP/1.1" 200 8904 "https://as-cp.fr/wp-login.php" "Mozilla/5.0 (Macintosh; Intel Mac OS X 10_15_7) AppleWebKit/605.1.15 (KHTML, like Gecko) Version/17.0 Safari/605.1.15"
104.234.53.41 - - [24/Jul/2026:23:20:19 +0200] "GET /wp-login.php?redirect_to=https%3A%2F%2Fas-cp.fr%2Fwp-admin%2Findex.php&reauth=1 HTTP/1.1" 200 10805 "https://as-cp.fr/wp-login.php" "Mozilla/5.0 (Macintosh; Intel Mac OS X 10_15_7; rv:121.0) Gecko/20100101 Firefox/121.0"
104.234.53.41 - - [24/Jul/2026:23:20:19 +0200] "POST /wp-login.php HTTP/1.1" 200 8904 "https://as-cp.fr/wp-login.php" "Mozilla/5.0 (Windows NT 10.0; Win64; x64) AppleWebKit/537.36 (KHTML, like Gecko) Chrome/120.0.0.0 Safari/537.36"
104.234.53.41 - - [24/Jul/2026:23:20:20 +0200] "GET /wp-admin/index.php HTTP/1.1" 302 5230 "https://as-cp.fr/wp-login.php" "Mozilla/5.0 (Macintosh; Intel Mac OS X 13_6_1) AppleWebKit/605.1.15 (KHTML, like Gecko) Version/17.0 Safari/605.1.15"
91.134.83.25 - - [24/Jul/2026:23:20:21 +0200] "POST /wp-cron.php?doing_wp_cron=1784928021.5263500213623046875000 HTTP/1.1" 200 5074 "-" "WordPress/6.9.4; https://as-cp.fr"
104.234.53.41 - - [24/Jul/2026:23:20:21 +0200] "GET /wp-login.php?redirect_to=https%3A%2F%2Fas-cp.fr%2Fwp-admin%2Findex.php&reauth=1 HTTP/1.1" 200 10805 "https://as-cp.fr/wp-login.php" "Mozilla/5.0 (Macintosh; Intel Mac OS X 13_6_1) AppleWebKit/605.1.15 (KHTML, like Gecko) Version/17.0 Safari/605.1.15"
104.234.53.41 - - [24/Jul/2026:23:20:21 +0200] "POST /wp-login.php HTTP/1.1" 200 8904 "https://as-cp.fr/wp-login.php" "Mozilla/5.0 (Macintosh; Intel Mac OS X 10_15_7) AppleWebKit/537.36 (KHTML, like Gecko) Chrome/119.0.0.0 Safari/537.36"
104.234.53.41 - - [24/Jul/2026:23:20:22 +0200] "GET /wp-admin/index.php HTTP/1.1" 302 5230 "https://as-cp.fr/wp-login.php" "Mozilla/5.0 (X11; Linux x86_64) AppleWebKit/537.36 (KHTML, like Gecko) Chrome/121.0.0.0 Safari/537.36"
104.234.53.41 - - [24/Jul/2026:23:20:23 +0200] "GET /wp-login.php?redirect_to=https%3A%2F%2Fas-cp.fr%2Fwp-admin%2Findex.php&reauth=1 HTTP/1.1" 200 10805 "https://as-cp.fr/wp-login.php" "Mozilla/5.0 (X11; Linux x86_64) AppleWebKit/537.36 (KHTML, like Gecko) Chrome/121.0.0.0 Safari/537.36"
104.234.53.41 - - [24/Jul/2026:23:20:23 +0200] "POST /wp-login.php HTTP/1.1" 200 8904 "https://as-cp.fr/wp-login.php" "Mozilla/5.0 (X11; Linux x86_64) AppleWebKit/537.36 (KHTML, like Gecko) Chrome/121.0.0.0 Safari/537.36"
104.234.53.41 - - [24/Jul/2026:23:20:24 +0200] "GET /wp-admin/index.php HTTP/1.1" 302 5230 "https://as-cp.fr/wp-login.php" "Mozilla/5.0 (Macintosh; Intel Mac OS X 13_6_1; rv:119.0) Gecko/20100101 Firefox/119.0"
104.234.53.41 - - [24/Jul/2026:23:20:24 +0200] "GET /wp-login.php?redirect_to=https%3A%2F%2Fas-cp.fr%2Fwp-admin%2Findex.php&reauth=1 HTTP/1.1" 200 10805 "https://as-cp.fr/wp-login.php" "Mozilla/5.0 (Macintosh; Intel Mac OS X 13_6_1; rv:119.0) Gecko/20100101 Firefox/119.0"
104.234.53.41 - - [24/Jul/2026:23:20:26 +0200] "GET /wp-admin/index.php HTTP/1.1" 302 5230 "https://as-cp.fr/wp-login.php" "Mozilla/5.0 (Windows NT 11.0; Win64; x64; rv:118.0) Gecko/20100101 Firefox/118.0"
104.234.53.41 - - [24/Jul/2026:23:20:25 +0200] "POST /wp-login.php HTTP/1.1" 200 8904 "https://as-cp.fr/wp-login.php" "Mozilla/5.0 (Windows NT 10.0; Win64; x64) AppleWebKit/537.36 (KHTML, like Gecko) Chrome/118.0.0.0 Safari/537.36"
88.166.28.185 - - [24/Jul/2026:23:20:26 +0200] "POST /xmlrpc.php HTTP/1.1" 200 5463 "-" "Mozilla/5.0 (Windows NT 10.0; arm64) AppleWebKit/537.36 (KHTML, like Gecko) Chrome/109.0.0.0 Safari/537.36"
104.234.53.41 - - [24/Jul/2026:23:20:26 +0200] "GET /wp-login.php?redirect_to=https%3A%2F%2Fas-cp.fr%2Fwp-admin%2Findex.php&reauth=1 HTTP/1.1" 200 10805 "https://as-cp.fr/wp-login.php" "Mozilla/5.0 (Windows NT 11.0; Win64; x64; rv:118.0) Gecko/20100101 Firefox/118.0"
104.234.53.41 - - [24/Jul/2026:23:20:27 +0200] "POST /wp-login.php HTTP/1.1" 200 8904 "https://as-cp.fr/wp-login.php" "Mozilla/5.0 (Windows NT 11.0; Win64; x64; rv:118.0) Gecko/20100101 Firefox/118.0"
104.234.53.41 - - [24/Jul/2026:23:20:27 +0200] "GET /wp-admin/index.php HTTP/1.1" 302 5230 "https://as-cp.fr/wp-login.php" "Mozilla/5.0 (Macintosh; Intel Mac OS X 13_6_1) AppleWebKit/537.36 (KHTML, like Gecko) Chrome/118.0.0.0 Safari/537.36"
88.166.28.185 - - [24/Jul/2026:23:20:28 +0200] "POST /xmlrpc.php HTTP/1.1" 200 5463 "-" "Mozilla/5.0 (Windows NT 6.3; x64) AppleWebKit/537.36 (KHTML, like Gecko) Edge/95.0.0.0 Safari/537.36"
104.234.53.41 - - [24/Jul/2026:23:20:28 +0200] "GET /wp-login.php?redirect_to=https%3A%2F%2Fas-cp.fr%2Fwp-admin%2Findex.php&reauth=1 HTTP/1.1" 200 10805 "https://as-cp.fr/wp-login.php" "Mozilla/5.0 (Macintosh; Intel Mac OS X 13_6_1) AppleWebKit/537.36 (KHTML, like Gecko) Chrome/118.0.0.0 Safari/537.36"
104.234.53.41 - - [24/Jul/2026:23:20:29 +0200] "POST /wp-login.php HTTP/1.1" 200 8904 "https://as-cp.fr/wp-login.php" "Mozilla/5.0 (Macintosh; Intel Mac OS X 10_15_7; rv:118.0) Gecko/20100101 Firefox/118.0"
104.234.53.41 - - [24/Jul/2026:23:20:29 +0200] "GET /wp-admin/index.php HTTP/1.1" 302 5230 "https://as-cp.fr/wp-login.php" "Mozilla/5.0 (Windows NT 11.0; Win64; x64; rv:118.0) Gecko/20100101 Firefox/118.0"
104.234.53.41 - - [24/Jul/2026:23:20:30 +0200] "GET /wp-login.php?redirect_to=https%3A%2F%2Fas-cp.fr%2Fwp-admin%2Findex.php&reauth=1 HTTP/1.1" 200 10805 "https://as-cp.fr/wp-login.php" "Mozilla/5.0 (Windows NT 11.0; Win64; x64; rv:118.0) Gecko/20100101 Firefox/118.0"
104.234.53.41 - - [24/Jul/2026:23:20:31 +0200] "POST /wp-login.php HTTP/1.1" 200 8904 "https://as-cp.fr/wp-login.php" "Mozilla/5.0 (Windows NT 11.0; Win64; x64; rv:120.0) Gecko/20100101 Firefox/120.0"
104.234.53.41 - - [24/Jul/2026:23:20:32 +0200] "GET /wp-admin/index.php HTTP/1.1" 302 5230 "https://as-cp.fr/wp-login.php" "Mozilla/5.0 (Macintosh; Intel Mac OS X 10_15_7) AppleWebKit/605.1.15 (KHTML, like Gecko) Version/16.6 Safari/605.1.15"
104.234.53.41 - - [24/Jul/2026:23:20:32 +0200] "GET /wp-login.php?redirect_to=https%3A%2F%2Fas-cp.fr%2Fwp-admin%2Findex.php&reauth=1 HTTP/1.1" 200 10805 "https://as-cp.fr/wp-login.php" "Mozilla/5.0 (Macintosh; Intel Mac OS X 10_15_7) AppleWebKit/605.1.15 (KHTML, like Gecko) Version/16.6 Safari/605.1.15"
104.234.53.41 - - [24/Jul/2026:23:20:33 +0200] "POST /wp-login.php HTTP/1.1" 200 8904 "https://as-cp.fr/wp-login.php" "Mozilla/5.0 (X11; Linux x86_64) AppleWebKit/537.36 (KHTML, like Gecko) Chrome/119.0.0.0 Safari/537.36"
91.134.83.25 - - [24/Jul/2026:23:20:34 +0200] "POST /wp-cron.php?doing_wp_cron=1784928034.3185760974884033203125 HTTP/1.1" 200 5074 "-" "WordPress/6.9.4; https://as-cp.fr"
104.234.53.41 - - [24/Jul/2026:23:20:33 +0200] "GET /wp-admin/index.php HTTP/1.1" 302 5230 "https://as-cp.fr/wp-login.php" "Mozilla/5.0 (Macintosh; Intel Mac OS X 10_15_7; rv:119.0) Gecko/20100101 Firefox/119.0"
104.234.53.41 - - [24/Jul/2026:23:20:34 +0200] "GET /wp-login.php?redirect_to=https%3A%2F%2Fas-cp.fr%2Fwp-admin%2Findex.php&reauth=1 HTTP/1.1" 200 10805 "https://as-cp.fr/wp-login.php" "Mozilla/5.0 (Macintosh; Intel Mac OS X 10_15_7; rv:119.0) Gecko/20100101 Firefox/119.0"
104.234.53.41 - - [24/Jul/2026:23:20:35 +0200] "POST /wp-login.php HTTP/1.1" 200 8902 "https://as-cp.fr/wp-login.php" "Mozilla/5.0 (Macintosh; Intel Mac OS X 10_15_7) AppleWebKit/605.1.15 (KHTML, like Gecko) Version/17.0 Safari/605.1.15"
104.234.53.41 - - [24/Jul/2026:23:20:36 +0200] "GET /wp-admin/index.php HTTP/1.1" 302 5230 "https://as-cp.fr/wp-login.php" "Mozilla/5.0 (Macintosh; Intel Mac OS X 13_6_1; rv:121.0) Gecko/20100101 Firefox/121.0"
104.234.53.41 - - [24/Jul/2026:23:20:36 +0200] "GET /wp-login.php?redirect_to=https%3A%2F%2Fas-cp.fr%2Fwp-admin%2Findex.php&reauth=1 HTTP/1.1" 200 10805 "https://as-cp.fr/wp-login.php" "Mozilla/5.0 (Macintosh; Intel Mac OS X 13_6_1; rv:121.0) Gecko/20100101 Firefox/121.0"
104.234.53.41 - - [24/Jul/2026:23:20:37 +0200] "POST /wp-login.php HTTP/1.1" 200 8902 "https://as-cp.fr/wp-login.php" "Mozilla/5.0 (X11; Ubuntu; Linux x86_64) AppleWebKit/537.36 (KHTML, like Gecko) Chrome/119.0.0.0 Safari/537.36"
104.234.53.41 - - [24/Jul/2026:23:20:37 +0200] "GET /wp-admin/index.php HTTP/1.1" 302 5230 "https://as-cp.fr/wp-login.php" "Mozilla/5.0 (Macintosh; Intel Mac OS X 13_6_1) AppleWebKit/605.1.15 (KHTML, like Gecko) Version/16.6 Safari/605.1.15"
104.234.53.41 - - [24/Jul/2026:23:20:38 +0200] "GET /wp-login.php?redirect_to=https%3A%2F%2Fas-cp.fr%2Fwp-admin%2Findex.php&reauth=1 HTTP/1.1" 200 10805 "https://as-cp.fr/wp-login.php" "Mozilla/5.0 (Macintosh; Intel Mac OS X 13_6_1) AppleWebKit/605.1.15 (KHTML, like Gecko) Version/16.6 Safari/605.1.15"
104.234.53.41 - - [24/Jul/2026:23:20:39 +0200] "POST /wp-login.php HTTP/1.1" 200 8902 "https://as-cp.fr/wp-login.php" "Mozilla/5.0 (Macintosh; Intel Mac OS X 10_15_7) AppleWebKit/605.1.15 (KHTML, like Gecko) Version/16.6 Safari/605.1.15"
104.234.53.41 - - [24/Jul/2026:23:20:39 +0200] "GET /wp-admin/index.php HTTP/1.1" 302 5230 "https://as-cp.fr/wp-login.php" "Mozilla/5.0 (Windows NT 11.0; Win64; x64) AppleWebKit/537.36 (KHTML, like Gecko) Chrome/119.0.0.0 Safari/537.36"
104.234.53.41 - - [24/Jul/2026:23:20:40 +0200] "GET /wp-login.php?redirect_to=https%3A%2F%2Fas-cp.fr%2Fwp-admin%2Findex.php&reauth=1 HTTP/1.1" 200 10805 "https://as-cp.fr/wp-login.php" "Mozilla/5.0 (Windows NT 11.0; Win64; x64) AppleWebKit/537.36 (KHTML, like Gecko) Chrome/119.0.0.0 Safari/537.36"
104.234.53.41 - - [24/Jul/2026:23:20:40 +0200] "POST /wp-login.php HTTP/1.1" 200 8902 "https://as-cp.fr/wp-login.php" "Mozilla/5.0 (Windows NT 10.0; Win64; x64) AppleWebKit/537.36 (KHTML, like Gecko) Chrome/118.0.0.0 Safari/537.36"
104.234.53.41 - - [24/Jul/2026:23:20:41 +0200] "GET /wp-admin/index.php HTTP/1.1" 302 5230 "https://as-cp.fr/wp-login.php" "Mozilla/5.0 (Macintosh; Intel Mac OS X 13_6_1) AppleWebKit/537.36 (KHTML, like Gecko) Chrome/120.0.0.0 Safari/537.36"
104.234.53.41 - - [24/Jul/2026:23:20:42 +0200] "GET /wp-login.php?redirect_to=https%3A%2F%2Fas-cp.fr%2Fwp-admin%2Findex.php&reauth=1 HTTP/1.1" 200 10805 "https://as-cp.fr/wp-login.php" "Mozilla/5.0 (Macintosh; Intel Mac OS X 13_6_1) AppleWebKit/537.36 (KHTML, like Gecko) Chrome/120.0.0.0 Safari/537.36"
91.134.83.25 - - [24/Jul/2026:23:20:43 +0200] "POST /wp-cron.php?doing_wp_cron=1784928043.0418829917907714843750 HTTP/1.1" 200 5074 "-" "WordPress/6.9.4; https://as-cp.fr"
104.234.53.41 - - [24/Jul/2026:23:20:42 +0200] "POST /wp-login.php HTTP/1.1" 200 8902 "https://as-cp.fr/wp-login.php" "Mozilla/5.0 (X11; Ubuntu; Linux x86_64) AppleWebKit/537.36 (KHTML, like Gecko) Chrome/119.0.0.0 Safari/537.36"
104.234.53.41 - - [24/Jul/2026:23:20:43 +0200] "GET /wp-admin/index.php HTTP/1.1" 302 5230 "https://as-cp.fr/wp-login.php" "Mozilla/5.0 (Windows NT 11.0; Win64; x64) AppleWebKit/537.36 (KHTML, like Gecko) Chrome/121.0.0.0 Safari/537.36"
104.234.53.41 - - [24/Jul/2026:23:20:43 +0200] "GET /wp-login.php?redirect_to=https%3A%2F%2Fas-cp.fr%2Fwp-admin%2Findex.php&reauth=1 HTTP/1.1" 200 10805 "https://as-cp.fr/wp-login.php" "Mozilla/5.0 (Windows NT 11.0; Win64; x64) AppleWebKit/537.36 (KHTML, like Gecko) Chrome/121.0.0.0 Safari/537.36"
104.234.53.41 - - [24/Jul/2026:23:20:44 +0200] "POST /wp-login.php HTTP/1.1" 200 8902 "https://as-cp.fr/wp-login.php" "Mozilla/5.0 (Macintosh; Intel Mac OS X 13_6_1) AppleWebKit/537.36 (KHTML, like Gecko) Chrome/120.0.0.0 Safari/537.36"
104.234.53.41 - - [24/Jul/2026:23:20:45 +0200] "GET /wp-admin/index.php HTTP/1.1" 302 5230 "https://as-cp.fr/wp-login.php" "Mozilla/5.0 (Macintosh; Intel Mac OS X 10_15_7) AppleWebKit/537.36 (KHTML, like Gecko) Chrome/118.0.0.0 Safari/537.36"
104.234.53.41 - - [24/Jul/2026:23:20:45 +0200] "GET /wp-login.php?redirect_to=https%3A%2F%2Fas-cp.fr%2Fwp-admin%2Findex.php&reauth=1 HTTP/1.1" 200 10805 "https://as-cp.fr/wp-login.php" "Mozilla/5.0 (Macintosh; Intel Mac OS X 10_15_7) AppleWebKit/537.36 (KHTML, like Gecko) Chrome/118.0.0.0 Safari/537.36"
104.234.53.41 - - [24/Jul/2026:23:20:46 +0200] "POST /wp-login.php HTTP/1.1" 200 8902 "https://as-cp.fr/wp-login.php" "Mozilla/5.0 (Macintosh; Intel Mac OS X 13_6_1) AppleWebKit/537.36 (KHTML, like Gecko) Chrome/119.0.0.0 Safari/537.36"
104.234.53.41 - - [24/Jul/2026:23:20:47 +0200] "GET /wp-admin/index.php HTTP/1.1" 302 5230 "https://as-cp.fr/wp-login.php" "Mozilla/5.0 (Windows NT 10.0; Win64; x64; rv:118.0) Gecko/20100101 Firefox/118.0"
104.234.53.41 - - [24/Jul/2026:23:20:47 +0200] "GET /wp-login.php?redirect_to=https%3A%2F%2Fas-cp.fr%2Fwp-admin%2Findex.php&reauth=1 HTTP/1.1" 200 10805 "https://as-cp.fr/wp-login.php" "Mozilla/5.0 (Windows NT 10.0; Win64; x64; rv:118.0) Gecko/20100101 Firefox/118.0"
57.141.0.48 - - [24/Jul/2026:23:20:48 +0200] "GET /sitemap-sub-2545.xml HTTP/1.1" 301 5197 "-" "Mozilla/5.0 (Macintosh; Intel Mac OS X 10_15_7) AppleWebKit/537.36 (KHTML, like Gecko) Chrome/145.0.0.0 Safari/537.36 (compatible; meta-externalagent/1.1 (+https://developers.facebook.com/docs/sharing/webmasters/crawler))"
104.234.53.41 - - [24/Jul/2026:23:20:48 +0200] "POST /wp-login.php HTTP/1.1" 200 8902 "https://as-cp.fr/wp-login.php" "Mozilla/5.0 (Windows NT 11.0; Win64; x64; rv:118.0) Gecko/20100101 Firefox/118.0"
104.234.53.41 - - [24/Jul/2026:23:20:49 +0200] "GET /wp-admin/index.php HTTP/1.1" 302 5230 "https://as-cp.fr/wp-login.php" "Mozilla/5.0 (Macintosh; Intel Mac OS X 10_15_7) AppleWebKit/605.1.15 (KHTML, like Gecko) Version/17.1 Safari/605.1.15"
104.234.53.41 - - [24/Jul/2026:23:20:50 +0200] "GET /wp-login.php?redirect_to=https%3A%2F%2Fas-cp.fr%2Fwp-admin%2Findex.php&reauth=1 HTTP/1.1" 200 10805 "https://as-cp.fr/wp-login.php" "Mozilla/5.0 (Macintosh; Intel Mac OS X 10_15_7) AppleWebKit/605.1.15 (KHTML, like Gecko) Version/17.1 Safari/605.1.15"
104.234.53.41 - - [24/Jul/2026:23:20:50 +0200] "POST /wp-login.php HTTP/1.1" 200 8902 "https://as-cp.fr/wp-login.php" "Mozilla/5.0 (X11; Linux x86_64) AppleWebKit/537.36 (KHTML, like Gecko) Chrome/119.0.0.0 Safari/537.36"
104.234.53.41 - - [24/Jul/2026:23:20:51 +0200] "GET /wp-admin/index.php HTTP/1.1" 302 5230 "https://as-cp.fr/wp-login.php" "Mozilla/5.0 (Windows NT 11.0; Win64; x64; rv:118.0) Gecko/20100101 Firefox/118.0"
104.234.53.41 - - [24/Jul/2026:23:20:52 +0200] "GET /wp-login.php?redirect_to=https%3A%2F%2Fas-cp.fr%2Fwp-admin%2Findex.php&reauth=1 HTTP/1.1" 200 10805 "https://as-cp.fr/wp-login.php" "Mozilla/5.0 (Windows NT 11.0; Win64; x64; rv:118.0) Gecko/20100101 Firefox/118.0"
104.234.53.41 - - [24/Jul/2026:23:20:52 +0200] "POST /wp-login.php HTTP/1.1" 200 8902 "https://as-cp.fr/wp-login.php" "Mozilla/5.0 (Windows NT 11.0; Win64; x64; rv:121.0) Gecko/20100101 Firefox/121.0"
104.234.53.41 - - [24/Jul/2026:23:20:53 +0200] "GET /wp-admin/index.php HTTP/1.1" 302 5230 "https://as-cp.fr/wp-login.php" "Mozilla/5.0 (Macintosh; Intel Mac OS X 10_15_7) AppleWebKit/537.36 (KHTML, like Gecko) Chrome/118.0.0.0 Safari/537.36"
104.234.53.41 - - [24/Jul/2026:23:20:54 +0200] "GET /wp-login.php?redirect_to=https%3A%2F%2Fas-cp.fr%2Fwp-admin%2Findex.php&reauth=1 HTTP/1.1" 200 10805 "https://as-cp.fr/wp-login.php" "Mozilla/5.0 (Macintosh; Intel Mac OS X 10_15_7) AppleWebKit/537.36 (KHTML, like Gecko) Chrome/118.0.0.0 Safari/537.36"
88.166.28.185 - - [24/Jul/2026:23:20:54 +0200] "POST /xmlrpc.php HTTP/1.1" 200 5463 "-" "Mozilla/5.0 (Macintosh; Intel Mac OS X 10_15_7; x64) AppleWebKit/537.36 (KHTML, like Gecko) Chrome/99.0.0.0 Safari/537.36"
104.234.53.41 - - [24/Jul/2026:23:20:55 +0200] "POST /wp-login.php HTTP/1.1" 200 8902 "https://as-cp.fr/wp-login.php" "Mozilla/5.0 (Windows NT 10.0; Win64; x64; rv:118.0) Gecko/20100101 Firefox/118.0"
104.234.53.41 - - [24/Jul/2026:23:20:55 +0200] "GET /wp-admin/index.php HTTP/1.1" 302 5230 "https://as-cp.fr/wp-login.php" "Mozilla/5.0 (Windows NT 10.0; Win64; x64; rv:119.0) Gecko/20100101 Firefox/119.0"
94.23.188.216 - - [24/Jul/2026:23:20:56 +0200] "GET /sitemap_index.xml HTTP/1.1" 200 5405 "-" "Mozilla/5.0 (compatible; AhrefsBot/7.0; +http://ahrefs.com/robot/)"
104.234.53.41 - - [24/Jul/2026:23:20:56 +0200] "GET /wp-login.php?redirect_to=https%3A%2F%2Fas-cp.fr%2Fwp-admin%2Findex.php&reauth=1 HTTP/1.1" 200 10805 "https://as-cp.fr/wp-login.php" "Mozilla/5.0 (Windows NT 10.0; Win64; x64; rv:119.0) Gecko/20100101 Firefox/119.0"
88.166.28.185 - - [24/Jul/2026:23:20:57 +0200] "POST /xmlrpc.php HTTP/1.1" 200 5463 "-" "Mozilla/5.0 (Macintosh; Intel Mac OS X 10_15_7; arm64) AppleWebKit/537.36 (KHTML, like Gecko) Firefox/73.0.0.0 Safari/537.36"
104.234.53.41 - - [24/Jul/2026:23:20:57 +0200] "POST /wp-login.php HTTP/1.1" 200 8902 "https://as-cp.fr/wp-login.php" "Mozilla/5.0 (Macintosh; Intel Mac OS X 10_15_7) AppleWebKit/537.36 (KHTML, like Gecko) Chrome/118.0.0.0 Safari/537.36"
104.234.53.41 - - [24/Jul/2026:23:20:57 +0200] "GET /wp-admin/index.php HTTP/1.1" 302 5230 "https://as-cp.fr/wp-login.php" "Mozilla/5.0 (Macintosh; Intel Mac OS X 13_6_1; rv:121.0) Gecko/20100101 Firefox/121.0"
104.234.53.41 - - [24/Jul/2026:23:20:58 +0200] "GET /wp-login.php?redirect_to=https%3A%2F%2Fas-cp.fr%2Fwp-admin%2Findex.php&reauth=1 HTTP/1.1" 200 10805 "https://as-cp.fr/wp-login.php" "Mozilla/5.0 (Macintosh; Intel Mac OS X 13_6_1; rv:121.0) Gecko/20100101 Firefox/121.0"
104.234.53.41 - - [24/Jul/2026:23:20:58 +0200] "POST /wp-login.php HTTP/1.1" 200 8902 "https://as-cp.fr/wp-login.php" "Mozilla/5.0 (Macintosh; Intel Mac OS X 13_6_1; rv:118.0) Gecko/20100101 Firefox/118.0"
51.75.236.156 - - [24/Jul/2026:23:20:59 +0200] "GET /post-sitemap.xml HTTP/1.1" 200 8166 "-" "Mozilla/5.0 (compatible; AhrefsBot/7.0; +http://ahrefs.com/robot/)"
104.234.53.41 - - [24/Jul/2026:23:20:59 +0200] "GET /wp-admin/index.php HTTP/1.1" 302 5230 "https://as-cp.fr/wp-login.php" "Mozilla/5.0 (Macintosh; Intel Mac OS X 10_15_7; rv:120.0) Gecko/20100101 Firefox/120.0"
104.234.53.41 - - [24/Jul/2026:23:21:00 +0200] "GET /wp-login.php?redirect_to=https%3A%2F%2Fas-cp.fr%2Fwp-admin%2Findex.php&reauth=1 HTTP/1.1" 200 10805 "https://as-cp.fr/wp-login.php" "Mozilla/5.0 (Macintosh; Intel Mac OS X 10_15_7; rv:120.0) Gecko/20100101 Firefox/120.0"
104.234.53.41 - - [24/Jul/2026:23:21:01 +0200] "POST /wp-login.php HTTP/1.1" 200 8902 "https://as-cp.fr/wp-login.php" "Mozilla/5.0 (Macintosh; Intel Mac OS X 10_15_7; rv:121.0) Gecko/20100101 Firefox/121.0"
104.234.53.41 - - [24/Jul/2026:23:21:02 +0200] "GET /wp-admin/index.php HTTP/1.1" 302 5230 "https://as-cp.fr/wp-login.php" "Mozilla/5.0 (Macintosh; Intel Mac OS X 10_15_7) AppleWebKit/605.1.15 (KHTML, like Gecko) Version/16.6 Safari/605.1.15"
104.234.53.41 - - [24/Jul/2026:23:21:02 +0200] "GET /wp-login.php?redirect_to=https%3A%2F%2Fas-cp.fr%2Fwp-admin%2Findex.php&reauth=1 HTTP/1.1" 200 10805 "https://as-cp.fr/wp-login.php" "Mozilla/5.0 (Macintosh; Intel Mac OS X 10_15_7) AppleWebKit/605.1.15 (KHTML, like Gecko) Version/16.6 Safari/605.1.15"
92.222.108.124 - - [24/Jul/2026:23:21:03 +0200] "GET /page-sitemap.xml HTTP/1.1" 200 5544 "-" "Mozilla/5.0 (compatible; AhrefsBot/7.0; +http://ahrefs.com/robot/)"
104.234.53.41 - - [24/Jul/2026:23:21:03 +0200] "POST /wp-login.php HTTP/1.1" 200 8902 "https://as-cp.fr/wp-login.php" "Mozilla/5.0 (Windows NT 11.0; Win64; x64; rv:119.0) Gecko/20100101 Firefox/119.0"
104.234.53.41 - - [24/Jul/2026:23:21:03 +0200] "GET /wp-admin/index.php HTTP/1.1" 302 5230 "https://as-cp.fr/wp-login.php" "Mozilla/5.0 (Windows NT 10.0; Win64; x64; rv:121.0) Gecko/20100101 Firefox/121.0"
104.234.53.41 - - [24/Jul/2026:23:21:04 +0200] "GET /wp-login.php?redirect_to=https%3A%2F%2Fas-cp.fr%2Fwp-admin%2Findex.php&reauth=1 HTTP/1.1" 200 10805 "https://as-cp.fr/wp-login.php" "Mozilla/5.0 (Windows NT 10.0; Win64; x64; rv:121.0) Gecko/20100101 Firefox/121.0"
104.234.53.41 - - [24/Jul/2026:23:21:05 +0200] "POST /wp-login.php HTTP/1.1" 200 8902 "https://as-cp.fr/wp-login.php" "Mozilla/5.0 (Macintosh; Intel Mac OS X 10_15_7) AppleWebKit/605.1.15 (KHTML, like Gecko) Version/17.2 Safari/605.1.15"
104.234.53.41 - - [24/Jul/2026:23:21:05 +0200] "GET /wp-admin/index.php HTTP/1.1" 302 5230 "https://as-cp.fr/wp-login.php" "Mozilla/5.0 (Windows NT 11.0; Win64; x64; rv:121.0) Gecko/20100101 Firefox/121.0"
104.234.53.41 - - [24/Jul/2026:23:21:06 +0200] "GET /wp-login.php?redirect_to=https%3A%2F%2Fas-cp.fr%2Fwp-admin%2Findex.php&reauth=1 HTTP/1.1" 200 10805 "https://as-cp.fr/wp-login.php" "Mozilla/5.0 (Windows NT 11.0; Win64; x64; rv:121.0) Gecko/20100101 Firefox/121.0"
51.75.236.146 - - [24/Jul/2026:23:21:06 +0200] "GET /category-sitemap.xml HTTP/1.1" 200 5562 "-" "Mozilla/5.0 (compatible; AhrefsBot/7.0; +http://ahrefs.com/robot/)"
104.234.53.41 - - [24/Jul/2026:23:21:07 +0200] "POST /wp-login.php HTTP/1.1" 200 8902 "https://as-cp.fr/wp-login.php" "Mozilla/5.0 (Macintosh; Intel Mac OS X 10_15_7) AppleWebKit/537.36 (KHTML, like Gecko) Chrome/119.0.0.0 Safari/537.36"
104.234.53.41 - - [24/Jul/2026:23:21:07 +0200] "GET /wp-admin/index.php HTTP/1.1" 302 5230 "https://as-cp.fr/wp-login.php" "Mozilla/5.0 (X11; Ubuntu; Linux x86_64) AppleWebKit/537.36 (KHTML, like Gecko) Chrome/119.0.0.0 Safari/537.36"
104.234.53.41 - - [24/Jul/2026:23:21:08 +0200] "GET /wp-login.php?redirect_to=https%3A%2F%2Fas-cp.fr%2Fwp-admin%2Findex.php&reauth=1 HTTP/1.1" 200 10805 "https://as-cp.fr/wp-login.php" "Mozilla/5.0 (X11; Ubuntu; Linux x86_64) AppleWebKit/537.36 (KHTML, like Gecko) Chrome/119.0.0.0 Safari/537.36"
104.234.53.41 - - [24/Jul/2026:23:21:08 +0200] "POST /wp-login.php HTTP/1.1" 200 8902 "https://as-cp.fr/wp-login.php" "Mozilla/5.0 (Macintosh; Intel Mac OS X 13_6_1) AppleWebKit/605.1.15 (KHTML, like Gecko) Version/16.6 Safari/605.1.15"
114.119.138.77 - - [24/Jul/2026:23:21:09 +0200] "GET /le-plan-epargne-retraite/ HTTP/1.1" 200 23201 "https://as-cp.fr/category/retraite" "Mozilla/5.0 (Linux; Android 7.0;) AppleWebKit/537.36 (HTML, like Gecko) Mobile Safari/537.36 (compatible; PetalBot;+https://webmaster.petalsearch.com/site/petalbot)"
104.234.53.41 - - [24/Jul/2026:23:21:09 +0200] "GET /wp-admin/index.php HTTP/1.1" 302 5230 "https://as-cp.fr/wp-login.php" "Mozilla/5.0 (X11; Ubuntu; Linux x86_64) AppleWebKit/537.36 (KHTML, like Gecko) Chrome/121.0.0.0 Safari/537.36"
104.234.53.41 - - [24/Jul/2026:23:21:10 +0200] "GET /wp-login.php?redirect_to=https%3A%2F%2Fas-cp.fr%2Fwp-admin%2Findex.php&reauth=1 HTTP/1.1" 200 10805 "https://as-cp.fr/wp-login.php" "Mozilla/5.0 (X11; Ubuntu; Linux x86_64) AppleWebKit/537.36 (KHTML, like Gecko) Chrome/121.0.0.0 Safari/537.36"
104.234.53.41 - - [24/Jul/2026:23:21:11 +0200] "GET /wp-admin/index.php HTTP/1.1" 302 5230 "https://as-cp.fr/wp-login.php" "Mozilla/5.0 (Windows NT 11.0; Win64; x64; rv:118.0) Gecko/20100101 Firefox/118.0"
104.234.53.41 - - [24/Jul/2026:23:21:10 +0200] "POST /wp-login.php HTTP/1.1" 200 8902 "https://as-cp.fr/wp-login.php" "Mozilla/5.0 (Windows NT 10.0; Win64; x64) AppleWebKit/537.36 (KHTML, like Gecko) Chrome/120.0.0.0 Safari/537.36"
104.234.53.41 - - [24/Jul/2026:23:21:12 +0200] "GET /wp-login.php?redirect_to=https%3A%2F%2Fas-cp.fr%2Fwp-admin%2Findex.php&reauth=1 HTTP/1.1" 200 10805 "https://as-cp.fr/wp-login.php" "Mozilla/5.0 (Windows NT 11.0; Win64; x64; rv:118.0) Gecko/20100101 Firefox/118.0"
104.234.53.41 - - [24/Jul/2026:23:21:12 +0200] "POST /wp-login.php HTTP/1.1" 200 8902 "https://as-cp.fr/wp-login.php" "Mozilla/5.0 (Macintosh; Intel Mac OS X 13_6_1) AppleWebKit/605.1.15 (KHTML, like Gecko) Version/17.1 Safari/605.1.15"
104.234.53.41 - - [24/Jul/2026:23:21:13 +0200] "GET /wp-admin/index.php HTTP/1.1" 302 5230 "https://as-cp.fr/wp-login.php" "Mozilla/5.0 (Windows NT 11.0; Win64; x64) AppleWebKit/537.36 (KHTML, like Gecko) Chrome/118.0.0.0 Safari/537.36"
104.234.53.41 - - [24/Jul/2026:23:21:14 +0200] "GET /wp-login.php?redirect_to=https%3A%2F%2Fas-cp.fr%2Fwp-admin%2Findex.php&reauth=1 HTTP/1.1" 200 10805 "https://as-cp.fr/wp-login.php" "Mozilla/5.0 (Windows NT 11.0; Win64; x64) AppleWebKit/537.36 (KHTML, like Gecko) Chrome/118.0.0.0 Safari/537.36"
92.222.104.219 - - [24/Jul/2026:23:21:15 +0200] "GET /post_tag-sitemap.xml HTTP/1.1" 200 5636 "-" "Mozilla/5.0 (compatible; AhrefsBot/7.0; +http://ahrefs.com/robot/)"
104.234.53.41 - - [24/Jul/2026:23:21:15 +0200] "GET /wp-admin/index.php HTTP/1.1" 302 5230 "https://as-cp.fr/wp-login.php" "Mozilla/5.0 (Macintosh; Intel Mac OS X 13_6_1) AppleWebKit/537.36 (KHTML, like Gecko) Chrome/120.0.0.0 Safari/537.36"
104.234.53.41 - - [24/Jul/2026:23:21:14 +0200] "POST /wp-login.php HTTP/1.1" 200 8902 "https://as-cp.fr/wp-login.php" "Mozilla/5.0 (Macintosh; Intel Mac OS X 13_6_1) AppleWebKit/605.1.15 (KHTML, like Gecko) Version/16.6 Safari/605.1.15"
104.234.53.41 - - [24/Jul/2026:23:21:16 +0200] "GET /wp-login.php?redirect_to=https%3A%2F%2Fas-cp.fr%2Fwp-admin%2Findex.php&reauth=1 HTTP/1.1" 200 10805 "https://as-cp.fr/wp-login.php" "Mozilla/5.0 (Macintosh; Intel Mac OS X 13_6_1) AppleWebKit/537.36 (KHTML, like Gecko) Chrome/120.0.0.0 Safari/537.36"
91.134.83.25 - - [24/Jul/2026:23:21:18 +0200] "POST /wp-cron.php?doing_wp_cron=1784928078.5233480930328369140625 HTTP/1.1" 200 5074 "-" "WordPress/6.9.4; https://as-cp.fr"
104.234.53.41 - - [24/Jul/2026:23:21:18 +0200] "POST /wp-login.php HTTP/1.1" 200 8902 "https://as-cp.fr/wp-login.php" "Mozilla/5.0 (Windows NT 10.0; Win64; x64; rv:121.0) Gecko/20100101 Firefox/121.0"
54.37.118.73 - - [24/Jul/2026:23:21:18 +0200] "GET /kwlogos-carousel-sitemap.xml HTTP/1.1" 200 5410 "-" "Mozilla/5.0 (compatible; AhrefsBot/7.0; +http://ahrefs.com/robot/)"
104.234.53.41 - - [24/Jul/2026:23:21:18 +0200] "GET /wp-admin/index.php HTTP/1.1" 302 5230 "https://as-cp.fr/wp-login.php" "Mozilla/5.0 (Macintosh; Intel Mac OS X 10_15_7; rv:119.0) Gecko/20100101 Firefox/119.0"
104.234.53.41 - - [24/Jul/2026:23:21:19 +0200] "GET /wp-login.php?redirect_to=https%3A%2F%2Fas-cp.fr%2Fwp-admin%2Findex.php&reauth=1 HTTP/1.1" 200 10805 "https://as-cp.fr/wp-login.php" "Mozilla/5.0 (Macintosh; Intel Mac OS X 10_15_7; rv:119.0) Gecko/20100101 Firefox/119.0"
91.134.83.25 - - [24/Jul/2026:23:21:21 +0200] "POST /wp-cron.php?doing_wp_cron=1784928081.1515750885009765625000 HTTP/1.1" 200 5074 "-" "WordPress/6.9.4; https://as-cp.fr"
104.234.53.41 - - [24/Jul/2026:23:21:20 +0200] "POST /wp-login.php HTTP/1.1" 200 8902 "https://as-cp.fr/wp-login.php" "Mozilla/5.0 (Macintosh; Intel Mac OS X 10_15_7) AppleWebKit/605.1.15 (KHTML, like Gecko) Version/17.0 Safari/605.1.15"
104.234.53.41 - - [24/Jul/2026:23:21:21 +0200] "GET /wp-admin/index.php HTTP/1.1" 302 5230 "https://as-cp.fr/wp-login.php" "Mozilla/5.0 (Windows NT 11.0; Win64; x64; rv:121.0) Gecko/20100101 Firefox/121.0"
5.39.1.251 - - [24/Jul/2026:23:21:22 +0200] "GET /author-sitemap.xml HTTP/1.1" 200 5430 "-" "Mozilla/5.0 (compatible; AhrefsBot/7.0; +http://ahrefs.com/robot/)"
104.234.53.41 - - [24/Jul/2026:23:21:22 +0200] "GET /wp-login.php?redirect_to=https%3A%2F%2Fas-cp.fr%2Fwp-admin%2Findex.php&reauth=1 HTTP/1.1" 200 10805 "https://as-cp.fr/wp-login.php" "Mozilla/5.0 (Windows NT 11.0; Win64; x64; rv:121.0) Gecko/20100101 Firefox/121.0"
104.234.53.41 - - [24/Jul/2026:23:21:23 +0200] "POST /wp-login.php HTTP/1.1" 200 8902 "https://as-cp.fr/wp-login.php" "Mozilla/5.0 (Macintosh; Intel Mac OS X 13_6_1) AppleWebKit/537.36 (KHTML, like Gecko) Chrome/121.0.0.0 Safari/537.36"
104.234.53.41 - - [24/Jul/2026:23:21:24 +0200] "GET /wp-admin/index.php HTTP/1.1" 302 5230 "https://as-cp.fr/wp-login.php" "Mozilla/5.0 (Macintosh; Intel Mac OS X 13_6_1) AppleWebKit/537.36 (KHTML, like Gecko) Chrome/119.0.0.0 Safari/537.36"
104.234.53.41 - - [24/Jul/2026:23:21:24 +0200] "GET /wp-login.php?redirect_to=https%3A%2F%2Fas-cp.fr%2Fwp-admin%2Findex.php&reauth=1 HTTP/1.1" 200 10805 "https://as-cp.fr/wp-login.php" "Mozilla/5.0 (Macintosh; Intel Mac OS X 13_6_1) AppleWebKit/537.36 (KHTML, like Gecko) Chrome/119.0.0.0 Safari/537.36"
104.234.53.41 - - [24/Jul/2026:23:21:26 +0200] "GET /wp-admin/index.php HTTP/1.1" 302 5230 "https://as-cp.fr/wp-login.php" "Mozilla/5.0 (Windows NT 11.0; Win64; x64; rv:121.0) Gecko/20100101 Firefox/121.0"
104.234.53.41 - - [24/Jul/2026:23:21:26 +0200] "GET /wp-login.php?redirect_to=https%3A%2F%2Fas-cp.fr%2Fwp-admin%2Findex.php&reauth=1 HTTP/1.1" 200 10805 "https://as-cp.fr/wp-login.php" "Mozilla/5.0 (Windows NT 11.0; Win64; x64; rv:121.0) Gecko/20100101 Firefox/121.0"
88.166.28.185 - - [24/Jul/2026:23:21:26 +0200] "POST /xmlrpc.php HTTP/1.1" 200 5463 "-" "Mozilla/5.0 (Linux; Android 10; x64) AppleWebKit/537.36 (KHTML, like Gecko) Firefox/97.0.0.0 Safari/537.36"
104.234.53.41 - - [24/Jul/2026:23:21:25 +0200] "POST /wp-login.php HTTP/1.1" 200 8902 "https://as-cp.fr/wp-login.php" "Mozilla/5.0 (Windows NT 10.0; Win64; x64) AppleWebKit/537.36 (KHTML, like Gecko) Chrome/119.0.0.0 Safari/537.36"
104.234.53.41 - - [24/Jul/2026:23:21:27 +0200] "POST /wp-login.php HTTP/1.1" 200 8902 "https://as-cp.fr/wp-login.php" "Mozilla/5.0 (Macintosh; Intel Mac OS X 10_15_7; rv:120.0) Gecko/20100101 Firefox/120.0"
88.166.28.185 - - [24/Jul/2026:23:21:28 +0200] "POST /xmlrpc.php HTTP/1.1" 200 5463 "-" "Mozilla/5.0 (Windows NT 10.0; arm64) AppleWebKit/537.36 (KHTML, like Gecko) Edge/87.0.0.0 Safari/537.36"
104.234.53.41 - - [24/Jul/2026:23:21:29 +0200] "GET /wp-admin/index.php HTTP/1.1" 302 5230 "https://as-cp.fr/wp-login.php" "Mozilla/5.0 (Windows NT 10.0; Win64; x64) AppleWebKit/537.36 (KHTML, like Gecko) Chrome/120.0.0.0 Safari/537.36"
104.234.53.41 - - [24/Jul/2026:23:21:29 +0200] "GET /wp-login.php?redirect_to=https%3A%2F%2Fas-cp.fr%2Fwp-admin%2Findex.php&reauth=1 HTTP/1.1" 200 10805 "https://as-cp.fr/wp-login.php" "Mozilla/5.0 (Windows NT 10.0; Win64; x64) AppleWebKit/537.36 (KHTML, like Gecko) Chrome/120.0.0.0 Safari/537.36"
