222.127.54.215 - - [24/Jul/2026:09:46:12 +0200] "POST /xmlrpc.php HTTP/1.1" 200 5463 "-" "WordPress.com; https://wordpress.com"
91.134.83.25 - - [24/Jul/2026:09:46:23 +0200] "POST /wp-cron.php?doing_wp_cron=1784879183.2054889202117919921875 HTTP/1.1" 200 5074 "-" "WordPress/6.9.4; https://as-cp.fr"
222.127.54.215 - - [24/Jul/2026:09:46:23 +0200] "POST /xmlrpc.php HTTP/1.1" 200 5463 "-" "WordPress.com; https://wordpress.com"
222.127.54.215 - - [24/Jul/2026:09:46:33 +0200] "POST /xmlrpc.php HTTP/1.1" 200 5463 "-" "WordPress.com; https://wordpress.com"
91.134.83.25 - - [24/Jul/2026:09:46:44 +0200] "POST /wp-cron.php?doing_wp_cron=1784879204.4114630222320556640625 HTTP/1.1" 200 5074 "-" "WordPress/6.9.4; https://as-cp.fr"
222.127.54.215 - - [24/Jul/2026:09:46:44 +0200] "POST /xmlrpc.php HTTP/1.1" 200 5463 "-" "Jetpack by WordPress.com"
222.127.54.215 - - [24/Jul/2026:09:46:54 +0200] "POST /xmlrpc.php HTTP/1.1" 200 5463 "-" "Jetpack by WordPress.com"
47.128.27.5 - - [24/Jul/2026:09:47:02 +0200] "GET /nos-actualites/ HTTP/1.1" 200 24428 "-" "Mozilla/5.0 (Linux; Android 5.0) AppleWebKit/537.36 (KHTML, like Gecko) Mobile Safari/537.36 (compatible; Bytespider; spider-feedback@bytedance.com)"
47.128.27.5 - - [24/Jul/2026:09:47:02 +0200] "GET /wp-content/uploads/la_icon_sets/style.min.css?ver=6.9.4 HTTP/1.1" 200 5068 "https://as-cp.fr/nos-actualites/" "Mozilla/5.0 (Linux; Android 5.0) AppleWebKit/537.36 (KHTML, like Gecko) Mobile Safari/537.36 (compatible; Bytespider; spider-feedback@bytedance.com)"
222.127.54.215 - - [24/Jul/2026:09:47:05 +0200] "POST /xmlrpc.php HTTP/1.1" 200 5463 "-" "Jetpack by WordPress.com (Jetpack 12.5; WordPress 6.2)"
94.154.43.185 - - [24/Jul/2026:09:47:07 +0200] "GET /.env HTTP/1.1" 301 5197 "-" "Mozilla/5.0 (Windows NT 10.0; Win64; x64) AppleWebKit/537.36 (KHTML, like Gecko) Chrome/147.0.0.0 Safari/537.36"
94.154.43.185 - - [24/Jul/2026:09:47:07 +0200] "GET / HTTP/1.1" 200 99298 "-" "Mozilla/5.0 (Windows NT 10.0; Win64; x64) AppleWebKit/537.36 (KHTML, like Gecko) Chrome/147.0.0.0 Safari/537.36"
222.127.54.215 - - [24/Jul/2026:09:47:15 +0200] "POST /xmlrpc.php HTTP/1.1" 200 5463 "-" "Jetpack by WordPress.com (Jetpack 12.1; WordPress 6.1)"
91.134.83.25 - - [24/Jul/2026:09:47:26 +0200] "POST /wp-cron.php?doing_wp_cron=1784879246.5625519752502441406250 HTTP/1.1" 200 5074 "-" "WordPress/6.9.4; https://as-cp.fr"
222.127.54.215 - - [24/Jul/2026:09:47:26 +0200] "POST /xmlrpc.php HTTP/1.1" 200 5463 "-" "Jetpack by WordPress.com"
91.134.83.25 - - [24/Jul/2026:09:47:37 +0200] "POST /wp-cron.php?doing_wp_cron=1784879257.1139559745788574218750 HTTP/1.1" 200 5074 "-" "WordPress/6.9.4; https://as-cp.fr"
222.127.54.215 - - [24/Jul/2026:09:47:36 +0200] "POST /xmlrpc.php HTTP/1.1" 200 5463 "-" "Jetpack by WordPress.com"
91.134.83.25 - - [24/Jul/2026:09:47:47 +0200] "POST /wp-cron.php?doing_wp_cron=1784879267.5993709564208984375000 HTTP/1.1" 200 5074 "-" "WordPress/6.9.4; https://as-cp.fr"
222.127.54.215 - - [24/Jul/2026:09:47:47 +0200] "POST /xmlrpc.php HTTP/1.1" 200 5463 "-" "Jetpack by WordPress.com"
222.127.54.215 - - [24/Jul/2026:09:47:57 +0200] "POST /xmlrpc.php HTTP/1.1" 200 5463 "-" "Jetpack by WordPress.com"
20.203.219.190 - - [24/Jul/2026:09:48:04 +0200] "GET /wp-content/plugins/hellopress/wp_filemanager.php HTTP/1.1" 301 5197 "-" "-"
20.203.219.190 - - [24/Jul/2026:09:48:04 +0200] "GET / HTTP/1.1" 200 99298 "-" "-"
20.203.219.190 - - [24/Jul/2026:09:48:04 +0200] "GET /this_is_a_new_hello_world.php HTTP/1.1" 403 5816 "-" "-"
20.203.219.190 - - [24/Jul/2026:09:48:04 +0200] "GET /puc.php HTTP/1.1" 403 5816 "-" "-"
20.203.219.190 - - [24/Jul/2026:09:48:04 +0200] "GET /wp-content/index.php HTTP/1.1" 200 4981 "-" "-"
20.203.219.190 - - [24/Jul/2026:09:48:04 +0200] "GET /chosen.php HTTP/1.1" 403 5816 "-" "-"
20.203.219.190 - - [24/Jul/2026:09:48:04 +0200] "GET /file5.php HTTP/1.1" 403 5816 "-" "-"
20.203.219.190 - - [24/Jul/2026:09:48:04 +0200] "GET /fpwch.php HTTP/1.1" 403 5816 "-" "-"
20.203.219.190 - - [24/Jul/2026:09:48:04 +0200] "GET /cgi-bin/admin.php HTTP/1.1" 404 5829 "-" "-"
20.203.219.190 - - [24/Jul/2026:09:48:04 +0200] "GET /xyn.php HTTP/1.1" 403 5816 "-" "-"
20.203.219.190 - - [24/Jul/2026:09:48:04 +0200] "GET /biufile.php HTTP/1.1" 403 5816 "-" "-"
20.203.219.190 - - [24/Jul/2026:09:48:04 +0200] "GET /images.php HTTP/1.1" 403 5816 "-" "-"
20.203.219.190 - - [24/Jul/2026:09:48:04 +0200] "GET /hypo.php HTTP/1.1" 403 5816 "-" "-"
20.203.219.190 - - [24/Jul/2026:09:48:04 +0200] "GET /wp-login.php HTTP/1.1" 200 16981 "-" "-"
20.203.219.190 - - [24/Jul/2026:09:48:05 +0200] "GET /mac.php HTTP/1.1" 403 5816 "-" "-"
20.203.219.190 - - [24/Jul/2026:09:48:05 +0200] "GET /simple.php HTTP/1.1" 403 5816 "-" "-"
20.203.219.190 - - [24/Jul/2026:09:48:05 +0200] "GET /red.php HTTP/1.1" 403 5816 "-" "-"
20.203.219.190 - - [24/Jul/2026:09:48:05 +0200] "GET /001.php HTTP/1.1" 403 5816 "-" "-"
20.203.219.190 - - [24/Jul/2026:09:48:06 +0200] "GET /inputs.php HTTP/1.1" 301 5197 "-" "-"
20.203.219.190 - - [24/Jul/2026:09:48:06 +0200] "GET / HTTP/1.1" 200 99298 "-" "-"
20.203.219.190 - - [24/Jul/2026:09:48:06 +0200] "GET /1.php HTTP/1.1" 403 5816 "-" "-"
20.203.219.190 - - [24/Jul/2026:09:48:07 +0200] "GET /aaa.php HTTP/1.1" 403 5816 "-" "-"
20.203.219.190 - - [24/Jul/2026:09:48:07 +0200] "GET /ops.php HTTP/1.1" 403 5816 "-" "-"
20.203.219.190 - - [24/Jul/2026:09:48:07 +0200] "GET /yj09.php HTTP/1.1" 403 5816 "-" "-"
20.203.219.190 - - [24/Jul/2026:09:48:07 +0200] "GET /wp-content/admin.php HTTP/1.1" 301 5197 "-" "-"
20.203.219.190 - - [24/Jul/2026:09:48:08 +0200] "GET / HTTP/1.1" 200 99298 "-" "-"
20.203.219.190 - - [24/Jul/2026:09:48:08 +0200] "GET /xstelth.php HTTP/1.1" 403 5816 "-" "-"
20.203.219.190 - - [24/Jul/2026:09:48:08 +0200] "GET /x.php HTTP/1.1" 403 5816 "-" "-"
20.203.219.190 - - [24/Jul/2026:09:48:08 +0200] "GET /edit.php HTTP/1.1" 301 5197 "-" "-"
20.203.219.190 - - [24/Jul/2026:09:48:08 +0200] "GET / HTTP/1.1" 200 99298 "-" "-"
222.127.54.215 - - [24/Jul/2026:09:48:08 +0200] "POST /xmlrpc.php HTTP/1.1" 200 5463 "-" "Jetpack by WordPress.com (Jetpack 13.0; WordPress 6.2)"
20.203.219.190 - - [24/Jul/2026:09:48:08 +0200] "GET /k.php HTTP/1.1" 403 5816 "-" "-"
20.203.219.190 - - [24/Jul/2026:09:48:08 +0200] "GET /kir.php HTTP/1.1" 403 5816 "-" "-"
20.203.219.190 - - [24/Jul/2026:09:48:08 +0200] "GET /file.php HTTP/1.1" 403 5816 "-" "-"
20.203.219.190 - - [24/Jul/2026:09:48:08 +0200] "GET /BDKR28WP.php HTTP/1.1" 403 5816 "-" "-"
20.203.219.190 - - [24/Jul/2026:09:48:09 +0200] "GET /wp-load.php HTTP/1.1" 200 4981 "-" "-"
20.203.219.190 - - [24/Jul/2026:09:48:10 +0200] "GET /k2.php HTTP/1.1" 403 5816 "-" "-"
20.203.219.190 - - [24/Jul/2026:09:48:10 +0200] "GET /classwithtostring.php HTTP/1.1" 403 5816 "-" "-"
20.203.219.190 - - [24/Jul/2026:09:48:10 +0200] "GET /pucci.php HTTP/1.1" 403 5816 "-" "-"
20.203.219.190 - - [24/Jul/2026:09:48:10 +0200] "GET /error_log.php HTTP/1.1" 403 5816 "-" "-"
20.203.219.190 - - [24/Jul/2026:09:48:10 +0200] "GET /xwpg.php HTTP/1.1" 403 5816 "-" "-"
20.203.219.190 - - [24/Jul/2026:09:48:10 +0200] "GET /100.php HTTP/1.1" 403 5816 "-" "-"
20.203.219.190 - - [24/Jul/2026:09:48:10 +0200] "GET /wp-ws68.php HTTP/1.1" 403 5816 "-" "-"
20.203.219.190 - - [24/Jul/2026:09:48:10 +0200] "GET /adminner.php HTTP/1.1" 403 5816 "-" "-"
20.203.219.190 - - [24/Jul/2026:09:48:10 +0200] "GET /ccou.php HTTP/1.1" 403 5816 "-" "-"
20.203.219.190 - - [24/Jul/2026:09:48:10 +0200] "GET /w.php HTTP/1.1" 403 5816 "-" "-"
20.203.219.190 - - [24/Jul/2026:09:48:11 +0200] "GET /wp-content/themes/index.php HTTP/1.1" 200 4981 "-" "-"
20.203.219.190 - - [24/Jul/2026:09:48:11 +0200] "GET /2P.php HTTP/1.1" 403 5816 "-" "-"
20.203.219.190 - - [24/Jul/2026:09:48:11 +0200] "GET /gecko.php HTTP/1.1" 403 5816 "-" "-"
20.203.219.190 - - [24/Jul/2026:09:48:11 +0200] "GET /reviall.php HTTP/1.1" 403 5816 "-" "-"
20.203.219.190 - - [24/Jul/2026:09:48:11 +0200] "GET /abcd.php HTTP/1.1" 403 5816 "-" "-"
20.203.219.190 - - [24/Jul/2026:09:48:11 +0200] "GET /wp-blog.php HTTP/1.1" 403 5816 "-" "-"
20.203.219.190 - - [24/Jul/2026:09:48:12 +0200] "GET /bthil.php HTTP/1.1" 403 5816 "-" "-"
20.203.219.190 - - [24/Jul/2026:09:48:12 +0200] "GET /wp.php HTTP/1.1" 403 5816 "-" "-"
20.203.219.190 - - [24/Jul/2026:09:48:12 +0200] "GET /about.php HTTP/1.1" 403 5816 "-" "-"
20.203.219.190 - - [24/Jul/2026:09:48:12 +0200] "GET /h02ugyh.php HTTP/1.1" 403 5816 "-" "-"
20.203.219.190 - - [24/Jul/2026:09:48:12 +0200] "GET /wefile.php HTTP/1.1" 403 5816 "-" "-"
20.203.219.190 - - [24/Jul/2026:09:48:12 +0200] "GET /wp-temp.php HTTP/1.1" 403 5816 "-" "-"
20.203.219.190 - - [24/Jul/2026:09:48:13 +0200] "GET /pbck.php HTTP/1.1" 403 5816 "-" "-"
20.203.219.190 - - [24/Jul/2026:09:48:13 +0200] "GET /green3.php HTTP/1.1" 403 5816 "-" "-"
20.203.219.190 - - [24/Jul/2026:09:48:13 +0200] "GET /alls.php HTTP/1.1" 403 5816 "-" "-"
20.203.219.190 - - [24/Jul/2026:09:48:13 +0200] "GET /v543.php HTTP/1.1" 403 5816 "-" "-"
20.203.219.190 - - [24/Jul/2026:09:48:13 +0200] "GET /yup.php HTTP/1.1" 403 5816 "-" "-"
20.203.219.190 - - [24/Jul/2026:09:48:13 +0200] "GET /file52.php HTTP/1.1" 403 5816 "-" "-"
20.203.219.190 - - [24/Jul/2026:09:48:13 +0200] "GET /bless.php HTTP/1.1" 403 5816 "-" "-"
20.203.219.190 - - [24/Jul/2026:09:48:13 +0200] "GET /als.php HTTP/1.1" 403 5816 "-" "-"
20.203.219.190 - - [24/Jul/2026:09:48:14 +0200] "GET /wp-admin/js/index.php HTTP/1.1" 301 5175 "-" "-"
20.203.219.190 - - [24/Jul/2026:09:48:14 +0200] "GET /wp-admin/js/ HTTP/1.1" 403 5816 "-" "-"
20.203.219.190 - - [24/Jul/2026:09:48:14 +0200] "GET /wp-firewall.php HTTP/1.1" 403 5816 "-" "-"
20.203.219.190 - - [24/Jul/2026:09:48:14 +0200] "GET /pp.php HTTP/1.1" 403 5816 "-" "-"
20.203.219.190 - - [24/Jul/2026:09:48:14 +0200] "GET /aa2.php HTTP/1.1" 403 5816 "-" "-"
20.203.219.190 - - [24/Jul/2026:09:48:14 +0200] "GET /stdin.php HTTP/1.1" 403 5816 "-" "-"
20.203.219.190 - - [24/Jul/2026:09:48:14 +0200] "GET /7.php HTTP/1.1" 403 5816 "-" "-"
20.203.219.190 - - [24/Jul/2026:09:48:14 +0200] "GET /mosty.php HTTP/1.1" 403 5816 "-" "-"
20.203.219.190 - - [24/Jul/2026:09:48:14 +0200] "GET /82.php HTTP/1.1" 403 5816 "-" "-"
20.203.219.190 - - [24/Jul/2026:09:48:14 +0200] "GET /8.php HTTP/1.1" 403 5816 "-" "-"
20.203.219.190 - - [24/Jul/2026:09:48:14 +0200] "GET /ccc.php HTTP/1.1" 403 5816 "-" "-"
20.203.219.190 - - [24/Jul/2026:09:48:15 +0200] "GET /koala.php HTTP/1.1" 403 5816 "-" "-"
20.203.219.190 - - [24/Jul/2026:09:48:15 +0200] "GET /xamp.php HTTP/1.1" 403 5816 "-" "-"
20.203.219.190 - - [24/Jul/2026:09:48:15 +0200] "GET /w3lls.php HTTP/1.1" 403 5816 "-" "-"
20.203.219.190 - - [24/Jul/2026:09:48:15 +0200] "GET /sky.php HTTP/1.1" 403 5816 "-" "-"
91.134.83.25 - - [24/Jul/2026:09:48:19 +0200] "POST /wp-cron.php?doing_wp_cron=1784879299.1330759525299072265625 HTTP/1.1" 200 5074 "-" "WordPress/6.9.4; https://as-cp.fr"
222.127.54.215 - - [24/Jul/2026:09:48:18 +0200] "POST /xmlrpc.php HTTP/1.1" 200 5463 "-" "Jetpack by WordPress.com (Jetpack 12.1; WordPress 6.4)"
91.134.83.25 - - [24/Jul/2026:09:48:29 +0200] "POST /wp-cron.php?doing_wp_cron=1784879309.6953880786895751953125 HTTP/1.1" 200 5074 "-" "WordPress/6.9.4; https://as-cp.fr"
222.127.54.215 - - [24/Jul/2026:09:48:29 +0200] "POST /xmlrpc.php HTTP/1.1" 200 5463 "-" "WordPress.com; https://wordpress.com"
91.134.83.25 - - [24/Jul/2026:09:48:40 +0200] "POST /wp-cron.php?doing_wp_cron=1784879320.1417989730834960937500 HTTP/1.1" 200 5074 "-" "WordPress/6.9.4; https://as-cp.fr"
222.127.54.215 - - [24/Jul/2026:09:48:39 +0200] "POST /xmlrpc.php HTTP/1.1" 200 5463 "-" "WordPress.com; https://wordpress.com"
91.134.83.25 - - [24/Jul/2026:09:48:50 +0200] "POST /wp-cron.php?doing_wp_cron=1784879330.6224091053009033203125 HTTP/1.1" 200 5074 "-" "WordPress/6.9.4; https://as-cp.fr"
222.127.54.215 - - [24/Jul/2026:09:48:50 +0200] "POST /xmlrpc.php HTTP/1.1" 200 5463 "-" "Jetpack by WordPress.com (Jetpack 12.5; WordPress 6.4)"
222.127.54.215 - - [24/Jul/2026:09:49:01 +0200] "POST /xmlrpc.php HTTP/1.1" 200 5463 "-" "Jetpack by WordPress.com (Jetpack 13.0; WordPress 6.3)"
222.127.54.215 - - [24/Jul/2026:09:49:11 +0200] "POST /xmlrpc.php HTTP/1.1" 200 5463 "-" "WordPress.com; https://wordpress.com"
91.134.83.25 - - [24/Jul/2026:09:49:23 +0200] "POST /wp-cron.php?doing_wp_cron=1784879363.7557709217071533203125 HTTP/1.1" 200 5074 "-" "WordPress/6.9.4; https://as-cp.fr"
222.127.54.215 - - [24/Jul/2026:09:49:23 +0200] "POST /xmlrpc.php HTTP/1.1" 200 5463 "-" "Jetpack by WordPress.com"
91.134.83.25 - - [24/Jul/2026:09:49:35 +0200] "POST /wp-cron.php?doing_wp_cron=1784879375.7752900123596191406250 HTTP/1.1" 200 5074 "-" "WordPress/6.9.4; https://as-cp.fr"
222.127.54.215 - - [24/Jul/2026:09:49:35 +0200] "POST /xmlrpc.php HTTP/1.1" 200 5463 "-" "Jetpack by WordPress.com"
91.134.83.25 - - [24/Jul/2026:09:49:46 +0200] "POST /wp-cron.php?doing_wp_cron=1784879386.7562520503997802734375 HTTP/1.1" 200 5074 "-" "WordPress/6.9.4; https://as-cp.fr"
222.127.54.215 - - [24/Jul/2026:09:49:46 +0200] "POST /xmlrpc.php HTTP/1.1" 200 5463 "-" "WordPress.com; https://wordpress.com"
178.154.236.86 - - [24/Jul/2026:09:49:51 +0200] "GET /wp-login.php HTTP/1.1" 200 8735 "-" "Mozilla/5.0 (Windows NT 10.0; Win64; x64) AppleWebKit/537.36 (KHTML, like Gecko) Chrome/150.0.0.0 Safari/537.36"
178.154.236.86 - - [24/Jul/2026:09:49:52 +0200] "POST /wp-login.php HTTP/1.1" 200 8910 "https://as-cp.fr/wp-login.php" "Mozilla/5.0 (Windows NT 10.0; Win64; x64) AppleWebKit/537.36 (KHTML, like Gecko) Chrome/150.0.0.0 Safari/537.36"
222.127.54.215 - - [24/Jul/2026:09:49:59 +0200] "POST /xmlrpc.php HTTP/1.1" 200 5463 "-" "Jetpack by WordPress.com (Jetpack 13.0; WordPress 6.2)"
222.127.54.215 - - [24/Jul/2026:09:50:12 +0200] "POST /xmlrpc.php HTTP/1.1" 200 5463 "-" "WordPress.com; https://wordpress.com"
222.127.54.215 - - [24/Jul/2026:09:50:23 +0200] "POST /xmlrpc.php HTTP/1.1" 200 5463 "-" "Jetpack by WordPress.com (Jetpack 12.0; WordPress 6.1)"
91.134.83.25 - - [24/Jul/2026:09:50:23 +0200] "POST /wp-cron.php?doing_wp_cron=1784879423.8678278923034667968750 HTTP/1.1" 200 5074 "-" "WordPress/6.9.4; https://as-cp.fr"
45.146.54.36 - - [24/Jul/2026:09:50:30 +0200] "POST /wp-login.php HTTP/1.1" 200 8903 "-" "Mozilla/5.0 (Windows NT 10.0; Win64; x64) AppleWebKit/537.36 (KHTML, like Gecko) Chrome/85.0.4164.0 Safari/537.36"
45.146.54.27 - - [24/Jul/2026:09:50:30 +0200] "POST /wp-login.php HTTP/1.1" 200 8902 "-" "Mozilla/5.0 (Windows; U; Windows NT 5.1; fr; rv:1.9.2b5) Gecko/20091204 Firefox/3.6b5"
91.134.83.25 - - [24/Jul/2026:09:50:34 +0200] "POST /wp-cron.php?doing_wp_cron=1784879434.9060819149017333984375 HTTP/1.1" 200 5074 "-" "WordPress/6.9.4; https://as-cp.fr"
222.127.54.215 - - [24/Jul/2026:09:50:34 +0200] "POST /xmlrpc.php HTTP/1.1" 200 5463 "-" "Jetpack by WordPress.com (Jetpack 12.5; WordPress 6.3)"
91.134.83.25 - - [24/Jul/2026:09:50:45 +0200] "POST /wp-cron.php?doing_wp_cron=1784879445.7105410099029541015625 HTTP/1.1" 200 5074 "-" "WordPress/6.9.4; https://as-cp.fr"
222.127.54.215 - - [24/Jul/2026:09:50:45 +0200] "POST /xmlrpc.php HTTP/1.1" 200 5463 "-" "Jetpack by WordPress.com"
222.127.54.215 - - [24/Jul/2026:09:50:56 +0200] "POST /xmlrpc.php HTTP/1.1" 200 5463 "-" "Jetpack by WordPress.com"
222.127.54.215 - - [24/Jul/2026:09:51:06 +0200] "POST /xmlrpc.php HTTP/1.1" 200 5463 "-" "Jetpack by WordPress.com"
91.134.83.25 - - [24/Jul/2026:09:51:18 +0200] "POST /wp-cron.php?doing_wp_cron=1784879478.0596919059753417968750 HTTP/1.1" 200 5074 "-" "WordPress/6.9.4; https://as-cp.fr"
222.127.54.215 - - [24/Jul/2026:09:51:17 +0200] "POST /xmlrpc.php HTTP/1.1" 200 5463 "-" "Jetpack by WordPress.com (Jetpack 12.0; WordPress 6.4)"
185.191.171.6 - - [24/Jul/2026:09:51:26 +0200] "GET /robots.txt HTTP/1.1" 200 5168 "-" "Mozilla/5.0 (compatible; SemrushBot/7~bl; +http://www.semrush.com/bot.html)"
185.191.171.3 - - [24/Jul/2026:09:51:26 +0200] "GET /preparer-sa-retraite-a-perpignan/ HTTP/1.1" 200 23348 "-" "Mozilla/5.0 (compatible; SemrushBot/7~bl; +http://www.semrush.com/bot.html)"
91.134.83.25 - - [24/Jul/2026:09:51:28 +0200] "POST /wp-cron.php?doing_wp_cron=1784879488.9106040000915527343750 HTTP/1.1" 200 5074 "-" "WordPress/6.9.4; https://as-cp.fr"
222.127.54.215 - - [24/Jul/2026:09:51:28 +0200] "POST /xmlrpc.php HTTP/1.1" 200 5463 "-" "Jetpack by WordPress.com (Jetpack 13.0; WordPress 6.1)"
91.134.83.25 - - [24/Jul/2026:09:51:39 +0200] "POST /wp-cron.php?doing_wp_cron=1784879499.9285690784454345703125 HTTP/1.1" 200 5074 "-" "WordPress/6.9.4; https://as-cp.fr"
222.127.54.215 - - [24/Jul/2026:09:51:39 +0200] "POST /xmlrpc.php HTTP/1.1" 200 5463 "-" "Jetpack by WordPress.com"
91.134.83.25 - - [24/Jul/2026:09:51:51 +0200] "POST /wp-cron.php?doing_wp_cron=1784879511.0023488998413085937500 HTTP/1.1" 200 5074 "-" "WordPress/6.9.4; https://as-cp.fr"
222.127.54.215 - - [24/Jul/2026:09:51:50 +0200] "POST /xmlrpc.php HTTP/1.1" 200 5463 "-" "Jetpack/12.5; WordPress/6.3; http://site50433454.com"
222.127.54.215 - - [24/Jul/2026:09:52:01 +0200] "POST /xmlrpc.php HTTP/1.1" 200 5463 "-" "Jetpack by WordPress.com (Jetpack 13.0; WordPress 6.3)"
222.127.54.215 - - [24/Jul/2026:09:52:12 +0200] "POST /xmlrpc.php HTTP/1.1" 200 5463 "-" "Jetpack by WordPress.com (Jetpack 13.0; WordPress 6.3)"
103.172.167.200 - - [24/Jul/2026:09:52:20 +0200] "GET /tag/investissement-immobilier-perpignan/ HTTP/1.1" 200 24552 "-" "Mozilla/5.0 (Windows NT 10.0; Win64; x64) AppleWebKit/537.36 (KHTML, like Gecko) Chrome/107.0.0.0 Safari/537.36"
91.134.83.25 - - [24/Jul/2026:09:52:23 +0200] "POST /wp-cron.php?doing_wp_cron=1784879543.5349419116973876953125 HTTP/1.1" 200 5074 "-" "WordPress/6.9.4; https://as-cp.fr"
222.127.54.215 - - [24/Jul/2026:09:52:23 +0200] "POST /xmlrpc.php HTTP/1.1" 200 5463 "-" "Jetpack by WordPress.com (Jetpack 12.5; WordPress 6.4)"
91.134.83.25 - - [24/Jul/2026:09:52:34 +0200] "POST /wp-cron.php?doing_wp_cron=1784879554.4678819179534912109375 HTTP/1.1" 200 5074 "-" "WordPress/6.9.4; https://as-cp.fr"
222.127.54.215 - - [24/Jul/2026:09:52:34 +0200] "POST /xmlrpc.php HTTP/1.1" 200 5463 "-" "Jetpack by WordPress.com"
91.134.83.25 - - [24/Jul/2026:09:52:45 +0200] "POST /wp-cron.php?doing_wp_cron=1784879565.3915219306945800781250 HTTP/1.1" 200 5074 "-" "WordPress/6.9.4; https://as-cp.fr"
222.127.54.215 - - [24/Jul/2026:09:52:45 +0200] "POST /xmlrpc.php HTTP/1.1" 200 5463 "-" "Jetpack/12.1; WordPress/6.4; http://site95597186.com"
222.127.54.215 - - [24/Jul/2026:09:52:56 +0200] "POST /xmlrpc.php HTTP/1.1" 200 5463 "-" "WordPress.com; https://wordpress.com"
222.127.54.215 - - [24/Jul/2026:09:53:06 +0200] "POST /xmlrpc.php HTTP/1.1" 200 5463 "-" "Jetpack by WordPress.com"
194.187.171.140 - - [24/Jul/2026:09:53:13 +0200] "GET /robots.txt HTTP/1.1" 200 5129 "-" "Mozilla/5.0 (compatible; Qwantbot/1.0; +https://help.qwant.com/bot/)"
194.187.171.140 - - [24/Jul/2026:09:53:14 +0200] "GET / HTTP/1.1" 200 26625 "-" "Mozilla/5.0 (compatible; Qwantbot/1.0_4600876; +https://help.qwant.com/bot/)"
222.127.54.215 - - [24/Jul/2026:09:53:17 +0200] "POST /xmlrpc.php HTTP/1.1" 200 5463 "-" "Jetpack by WordPress.com"
91.134.83.25 - - [24/Jul/2026:09:53:22 +0200] "POST /wp-cron.php?doing_wp_cron=1784879602.0611729621887207031250 HTTP/1.1" 200 5074 "-" "WordPress/6.9.4; https://as-cp.fr"
5.39.1.242 - - [24/Jul/2026:09:53:21 +0200] "GET /sitemap_index.xml HTTP/1.1" 200 5405 "-" "Mozilla/5.0 (compatible; AhrefsBot/7.0; +http://ahrefs.com/robot/)"
5.39.1.246 - - [24/Jul/2026:09:53:25 +0200] "GET /post-sitemap.xml HTTP/1.1" 200 8166 "-" "Mozilla/5.0 (compatible; AhrefsBot/7.0; +http://ahrefs.com/robot/)"
222.127.54.215 - - [24/Jul/2026:09:53:28 +0200] "POST /xmlrpc.php HTTP/1.1" 200 5463 "-" "Jetpack/12.1; WordPress/6.2; http://site36040984.com"
92.222.108.112 - - [24/Jul/2026:09:53:28 +0200] "GET /page-sitemap.xml HTTP/1.1" 200 5544 "-" "Mozilla/5.0 (compatible; AhrefsBot/7.0; +http://ahrefs.com/robot/)"
51.75.236.133 - - [24/Jul/2026:09:53:31 +0200] "GET /category-sitemap.xml HTTP/1.1" 200 5562 "-" "Mozilla/5.0 (compatible; AhrefsBot/7.0; +http://ahrefs.com/robot/)"
91.134.83.25 - - [24/Jul/2026:09:53:35 +0200] "POST /wp-cron.php?doing_wp_cron=1784879615.2500400543212890625000 HTTP/1.1" 200 5074 "-" "WordPress/6.9.4; https://as-cp.fr"
5.39.1.230 - - [24/Jul/2026:09:53:35 +0200] "GET /post_tag-sitemap.xml HTTP/1.1" 200 5636 "-" "Mozilla/5.0 (compatible; AhrefsBot/7.0; +http://ahrefs.com/robot/)"
94.23.188.204 - - [24/Jul/2026:09:53:38 +0200] "GET /kwlogos-carousel-sitemap.xml HTTP/1.1" 200 5410 "-" "Mozilla/5.0 (compatible; AhrefsBot/7.0; +http://ahrefs.com/robot/)"
222.127.54.215 - - [24/Jul/2026:09:53:39 +0200] "POST /xmlrpc.php HTTP/1.1" 200 5463 "-" "Jetpack/12.0; WordPress/6.2; http://site83180905.com"
176.31.139.1 - - [24/Jul/2026:09:53:41 +0200] "GET /author-sitemap.xml HTTP/1.1" 200 5430 "-" "Mozilla/5.0 (compatible; AhrefsBot/7.0; +http://ahrefs.com/robot/)"
91.134.83.25 - - [24/Jul/2026:09:53:50 +0200] "POST /wp-cron.php?doing_wp_cron=1784879630.0698530673980712890625 HTTP/1.1" 200 5074 "-" "WordPress/6.9.4; https://as-cp.fr"
222.127.54.215 - - [24/Jul/2026:09:53:49 +0200] "POST /xmlrpc.php HTTP/1.1" 200 5463 "-" "Jetpack by WordPress.com (Jetpack 12.0; WordPress 6.1)"
222.127.54.215 - - [24/Jul/2026:09:54:00 +0200] "POST /xmlrpc.php HTTP/1.1" 200 5463 "-" "Jetpack by WordPress.com (Jetpack 13.0; WordPress 6.4)"
222.127.54.215 - - [24/Jul/2026:09:54:11 +0200] "POST /xmlrpc.php HTTP/1.1" 200 5463 "-" "Jetpack/12.1; WordPress/6.1; http://site84342241.com"
91.134.83.25 - - [24/Jul/2026:09:54:22 +0200] "POST /wp-cron.php?doing_wp_cron=1784879662.7543690204620361328125 HTTP/1.1" 200 5074 "-" "WordPress/6.9.4; https://as-cp.fr"
222.127.54.215 - - [24/Jul/2026:09:54:22 +0200] "POST /xmlrpc.php HTTP/1.1" 200 5463 "-" "Jetpack/13.0; WordPress/6.1; http://site90278889.com"
222.127.54.215 - - [24/Jul/2026:09:54:33 +0200] "POST /xmlrpc.php HTTP/1.1" 200 5463 "-" "Jetpack by WordPress.com"
91.134.83.25 - - [24/Jul/2026:09:54:44 +0200] "POST /wp-cron.php?doing_wp_cron=1784879684.2804639339447021484375 HTTP/1.1" 200 5074 "-" "WordPress/6.9.4; https://as-cp.fr"
222.127.54.215 - - [24/Jul/2026:09:54:44 +0200] "POST /xmlrpc.php HTTP/1.1" 200 5463 "-" "Jetpack by WordPress.com (Jetpack 12.1; WordPress 6.3)"
222.127.54.215 - - [24/Jul/2026:09:54:54 +0200] "POST /xmlrpc.php HTTP/1.1" 200 5463 "-" "Jetpack by WordPress.com (Jetpack 12.0; WordPress 6.3)"
222.127.54.215 - - [24/Jul/2026:09:55:05 +0200] "POST /xmlrpc.php HTTP/1.1" 200 5463 "-" "Jetpack by WordPress.com"
222.127.54.215 - - [24/Jul/2026:09:55:16 +0200] "POST /xmlrpc.php HTTP/1.1" 200 5463 "-" "WordPress.com; https://wordpress.com"
91.134.83.25 - - [24/Jul/2026:09:55:27 +0200] "POST /wp-cron.php?doing_wp_cron=1784879727.5195600986480712890625 HTTP/1.1" 200 5074 "-" "WordPress/6.9.4; https://as-cp.fr"
222.127.54.215 - - [24/Jul/2026:09:55:27 +0200] "POST /xmlrpc.php HTTP/1.1" 200 5463 "-" "Jetpack/13.0; WordPress/6.3; http://site20801408.com"
91.134.83.25 - - [24/Jul/2026:09:55:39 +0200] "POST /wp-cron.php?doing_wp_cron=1784879739.6391201019287109375000 HTTP/1.1" 200 5074 "-" "WordPress/6.9.4; https://as-cp.fr"
222.127.54.215 - - [24/Jul/2026:09:55:39 +0200] "POST /xmlrpc.php HTTP/1.1" 200 5463 "-" "Jetpack by WordPress.com (Jetpack 12.1; WordPress 6.1)"
91.134.83.25 - - [24/Jul/2026:09:55:50 +0200] "POST /wp-cron.php?doing_wp_cron=1784879750.4552431106567382812500 HTTP/1.1" 200 5074 "-" "WordPress/6.9.4; https://as-cp.fr"
222.127.54.215 - - [24/Jul/2026:09:55:50 +0200] "POST /xmlrpc.php HTTP/1.1" 200 5463 "-" "Jetpack by WordPress.com (Jetpack 12.0; WordPress 6.1)"
222.127.54.215 - - [24/Jul/2026:09:56:01 +0200] "POST /xmlrpc.php HTTP/1.1" 200 5463 "-" "Jetpack by WordPress.com (Jetpack 12.1; WordPress 6.4)"
222.127.54.215 - - [24/Jul/2026:09:56:12 +0200] "POST /xmlrpc.php HTTP/1.1" 200 5463 "-" "Jetpack/12.1; WordPress/6.4; http://site56239137.com"
91.134.83.25 - - [24/Jul/2026:09:56:23 +0200] "POST /wp-cron.php?doing_wp_cron=1784879783.7140719890594482421875 HTTP/1.1" 200 5074 "-" "WordPress/6.9.4; https://as-cp.fr"
222.127.54.215 - - [24/Jul/2026:09:56:23 +0200] "POST /xmlrpc.php HTTP/1.1" 200 5463 "-" "Jetpack by WordPress.com"
91.134.83.25 - - [24/Jul/2026:09:56:34 +0200] "POST /wp-cron.php?doing_wp_cron=1784879794.4556300640106201171875 HTTP/1.1" 200 5074 "-" "WordPress/6.9.4; https://as-cp.fr"
222.127.54.215 - - [24/Jul/2026:09:56:34 +0200] "POST /xmlrpc.php HTTP/1.1" 200 5463 "-" "Jetpack/12.1; WordPress/6.3; http://site81429057.com"
89.246.241.14 - - [24/Jul/2026:09:56:35 +0200] "GET / HTTP/1.1" 301 5051 "-" "Mozilla/5.0 (Windows NT 10.0; Win64; x64; rv:142.0) Gecko/20100101 Firefox/142.0"
91.134.83.25 - - [24/Jul/2026:09:56:45 +0200] "POST /wp-cron.php?doing_wp_cron=1784879805.6132569313049316406250 HTTP/1.1" 200 5074 "-" "WordPress/6.9.4; https://as-cp.fr"
222.127.54.215 - - [24/Jul/2026:09:56:45 +0200] "POST /xmlrpc.php HTTP/1.1" 200 5463 "-" "Jetpack by WordPress.com"
222.127.54.215 - - [24/Jul/2026:09:56:56 +0200] "POST /xmlrpc.php HTTP/1.1" 200 5463 "-" "WordPress.com; https://wordpress.com"
222.127.54.215 - - [24/Jul/2026:09:57:07 +0200] "POST /xmlrpc.php HTTP/1.1" 200 5463 "-" "Jetpack/13.0; WordPress/6.4; http://site38865381.com"
91.134.83.25 - - [24/Jul/2026:09:57:19 +0200] "POST /wp-cron.php?doing_wp_cron=1784879839.7056210041046142578125 HTTP/1.1" 200 5074 "-" "WordPress/6.9.4; https://as-cp.fr"
222.127.54.215 - - [24/Jul/2026:09:57:19 +0200] "POST /xmlrpc.php HTTP/1.1" 200 5463 "-" "Jetpack by WordPress.com (Jetpack 12.1; WordPress 6.2)"
91.134.83.25 - - [24/Jul/2026:09:57:30 +0200] "POST /wp-cron.php?doing_wp_cron=1784879850.6966900825500488281250 HTTP/1.1" 200 5074 "-" "WordPress/6.9.4; https://as-cp.fr"
222.127.54.215 - - [24/Jul/2026:09:57:30 +0200] "POST /xmlrpc.php HTTP/1.1" 200 5463 "-" "Jetpack by WordPress.com (Jetpack 12.5; WordPress 6.3)"
91.134.83.25 - - [24/Jul/2026:09:57:41 +0200] "POST /wp-cron.php?doing_wp_cron=1784879861.4282779693603515625000 HTTP/1.1" 200 5074 "-" "WordPress/6.9.4; https://as-cp.fr"
222.127.54.215 - - [24/Jul/2026:09:57:41 +0200] "POST /xmlrpc.php HTTP/1.1" 200 5463 "-" "Jetpack by WordPress.com (Jetpack 12.1; WordPress 6.4)"
91.134.83.25 - - [24/Jul/2026:09:57:52 +0200] "POST /wp-cron.php?doing_wp_cron=1784879872.4857370853424072265625 HTTP/1.1" 200 5074 "-" "WordPress/6.9.4; https://as-cp.fr"
222.127.54.215 - - [24/Jul/2026:09:57:52 +0200] "POST /xmlrpc.php HTTP/1.1" 200 5463 "-" "WordPress.com; https://wordpress.com"
222.127.54.215 - - [24/Jul/2026:09:58:03 +0200] "POST /xmlrpc.php HTTP/1.1" 200 5463 "-" "Jetpack by WordPress.com"
222.127.54.215 - - [24/Jul/2026:09:58:13 +0200] "POST /xmlrpc.php HTTP/1.1" 200 5463 "-" "WordPress.com; https://wordpress.com"
91.134.83.25 - - [24/Jul/2026:09:58:24 +0200] "POST /wp-cron.php?doing_wp_cron=1784879904.7446279525756835937500 HTTP/1.1" 200 5074 "-" "WordPress/6.9.4; https://as-cp.fr"
222.127.54.215 - - [24/Jul/2026:09:58:24 +0200] "POST /xmlrpc.php HTTP/1.1" 200 5463 "-" "Jetpack by WordPress.com (Jetpack 13.0; WordPress 6.3)"
91.134.83.25 - - [24/Jul/2026:09:58:35 +0200] "POST /wp-cron.php?doing_wp_cron=1784879915.5831849575042724609375 HTTP/1.1" 200 5074 "-" "WordPress/6.9.4; https://as-cp.fr"
222.127.54.215 - - [24/Jul/2026:09:58:35 +0200] "POST /xmlrpc.php HTTP/1.1" 200 5463 "-" "WordPress.com; https://wordpress.com"
91.134.83.25 - - [24/Jul/2026:09:58:46 +0200] "POST /wp-cron.php?doing_wp_cron=1784879926.5014100074768066406250 HTTP/1.1" 200 5074 "-" "WordPress/6.9.4; https://as-cp.fr"
222.127.54.215 - - [24/Jul/2026:09:58:46 +0200] "POST /xmlrpc.php HTTP/1.1" 200 5463 "-" "Jetpack/13.0; WordPress/6.2; http://site60857873.com"
222.127.54.215 - - [24/Jul/2026:09:58:57 +0200] "POST /xmlrpc.php HTTP/1.1" 200 5463 "-" "Jetpack by WordPress.com (Jetpack 12.0; WordPress 6.3)"
222.127.54.215 - - [24/Jul/2026:09:59:07 +0200] "POST /xmlrpc.php HTTP/1.1" 200 5463 "-" "Jetpack by WordPress.com (Jetpack 12.5; WordPress 6.4)"
91.134.83.25 - - [24/Jul/2026:09:59:19 +0200] "POST /wp-cron.php?doing_wp_cron=1784879959.1165189743041992187500 HTTP/1.1" 200 5074 "-" "WordPress/6.9.4; https://as-cp.fr"
222.127.54.215 - - [24/Jul/2026:09:59:18 +0200] "POST /xmlrpc.php HTTP/1.1" 200 5463 "-" "Jetpack by WordPress.com (Jetpack 12.0; WordPress 6.3)"
91.134.83.25 - - [24/Jul/2026:09:59:30 +0200] "POST /wp-cron.php?doing_wp_cron=1784879970.0229699611663818359375 HTTP/1.1" 200 5074 "-" "WordPress/6.9.4; https://as-cp.fr"
222.127.54.215 - - [24/Jul/2026:09:59:29 +0200] "POST /xmlrpc.php HTTP/1.1" 200 5463 "-" "Jetpack/12.1; WordPress/6.2; http://site10641418.com"
91.134.83.25 - - [24/Jul/2026:09:59:40 +0200] "POST /wp-cron.php?doing_wp_cron=1784879980.8879230022430419921875 HTTP/1.1" 200 5074 "-" "WordPress/6.9.4; https://as-cp.fr"
222.127.54.215 - - [24/Jul/2026:09:59:40 +0200] "POST /xmlrpc.php HTTP/1.1" 200 5463 "-" "Jetpack/12.0; WordPress/6.3; http://site88280470.com"
91.134.83.25 - - [24/Jul/2026:09:59:51 +0200] "POST /wp-cron.php?doing_wp_cron=1784879991.6328959465026855468750 HTTP/1.1" 200 5074 "-" "WordPress/6.9.4; https://as-cp.fr"
222.127.54.215 - - [24/Jul/2026:09:59:51 +0200] "POST /xmlrpc.php HTTP/1.1" 200 5463 "-" "Jetpack by WordPress.com (Jetpack 12.1; WordPress 6.1)"
222.127.54.215 - - [24/Jul/2026:10:00:02 +0200] "POST /xmlrpc.php HTTP/1.1" 200 5463 "-" "Jetpack by WordPress.com (Jetpack 12.0; WordPress 6.2)"
222.127.54.215 - - [24/Jul/2026:10:00:13 +0200] "POST /xmlrpc.php HTTP/1.1" 200 5463 "-" "WordPress.com; https://wordpress.com"
91.134.83.25 - - [24/Jul/2026:10:00:24 +0200] "POST /wp-cron.php?doing_wp_cron=1784880024.2648670673370361328125 HTTP/1.1" 200 5074 "-" "WordPress/6.9.4; https://as-cp.fr"
222.127.54.215 - - [24/Jul/2026:10:00:24 +0200] "POST /xmlrpc.php HTTP/1.1" 200 5463 "-" "Jetpack by WordPress.com (Jetpack 13.0; WordPress 6.1)"
91.134.83.25 - - [24/Jul/2026:10:00:35 +0200] "POST /wp-cron.php?doing_wp_cron=1784880035.0767509937286376953125 HTTP/1.1" 200 5074 "-" "WordPress/6.9.4; https://as-cp.fr"
222.127.54.215 - - [24/Jul/2026:10:00:34 +0200] "POST /xmlrpc.php HTTP/1.1" 200 5463 "-" "Jetpack/13.0; WordPress/6.3; http://site63141070.com"
196.190.61.115 - - [24/Jul/2026:10:00:35 +0200] "GET /tag/investissement-immobilier-perpignan/ HTTP/1.1" 200 24552 "-" "Mozilla/5.0 (Macintosh; Intel Mac OS X 10_15_7) AppleWebKit/537.36 (KHTML, like Gecko) Chrome/124.0.0.0 Safari/537.36"
91.134.83.25 - - [24/Jul/2026:10:00:46 +0200] "POST /wp-cron.php?doing_wp_cron=1784880046.2208940982818603515625 HTTP/1.1" 200 5074 "-" "WordPress/6.9.4; https://as-cp.fr"
222.127.54.215 - - [24/Jul/2026:10:00:45 +0200] "POST /xmlrpc.php HTTP/1.1" 200 5463 "-" "Jetpack by WordPress.com (Jetpack 12.5; WordPress 6.3)"
222.127.54.215 - - [24/Jul/2026:10:00:56 +0200] "POST /xmlrpc.php HTTP/1.1" 200 5463 "-" "Jetpack/12.0; WordPress/6.1; http://site11592846.com"
205.169.39.26 - - [24/Jul/2026:10:00:58 +0200] "GET / HTTP/1.1" 200 26625 "-" "Mozilla/5.0 (Windows NT 10.0) AppleWebKit/537.36 (KHTML, like Gecko) Chrome/106.0.0.0 Safari/537.36"
222.127.54.215 - - [24/Jul/2026:10:01:09 +0200] "POST /xmlrpc.php HTTP/1.1" 200 5463 "-" "Jetpack/12.0; WordPress/6.2; http://site20519480.com"
91.134.83.25 - - [24/Jul/2026:10:01:20 +0200] "POST /wp-cron.php?doing_wp_cron=1784880080.0608420372009277343750 HTTP/1.1" 200 5074 "-" "WordPress/6.9.4; https://as-cp.fr"
222.127.54.215 - - [24/Jul/2026:10:01:19 +0200] "POST /xmlrpc.php HTTP/1.1" 200 5463 "-" "WordPress.com; https://wordpress.com"
91.134.83.25 - - [24/Jul/2026:10:01:30 +0200] "POST /wp-cron.php?doing_wp_cron=1784880090.9872910976409912109375 HTTP/1.1" 200 5074 "-" "WordPress/6.9.4; https://as-cp.fr"
222.127.54.215 - - [24/Jul/2026:10:01:30 +0200] "POST /xmlrpc.php HTTP/1.1" 200 5463 "-" "Jetpack/13.0; WordPress/6.1; http://site43276693.com"
91.134.83.25 - - [24/Jul/2026:10:01:42 +0200] "POST /wp-cron.php?doing_wp_cron=1784880102.0158619880676269531250 HTTP/1.1" 200 5074 "-" "WordPress/6.9.4; https://as-cp.fr"
222.127.54.215 - - [24/Jul/2026:10:01:41 +0200] "POST /xmlrpc.php HTTP/1.1" 200 5463 "-" "Jetpack/12.1; WordPress/6.4; http://site34099574.com"
91.134.83.25 - - [24/Jul/2026:10:01:53 +0200] "POST /wp-cron.php?doing_wp_cron=1784880113.6100959777832031250000 HTTP/1.1" 200 5074 "-" "WordPress/6.9.4; https://as-cp.fr"
222.127.54.215 - - [24/Jul/2026:10:01:53 +0200] "POST /xmlrpc.php HTTP/1.1" 200 5463 "-" "WordPress.com; https://wordpress.com"
222.127.54.215 - - [24/Jul/2026:10:02:04 +0200] "POST /xmlrpc.php HTTP/1.1" 200 5463 "-" "Jetpack by WordPress.com (Jetpack 12.1; WordPress 6.1)"
222.127.54.215 - - [24/Jul/2026:10:02:17 +0200] "POST /xmlrpc.php HTTP/1.1" 200 5463 "-" "Jetpack/12.0; WordPress/6.3; http://site94454006.com"
91.134.83.25 - - [24/Jul/2026:10:02:29 +0200] "POST /wp-cron.php?doing_wp_cron=1784880149.2700760364532470703125 HTTP/1.1" 200 5074 "-" "WordPress/6.9.4; https://as-cp.fr"
222.127.54.215 - - [24/Jul/2026:10:02:29 +0200] "POST /xmlrpc.php HTTP/1.1" 200 5463 "-" "Jetpack by WordPress.com (Jetpack 13.0; WordPress 6.4)"
91.134.83.25 - - [24/Jul/2026:10:02:40 +0200] "POST /wp-cron.php?doing_wp_cron=1784880160.0722739696502685546875 HTTP/1.1" 200 5074 "-" "WordPress/6.9.4; https://as-cp.fr"
222.127.54.215 - - [24/Jul/2026:10:02:39 +0200] "POST /xmlrpc.php HTTP/1.1" 200 5463 "-" "Jetpack/12.5; WordPress/6.4; http://site59719585.com"
91.134.83.25 - - [24/Jul/2026:10:09:59 +0200] "POST /wp-cron.php?doing_wp_cron=1784880599.2527449131011962890625 HTTP/1.1" 200 5074 "-" "WordPress/6.9.4; https://as-cp.fr"
173.236.254.75 - - [24/Jul/2026:10:09:59 +0200] "GET /wp-login.php HTTP/1.1" 200 8735 "-" "Mozilla/5.0 (Windows NT 10.0; Win64; x64) AppleWebKit/537.36 (KHTML, like Gecko) Chrome/150.0.0.0 Safari/537.36"
173.236.254.75 - - [24/Jul/2026:10:09:59 +0200] "POST /wp-login.php HTTP/1.1" 200 8911 "https://as-cp.fr/wp-login.php" "Mozilla/5.0 (Windows NT 10.0; Win64; x64) AppleWebKit/537.36 (KHTML, like Gecko) Chrome/150.0.0.0 Safari/537.36"
91.134.83.25 - - [24/Jul/2026:10:17:03 +0200] "POST /wp-cron.php?doing_wp_cron=1784881023.6844348907470703125000 HTTP/1.1" 200 5074 "-" "WordPress/6.9.4; https://as-cp.fr"
45.146.54.27 - - [24/Jul/2026:10:17:03 +0200] "POST /wp-login.php HTTP/1.1" 200 8902 "-" "Mozilla/5.0 (Macintosh; Intel Mac OS X 10_15_7) AppleWebKit/537.36 (KHTML, like Gecko) Chrome/116.0.0.0 Safari/537.36 [ip:159.242.234.215]"
45.146.54.26 - - [24/Jul/2026:10:17:03 +0200] "POST /wp-login.php HTTP/1.1" 200 8903 "-" "Mozilla/5.0 (Linux; Android 9; Infinix X625C) AppleWebKit/537.36 (KHTML, like Gecko) Chrome/83.0.4103.101 Mobile Safari/537.36"
17.22.253.214 - - [24/Jul/2026:10:19:24 +0200] "GET /robots.txt HTTP/1.1" 200 5168 "-" "Mozilla/5.0 (Macintosh; Intel Mac OS X 10_15_7) AppleWebKit/605.1.15 (KHTML, like Gecko) Version/17.4 Safari/605.1.15 (Applebot/0.1; +http://www.apple.com/go/applebot)"
17.22.253.214 - - [24/Jul/2026:10:19:24 +0200] "GET /les-5-meilleures-solutions-de-defiscalisation-a-connaitre-avant-le-31-decembre-a-perpignan-les-conseils-de-votre-conseiller-financier-a-perpignan/ HTTP/1.1" 200 24098 "-" "Mozilla/5.0 (Macintosh; Intel Mac OS X 10_15_7) AppleWebKit/605.1.15 (KHTML, like Gecko) Version/17.4 Safari/605.1.15 (Applebot/0.1; +http://www.apple.com/go/applebot)"
17.22.237.180 - - [24/Jul/2026:10:20:49 +0200] "GET /wp-content/plugins/kiwi-logo-carousel/third-party/jquery.bxslider/jquery.bxslider.css?ver=6.9.4 HTTP/1.1" 200 5137 "https://as-cp.fr/les-5-meilleures-solutions-de-defiscalisation-a-connaitre-avant-le-31-decembre-a-perpignan-les-conseils-de-votre-conseiller-financier-a-perpignan/" "Mozilla/5.0 (Macintosh; Intel Mac OS X 10_15_7) AppleWebKit/605.1.15 (KHTML, like Gecko) Version/17.4 Safari/605.1.15 (Applebot/0.1; +http://www.apple.com/go/applebot)"
17.22.237.180 - - [24/Jul/2026:10:20:50 +0200] "GET /wp-content/uploads/la_icon_sets/style.min.css?ver=6.9.4 HTTP/1.1" 200 5068 "https://as-cp.fr/les-5-meilleures-solutions-de-defiscalisation-a-connaitre-avant-le-31-decembre-a-perpignan-les-conseils-de-votre-conseiller-financier-a-perpignan/" "Mozilla/5.0 (Macintosh; Intel Mac OS X 10_15_7) AppleWebKit/605.1.15 (KHTML, like Gecko) Version/17.4 Safari/605.1.15 (Applebot/0.1; +http://www.apple.com/go/applebot)"
17.22.237.180 - - [24/Jul/2026:10:20:52 +0200] "GET /wp-content/plugins/revslider/public/assets/css/rs6.css?ver=6.3.9 HTTP/1.1" 200 5106 "https://as-cp.fr/les-5-meilleures-solutions-de-defiscalisation-a-connaitre-avant-le-31-decembre-a-perpignan-les-conseils-de-votre-conseiller-financier-a-perpignan/" "Mozilla/5.0 (Macintosh; Intel Mac OS X 10_15_7) AppleWebKit/605.1.15 (KHTML, like Gecko) Version/17.4 Safari/605.1.15 (Applebot/0.1; +http://www.apple.com/go/applebot)"
17.22.237.180 - - [24/Jul/2026:10:20:53 +0200] "GET /wp-content/plugins/kiwi-logo-carousel/custom-styles.css?ver=6.9.4 HTTP/1.1" 200 5107 "https://as-cp.fr/les-5-meilleures-solutions-de-defiscalisation-a-connaitre-avant-le-31-decembre-a-perpignan-les-conseils-de-votre-conseiller-financier-a-perpignan/" "Mozilla/5.0 (Macintosh; Intel Mac OS X 10_15_7) AppleWebKit/605.1.15 (KHTML, like Gecko) Version/17.4 Safari/605.1.15 (Applebot/0.1; +http://www.apple.com/go/applebot)"
17.22.237.180 - - [24/Jul/2026:10:20:55 +0200] "GET /wp-content/plugins/superfly-menu/css/public.min.css?ver=6.9.4 HTTP/1.1" 200 5103 "https://as-cp.fr/les-5-meilleures-solutions-de-defiscalisation-a-connaitre-avant-le-31-decembre-a-perpignan-les-conseils-de-votre-conseiller-financier-a-perpignan/" "Mozilla/5.0 (Macintosh; Intel Mac OS X 10_15_7) AppleWebKit/605.1.15 (KHTML, like Gecko) Version/17.4 Safari/605.1.15 (Applebot/0.1; +http://www.apple.com/go/applebot)"
17.22.237.180 - - [24/Jul/2026:10:20:56 +0200] "GET /wp-content/themes/agencepointcom/style.css?ver=6.9.4 HTTP/1.1" 200 5094 "https://as-cp.fr/les-5-meilleures-solutions-de-defiscalisation-a-connaitre-avant-le-31-decembre-a-perpignan-les-conseils-de-votre-conseiller-financier-a-perpignan/" "Mozilla/5.0 (Macintosh; Intel Mac OS X 10_15_7) AppleWebKit/605.1.15 (KHTML, like Gecko) Version/17.4 Safari/605.1.15 (Applebot/0.1; +http://www.apple.com/go/applebot)"
17.22.237.180 - - [24/Jul/2026:10:20:58 +0200] "GET /wp-includes/js/jquery/jquery.min.js?ver=3.7.1 HTTP/1.1" 200 5094 "https://as-cp.fr/les-5-meilleures-solutions-de-defiscalisation-a-connaitre-avant-le-31-decembre-a-perpignan-les-conseils-de-votre-conseiller-financier-a-perpignan/" "Mozilla/5.0 (Macintosh; Intel Mac OS X 10_15_7) AppleWebKit/605.1.15 (KHTML, like Gecko) Version/17.4 Safari/605.1.15 (Applebot/0.1; +http://www.apple.com/go/applebot)"
17.22.237.180 - - [24/Jul/2026:10:20:59 +0200] "GET /wp-includes/js/jquery/jquery-migrate.min.js?ver=3.4.1 HTTP/1.1" 200 5102 "https://as-cp.fr/les-5-meilleures-solutions-de-defiscalisation-a-connaitre-avant-le-31-decembre-a-perpignan-les-conseils-de-votre-conseiller-financier-a-perpignan/" "Mozilla/5.0 (Macintosh; Intel Mac OS X 10_15_7) AppleWebKit/605.1.15 (KHTML, like Gecko) Version/17.4 Safari/605.1.15 (Applebot/0.1; +http://www.apple.com/go/applebot)"
17.22.237.180 - - [24/Jul/2026:10:21:01 +0200] "GET /wp-content/plugins/superfly-menu/includes/vendor/looks_awesome/icon_manager/js/md5.js?ver=1.0,0 HTTP/1.1" 200 5144 "https://as-cp.fr/les-5-meilleures-solutions-de-defiscalisation-a-connaitre-avant-le-31-decembre-a-perpignan-les-conseils-de-votre-conseiller-financier-a-perpignan/" "Mozilla/5.0 (Macintosh; Intel Mac OS X 10_15_7) AppleWebKit/605.1.15 (KHTML, like Gecko) Version/17.4 Safari/605.1.15 (Applebot/0.1; +http://www.apple.com/go/applebot)"
17.22.237.180 - - [24/Jul/2026:10:21:02 +0200] "GET /wp-content/plugins/superfly-menu/includes/vendor/looks_awesome/icon_manager/js/util.js?ver=1.0,0 HTTP/1.1" 200 5395 "https://as-cp.fr/les-5-meilleures-solutions-de-defiscalisation-a-connaitre-avant-le-31-decembre-a-perpignan-les-conseils-de-votre-conseiller-financier-a-perpignan/" "Mozilla/5.0 (Macintosh; Intel Mac OS X 10_15_7) AppleWebKit/605.1.15 (KHTML, like Gecko) Version/17.4 Safari/605.1.15 (Applebot/0.1; +http://www.apple.com/go/applebot)"
17.22.237.180 - - [24/Jul/2026:10:21:04 +0200] "GET /wp-content/plugins/revslider/public/assets/js/rbtools.min.js?ver=6.3.9 HTTP/1.1" 200 5119 "https://as-cp.fr/les-5-meilleures-solutions-de-defiscalisation-a-connaitre-avant-le-31-decembre-a-perpignan-les-conseils-de-votre-conseiller-financier-a-perpignan/" "Mozilla/5.0 (Macintosh; Intel Mac OS X 10_15_7) AppleWebKit/605.1.15 (KHTML, like Gecko) Version/17.4 Safari/605.1.15 (Applebot/0.1; +http://www.apple.com/go/applebot)"
17.22.237.180 - - [24/Jul/2026:10:21:05 +0200] "GET /wp-content/plugins/revslider/public/assets/js/rs6.min.js?ver=6.3.9 HTTP/1.1" 200 5115 "https://as-cp.fr/les-5-meilleures-solutions-de-defiscalisation-a-connaitre-avant-le-31-decembre-a-perpignan-les-conseils-de-votre-conseiller-financier-a-perpignan/" "Mozilla/5.0 (Macintosh; Intel Mac OS X 10_15_7) AppleWebKit/605.1.15 (KHTML, like Gecko) Version/17.4 Safari/605.1.15 (Applebot/0.1; +http://www.apple.com/go/applebot)"
17.22.237.180 - - [24/Jul/2026:10:21:07 +0200] "GET /wp-content/plugins/superfly-menu/js/public.min.js?ver=5.0.19 HTTP/1.1" 200 5108 "https://as-cp.fr/les-5-meilleures-solutions-de-defiscalisation-a-connaitre-avant-le-31-decembre-a-perpignan-les-conseils-de-votre-conseiller-financier-a-perpignan/" "Mozilla/5.0 (Macintosh; Intel Mac OS X 10_15_7) AppleWebKit/605.1.15 (KHTML, like Gecko) Version/17.4 Safari/605.1.15 (Applebot/0.1; +http://www.apple.com/go/applebot)"
17.22.237.180 - - [24/Jul/2026:10:21:08 +0200] "GET /wp-content/themes/agencepointcom/js/script-frontend.js HTTP/1.1" 200 5444 "https://as-cp.fr/les-5-meilleures-solutions-de-defiscalisation-a-connaitre-avant-le-31-decembre-a-perpignan-les-conseils-de-votre-conseiller-financier-a-perpignan/" "Mozilla/5.0 (Macintosh; Intel Mac OS X 10_15_7) AppleWebKit/605.1.15 (KHTML, like Gecko) Version/17.4 Safari/605.1.15 (Applebot/0.1; +http://www.apple.com/go/applebot)"
17.22.237.180 - - [24/Jul/2026:10:21:10 +0200] "GET /wp-content/themes/agencepointcom/js/navigation.js?ver=20151215 HTTP/1.1" 200 5108 "https://as-cp.fr/les-5-meilleures-solutions-de-defiscalisation-a-connaitre-avant-le-31-decembre-a-perpignan-les-conseils-de-votre-conseiller-financier-a-perpignan/" "Mozilla/5.0 (Macintosh; Intel Mac OS X 10_15_7) AppleWebKit/605.1.15 (KHTML, like Gecko) Version/17.4 Safari/605.1.15 (Applebot/0.1; +http://www.apple.com/go/applebot)"
17.22.237.180 - - [24/Jul/2026:10:21:11 +0200] "GET /wp-content/themes/agencepointcom/js/skip-link-focus-fix.js?ver=20151215 HTTP/1.1" 200 5518 "https://as-cp.fr/les-5-meilleures-solutions-de-defiscalisation-a-connaitre-avant-le-31-decembre-a-perpignan-les-conseils-de-votre-conseiller-financier-a-perpignan/" "Mozilla/5.0 (Macintosh; Intel Mac OS X 10_15_7) AppleWebKit/605.1.15 (KHTML, like Gecko) Version/17.4 Safari/605.1.15 (Applebot/0.1; +http://www.apple.com/go/applebot)"
17.22.237.180 - - [24/Jul/2026:10:21:13 +0200] "GET /wp-includes/js/dist/vendor/wp-polyfill.min.js?ver=3.15.0 HTTP/1.1" 200 5104 "https://as-cp.fr/les-5-meilleures-solutions-de-defiscalisation-a-connaitre-avant-le-31-decembre-a-perpignan-les-conseils-de-votre-conseiller-financier-a-perpignan/" "Mozilla/5.0 (Macintosh; Intel Mac OS X 10_15_7) AppleWebKit/605.1.15 (KHTML, like Gecko) Version/17.4 Safari/605.1.15 (Applebot/0.1; +http://www.apple.com/go/applebot)"
17.22.237.180 - - [24/Jul/2026:10:21:14 +0200] "GET /wp-content/plugins/contact-form-7/modules/recaptcha/index.js?ver=6.1.6 HTTP/1.1" 200 5584 "https://as-cp.fr/les-5-meilleures-solutions-de-defiscalisation-a-connaitre-avant-le-31-decembre-a-perpignan-les-conseils-de-votre-conseiller-financier-a-perpignan/" "Mozilla/5.0 (Macintosh; Intel Mac OS X 10_15_7) AppleWebKit/605.1.15 (KHTML, like Gecko) Version/17.4 Safari/605.1.15 (Applebot/0.1; +http://www.apple.com/go/applebot)"
17.22.237.180 - - [24/Jul/2026:10:21:16 +0200] "GET /wp-content/plugins/kiwi-logo-carousel/third-party/jquery.bxslider/jquery.bxslider.js?ver=6.9.4 HTTP/1.1" 200 5143 "https://as-cp.fr/les-5-meilleures-solutions-de-defiscalisation-a-connaitre-avant-le-31-decembre-a-perpignan-les-conseils-de-votre-conseiller-financier-a-perpignan/" "Mozilla/5.0 (Macintosh; Intel Mac OS X 10_15_7) AppleWebKit/605.1.15 (KHTML, like Gecko) Version/17.4 Safari/605.1.15 (Applebot/0.1; +http://www.apple.com/go/applebot)"
17.22.237.180 - - [24/Jul/2026:10:21:17 +0200] "GET /wp-content/plugins/wp-rocket/assets/js/wpr-beacon.min.js HTTP/1.1" 200 5115 "https://as-cp.fr/les-5-meilleures-solutions-de-defiscalisation-a-connaitre-avant-le-31-decembre-a-perpignan-les-conseils-de-votre-conseiller-financier-a-perpignan/" "Mozilla/5.0 (Macintosh; Intel Mac OS X 10_15_7) AppleWebKit/605.1.15 (KHTML, like Gecko) Version/17.4 Safari/605.1.15 (Applebot/0.1; +http://www.apple.com/go/applebot)"
91.134.83.25 - - [24/Jul/2026:10:21:19 +0200] "POST /wp-cron.php?doing_wp_cron=1784881279.6595709323883056640625 HTTP/1.1" 200 5074 "-" "WordPress/6.9.4; https://as-cp.fr"
17.22.237.180 - - [24/Jul/2026:10:21:19 +0200] "POST /wp-admin/admin-ajax.php HTTP/1.1" 200 5486 "https://as-cp.fr/les-5-meilleures-solutions-de-defiscalisation-a-connaitre-avant-le-31-decembre-a-perpignan-les-conseils-de-votre-conseiller-financier-a-perpignan/" "Mozilla/5.0 (Macintosh; Intel Mac OS X 10_15_7) AppleWebKit/605.1.15 (KHTML, like Gecko) Version/17.4 Safari/605.1.15 (Applebot/0.1; +http://www.apple.com/go/applebot)"
91.134.83.25 - - [24/Jul/2026:10:21:21 +0200] "POST /wp-cron.php?doing_wp_cron=1784881281.0599460601806640625000 HTTP/1.1" 200 5074 "-" "WordPress/6.9.4; https://as-cp.fr"
17.22.237.180 - - [24/Jul/2026:10:21:20 +0200] "POST /wp-admin/admin-ajax.php HTTP/1.1" 200 5912 "https://as-cp.fr/les-5-meilleures-solutions-de-defiscalisation-a-connaitre-avant-le-31-decembre-a-perpignan-les-conseils-de-votre-conseiller-financier-a-perpignan/" "Mozilla/5.0 (Macintosh; Intel Mac OS X 10_15_7) AppleWebKit/605.1.15 (KHTML, like Gecko) Version/17.4 Safari/605.1.15 (Applebot/0.1; +http://www.apple.com/go/applebot)"
216.73.216.71 - - [24/Jul/2026:10:22:17 +0200] "GET /robots.txt HTTP/1.1" 200 5168 "-" "Mozilla/5.0 AppleWebKit/537.36 (KHTML, like Gecko; compatible; ClaudeBot/1.0; +claudebot@anthropic.com)"
91.134.83.25 - - [24/Jul/2026:10:22:17 +0200] "POST /wp-cron.php?doing_wp_cron=1784881337.4735579490661621093750 HTTP/1.1" 200 5074 "-" "WordPress/6.9.4; https://as-cp.fr"
216.73.216.71 - - [24/Jul/2026:10:22:17 +0200] "GET /sitemap.xml HTTP/1.1" 301 5068 "-" "Mozilla/5.0 AppleWebKit/537.36 (KHTML, like Gecko; compatible; ClaudeBot/1.0; +claudebot@anthropic.com)"
216.73.216.71 - - [24/Jul/2026:10:22:17 +0200] "GET /sitemap_index.xml HTTP/1.1" 200 5405 "https://as-cp.fr/sitemap.xml" "Mozilla/5.0 AppleWebKit/537.36 (KHTML, like Gecko; compatible; ClaudeBot/1.0; +claudebot@anthropic.com)"
87.199.194.213 - - [24/Jul/2026:10:22:56 +0200] "GET /contact/ HTTP/1.1" 200 78799 "https://as-cp.fr/contact/" "Mozilla/5.0 (Windows NT 10.0; Win64; x64) AppleWebKit/537.36 (KHTML, like Gecko) Chrome/131.0.0.0 Safari/537.36"
91.134.83.25 - - [24/Jul/2026:10:35:34 +0200] "POST /wp-cron.php?doing_wp_cron=1784882134.0738360881805419921875 HTTP/1.1" 200 5074 "-" "WordPress/6.9.4; https://as-cp.fr"
45.146.54.25 - - [24/Jul/2026:10:35:33 +0200] "POST /wp-login.php HTTP/1.1" 200 8903 "-" "firefox|Mozilla/5.0 (Linux; Linux x86_64) Gecko/20100101 Firefox/63.8"
45.146.54.11 - - [24/Jul/2026:10:35:33 +0200] "POST /wp-login.php HTTP/1.1" 200 8902 "-" "Mozilla/5.0 (Linux; Android 11; CPH2269) AppleWebKit/537.36 (KHTML, like Gecko) Version/4.0 HeadlessChrome/123.0.0.0 Mobile Safari/537.36"
91.134.83.25 - - [24/Jul/2026:10:39:19 +0200] "POST /wp-cron.php?doing_wp_cron=1784882359.5027658939361572265625 HTTP/1.1" 200 5074 "-" "WordPress/6.9.4; https://as-cp.fr"
45.227.253.15 - - [24/Jul/2026:10:39:19 +0200] "GET /index.php/jk HTTP/1.1" 301 5165 "-" "Mozilla/5.0 (iPhone; CPU iPhone OS 12_3 like Mac OS X) AppleWebKit/605.1.15 (KHTML, like Gecko) Version/12.0.4 Mobile/15E148 Safari/604.1"
45.227.253.15 - - [24/Jul/2026:10:39:19 +0200] "GET /jk HTTP/1.1" 301 5197 "https://as-cp.fr/index.php/jk" "Mozilla/5.0 (iPhone; CPU iPhone OS 12_3 like Mac OS X) AppleWebKit/605.1.15 (KHTML, like Gecko) Version/12.0.4 Mobile/15E148 Safari/604.1"
45.227.253.15 - - [24/Jul/2026:10:39:19 +0200] "GET / HTTP/1.1" 200 26631 "https://as-cp.fr/jk" "Mozilla/5.0 (iPhone; CPU iPhone OS 12_3 like Mac OS X) AppleWebKit/605.1.15 (KHTML, like Gecko) Version/12.0.4 Mobile/15E148 Safari/604.1"
40.77.167.77 - - [24/Jul/2026:10:43:13 +0200] "GET /prestations-professionnels/ HTTP/1.1" 200 22746 "-" "Mozilla/5.0 AppleWebKit/537.36 (KHTML, like Gecko; compatible; bingbot/2.0; +http://www.bing.com/bingbot.htm) Chrome/116.0.1938.76 Safari/537.36"
91.134.83.25 - - [24/Jul/2026:10:43:18 +0200] "POST /wp-cron.php?doing_wp_cron=1784882598.4592149257659912109375 HTTP/1.1" 200 5074 "-" "WordPress/6.9.4; https://as-cp.fr"
40.77.179.92 - - [24/Jul/2026:10:43:18 +0200] "GET /prestations-professionnels HTTP/1.1" 301 5078 "-" "Mozilla/5.0 AppleWebKit/537.36 (KHTML, like Gecko; compatible; bingbot/2.0; +http://www.bing.com/bingbot.htm) Chrome/136.0.0.0 Safari/537.36"
91.134.83.25 - - [24/Jul/2026:10:48:04 +0200] "POST /wp-cron.php?doing_wp_cron=1784882884.8675720691680908203125 HTTP/1.1" 200 5074 "-" "WordPress/6.9.4; https://as-cp.fr"
65.109.158.145 - - [24/Jul/2026:10:48:04 +0200] "GET /wp-login.php HTTP/1.1" 200 8735 "-" "Mozilla/5.0 (Windows NT 10.0; Win64; x64) AppleWebKit/537.36 (KHTML, like Gecko) Chrome/150.0.0.0 Safari/537.36"
65.109.158.145 - - [24/Jul/2026:10:48:05 +0200] "POST /wp-login.php HTTP/1.1" 200 8911 "https://as-cp.fr/wp-login.php" "Mozilla/5.0 (Windows NT 10.0; Win64; x64) AppleWebKit/537.36 (KHTML, like Gecko) Chrome/150.0.0.0 Safari/537.36"
91.134.83.25 - - [24/Jul/2026:10:48:20 +0200] "POST /wp-cron.php?doing_wp_cron=1784882900.5585060119628906250000 HTTP/1.1" 200 5074 "-" "WordPress/6.9.4; https://as-cp.fr"
119.195.102.159 - - [24/Jul/2026:10:48:20 +0200] "GET /wp-login.php HTTP/1.1" 200 8735 "-" "Mozilla/5.0 (Windows NT 10.0; Win64; x64) AppleWebKit/537.36 (KHTML, like Gecko) Chrome/150.0.0.0 Safari/537.36"
