104.234.53.41 - - [24/Jul/2026:23:23:37 +0200] "GET /wp-login.php?redirect_to=https%3A%2F%2Fas-cp.fr%2Fwp-admin%2Findex.php&reauth=1 HTTP/1.1" 200 10805 "https://as-cp.fr/wp-login.php" "Mozilla/5.0 (Macintosh; Intel Mac OS X 10_15_7) AppleWebKit/605.1.15 (KHTML, like Gecko) Version/17.1 Safari/605.1.15"
104.234.53.41 - - [24/Jul/2026:23:23:37 +0200] "POST /wp-login.php HTTP/1.1" 200 8900 "https://as-cp.fr/wp-login.php" "Mozilla/5.0 (Macintosh; Intel Mac OS X 10_15_7; rv:120.0) Gecko/20100101 Firefox/120.0"
104.234.53.41 - - [24/Jul/2026:23:23:38 +0200] "GET /wp-admin/index.php HTTP/1.1" 302 5230 "https://as-cp.fr/wp-login.php" "Mozilla/5.0 (Macintosh; Intel Mac OS X 13_6_1; rv:120.0) Gecko/20100101 Firefox/120.0"
104.234.53.41 - - [24/Jul/2026:23:23:39 +0200] "GET /wp-login.php?redirect_to=https%3A%2F%2Fas-cp.fr%2Fwp-admin%2Findex.php&reauth=1 HTTP/1.1" 200 10805 "https://as-cp.fr/wp-login.php" "Mozilla/5.0 (Macintosh; Intel Mac OS X 13_6_1; rv:120.0) Gecko/20100101 Firefox/120.0"
88.166.28.185 - - [24/Jul/2026:23:23:39 +0200] "POST /xmlrpc.php HTTP/1.1" 200 5463 "-" "Mozilla/5.0 (Macintosh; Intel Mac OS X 10_15_7; x64) AppleWebKit/537.36 (KHTML, like Gecko) Chrome/113.0.0.0 Safari/537.36"
104.234.53.41 - - [24/Jul/2026:23:23:39 +0200] "POST /wp-login.php HTTP/1.1" 200 8904 "https://as-cp.fr/wp-login.php" "Mozilla/5.0 (Macintosh; Intel Mac OS X 13_6_1; rv:120.0) Gecko/20100101 Firefox/120.0"
104.234.53.41 - - [24/Jul/2026:23:23:40 +0200] "GET /wp-admin/index.php HTTP/1.1" 302 5230 "https://as-cp.fr/wp-login.php" "Mozilla/5.0 (X11; Ubuntu; Linux x86_64) AppleWebKit/537.36 (KHTML, like Gecko) Chrome/121.0.0.0 Safari/537.36"
88.166.28.185 - - [24/Jul/2026:23:23:40 +0200] "POST /xmlrpc.php HTTP/1.1" 200 5463 "-" "Mozilla/5.0 (Windows NT 10.0; arm64) AppleWebKit/537.36 (KHTML, like Gecko) Opera/73.0.0.0 Safari/537.36"
104.234.53.41 - - [24/Jul/2026:23:23:41 +0200] "GET /wp-login.php?redirect_to=https%3A%2F%2Fas-cp.fr%2Fwp-admin%2Findex.php&reauth=1 HTTP/1.1" 200 10805 "https://as-cp.fr/wp-login.php" "Mozilla/5.0 (X11; Ubuntu; Linux x86_64) AppleWebKit/537.36 (KHTML, like Gecko) Chrome/121.0.0.0 Safari/537.36"
104.234.53.41 - - [24/Jul/2026:23:23:41 +0200] "POST /wp-login.php HTTP/1.1" 200 8903 "https://as-cp.fr/wp-login.php" "Mozilla/5.0 (Windows NT 10.0; Win64; x64; rv:119.0) Gecko/20100101 Firefox/119.0"
104.234.53.41 - - [24/Jul/2026:23:23:42 +0200] "GET /wp-admin/index.php HTTP/1.1" 302 5230 "https://as-cp.fr/wp-login.php" "Mozilla/5.0 (X11; Ubuntu; Linux x86_64) AppleWebKit/537.36 (KHTML, like Gecko) Chrome/120.0.0.0 Safari/537.36"
91.134.83.25 - - [24/Jul/2026:23:23:43 +0200] "POST /wp-cron.php?doing_wp_cron=1784928223.1884241104125976562500 HTTP/1.1" 200 5074 "-" "WordPress/6.9.4; https://as-cp.fr"
104.234.53.41 - - [24/Jul/2026:23:23:42 +0200] "GET /wp-login.php?redirect_to=https%3A%2F%2Fas-cp.fr%2Fwp-admin%2Findex.php&reauth=1 HTTP/1.1" 200 10805 "https://as-cp.fr/wp-login.php" "Mozilla/5.0 (X11; Ubuntu; Linux x86_64) AppleWebKit/537.36 (KHTML, like Gecko) Chrome/120.0.0.0 Safari/537.36"
104.234.53.41 - - [24/Jul/2026:23:23:43 +0200] "POST /wp-login.php HTTP/1.1" 200 8904 "https://as-cp.fr/wp-login.php" "Mozilla/5.0 (Macintosh; Intel Mac OS X 13_6_1; rv:118.0) Gecko/20100101 Firefox/118.0"
104.234.53.41 - - [24/Jul/2026:23:23:44 +0200] "GET /wp-admin/index.php HTTP/1.1" 302 5230 "https://as-cp.fr/wp-login.php" "Mozilla/5.0 (Macintosh; Intel Mac OS X 10_15_7) AppleWebKit/537.36 (KHTML, like Gecko) Chrome/119.0.0.0 Safari/537.36"
104.234.53.41 - - [24/Jul/2026:23:23:45 +0200] "GET /wp-login.php?redirect_to=https%3A%2F%2Fas-cp.fr%2Fwp-admin%2Findex.php&reauth=1 HTTP/1.1" 200 10805 "https://as-cp.fr/wp-login.php" "Mozilla/5.0 (Macintosh; Intel Mac OS X 10_15_7) AppleWebKit/537.36 (KHTML, like Gecko) Chrome/119.0.0.0 Safari/537.36"
104.234.53.41 - - [24/Jul/2026:23:23:45 +0200] "POST /wp-login.php HTTP/1.1" 200 8902 "https://as-cp.fr/wp-login.php" "Mozilla/5.0 (Macintosh; Intel Mac OS X 10_15_7) AppleWebKit/537.36 (KHTML, like Gecko) Chrome/118.0.0.0 Safari/537.36"
104.234.53.41 - - [24/Jul/2026:23:23:46 +0200] "GET /wp-admin/index.php HTTP/1.1" 302 5230 "https://as-cp.fr/wp-login.php" "Mozilla/5.0 (Windows NT 10.0; Win64; x64; rv:119.0) Gecko/20100101 Firefox/119.0"
104.234.53.41 - - [24/Jul/2026:23:23:47 +0200] "GET /wp-login.php?redirect_to=https%3A%2F%2Fas-cp.fr%2Fwp-admin%2Findex.php&reauth=1 HTTP/1.1" 200 10805 "https://as-cp.fr/wp-login.php" "Mozilla/5.0 (Windows NT 10.0; Win64; x64; rv:119.0) Gecko/20100101 Firefox/119.0"
104.234.53.41 - - [24/Jul/2026:23:23:47 +0200] "POST /wp-login.php HTTP/1.1" 200 8900 "https://as-cp.fr/wp-login.php" "Mozilla/5.0 (Macintosh; Intel Mac OS X 10_15_7) AppleWebKit/537.36 (KHTML, like Gecko) Chrome/120.0.0.0 Safari/537.36"
104.234.53.41 - - [24/Jul/2026:23:23:48 +0200] "GET /wp-admin/index.php HTTP/1.1" 302 5230 "https://as-cp.fr/wp-login.php" "Mozilla/5.0 (X11; Linux x86_64) AppleWebKit/537.36 (KHTML, like Gecko) Chrome/119.0.0.0 Safari/537.36"
104.234.53.41 - - [24/Jul/2026:23:23:49 +0200] "GET /wp-login.php?redirect_to=https%3A%2F%2Fas-cp.fr%2Fwp-admin%2Findex.php&reauth=1 HTTP/1.1" 200 10805 "https://as-cp.fr/wp-login.php" "Mozilla/5.0 (X11; Linux x86_64) AppleWebKit/537.36 (KHTML, like Gecko) Chrome/119.0.0.0 Safari/537.36"
104.234.53.41 - - [24/Jul/2026:23:23:50 +0200] "POST /wp-login.php HTTP/1.1" 200 8904 "https://as-cp.fr/wp-login.php" "Mozilla/5.0 (Windows NT 10.0; Win64; x64) AppleWebKit/537.36 (KHTML, like Gecko) Chrome/118.0.0.0 Safari/537.36"
104.234.53.41 - - [24/Jul/2026:23:23:50 +0200] "GET /wp-admin/index.php HTTP/1.1" 302 5230 "https://as-cp.fr/wp-login.php" "Mozilla/5.0 (Macintosh; Intel Mac OS X 10_15_7) AppleWebKit/605.1.15 (KHTML, like Gecko) Version/17.0 Safari/605.1.15"
88.166.28.185 - - [24/Jul/2026:23:23:50 +0200] "POST /xmlrpc.php HTTP/1.1" 200 5463 "-" "Mozilla/5.0 (X11; Ubuntu; Linux x86_64; arm64) AppleWebKit/537.36 (KHTML, like Gecko) Firefox/82.0.0.0 Safari/537.36"
88.166.28.185 - - [24/Jul/2026:23:23:52 +0200] "POST /xmlrpc.php HTTP/1.1" 200 5463 "-" "Mozilla/5.0 (Windows NT 10.0; arm64) AppleWebKit/537.36 (KHTML, like Gecko) Chrome/107.0.0.0 Safari/537.36"
104.234.53.41 - - [24/Jul/2026:23:23:52 +0200] "POST /wp-login.php HTTP/1.1" 200 8903 "https://as-cp.fr/wp-login.php" "Mozilla/5.0 (Windows NT 11.0; Win64; x64) AppleWebKit/537.36 (KHTML, like Gecko) Chrome/121.0.0.0 Safari/537.36"
104.234.53.41 - - [24/Jul/2026:23:23:51 +0200] "GET /wp-login.php?redirect_to=https%3A%2F%2Fas-cp.fr%2Fwp-admin%2Findex.php&reauth=1 HTTP/1.1" 200 10805 "https://as-cp.fr/wp-login.php" "Mozilla/5.0 (Macintosh; Intel Mac OS X 10_15_7) AppleWebKit/605.1.15 (KHTML, like Gecko) Version/17.0 Safari/605.1.15"
104.234.53.41 - - [24/Jul/2026:23:23:52 +0200] "GET /wp-admin/index.php HTTP/1.1" 302 5230 "https://as-cp.fr/wp-login.php" "Mozilla/5.0 (Macintosh; Intel Mac OS X 13_6_1) AppleWebKit/537.36 (KHTML, like Gecko) Chrome/120.0.0.0 Safari/537.36"
104.234.53.41 - - [24/Jul/2026:23:23:53 +0200] "GET /wp-login.php?redirect_to=https%3A%2F%2Fas-cp.fr%2Fwp-admin%2Findex.php&reauth=1 HTTP/1.1" 200 10805 "https://as-cp.fr/wp-login.php" "Mozilla/5.0 (Macintosh; Intel Mac OS X 13_6_1) AppleWebKit/537.36 (KHTML, like Gecko) Chrome/120.0.0.0 Safari/537.36"
104.234.53.41 - - [24/Jul/2026:23:23:54 +0200] "POST /wp-login.php HTTP/1.1" 200 8904 "https://as-cp.fr/wp-login.php" "Mozilla/5.0 (Windows NT 10.0; Win64; x64; rv:121.0) Gecko/20100101 Firefox/121.0"
104.234.53.41 - - [24/Jul/2026:23:23:54 +0200] "GET /wp-admin/index.php HTTP/1.1" 302 5230 "https://as-cp.fr/wp-login.php" "Mozilla/5.0 (Windows NT 11.0; Win64; x64) AppleWebKit/537.36 (KHTML, like Gecko) Chrome/118.0.0.0 Safari/537.36"
104.234.53.41 - - [24/Jul/2026:23:23:55 +0200] "GET /wp-login.php?redirect_to=https%3A%2F%2Fas-cp.fr%2Fwp-admin%2Findex.php&reauth=1 HTTP/1.1" 200 10805 "https://as-cp.fr/wp-login.php" "Mozilla/5.0 (Windows NT 11.0; Win64; x64) AppleWebKit/537.36 (KHTML, like Gecko) Chrome/118.0.0.0 Safari/537.36"
104.234.53.41 - - [24/Jul/2026:23:23:56 +0200] "POST /wp-login.php HTTP/1.1" 200 8902 "https://as-cp.fr/wp-login.php" "Mozilla/5.0 (X11; Linux x86_64) AppleWebKit/537.36 (KHTML, like Gecko) Chrome/118.0.0.0 Safari/537.36"
104.234.53.41 - - [24/Jul/2026:23:23:56 +0200] "GET /wp-admin/index.php HTTP/1.1" 302 5230 "https://as-cp.fr/wp-login.php" "Mozilla/5.0 (Macintosh; Intel Mac OS X 13_6_1) AppleWebKit/537.36 (KHTML, like Gecko) Chrome/119.0.0.0 Safari/537.36"
104.234.53.41 - - [24/Jul/2026:23:23:57 +0200] "GET /wp-login.php?redirect_to=https%3A%2F%2Fas-cp.fr%2Fwp-admin%2Findex.php&reauth=1 HTTP/1.1" 200 10805 "https://as-cp.fr/wp-login.php" "Mozilla/5.0 (Macintosh; Intel Mac OS X 13_6_1) AppleWebKit/537.36 (KHTML, like Gecko) Chrome/119.0.0.0 Safari/537.36"
104.234.53.41 - - [24/Jul/2026:23:23:58 +0200] "POST /wp-login.php HTTP/1.1" 200 8900 "https://as-cp.fr/wp-login.php" "Mozilla/5.0 (X11; Linux x86_64) AppleWebKit/537.36 (KHTML, like Gecko) Chrome/121.0.0.0 Safari/537.36"
104.234.53.41 - - [24/Jul/2026:23:23:58 +0200] "GET /wp-admin/index.php HTTP/1.1" 302 5230 "https://as-cp.fr/wp-login.php" "Mozilla/5.0 (Macintosh; Intel Mac OS X 10_15_7) AppleWebKit/605.1.15 (KHTML, like Gecko) Version/17.2 Safari/605.1.15"
104.234.53.41 - - [24/Jul/2026:23:23:59 +0200] "GET /wp-login.php?redirect_to=https%3A%2F%2Fas-cp.fr%2Fwp-admin%2Findex.php&reauth=1 HTTP/1.1" 200 10805 "https://as-cp.fr/wp-login.php" "Mozilla/5.0 (Macintosh; Intel Mac OS X 10_15_7) AppleWebKit/605.1.15 (KHTML, like Gecko) Version/17.2 Safari/605.1.15"
104.234.53.41 - - [24/Jul/2026:23:23:59 +0200] "POST /wp-login.php HTTP/1.1" 200 8904 "https://as-cp.fr/wp-login.php" "Mozilla/5.0 (Macintosh; Intel Mac OS X 10_15_7; rv:121.0) Gecko/20100101 Firefox/121.0"
104.234.53.41 - - [24/Jul/2026:23:24:00 +0200] "GET /wp-admin/index.php HTTP/1.1" 302 5230 "https://as-cp.fr/wp-login.php" "Mozilla/5.0 (X11; Linux x86_64) AppleWebKit/537.36 (KHTML, like Gecko) Chrome/119.0.0.0 Safari/537.36"
88.166.28.185 - - [24/Jul/2026:23:24:01 +0200] "POST /xmlrpc.php HTTP/1.1" 200 5463 "-" "Mozilla/5.0 (X11; Ubuntu; Linux x86_64; x64) AppleWebKit/537.36 (KHTML, like Gecko) Firefox/98.0.0.0 Safari/537.36"
104.234.53.41 - - [24/Jul/2026:23:24:01 +0200] "GET /wp-login.php?redirect_to=https%3A%2F%2Fas-cp.fr%2Fwp-admin%2Findex.php&reauth=1 HTTP/1.1" 200 10805 "https://as-cp.fr/wp-login.php" "Mozilla/5.0 (X11; Linux x86_64) AppleWebKit/537.36 (KHTML, like Gecko) Chrome/119.0.0.0 Safari/537.36"
104.234.53.41 - - [24/Jul/2026:23:24:02 +0200] "POST /wp-login.php HTTP/1.1" 200 8903 "https://as-cp.fr/wp-login.php" "Mozilla/5.0 (Windows NT 10.0; Win64; x64) AppleWebKit/537.36 (KHTML, like Gecko) Chrome/119.0.0.0 Safari/537.36"
88.166.28.185 - - [24/Jul/2026:23:24:03 +0200] "POST /xmlrpc.php HTTP/1.1" 200 5463 "-" "Mozilla/5.0 (Windows NT 10.0; arm64) AppleWebKit/537.36 (KHTML, like Gecko) Firefox/76.0.0.0 Safari/537.36"
104.234.53.41 - - [24/Jul/2026:23:24:04 +0200] "GET /wp-admin/index.php HTTP/1.1" 302 5230 "https://as-cp.fr/wp-login.php" "Mozilla/5.0 (X11; Ubuntu; Linux x86_64) AppleWebKit/537.36 (KHTML, like Gecko) Chrome/118.0.0.0 Safari/537.36"
104.234.53.41 - - [24/Jul/2026:23:24:04 +0200] "GET /wp-login.php?redirect_to=https%3A%2F%2Fas-cp.fr%2Fwp-admin%2Findex.php&reauth=1 HTTP/1.1" 200 10805 "https://as-cp.fr/wp-login.php" "Mozilla/5.0 (X11; Ubuntu; Linux x86_64) AppleWebKit/537.36 (KHTML, like Gecko) Chrome/118.0.0.0 Safari/537.36"
104.234.53.41 - - [24/Jul/2026:23:24:05 +0200] "POST /wp-login.php HTTP/1.1" 200 8904 "https://as-cp.fr/wp-login.php" "Mozilla/5.0 (Windows NT 11.0; Win64; x64) AppleWebKit/537.36 (KHTML, like Gecko) Chrome/118.0.0.0 Safari/537.36"
104.234.53.41 - - [24/Jul/2026:23:24:06 +0200] "GET /wp-admin/index.php HTTP/1.1" 302 5230 "https://as-cp.fr/wp-login.php" "Mozilla/5.0 (Windows NT 11.0; Win64; x64; rv:119.0) Gecko/20100101 Firefox/119.0"
104.234.53.41 - - [24/Jul/2026:23:24:07 +0200] "GET /wp-login.php?redirect_to=https%3A%2F%2Fas-cp.fr%2Fwp-admin%2Findex.php&reauth=1 HTTP/1.1" 200 10805 "https://as-cp.fr/wp-login.php" "Mozilla/5.0 (Windows NT 11.0; Win64; x64; rv:119.0) Gecko/20100101 Firefox/119.0"
104.234.53.41 - - [24/Jul/2026:23:24:07 +0200] "POST /wp-login.php HTTP/1.1" 200 8902 "https://as-cp.fr/wp-login.php" "Mozilla/5.0 (Macintosh; Intel Mac OS X 13_6_1; rv:118.0) Gecko/20100101 Firefox/118.0"
104.234.53.41 - - [24/Jul/2026:23:24:08 +0200] "GET /wp-admin/index.php HTTP/1.1" 302 5230 "https://as-cp.fr/wp-login.php" "Mozilla/5.0 (Macintosh; Intel Mac OS X 10_15_7) AppleWebKit/537.36 (KHTML, like Gecko) Chrome/121.0.0.0 Safari/537.36"
104.234.53.41 - - [24/Jul/2026:23:24:09 +0200] "GET /wp-login.php?redirect_to=https%3A%2F%2Fas-cp.fr%2Fwp-admin%2Findex.php&reauth=1 HTTP/1.1" 200 10805 "https://as-cp.fr/wp-login.php" "Mozilla/5.0 (Macintosh; Intel Mac OS X 10_15_7) AppleWebKit/537.36 (KHTML, like Gecko) Chrome/121.0.0.0 Safari/537.36"
104.234.53.41 - - [24/Jul/2026:23:24:10 +0200] "POST /wp-login.php HTTP/1.1" 200 8900 "https://as-cp.fr/wp-login.php" "Mozilla/5.0 (Windows NT 11.0; Win64; x64; rv:118.0) Gecko/20100101 Firefox/118.0"
57.141.0.31 - - [24/Jul/2026:23:24:10 +0200] "GET /shops/admirability/s8e1c9l5u4s8i9o7n315 HTTP/1.1" 301 5197 "-" "Mozilla/5.0 (X11; Linux x86_64) AppleWebKit/537.36 (KHTML, like Gecko) Chrome/145.0.0.0 Safari/537.36 (compatible; meta-externalagent/1.1 (+https://developers.facebook.com/docs/sharing/webmasters/crawler))"
104.234.53.41 - - [24/Jul/2026:23:24:11 +0200] "GET /wp-admin/index.php HTTP/1.1" 302 5230 "https://as-cp.fr/wp-login.php" "Mozilla/5.0 (Macintosh; Intel Mac OS X 10_15_7) AppleWebKit/537.36 (KHTML, like Gecko) Chrome/119.0.0.0 Safari/537.36"
104.234.53.41 - - [24/Jul/2026:23:24:11 +0200] "GET /wp-login.php?redirect_to=https%3A%2F%2Fas-cp.fr%2Fwp-admin%2Findex.php&reauth=1 HTTP/1.1" 200 10805 "https://as-cp.fr/wp-login.php" "Mozilla/5.0 (Macintosh; Intel Mac OS X 10_15_7) AppleWebKit/537.36 (KHTML, like Gecko) Chrome/119.0.0.0 Safari/537.36"
104.234.53.41 - - [24/Jul/2026:23:24:13 +0200] "GET /wp-admin/index.php HTTP/1.1" 302 5230 "https://as-cp.fr/wp-login.php" "Mozilla/5.0 (X11; Ubuntu; Linux x86_64) AppleWebKit/537.36 (KHTML, like Gecko) Chrome/119.0.0.0 Safari/537.36"
104.234.53.41 - - [24/Jul/2026:23:24:12 +0200] "POST /wp-login.php HTTP/1.1" 200 8904 "https://as-cp.fr/wp-login.php" "Mozilla/5.0 (Macintosh; Intel Mac OS X 13_6_1) AppleWebKit/537.36 (KHTML, like Gecko) Chrome/120.0.0.0 Safari/537.36"
88.166.28.185 - - [24/Jul/2026:23:24:12 +0200] "POST /xmlrpc.php HTTP/1.1" 200 5463 "-" "Mozilla/5.0 (X11; Ubuntu; Linux x86_64; arm64) AppleWebKit/537.36 (KHTML, like Gecko) Chrome/103.0.0.0 Safari/537.36"
88.166.28.185 - - [24/Jul/2026:23:24:14 +0200] "POST /xmlrpc.php HTTP/1.1" 200 5463 "-" "Mozilla/5.0 (X11; Ubuntu; Linux x86_64; arm64) AppleWebKit/537.36 (KHTML, like Gecko) Safari/13.0.0.0 Safari/537.36"
104.234.53.41 - - [24/Jul/2026:23:24:14 +0200] "GET /wp-login.php?redirect_to=https%3A%2F%2Fas-cp.fr%2Fwp-admin%2Findex.php&reauth=1 HTTP/1.1" 200 10805 "https://as-cp.fr/wp-login.php" "Mozilla/5.0 (X11; Ubuntu; Linux x86_64) AppleWebKit/537.36 (KHTML, like Gecko) Chrome/119.0.0.0 Safari/537.36"
104.234.53.41 - - [24/Jul/2026:23:24:15 +0200] "POST /wp-login.php HTTP/1.1" 200 8903 "https://as-cp.fr/wp-login.php" "Mozilla/5.0 (Windows NT 11.0; Win64; x64; rv:120.0) Gecko/20100101 Firefox/120.0"
104.234.53.41 - - [24/Jul/2026:23:24:15 +0200] "GET /wp-admin/index.php HTTP/1.1" 302 5230 "https://as-cp.fr/wp-login.php" "Mozilla/5.0 (Macintosh; Intel Mac OS X 10_15_7) AppleWebKit/537.36 (KHTML, like Gecko) Chrome/118.0.0.0 Safari/537.36"
104.234.53.41 - - [24/Jul/2026:23:24:16 +0200] "GET /wp-login.php?redirect_to=https%3A%2F%2Fas-cp.fr%2Fwp-admin%2Findex.php&reauth=1 HTTP/1.1" 200 10805 "https://as-cp.fr/wp-login.php" "Mozilla/5.0 (Macintosh; Intel Mac OS X 10_15_7) AppleWebKit/537.36 (KHTML, like Gecko) Chrome/118.0.0.0 Safari/537.36"
91.134.83.25 - - [24/Jul/2026:23:24:18 +0200] "POST /wp-cron.php?doing_wp_cron=1784928258.0025980472564697265625 HTTP/1.1" 200 5074 "-" "WordPress/6.9.4; https://as-cp.fr"
104.234.53.41 - - [24/Jul/2026:23:24:17 +0200] "POST /wp-login.php HTTP/1.1" 200 8904 "https://as-cp.fr/wp-login.php" "Mozilla/5.0 (X11; Linux x86_64) AppleWebKit/537.36 (KHTML, like Gecko) Chrome/119.0.0.0 Safari/537.36"
104.234.53.41 - - [24/Jul/2026:23:24:18 +0200] "GET /wp-admin/index.php HTTP/1.1" 302 5230 "https://as-cp.fr/wp-login.php" "Mozilla/5.0 (Macintosh; Intel Mac OS X 10_15_7) AppleWebKit/537.36 (KHTML, like Gecko) Chrome/118.0.0.0 Safari/537.36"
104.234.53.41 - - [24/Jul/2026:23:24:18 +0200] "GET /wp-login.php?redirect_to=https%3A%2F%2Fas-cp.fr%2Fwp-admin%2Findex.php&reauth=1 HTTP/1.1" 200 10805 "https://as-cp.fr/wp-login.php" "Mozilla/5.0 (Macintosh; Intel Mac OS X 10_15_7) AppleWebKit/537.36 (KHTML, like Gecko) Chrome/118.0.0.0 Safari/537.36"
104.234.53.41 - - [24/Jul/2026:23:24:19 +0200] "POST /wp-login.php HTTP/1.1" 200 8902 "https://as-cp.fr/wp-login.php" "Mozilla/5.0 (Macintosh; Intel Mac OS X 10_15_7) AppleWebKit/537.36 (KHTML, like Gecko) Chrome/120.0.0.0 Safari/537.36"
91.134.83.25 - - [24/Jul/2026:23:24:21 +0200] "POST /wp-cron.php?doing_wp_cron=1784928261.7283229827880859375000 HTTP/1.1" 200 5074 "-" "WordPress/6.9.4; https://as-cp.fr"
104.234.53.41 - - [24/Jul/2026:23:24:21 +0200] "GET /wp-admin/index.php HTTP/1.1" 302 5230 "https://as-cp.fr/wp-login.php" "Mozilla/5.0 (Windows NT 11.0; Win64; x64; rv:120.0) Gecko/20100101 Firefox/120.0"
104.234.53.41 - - [24/Jul/2026:23:24:21 +0200] "GET /wp-login.php?redirect_to=https%3A%2F%2Fas-cp.fr%2Fwp-admin%2Findex.php&reauth=1 HTTP/1.1" 200 10805 "https://as-cp.fr/wp-login.php" "Mozilla/5.0 (Windows NT 11.0; Win64; x64; rv:120.0) Gecko/20100101 Firefox/120.0"
104.234.53.41 - - [24/Jul/2026:23:24:22 +0200] "POST /wp-login.php HTTP/1.1" 200 8900 "https://as-cp.fr/wp-login.php" "Mozilla/5.0 (Windows NT 11.0; Win64; x64) AppleWebKit/537.36 (KHTML, like Gecko) Chrome/121.0.0.0 Safari/537.36"
88.166.28.185 - - [24/Jul/2026:23:24:23 +0200] "POST /xmlrpc.php HTTP/1.1" 200 5463 "-" "Mozilla/5.0 (Windows NT 6.2; x86) AppleWebKit/537.36 (KHTML, like Gecko) Chrome/92.0.0.0 Safari/537.36"
104.234.53.41 - - [24/Jul/2026:23:24:23 +0200] "GET /wp-admin/index.php HTTP/1.1" 302 5230 "https://as-cp.fr/wp-login.php" "Mozilla/5.0 (Macintosh; Intel Mac OS X 10_15_7) AppleWebKit/537.36 (KHTML, like Gecko) Chrome/119.0.0.0 Safari/537.36"
104.234.53.41 - - [24/Jul/2026:23:24:23 +0200] "GET /wp-login.php?redirect_to=https%3A%2F%2Fas-cp.fr%2Fwp-admin%2Findex.php&reauth=1 HTTP/1.1" 200 10805 "https://as-cp.fr/wp-login.php" "Mozilla/5.0 (Macintosh; Intel Mac OS X 10_15_7) AppleWebKit/537.36 (KHTML, like Gecko) Chrome/119.0.0.0 Safari/537.36"
104.234.53.41 - - [24/Jul/2026:23:24:24 +0200] "POST /wp-login.php HTTP/1.1" 200 8904 "https://as-cp.fr/wp-login.php" "Mozilla/5.0 (Macintosh; Intel Mac OS X 13_6_1; rv:119.0) Gecko/20100101 Firefox/119.0"
88.166.28.185 - - [24/Jul/2026:23:24:24 +0200] "POST /xmlrpc.php HTTP/1.1" 200 5463 "-" "Mozilla/5.0 (Linux; Android 10; x86) AppleWebKit/537.36 (KHTML, like Gecko) Edge/80.0.0.0 Safari/537.36"
5.182.209.54 - - [24/Jul/2026:23:24:25 +0200] "GET /wp-login.php HTTP/1.1" 200 8736 "-" "Mozilla/5.0 (Windows NT 10.0; Win64; x64) AppleWebKit/537.36 (KHTML, like Gecko) Chrome/150.0.0.0 Safari/537.36"
104.234.53.41 - - [24/Jul/2026:23:24:25 +0200] "GET /wp-admin/index.php HTTP/1.1" 302 5230 "https://as-cp.fr/wp-login.php" "Mozilla/5.0 (Macintosh; Intel Mac OS X 13_6_1) AppleWebKit/605.1.15 (KHTML, like Gecko) Version/16.6 Safari/605.1.15"
104.234.53.41 - - [24/Jul/2026:23:24:25 +0200] "GET /wp-login.php?redirect_to=https%3A%2F%2Fas-cp.fr%2Fwp-admin%2Findex.php&reauth=1 HTTP/1.1" 200 10805 "https://as-cp.fr/wp-login.php" "Mozilla/5.0 (Macintosh; Intel Mac OS X 13_6_1) AppleWebKit/605.1.15 (KHTML, like Gecko) Version/16.6 Safari/605.1.15"
5.182.209.54 - - [24/Jul/2026:23:24:25 +0200] "POST /wp-login.php HTTP/1.1" 200 8911 "https://as-cp.fr/wp-login.php" "Mozilla/5.0 (Windows NT 10.0; Win64; x64) AppleWebKit/537.36 (KHTML, like Gecko) Chrome/150.0.0.0 Safari/537.36"
104.234.53.41 - - [24/Jul/2026:23:24:26 +0200] "POST /wp-login.php HTTP/1.1" 200 8904 "https://as-cp.fr/wp-login.php" "Mozilla/5.0 (Windows NT 11.0; Win64; x64) AppleWebKit/537.36 (KHTML, like Gecko) Chrome/118.0.0.0 Safari/537.36"
104.234.53.41 - - [24/Jul/2026:23:24:27 +0200] "GET /wp-admin/index.php HTTP/1.1" 302 5230 "https://as-cp.fr/wp-login.php" "Mozilla/5.0 (Macintosh; Intel Mac OS X 10_15_7) AppleWebKit/537.36 (KHTML, like Gecko) Chrome/121.0.0.0 Safari/537.36"
104.234.53.41 - - [24/Jul/2026:23:24:27 +0200] "GET /wp-login.php?redirect_to=https%3A%2F%2Fas-cp.fr%2Fwp-admin%2Findex.php&reauth=1 HTTP/1.1" 200 10805 "https://as-cp.fr/wp-login.php" "Mozilla/5.0 (Macintosh; Intel Mac OS X 10_15_7) AppleWebKit/537.36 (KHTML, like Gecko) Chrome/121.0.0.0 Safari/537.36"
104.234.53.41 - - [24/Jul/2026:23:24:28 +0200] "POST /wp-login.php HTTP/1.1" 200 8900 "https://as-cp.fr/wp-login.php" "Mozilla/5.0 (Windows NT 11.0; Win64; x64) AppleWebKit/537.36 (KHTML, like Gecko) Chrome/118.0.0.0 Safari/537.36"
104.234.53.41 - - [24/Jul/2026:23:24:28 +0200] "GET /wp-admin/index.php HTTP/1.1" 302 5230 "https://as-cp.fr/wp-login.php" "Mozilla/5.0 (X11; Linux x86_64) AppleWebKit/537.36 (KHTML, like Gecko) Chrome/118.0.0.0 Safari/537.36"
104.234.53.41 - - [24/Jul/2026:23:24:29 +0200] "GET /wp-login.php?redirect_to=https%3A%2F%2Fas-cp.fr%2Fwp-admin%2Findex.php&reauth=1 HTTP/1.1" 200 10805 "https://as-cp.fr/wp-login.php" "Mozilla/5.0 (X11; Linux x86_64) AppleWebKit/537.36 (KHTML, like Gecko) Chrome/118.0.0.0 Safari/537.36"
104.234.53.41 - - [24/Jul/2026:23:24:30 +0200] "POST /wp-login.php HTTP/1.1" 200 8904 "https://as-cp.fr/wp-login.php" "Mozilla/5.0 (Windows NT 10.0; Win64; x64; rv:119.0) Gecko/20100101 Firefox/119.0"
104.234.53.41 - - [24/Jul/2026:23:24:30 +0200] "GET /wp-admin/index.php HTTP/1.1" 302 5230 "https://as-cp.fr/wp-login.php" "Mozilla/5.0 (Macintosh; Intel Mac OS X 13_6_1) AppleWebKit/605.1.15 (KHTML, like Gecko) Version/17.1 Safari/605.1.15"
104.234.53.41 - - [24/Jul/2026:23:24:31 +0200] "GET /wp-login.php?redirect_to=https%3A%2F%2Fas-cp.fr%2Fwp-admin%2Findex.php&reauth=1 HTTP/1.1" 200 10805 "https://as-cp.fr/wp-login.php" "Mozilla/5.0 (Macintosh; Intel Mac OS X 13_6_1) AppleWebKit/605.1.15 (KHTML, like Gecko) Version/17.1 Safari/605.1.15"
104.234.53.41 - - [24/Jul/2026:23:24:32 +0200] "GET /wp-admin/index.php HTTP/1.1" 302 5230 "https://as-cp.fr/wp-login.php" "Mozilla/5.0 (Windows NT 11.0; Win64; x64) AppleWebKit/537.36 (KHTML, like Gecko) Chrome/118.0.0.0 Safari/537.36"
104.234.53.41 - - [24/Jul/2026:23:24:32 +0200] "POST /wp-login.php HTTP/1.1" 200 8903 "https://as-cp.fr/wp-login.php" "Mozilla/5.0 (X11; Linux x86_64) AppleWebKit/537.36 (KHTML, like Gecko) Chrome/118.0.0.0 Safari/537.36"
104.234.53.41 - - [24/Jul/2026:23:24:33 +0200] "GET /wp-login.php?redirect_to=https%3A%2F%2Fas-cp.fr%2Fwp-admin%2Findex.php&reauth=1 HTTP/1.1" 200 10805 "https://as-cp.fr/wp-login.php" "Mozilla/5.0 (Windows NT 11.0; Win64; x64) AppleWebKit/537.36 (KHTML, like Gecko) Chrome/118.0.0.0 Safari/537.36"
91.134.83.25 - - [24/Jul/2026:23:24:34 +0200] "POST /wp-cron.php?doing_wp_cron=1784928274.3740210533142089843750 HTTP/1.1" 200 5074 "-" "WordPress/6.9.4; https://as-cp.fr"
104.234.53.41 - - [24/Jul/2026:23:24:33 +0200] "POST /wp-login.php HTTP/1.1" 200 8904 "https://as-cp.fr/wp-login.php" "Mozilla/5.0 (X11; Linux x86_64) AppleWebKit/537.36 (KHTML, like Gecko) Chrome/119.0.0.0 Safari/537.36"
104.234.53.41 - - [24/Jul/2026:23:24:34 +0200] "GET /wp-admin/index.php HTTP/1.1" 302 5230 "https://as-cp.fr/wp-login.php" "Mozilla/5.0 (X11; Linux x86_64) AppleWebKit/537.36 (KHTML, like Gecko) Chrome/119.0.0.0 Safari/537.36"
104.234.53.41 - - [24/Jul/2026:23:24:35 +0200] "GET /wp-login.php?redirect_to=https%3A%2F%2Fas-cp.fr%2Fwp-admin%2Findex.php&reauth=1 HTTP/1.1" 200 10805 "https://as-cp.fr/wp-login.php" "Mozilla/5.0 (X11; Linux x86_64) AppleWebKit/537.36 (KHTML, like Gecko) Chrome/119.0.0.0 Safari/537.36"
88.166.28.185 - - [24/Jul/2026:23:24:35 +0200] "POST /xmlrpc.php HTTP/1.1" 200 5463 "-" "Mozilla/5.0 (Windows NT 6.2; x64) AppleWebKit/537.36 (KHTML, like Gecko) Opera/61.0.0.0 Safari/537.36"
104.234.53.41 - - [24/Jul/2026:23:24:35 +0200] "POST /wp-login.php HTTP/1.1" 200 8902 "https://as-cp.fr/wp-login.php" "Mozilla/5.0 (Windows NT 10.0; Win64; x64; rv:119.0) Gecko/20100101 Firefox/119.0"
104.234.53.41 - - [24/Jul/2026:23:24:36 +0200] "GET /wp-admin/index.php HTTP/1.1" 302 5230 "https://as-cp.fr/wp-login.php" "Mozilla/5.0 (Windows NT 11.0; Win64; x64; rv:119.0) Gecko/20100101 Firefox/119.0"
104.234.53.41 - - [24/Jul/2026:23:24:37 +0200] "GET /wp-login.php?redirect_to=https%3A%2F%2Fas-cp.fr%2Fwp-admin%2Findex.php&reauth=1 HTTP/1.1" 200 10805 "https://as-cp.fr/wp-login.php" "Mozilla/5.0 (Windows NT 11.0; Win64; x64; rv:119.0) Gecko/20100101 Firefox/119.0"
88.166.28.185 - - [24/Jul/2026:23:24:36 +0200] "POST /xmlrpc.php HTTP/1.1" 200 5463 "-" "Mozilla/5.0 (Windows NT 10.0; arm64) AppleWebKit/537.36 (KHTML, like Gecko) Firefox/71.0.0.0 Safari/537.36"
104.234.53.41 - - [24/Jul/2026:23:24:37 +0200] "POST /wp-login.php HTTP/1.1" 200 8900 "https://as-cp.fr/wp-login.php" "Mozilla/5.0 (Macintosh; Intel Mac OS X 10_15_7) AppleWebKit/537.36 (KHTML, like Gecko) Chrome/120.0.0.0 Safari/537.36"
104.234.53.41 - - [24/Jul/2026:23:24:38 +0200] "GET /wp-admin/index.php HTTP/1.1" 302 5230 "https://as-cp.fr/wp-login.php" "Mozilla/5.0 (Macintosh; Intel Mac OS X 13_6_1; rv:120.0) Gecko/20100101 Firefox/120.0"
104.234.53.41 - - [24/Jul/2026:23:24:39 +0200] "GET /wp-login.php?redirect_to=https%3A%2F%2Fas-cp.fr%2Fwp-admin%2Findex.php&reauth=1 HTTP/1.1" 200 10805 "https://as-cp.fr/wp-login.php" "Mozilla/5.0 (Macintosh; Intel Mac OS X 13_6_1; rv:120.0) Gecko/20100101 Firefox/120.0"
104.234.53.41 - - [24/Jul/2026:23:24:39 +0200] "POST /wp-login.php HTTP/1.1" 200 8904 "https://as-cp.fr/wp-login.php" "Mozilla/5.0 (Windows NT 11.0; Win64; x64; rv:120.0) Gecko/20100101 Firefox/120.0"
104.234.53.41 - - [24/Jul/2026:23:24:41 +0200] "GET /wp-admin/index.php HTTP/1.1" 302 5230 "https://as-cp.fr/wp-login.php" "Mozilla/5.0 (Windows NT 10.0; Win64; x64; rv:120.0) Gecko/20100101 Firefox/120.0"
104.234.53.41 - - [24/Jul/2026:23:24:42 +0200] "GET /wp-login.php?redirect_to=https%3A%2F%2Fas-cp.fr%2Fwp-admin%2Findex.php&reauth=1 HTTP/1.1" 200 10805 "https://as-cp.fr/wp-login.php" "Mozilla/5.0 (Windows NT 10.0; Win64; x64; rv:120.0) Gecko/20100101 Firefox/120.0"
91.134.83.25 - - [24/Jul/2026:23:24:43 +0200] "POST /wp-cron.php?doing_wp_cron=1784928283.0889799594879150390625 HTTP/1.1" 200 5074 "-" "WordPress/6.9.4; https://as-cp.fr"
104.234.53.41 - - [24/Jul/2026:23:24:43 +0200] "GET /wp-admin/index.php HTTP/1.1" 302 5230 "https://as-cp.fr/wp-login.php" "Mozilla/5.0 (Macintosh; Intel Mac OS X 13_6_1) AppleWebKit/537.36 (KHTML, like Gecko) Chrome/120.0.0.0 Safari/537.36"
104.234.53.41 - - [24/Jul/2026:23:24:42 +0200] "POST /wp-login.php HTTP/1.1" 200 8903 "https://as-cp.fr/wp-login.php" "Mozilla/5.0 (Windows NT 11.0; Win64; x64; rv:120.0) Gecko/20100101 Firefox/120.0"
104.234.53.41 - - [24/Jul/2026:23:24:43 +0200] "GET /wp-login.php?redirect_to=https%3A%2F%2Fas-cp.fr%2Fwp-admin%2Findex.php&reauth=1 HTTP/1.1" 200 10805 "https://as-cp.fr/wp-login.php" "Mozilla/5.0 (Macintosh; Intel Mac OS X 13_6_1) AppleWebKit/537.36 (KHTML, like Gecko) Chrome/120.0.0.0 Safari/537.36"
104.234.53.41 - - [24/Jul/2026:23:24:45 +0200] "POST /wp-login.php HTTP/1.1" 200 8904 "https://as-cp.fr/wp-login.php" "Mozilla/5.0 (X11; Linux x86_64) AppleWebKit/537.36 (KHTML, like Gecko) Chrome/119.0.0.0 Safari/537.36"
104.234.53.41 - - [24/Jul/2026:23:24:45 +0200] "GET /wp-admin/index.php HTTP/1.1" 302 5230 "https://as-cp.fr/wp-login.php" "Mozilla/5.0 (Macintosh; Intel Mac OS X 10_15_7) AppleWebKit/605.1.15 (KHTML, like Gecko) Version/17.0 Safari/605.1.15"
104.234.53.41 - - [24/Jul/2026:23:24:47 +0200] "GET /wp-login.php?redirect_to=https%3A%2F%2Fas-cp.fr%2Fwp-admin%2Findex.php&reauth=1 HTTP/1.1" 200 10805 "https://as-cp.fr/wp-login.php" "Mozilla/5.0 (Macintosh; Intel Mac OS X 10_15_7) AppleWebKit/605.1.15 (KHTML, like Gecko) Version/17.0 Safari/605.1.15"
88.166.28.185 - - [24/Jul/2026:23:24:46 +0200] "POST /xmlrpc.php HTTP/1.1" 200 5463 "-" "Mozilla/5.0 (Windows NT 6.3; x86) AppleWebKit/537.36 (KHTML, like Gecko) Safari/13.0.0.0 Safari/537.36"
104.234.53.41 - - [24/Jul/2026:23:24:47 +0200] "POST /wp-login.php HTTP/1.1" 200 8902 "https://as-cp.fr/wp-login.php" "Mozilla/5.0 (Macintosh; Intel Mac OS X 13_6_1; rv:120.0) Gecko/20100101 Firefox/120.0"
104.234.53.41 - - [24/Jul/2026:23:24:48 +0200] "GET /wp-admin/index.php HTTP/1.1" 302 5230 "https://as-cp.fr/wp-login.php" "Mozilla/5.0 (Windows NT 11.0; Win64; x64) AppleWebKit/537.36 (KHTML, like Gecko) Chrome/119.0.0.0 Safari/537.36"
104.234.53.41 - - [24/Jul/2026:23:24:48 +0200] "GET /wp-login.php?redirect_to=https%3A%2F%2Fas-cp.fr%2Fwp-admin%2Findex.php&reauth=1 HTTP/1.1" 200 10805 "https://as-cp.fr/wp-login.php" "Mozilla/5.0 (Windows NT 11.0; Win64; x64) AppleWebKit/537.36 (KHTML, like Gecko) Chrome/119.0.0.0 Safari/537.36"
88.166.28.185 - - [24/Jul/2026:23:24:47 +0200] "POST /xmlrpc.php HTTP/1.1" 200 5463 "-" "Mozilla/5.0 (Windows NT 6.2; x86) AppleWebKit/537.36 (KHTML, like Gecko) Edge/99.0.0.0 Safari/537.36"
104.234.53.41 - - [24/Jul/2026:23:24:49 +0200] "POST /wp-login.php HTTP/1.1" 200 8900 "https://as-cp.fr/wp-login.php" "Mozilla/5.0 (Macintosh; Intel Mac OS X 10_15_7; rv:118.0) Gecko/20100101 Firefox/118.0"
57.141.0.34 - - [24/Jul/2026:23:24:49 +0200] "GET /?v=b8i7c3u6s4p5i6d043 HTTP/1.1" 200 98108 "-" "Mozilla/5.0 (Macintosh; Intel Mac OS X 10_15_7) AppleWebKit/537.36 (KHTML, like Gecko) Chrome/145.0.0.0 Safari/537.36 (compatible; meta-externalagent/1.1 (+https://developers.facebook.com/docs/sharing/webmasters/crawler))"
104.234.53.41 - - [24/Jul/2026:23:24:50 +0200] "GET /wp-admin/index.php HTTP/1.1" 302 5230 "https://as-cp.fr/wp-login.php" "Mozilla/5.0 (Macintosh; Intel Mac OS X 13_6_1) AppleWebKit/537.36 (KHTML, like Gecko) Chrome/121.0.0.0 Safari/537.36"
104.234.53.41 - - [24/Jul/2026:23:24:50 +0200] "GET /wp-login.php?redirect_to=https%3A%2F%2Fas-cp.fr%2Fwp-admin%2Findex.php&reauth=1 HTTP/1.1" 200 10805 "https://as-cp.fr/wp-login.php" "Mozilla/5.0 (Macintosh; Intel Mac OS X 13_6_1) AppleWebKit/537.36 (KHTML, like Gecko) Chrome/121.0.0.0 Safari/537.36"
104.234.53.41 - - [24/Jul/2026:23:24:51 +0200] "POST /wp-login.php HTTP/1.1" 200 8904 "https://as-cp.fr/wp-login.php" "Mozilla/5.0 (Windows NT 11.0; Win64; x64; rv:120.0) Gecko/20100101 Firefox/120.0"
104.234.53.41 - - [24/Jul/2026:23:24:51 +0200] "GET /wp-admin/index.php HTTP/1.1" 302 5230 "https://as-cp.fr/wp-login.php" "Mozilla/5.0 (Windows NT 10.0; Win64; x64; rv:119.0) Gecko/20100101 Firefox/119.0"
104.234.53.41 - - [24/Jul/2026:23:24:52 +0200] "GET /wp-login.php?redirect_to=https%3A%2F%2Fas-cp.fr%2Fwp-admin%2Findex.php&reauth=1 HTTP/1.1" 200 10805 "https://as-cp.fr/wp-login.php" "Mozilla/5.0 (Windows NT 10.0; Win64; x64; rv:119.0) Gecko/20100101 Firefox/119.0"
104.234.53.41 - - [24/Jul/2026:23:24:53 +0200] "POST /wp-login.php HTTP/1.1" 200 8903 "https://as-cp.fr/wp-login.php" "Mozilla/5.0 (Windows NT 10.0; Win64; x64) AppleWebKit/537.36 (KHTML, like Gecko) Chrome/120.0.0.0 Safari/537.36"
104.234.53.41 - - [24/Jul/2026:23:24:54 +0200] "GET /wp-admin/index.php HTTP/1.1" 302 5230 "https://as-cp.fr/wp-login.php" "Mozilla/5.0 (Macintosh; Intel Mac OS X 10_15_7) AppleWebKit/537.36 (KHTML, like Gecko) Chrome/119.0.0.0 Safari/537.36"
104.234.53.41 - - [24/Jul/2026:23:24:55 +0200] "GET /wp-login.php?redirect_to=https%3A%2F%2Fas-cp.fr%2Fwp-admin%2Findex.php&reauth=1 HTTP/1.1" 200 10805 "https://as-cp.fr/wp-login.php" "Mozilla/5.0 (Macintosh; Intel Mac OS X 10_15_7) AppleWebKit/537.36 (KHTML, like Gecko) Chrome/119.0.0.0 Safari/537.36"
104.234.53.41 - - [24/Jul/2026:23:24:56 +0200] "POST /wp-login.php HTTP/1.1" 200 8904 "https://as-cp.fr/wp-login.php" "Mozilla/5.0 (Macintosh; Intel Mac OS X 13_6_1) AppleWebKit/537.36 (KHTML, like Gecko) Chrome/120.0.0.0 Safari/537.36"
104.234.53.41 - - [24/Jul/2026:23:24:56 +0200] "GET /wp-admin/index.php HTTP/1.1" 302 5230 "https://as-cp.fr/wp-login.php" "Mozilla/5.0 (Windows NT 11.0; Win64; x64; rv:121.0) Gecko/20100101 Firefox/121.0"
104.234.53.41 - - [24/Jul/2026:23:24:57 +0200] "GET /wp-login.php?redirect_to=https%3A%2F%2Fas-cp.fr%2Fwp-admin%2Findex.php&reauth=1 HTTP/1.1" 200 10805 "https://as-cp.fr/wp-login.php" "Mozilla/5.0 (Windows NT 11.0; Win64; x64; rv:121.0) Gecko/20100101 Firefox/121.0"
88.166.28.185 - - [24/Jul/2026:23:24:57 +0200] "POST /xmlrpc.php HTTP/1.1" 200 5463 "-" "Mozilla/5.0 (X11; Ubuntu; Linux x86_64; x64) AppleWebKit/537.36 (KHTML, like Gecko) Edge/98.0.0.0 Safari/537.36"
104.234.53.41 - - [24/Jul/2026:23:24:58 +0200] "POST /wp-login.php HTTP/1.1" 200 8902 "https://as-cp.fr/wp-login.php" "Mozilla/5.0 (Macintosh; Intel Mac OS X 10_15_7; rv:121.0) Gecko/20100101 Firefox/121.0"
104.234.53.41 - - [24/Jul/2026:23:24:58 +0200] "GET /wp-admin/index.php HTTP/1.1" 302 5230 "https://as-cp.fr/wp-login.php" "Mozilla/5.0 (Macintosh; Intel Mac OS X 13_6_1) AppleWebKit/605.1.15 (KHTML, like Gecko) Version/17.2 Safari/605.1.15"
104.234.53.41 - - [24/Jul/2026:23:24:59 +0200] "GET /wp-login.php?redirect_to=https%3A%2F%2Fas-cp.fr%2Fwp-admin%2Findex.php&reauth=1 HTTP/1.1" 200 10805 "https://as-cp.fr/wp-login.php" "Mozilla/5.0 (Macintosh; Intel Mac OS X 13_6_1) AppleWebKit/605.1.15 (KHTML, like Gecko) Version/17.2 Safari/605.1.15"
88.166.28.185 - - [24/Jul/2026:23:24:59 +0200] "POST /xmlrpc.php HTTP/1.1" 200 5463 "-" "Mozilla/5.0 (Macintosh; Intel Mac OS X 10_15_7; x86) AppleWebKit/537.36 (KHTML, like Gecko) Edge/86.0.0.0 Safari/537.36"
57.141.0.1 - - [24/Jul/2026:23:24:59 +0200] "GET /?grooving/8586046942 HTTP/1.1" 301 5073 "-" "Mozilla/5.0 (Macintosh; Intel Mac OS X 10_15_7) AppleWebKit/537.36 (KHTML, like Gecko) Chrome/145.0.0.0 Safari/537.36 (compatible; meta-externalagent/1.1 (+https://developers.facebook.com/docs/sharing/webmasters/crawler))"
104.234.53.41 - - [24/Jul/2026:23:25:00 +0200] "POST /wp-login.php HTTP/1.1" 200 8900 "https://as-cp.fr/wp-login.php" "Mozilla/5.0 (Macintosh; Intel Mac OS X 13_6_1) AppleWebKit/537.36 (KHTML, like Gecko) Chrome/118.0.0.0 Safari/537.36"
104.234.53.41 - - [24/Jul/2026:23:25:01 +0200] "GET /wp-admin/index.php HTTP/1.1" 302 5230 "https://as-cp.fr/wp-login.php" "Mozilla/5.0 (Macintosh; Intel Mac OS X 10_15_7) AppleWebKit/605.1.15 (KHTML, like Gecko) Version/16.6 Safari/605.1.15"
104.234.53.41 - - [24/Jul/2026:23:25:01 +0200] "GET /wp-login.php?redirect_to=https%3A%2F%2Fas-cp.fr%2Fwp-admin%2Findex.php&reauth=1 HTTP/1.1" 200 10805 "https://as-cp.fr/wp-login.php" "Mozilla/5.0 (Macintosh; Intel Mac OS X 10_15_7) AppleWebKit/605.1.15 (KHTML, like Gecko) Version/16.6 Safari/605.1.15"
104.234.53.41 - - [24/Jul/2026:23:25:02 +0200] "POST /wp-login.php HTTP/1.1" 200 8904 "https://as-cp.fr/wp-login.php" "Mozilla/5.0 (Windows NT 10.0; Win64; x64) AppleWebKit/537.36 (KHTML, like Gecko) Chrome/120.0.0.0 Safari/537.36"
104.234.53.41 - - [24/Jul/2026:23:25:03 +0200] "GET /wp-admin/index.php HTTP/1.1" 302 5230 "https://as-cp.fr/wp-login.php" "Mozilla/5.0 (Windows NT 10.0; Win64; x64) AppleWebKit/537.36 (KHTML, like Gecko) Chrome/119.0.0.0 Safari/537.36"
104.234.53.41 - - [24/Jul/2026:23:25:04 +0200] "GET /wp-login.php?redirect_to=https%3A%2F%2Fas-cp.fr%2Fwp-admin%2Findex.php&reauth=1 HTTP/1.1" 200 10805 "https://as-cp.fr/wp-login.php" "Mozilla/5.0 (Windows NT 10.0; Win64; x64) AppleWebKit/537.36 (KHTML, like Gecko) Chrome/119.0.0.0 Safari/537.36"
104.234.53.41 - - [24/Jul/2026:23:25:04 +0200] "POST /wp-login.php HTTP/1.1" 200 8903 "https://as-cp.fr/wp-login.php" "Mozilla/5.0 (Windows NT 11.0; Win64; x64) AppleWebKit/537.36 (KHTML, like Gecko) Chrome/118.0.0.0 Safari/537.36"
104.234.53.41 - - [24/Jul/2026:23:25:05 +0200] "GET /wp-admin/index.php HTTP/1.1" 302 5230 "https://as-cp.fr/wp-login.php" "Mozilla/5.0 (X11; Linux x86_64) AppleWebKit/537.36 (KHTML, like Gecko) Chrome/118.0.0.0 Safari/537.36"
104.234.53.41 - - [24/Jul/2026:23:25:06 +0200] "GET /wp-login.php?redirect_to=https%3A%2F%2Fas-cp.fr%2Fwp-admin%2Findex.php&reauth=1 HTTP/1.1" 200 10805 "https://as-cp.fr/wp-login.php" "Mozilla/5.0 (X11; Linux x86_64) AppleWebKit/537.36 (KHTML, like Gecko) Chrome/118.0.0.0 Safari/537.36"
104.234.53.41 - - [24/Jul/2026:23:25:06 +0200] "POST /wp-login.php HTTP/1.1" 200 8904 "https://as-cp.fr/wp-login.php" "Mozilla/5.0 (Windows NT 11.0; Win64; x64) AppleWebKit/537.36 (KHTML, like Gecko) Chrome/121.0.0.0 Safari/537.36"
104.234.53.41 - - [24/Jul/2026:23:25:07 +0200] "GET /wp-admin/index.php HTTP/1.1" 302 5230 "https://as-cp.fr/wp-login.php" "Mozilla/5.0 (X11; Ubuntu; Linux x86_64) AppleWebKit/537.36 (KHTML, like Gecko) Chrome/120.0.0.0 Safari/537.36"
104.234.53.41 - - [24/Jul/2026:23:25:07 +0200] "GET /wp-login.php?redirect_to=https%3A%2F%2Fas-cp.fr%2Fwp-admin%2Findex.php&reauth=1 HTTP/1.1" 200 10805 "https://as-cp.fr/wp-login.php" "Mozilla/5.0 (X11; Ubuntu; Linux x86_64) AppleWebKit/537.36 (KHTML, like Gecko) Chrome/120.0.0.0 Safari/537.36"
104.234.53.41 - - [24/Jul/2026:23:25:08 +0200] "POST /wp-login.php HTTP/1.1" 200 8902 "https://as-cp.fr/wp-login.php" "Mozilla/5.0 (Macintosh; Intel Mac OS X 10_15_7) AppleWebKit/537.36 (KHTML, like Gecko) Chrome/121.0.0.0 Safari/537.36"
88.166.28.185 - - [24/Jul/2026:23:25:08 +0200] "POST /xmlrpc.php HTTP/1.1" 200 5463 "-" "Mozilla/5.0 (X11; Ubuntu; Linux x86_64; arm64) AppleWebKit/537.36 (KHTML, like Gecko) Edge/80.0.0.0 Safari/537.36"
104.234.53.41 - - [24/Jul/2026:23:25:09 +0200] "GET /wp-admin/index.php HTTP/1.1" 302 5230 "https://as-cp.fr/wp-login.php" "Mozilla/5.0 (X11; Ubuntu; Linux x86_64) AppleWebKit/537.36 (KHTML, like Gecko) Chrome/120.0.0.0 Safari/537.36"
104.234.53.41 - - [24/Jul/2026:23:25:09 +0200] "GET /wp-login.php?redirect_to=https%3A%2F%2Fas-cp.fr%2Fwp-admin%2Findex.php&reauth=1 HTTP/1.1" 200 10805 "https://as-cp.fr/wp-login.php" "Mozilla/5.0 (X11; Ubuntu; Linux x86_64) AppleWebKit/537.36 (KHTML, like Gecko) Chrome/120.0.0.0 Safari/537.36"
104.234.53.41 - - [24/Jul/2026:23:25:10 +0200] "POST /wp-login.php HTTP/1.1" 200 8900 "https://as-cp.fr/wp-login.php" "Mozilla/5.0 (X11; Ubuntu; Linux x86_64) AppleWebKit/537.36 (KHTML, like Gecko) Chrome/120.0.0.0 Safari/537.36"
88.166.28.185 - - [24/Jul/2026:23:25:10 +0200] "POST /xmlrpc.php HTTP/1.1" 200 5463 "-" "Mozilla/5.0 (X11; Ubuntu; Linux x86_64; x64) AppleWebKit/537.36 (KHTML, like Gecko) Safari/12.0.0.0 Safari/537.36"
104.234.53.41 - - [24/Jul/2026:23:25:11 +0200] "GET /wp-admin/index.php HTTP/1.1" 302 5230 "https://as-cp.fr/wp-login.php" "Mozilla/5.0 (Windows NT 10.0; Win64; x64) AppleWebKit/537.36 (KHTML, like Gecko) Chrome/118.0.0.0 Safari/537.36"
104.234.53.41 - - [24/Jul/2026:23:25:12 +0200] "GET /wp-login.php?redirect_to=https%3A%2F%2Fas-cp.fr%2Fwp-admin%2Findex.php&reauth=1 HTTP/1.1" 200 10805 "https://as-cp.fr/wp-login.php" "Mozilla/5.0 (Windows NT 10.0; Win64; x64) AppleWebKit/537.36 (KHTML, like Gecko) Chrome/118.0.0.0 Safari/537.36"
104.234.53.41 - - [24/Jul/2026:23:25:12 +0200] "POST /wp-login.php HTTP/1.1" 200 8904 "https://as-cp.fr/wp-login.php" "Mozilla/5.0 (Macintosh; Intel Mac OS X 10_15_7) AppleWebKit/605.1.15 (KHTML, like Gecko) Version/17.0 Safari/605.1.15"
104.234.53.41 - - [24/Jul/2026:23:25:13 +0200] "GET /wp-admin/index.php HTTP/1.1" 302 5230 "https://as-cp.fr/wp-login.php" "Mozilla/5.0 (Macintosh; Intel Mac OS X 10_15_7) AppleWebKit/605.1.15 (KHTML, like Gecko) Version/17.0 Safari/605.1.15"
104.234.53.41 - - [24/Jul/2026:23:25:13 +0200] "GET /wp-login.php?redirect_to=https%3A%2F%2Fas-cp.fr%2Fwp-admin%2Findex.php&reauth=1 HTTP/1.1" 200 10805 "https://as-cp.fr/wp-login.php" "Mozilla/5.0 (Macintosh; Intel Mac OS X 10_15_7) AppleWebKit/605.1.15 (KHTML, like Gecko) Version/17.0 Safari/605.1.15"
104.234.53.41 - - [24/Jul/2026:23:25:15 +0200] "GET /wp-admin/index.php HTTP/1.1" 302 5230 "https://as-cp.fr/wp-login.php" "Mozilla/5.0 (Macintosh; Intel Mac OS X 13_6_1) AppleWebKit/537.36 (KHTML, like Gecko) Chrome/118.0.0.0 Safari/537.36"
104.234.53.41 - - [24/Jul/2026:23:25:14 +0200] "POST /wp-login.php HTTP/1.1" 200 8903 "https://as-cp.fr/wp-login.php" "Mozilla/5.0 (Windows NT 11.0; Win64; x64) AppleWebKit/537.36 (KHTML, like Gecko) Chrome/118.0.0.0 Safari/537.36"
104.234.53.41 - - [24/Jul/2026:23:25:15 +0200] "GET /wp-login.php?redirect_to=https%3A%2F%2Fas-cp.fr%2Fwp-admin%2Findex.php&reauth=1 HTTP/1.1" 200 10805 "https://as-cp.fr/wp-login.php" "Mozilla/5.0 (Macintosh; Intel Mac OS X 13_6_1) AppleWebKit/537.36 (KHTML, like Gecko) Chrome/118.0.0.0 Safari/537.36"
104.234.53.41 - - [24/Jul/2026:23:25:16 +0200] "POST /wp-login.php HTTP/1.1" 200 8904 "https://as-cp.fr/wp-login.php" "Mozilla/5.0 (Windows NT 11.0; Win64; x64; rv:121.0) Gecko/20100101 Firefox/121.0"
104.234.53.41 - - [24/Jul/2026:23:25:17 +0200] "GET /wp-admin/index.php HTTP/1.1" 302 5230 "https://as-cp.fr/wp-login.php" "Mozilla/5.0 (X11; Ubuntu; Linux x86_64) AppleWebKit/537.36 (KHTML, like Gecko) Chrome/119.0.0.0 Safari/537.36"
91.134.83.25 - - [24/Jul/2026:23:25:18 +0200] "POST /wp-cron.php?doing_wp_cron=1784928318.9789719581604003906250 HTTP/1.1" 200 5074 "-" "WordPress/6.9.4; https://as-cp.fr"
104.234.53.41 - - [24/Jul/2026:23:25:18 +0200] "GET /wp-login.php?redirect_to=https%3A%2F%2Fas-cp.fr%2Fwp-admin%2Findex.php&reauth=1 HTTP/1.1" 200 10805 "https://as-cp.fr/wp-login.php" "Mozilla/5.0 (X11; Ubuntu; Linux x86_64) AppleWebKit/537.36 (KHTML, like Gecko) Chrome/119.0.0.0 Safari/537.36"
104.234.53.41 - - [24/Jul/2026:23:25:19 +0200] "POST /wp-login.php HTTP/1.1" 200 8902 "https://as-cp.fr/wp-login.php" "Mozilla/5.0 (Windows NT 11.0; Win64; x64; rv:119.0) Gecko/20100101 Firefox/119.0"
104.234.53.41 - - [24/Jul/2026:23:25:19 +0200] "GET /wp-admin/index.php HTTP/1.1" 302 5230 "https://as-cp.fr/wp-login.php" "Mozilla/5.0 (Windows NT 10.0; Win64; x64) AppleWebKit/537.36 (KHTML, like Gecko) Chrome/120.0.0.0 Safari/537.36"
88.166.28.185 - - [24/Jul/2026:23:25:20 +0200] "POST /xmlrpc.php HTTP/1.1" 200 5463 "-" "Mozilla/5.0 (Windows NT 6.3; x86) AppleWebKit/537.36 (KHTML, like Gecko) Chrome/80.0.0.0 Safari/537.36"
91.134.83.25 - - [24/Jul/2026:23:25:21 +0200] "POST /wp-cron.php?doing_wp_cron=1784928321.0151970386505126953125 HTTP/1.1" 200 5074 "-" "WordPress/6.9.4; https://as-cp.fr"
104.234.53.41 - - [24/Jul/2026:23:25:20 +0200] "GET /wp-login.php?redirect_to=https%3A%2F%2Fas-cp.fr%2Fwp-admin%2Findex.php&reauth=1 HTTP/1.1" 200 10805 "https://as-cp.fr/wp-login.php" "Mozilla/5.0 (Windows NT 10.0; Win64; x64) AppleWebKit/537.36 (KHTML, like Gecko) Chrome/120.0.0.0 Safari/537.36"
104.234.53.41 - - [24/Jul/2026:23:25:21 +0200] "POST /wp-login.php HTTP/1.1" 200 8900 "https://as-cp.fr/wp-login.php" "Mozilla/5.0 (X11; Ubuntu; Linux x86_64) AppleWebKit/537.36 (KHTML, like Gecko) Chrome/121.0.0.0 Safari/537.36"
88.166.28.185 - - [24/Jul/2026:23:25:21 +0200] "POST /xmlrpc.php HTTP/1.1" 200 5463 "-" "Mozilla/5.0 (Windows NT 6.2; arm64) AppleWebKit/537.36 (KHTML, like Gecko) Safari/12.0.0.0 Safari/537.36"
104.234.53.41 - - [24/Jul/2026:23:25:22 +0200] "GET /wp-admin/index.php HTTP/1.1" 302 5230 "https://as-cp.fr/wp-login.php" "Mozilla/5.0 (Macintosh; Intel Mac OS X 10_15_7) AppleWebKit/605.1.15 (KHTML, like Gecko) Version/17.1 Safari/605.1.15"
104.234.53.41 - - [24/Jul/2026:23:25:22 +0200] "GET /wp-login.php?redirect_to=https%3A%2F%2Fas-cp.fr%2Fwp-admin%2Findex.php&reauth=1 HTTP/1.1" 200 10805 "https://as-cp.fr/wp-login.php" "Mozilla/5.0 (Macintosh; Intel Mac OS X 10_15_7) AppleWebKit/605.1.15 (KHTML, like Gecko) Version/17.1 Safari/605.1.15"
104.234.53.41 - - [24/Jul/2026:23:25:23 +0200] "POST /wp-login.php HTTP/1.1" 200 8904 "https://as-cp.fr/wp-login.php" "Mozilla/5.0 (X11; Linux x86_64) AppleWebKit/537.36 (KHTML, like Gecko) Chrome/119.0.0.0 Safari/537.36"
104.234.53.41 - - [24/Jul/2026:23:25:24 +0200] "GET /wp-admin/index.php HTTP/1.1" 302 5230 "https://as-cp.fr/wp-login.php" "Mozilla/5.0 (Windows NT 11.0; Win64; x64) AppleWebKit/537.36 (KHTML, like Gecko) Chrome/118.0.0.0 Safari/537.36"
104.234.53.41 - - [24/Jul/2026:23:25:24 +0200] "GET /wp-login.php?redirect_to=https%3A%2F%2Fas-cp.fr%2Fwp-admin%2Findex.php&reauth=1 HTTP/1.1" 200 10805 "https://as-cp.fr/wp-login.php" "Mozilla/5.0 (Windows NT 11.0; Win64; x64) AppleWebKit/537.36 (KHTML, like Gecko) Chrome/118.0.0.0 Safari/537.36"
104.234.53.41 - - [24/Jul/2026:23:25:25 +0200] "POST /wp-login.php HTTP/1.1" 200 8903 "https://as-cp.fr/wp-login.php" "Mozilla/5.0 (Macintosh; Intel Mac OS X 10_15_7; rv:118.0) Gecko/20100101 Firefox/118.0"
104.234.53.41 - - [24/Jul/2026:23:25:26 +0200] "GET /wp-admin/index.php HTTP/1.1" 302 5230 "https://as-cp.fr/wp-login.php" "Mozilla/5.0 (Macintosh; Intel Mac OS X 10_15_7; rv:121.0) Gecko/20100101 Firefox/121.0"
104.234.53.41 - - [24/Jul/2026:23:25:27 +0200] "GET /wp-login.php?redirect_to=https%3A%2F%2Fas-cp.fr%2Fwp-admin%2Findex.php&reauth=1 HTTP/1.1" 200 10805 "https://as-cp.fr/wp-login.php" "Mozilla/5.0 (Macintosh; Intel Mac OS X 10_15_7; rv:121.0) Gecko/20100101 Firefox/121.0"
104.234.53.41 - - [24/Jul/2026:23:25:27 +0200] "POST /wp-login.php HTTP/1.1" 200 8904 "https://as-cp.fr/wp-login.php" "Mozilla/5.0 (Macintosh; Intel Mac OS X 10_15_7) AppleWebKit/605.1.15 (KHTML, like Gecko) Version/17.1 Safari/605.1.15"
104.234.53.41 - - [24/Jul/2026:23:25:28 +0200] "GET /wp-admin/index.php HTTP/1.1" 302 5230 "https://as-cp.fr/wp-login.php" "Mozilla/5.0 (Macintosh; Intel Mac OS X 10_15_7; rv:120.0) Gecko/20100101 Firefox/120.0"
104.234.53.41 - - [24/Jul/2026:23:25:29 +0200] "GET /wp-login.php?redirect_to=https%3A%2F%2Fas-cp.fr%2Fwp-admin%2Findex.php&reauth=1 HTTP/1.1" 200 10805 "https://as-cp.fr/wp-login.php" "Mozilla/5.0 (Macintosh; Intel Mac OS X 10_15_7; rv:120.0) Gecko/20100101 Firefox/120.0"
64.89.160.197 - - [24/Jul/2026:23:25:29 +0200] "GET /xmlrpc.php HTTP/1.1" 405 5126 "http://as-cp.fr/xmlrpc.php" "Mozilla/5.0 (Windows NT 10.0; Win64; x64) AppleWebKit/537.36 (KHTML, like Gecko) Edge/120.0.2210.91"
104.234.53.41 - - [24/Jul/2026:23:25:29 +0200] "POST /wp-login.php HTTP/1.1" 200 8902 "https://as-cp.fr/wp-login.php" "Mozilla/5.0 (Macintosh; Intel Mac OS X 10_15_7) AppleWebKit/537.36 (KHTML, like Gecko) Chrome/120.0.0.0 Safari/537.36"
88.166.28.185 - - [24/Jul/2026:23:25:30 +0200] "POST /xmlrpc.php HTTP/1.1" 200 5463 "-" "Mozilla/5.0 (X11; Ubuntu; Linux x86_64; x86) AppleWebKit/537.36 (KHTML, like Gecko) Opera/72.0.0.0 Safari/537.36"
64.89.160.197 - - [24/Jul/2026:23:25:30 +0200] "GET /?author=10 HTTP/1.1" 200 20598 "-" "Mozilla/5.0 (Windows NT 11.0; Win64; x64) AppleWebKit/537.36 (KHTML, like Gecko) Chrome/121.0.0.0 Safari/537.36"
64.89.160.197 - - [24/Jul/2026:23:25:30 +0200] "GET /?author=9 HTTP/1.1" 200 20610 "-" "Mozilla/5.0 (Windows NT 10.0; Win64; x64) AppleWebKit/537.36 (KHTML, like Gecko) Edge/120.0.2210.91"
64.89.160.197 - - [24/Jul/2026:23:25:30 +0200] "GET /?author=3 HTTP/1.1" 301 5197 "-" "Mozilla/5.0 (iPhone; CPU iPhone OS 17_2 like Mac OS X) AppleWebKit/605.1.15 (KHTML, like Gecko) Version/17.2 Mobile/15E148 Safari/604.1"
64.89.160.197 - - [24/Jul/2026:23:25:30 +0200] "GET /?author=5 HTTP/1.1" 301 5197 "-" "Mozilla/5.0 (Macintosh; Intel Mac OS X 14_2_1) AppleWebKit/537.36 (KHTML, like Gecko) Chrome/120.0.0.0 Safari/537.36"
64.89.160.197 - - [24/Jul/2026:23:25:32 +0200] "GET / HTTP/1.1" 200 26630 "https://as-cp.fr/?author=3" "Mozilla/5.0 (iPhone; CPU iPhone OS 17_2 like Mac OS X) AppleWebKit/605.1.15 (KHTML, like Gecko) Version/17.2 Mobile/15E148 Safari/604.1"
64.89.160.197 - - [24/Jul/2026:23:25:30 +0200] "GET /?author=2 HTTP/1.1" 301 5069 "-" "Mozilla/5.0 (Linux; Android 14; SM-S918B) AppleWebKit/537.36 (KHTML, like Gecko) Chrome/120.0.0.0 Mobile Safari/537.36"
64.89.160.197 - - [24/Jul/2026:23:25:30 +0200] "GET /?author=6 HTTP/1.1" 301 5197 "-" "Mozilla/5.0 (Macintosh; Intel Mac OS X 14_2_1) AppleWebKit/537.36 (KHTML, like Gecko) Chrome/120.0.0.0 Safari/537.36"
64.89.160.197 - - [24/Jul/2026:23:25:32 +0200] "GET / HTTP/1.1" 200 26624 "https://as-cp.fr/?author=6" "Mozilla/5.0 (Macintosh; Intel Mac OS X 14_2_1) AppleWebKit/537.36 (KHTML, like Gecko) Chrome/120.0.0.0 Safari/537.36"
64.89.160.197 - - [24/Jul/2026:23:25:32 +0200] "GET /author/marion-brd/ HTTP/1.1" 200 24728 "https://as-cp.fr/?author=2" "Mozilla/5.0 (Linux; Android 14; SM-S918B) AppleWebKit/537.36 (KHTML, like Gecko) Chrome/120.0.0.0 Mobile Safari/537.36"
64.89.160.197 - - [24/Jul/2026:23:25:30 +0200] "GET /?author=7 HTTP/1.1" 301 5197 "-" "Mozilla/5.0 (Windows NT 10.0; Win64; x64) AppleWebKit/537.36 (KHTML, like Gecko) Edge/120.0.2210.91"
64.89.160.197 - - [24/Jul/2026:23:25:30 +0200] "GET /?author=8 HTTP/1.1" 301 5197 "-" "Mozilla/5.0 (Windows NT 11.0; Win64; x64) AppleWebKit/537.36 (KHTML, like Gecko) Chrome/121.0.0.0 Safari/537.36"
104.234.53.41 - - [24/Jul/2026:23:25:30 +0200] "GET /wp-admin/index.php HTTP/1.1" 302 5230 "https://as-cp.fr/wp-login.php" "Mozilla/5.0 (Macintosh; Intel Mac OS X 13_6_1) AppleWebKit/605.1.15 (KHTML, like Gecko) Version/17.2 Safari/605.1.15"
64.89.160.197 - - [24/Jul/2026:23:25:32 +0200] "GET / HTTP/1.1" 200 26624 "https://as-cp.fr/?author=5" "Mozilla/5.0 (Macintosh; Intel Mac OS X 14_2_1) AppleWebKit/537.36 (KHTML, like Gecko) Chrome/120.0.0.0 Safari/537.36"
64.89.160.197 - - [24/Jul/2026:23:25:32 +0200] "GET / HTTP/1.1" 200 26624 "https://as-cp.fr/?author=8" "Mozilla/5.0 (Windows NT 11.0; Win64; x64) AppleWebKit/537.36 (KHTML, like Gecko) Chrome/121.0.0.0 Safari/537.36"
64.89.160.197 - - [24/Jul/2026:23:25:30 +0200] "GET /?rest_route=/wp/v2/users HTTP/1.1" 200 7523 "-" "Mozilla/5.0 (X11; Linux x86_64) AppleWebKit/537.36 (KHTML, like Gecko) Chrome/120.0.0.0 Safari/537.36"
64.89.160.197 - - [24/Jul/2026:23:25:30 +0200] "GET /?author=1 HTTP/1.1" 301 5066 "-" "Mozilla/5.0 (Windows NT 11.0; Win64; x64) AppleWebKit/537.36 (KHTML, like Gecko) Chrome/121.0.0.0 Safari/537.36"
64.89.160.197 - - [24/Jul/2026:23:25:32 +0200] "GET / HTTP/1.1" 200 26624 "https://as-cp.fr/?author=7" "Mozilla/5.0 (Windows NT 10.0; Win64; x64) AppleWebKit/537.36 (KHTML, like Gecko) Edge/120.0.2210.91"
