104.234.53.39 - - [24/Jul/2026:23:29:00 +0200] "POST /wp-login.php HTTP/1.1" 200 8905 "https://as-cp.fr/wp-login.php" "Mozilla/5.0 (Windows NT 11.0; Win64; x64) AppleWebKit/537.36 (KHTML, like Gecko) Chrome/121.0.0.0 Safari/537.36"
104.234.53.39 - - [24/Jul/2026:23:29:01 +0200] "GET /wp-admin/index.php HTTP/1.1" 302 5230 "https://as-cp.fr/wp-login.php" "Mozilla/5.0 (Macintosh; Intel Mac OS X 10_15_7) AppleWebKit/537.36 (KHTML, like Gecko) Chrome/121.0.0.0 Safari/537.36"
104.234.53.39 - - [24/Jul/2026:23:29:01 +0200] "GET /wp-login.php?redirect_to=https%3A%2F%2Fas-cp.fr%2Fwp-admin%2Findex.php&reauth=1 HTTP/1.1" 200 10805 "https://as-cp.fr/wp-login.php" "Mozilla/5.0 (Macintosh; Intel Mac OS X 10_15_7) AppleWebKit/537.36 (KHTML, like Gecko) Chrome/121.0.0.0 Safari/537.36"
104.234.53.39 - - [24/Jul/2026:23:29:02 +0200] "POST /wp-login.php HTTP/1.1" 200 8905 "https://as-cp.fr/wp-login.php" "Mozilla/5.0 (Macintosh; Intel Mac OS X 10_15_7) AppleWebKit/605.1.15 (KHTML, like Gecko) Version/17.0 Safari/605.1.15"
104.234.53.39 - - [24/Jul/2026:23:29:03 +0200] "GET /wp-admin/index.php HTTP/1.1" 302 5230 "https://as-cp.fr/wp-login.php" "Mozilla/5.0 (Macintosh; Intel Mac OS X 10_15_7) AppleWebKit/537.36 (KHTML, like Gecko) Chrome/120.0.0.0 Safari/537.36"
104.234.53.39 - - [24/Jul/2026:23:29:03 +0200] "GET /wp-login.php?redirect_to=https%3A%2F%2Fas-cp.fr%2Fwp-admin%2Findex.php&reauth=1 HTTP/1.1" 200 10805 "https://as-cp.fr/wp-login.php" "Mozilla/5.0 (Macintosh; Intel Mac OS X 10_15_7) AppleWebKit/537.36 (KHTML, like Gecko) Chrome/120.0.0.0 Safari/537.36"
104.234.53.39 - - [24/Jul/2026:23:29:04 +0200] "POST /wp-login.php HTTP/1.1" 200 8900 "https://as-cp.fr/wp-login.php" "Mozilla/5.0 (Macintosh; Intel Mac OS X 10_15_7) AppleWebKit/537.36 (KHTML, like Gecko) Chrome/121.0.0.0 Safari/537.36"
104.234.53.39 - - [24/Jul/2026:23:29:05 +0200] "GET /wp-admin/index.php HTTP/1.1" 302 5230 "https://as-cp.fr/wp-login.php" "Mozilla/5.0 (Windows NT 10.0; Win64; x64; rv:121.0) Gecko/20100101 Firefox/121.0"
104.234.53.39 - - [24/Jul/2026:23:29:06 +0200] "GET /wp-login.php?redirect_to=https%3A%2F%2Fas-cp.fr%2Fwp-admin%2Findex.php&reauth=1 HTTP/1.1" 200 10805 "https://as-cp.fr/wp-login.php" "Mozilla/5.0 (Windows NT 10.0; Win64; x64; rv:121.0) Gecko/20100101 Firefox/121.0"
88.166.28.185 - - [24/Jul/2026:23:29:06 +0200] "POST /xmlrpc.php HTTP/1.1" 200 5463 "-" "Mozilla/5.0 (Windows NT 10.0; x86) AppleWebKit/537.36 (KHTML, like Gecko) Safari/13.0.0.0 Safari/537.36"
104.234.53.39 - - [24/Jul/2026:23:29:06 +0200] "POST /wp-login.php HTTP/1.1" 200 8903 "https://as-cp.fr/wp-login.php" "Mozilla/5.0 (X11; Linux x86_64) AppleWebKit/537.36 (KHTML, like Gecko) Chrome/119.0.0.0 Safari/537.36"
104.234.53.39 - - [24/Jul/2026:23:29:07 +0200] "GET /wp-admin/index.php HTTP/1.1" 302 5230 "https://as-cp.fr/wp-login.php" "Mozilla/5.0 (Windows NT 11.0; Win64; x64; rv:119.0) Gecko/20100101 Firefox/119.0"
104.234.53.39 - - [24/Jul/2026:23:29:07 +0200] "GET /wp-login.php?redirect_to=https%3A%2F%2Fas-cp.fr%2Fwp-admin%2Findex.php&reauth=1 HTTP/1.1" 200 10805 "https://as-cp.fr/wp-login.php" "Mozilla/5.0 (Windows NT 11.0; Win64; x64; rv:119.0) Gecko/20100101 Firefox/119.0"
88.166.28.185 - - [24/Jul/2026:23:29:08 +0200] "POST /xmlrpc.php HTTP/1.1" 200 5463 "-" "Mozilla/5.0 (Linux; Android 10; x64) AppleWebKit/537.36 (KHTML, like Gecko) Edge/90.0.0.0 Safari/537.36"
104.234.53.39 - - [24/Jul/2026:23:29:08 +0200] "POST /wp-login.php HTTP/1.1" 200 8904 "https://as-cp.fr/wp-login.php" "Mozilla/5.0 (Macintosh; Intel Mac OS X 13_6_1; rv:118.0) Gecko/20100101 Firefox/118.0"
104.234.53.39 - - [24/Jul/2026:23:29:09 +0200] "GET /wp-admin/index.php HTTP/1.1" 302 5230 "https://as-cp.fr/wp-login.php" "Mozilla/5.0 (Macintosh; Intel Mac OS X 13_6_1) AppleWebKit/537.36 (KHTML, like Gecko) Chrome/121.0.0.0 Safari/537.36"
104.234.53.39 - - [24/Jul/2026:23:29:10 +0200] "GET /wp-login.php?redirect_to=https%3A%2F%2Fas-cp.fr%2Fwp-admin%2Findex.php&reauth=1 HTTP/1.1" 200 10805 "https://as-cp.fr/wp-login.php" "Mozilla/5.0 (Macintosh; Intel Mac OS X 13_6_1) AppleWebKit/537.36 (KHTML, like Gecko) Chrome/121.0.0.0 Safari/537.36"
104.234.53.39 - - [24/Jul/2026:23:29:10 +0200] "POST /wp-login.php HTTP/1.1" 200 8901 "https://as-cp.fr/wp-login.php" "Mozilla/5.0 (X11; Ubuntu; Linux x86_64) AppleWebKit/537.36 (KHTML, like Gecko) Chrome/118.0.0.0 Safari/537.36"
104.234.53.39 - - [24/Jul/2026:23:29:11 +0200] "GET /wp-admin/index.php HTTP/1.1" 302 5230 "https://as-cp.fr/wp-login.php" "Mozilla/5.0 (Macintosh; Intel Mac OS X 13_6_1) AppleWebKit/605.1.15 (KHTML, like Gecko) Version/16.6 Safari/605.1.15"
104.234.53.39 - - [24/Jul/2026:23:29:12 +0200] "GET /wp-login.php?redirect_to=https%3A%2F%2Fas-cp.fr%2Fwp-admin%2Findex.php&reauth=1 HTTP/1.1" 200 10805 "https://as-cp.fr/wp-login.php" "Mozilla/5.0 (Macintosh; Intel Mac OS X 13_6_1) AppleWebKit/605.1.15 (KHTML, like Gecko) Version/16.6 Safari/605.1.15"
104.234.53.39 - - [24/Jul/2026:23:29:12 +0200] "POST /wp-login.php HTTP/1.1" 200 8907 "https://as-cp.fr/wp-login.php" "Mozilla/5.0 (Macintosh; Intel Mac OS X 10_15_7) AppleWebKit/537.36 (KHTML, like Gecko) Chrome/118.0.0.0 Safari/537.36"
104.234.53.39 - - [24/Jul/2026:23:29:13 +0200] "GET /wp-admin/index.php HTTP/1.1" 302 5230 "https://as-cp.fr/wp-login.php" "Mozilla/5.0 (Macintosh; Intel Mac OS X 13_6_1) AppleWebKit/605.1.15 (KHTML, like Gecko) Version/17.1 Safari/605.1.15"
104.234.53.39 - - [24/Jul/2026:23:29:13 +0200] "GET /wp-login.php?redirect_to=https%3A%2F%2Fas-cp.fr%2Fwp-admin%2Findex.php&reauth=1 HTTP/1.1" 200 10805 "https://as-cp.fr/wp-login.php" "Mozilla/5.0 (Macintosh; Intel Mac OS X 13_6_1) AppleWebKit/605.1.15 (KHTML, like Gecko) Version/17.1 Safari/605.1.15"
104.234.53.39 - - [24/Jul/2026:23:29:14 +0200] "POST /wp-login.php HTTP/1.1" 200 8903 "https://as-cp.fr/wp-login.php" "Mozilla/5.0 (Macintosh; Intel Mac OS X 13_6_1) AppleWebKit/537.36 (KHTML, like Gecko) Chrome/121.0.0.0 Safari/537.36"
104.234.53.39 - - [24/Jul/2026:23:29:15 +0200] "GET /wp-admin/index.php HTTP/1.1" 302 5230 "https://as-cp.fr/wp-login.php" "Mozilla/5.0 (Macintosh; Intel Mac OS X 10_15_7; rv:120.0) Gecko/20100101 Firefox/120.0"
104.234.53.39 - - [24/Jul/2026:23:29:16 +0200] "GET /wp-login.php?redirect_to=https%3A%2F%2Fas-cp.fr%2Fwp-admin%2Findex.php&reauth=1 HTTP/1.1" 200 10805 "https://as-cp.fr/wp-login.php" "Mozilla/5.0 (Macintosh; Intel Mac OS X 10_15_7; rv:120.0) Gecko/20100101 Firefox/120.0"
88.166.28.185 - - [24/Jul/2026:23:29:16 +0200] "POST /xmlrpc.php HTTP/1.1" 200 5463 "-" "Mozilla/5.0 (X11; Ubuntu; Linux x86_64; arm64) AppleWebKit/537.36 (KHTML, like Gecko) Firefox/86.0.0.0 Safari/537.36"
104.234.53.39 - - [24/Jul/2026:23:29:16 +0200] "POST /wp-login.php HTTP/1.1" 200 8901 "https://as-cp.fr/wp-login.php" "Mozilla/5.0 (Windows NT 10.0; Win64; x64) AppleWebKit/537.36 (KHTML, like Gecko) Chrome/121.0.0.0 Safari/537.36"
104.234.53.39 - - [24/Jul/2026:23:29:17 +0200] "GET /wp-admin/index.php HTTP/1.1" 302 5230 "https://as-cp.fr/wp-login.php" "Mozilla/5.0 (Windows NT 10.0; Win64; x64) AppleWebKit/537.36 (KHTML, like Gecko) Chrome/118.0.0.0 Safari/537.36"
91.134.83.25 - - [24/Jul/2026:23:29:18 +0200] "POST /wp-cron.php?doing_wp_cron=1784928558.3930349349975585937500 HTTP/1.1" 200 5074 "-" "WordPress/6.9.4; https://as-cp.fr"
104.234.53.39 - - [24/Jul/2026:23:29:18 +0200] "GET /wp-login.php?redirect_to=https%3A%2F%2Fas-cp.fr%2Fwp-admin%2Findex.php&reauth=1 HTTP/1.1" 200 10805 "https://as-cp.fr/wp-login.php" "Mozilla/5.0 (Windows NT 10.0; Win64; x64) AppleWebKit/537.36 (KHTML, like Gecko) Chrome/118.0.0.0 Safari/537.36"
88.166.28.185 - - [24/Jul/2026:23:29:18 +0200] "POST /xmlrpc.php HTTP/1.1" 200 5463 "-" "Mozilla/5.0 (Windows NT 10.0; x64) AppleWebKit/537.36 (KHTML, like Gecko) Safari/12.0.0.0 Safari/537.36"
104.234.53.39 - - [24/Jul/2026:23:29:19 +0200] "GET /wp-admin/index.php HTTP/1.1" 302 5230 "https://as-cp.fr/wp-login.php" "Mozilla/5.0 (Macintosh; Intel Mac OS X 10_15_7) AppleWebKit/605.1.15 (KHTML, like Gecko) Version/17.2 Safari/605.1.15"
104.234.53.39 - - [24/Jul/2026:23:29:18 +0200] "POST /wp-login.php HTTP/1.1" 200 8901 "https://as-cp.fr/wp-login.php" "Mozilla/5.0 (Windows NT 10.0; Win64; x64) AppleWebKit/537.36 (KHTML, like Gecko) Chrome/119.0.0.0 Safari/537.36"
104.234.53.39 - - [24/Jul/2026:23:29:19 +0200] "GET /wp-login.php?redirect_to=https%3A%2F%2Fas-cp.fr%2Fwp-admin%2Findex.php&reauth=1 HTTP/1.1" 200 10805 "https://as-cp.fr/wp-login.php" "Mozilla/5.0 (Macintosh; Intel Mac OS X 10_15_7) AppleWebKit/605.1.15 (KHTML, like Gecko) Version/17.2 Safari/605.1.15"
104.234.53.39 - - [24/Jul/2026:23:29:20 +0200] "POST /wp-login.php HTTP/1.1" 200 8901 "https://as-cp.fr/wp-login.php" "Mozilla/5.0 (Windows NT 11.0; Win64; x64; rv:120.0) Gecko/20100101 Firefox/120.0"
91.134.83.25 - - [24/Jul/2026:23:29:21 +0200] "POST /wp-cron.php?doing_wp_cron=1784928561.5316228866577148437500 HTTP/1.1" 200 5074 "-" "WordPress/6.9.4; https://as-cp.fr"
104.234.53.39 - - [24/Jul/2026:23:29:21 +0200] "GET /wp-admin/index.php HTTP/1.1" 302 5230 "https://as-cp.fr/wp-login.php" "Mozilla/5.0 (Windows NT 11.0; Win64; x64) AppleWebKit/537.36 (KHTML, like Gecko) Chrome/118.0.0.0 Safari/537.36"
104.234.53.39 - - [24/Jul/2026:23:29:21 +0200] "GET /wp-login.php?redirect_to=https%3A%2F%2Fas-cp.fr%2Fwp-admin%2Findex.php&reauth=1 HTTP/1.1" 200 10805 "https://as-cp.fr/wp-login.php" "Mozilla/5.0 (Windows NT 11.0; Win64; x64) AppleWebKit/537.36 (KHTML, like Gecko) Chrome/118.0.0.0 Safari/537.36"
104.234.53.39 - - [24/Jul/2026:23:29:22 +0200] "POST /wp-login.php HTTP/1.1" 200 8904 "https://as-cp.fr/wp-login.php" "Mozilla/5.0 (Windows NT 10.0; Win64; x64) AppleWebKit/537.36 (KHTML, like Gecko) Chrome/121.0.0.0 Safari/537.36"
104.234.53.39 - - [24/Jul/2026:23:29:22 +0200] "GET /wp-admin/index.php HTTP/1.1" 302 5230 "https://as-cp.fr/wp-login.php" "Mozilla/5.0 (Macintosh; Intel Mac OS X 10_15_7) AppleWebKit/537.36 (KHTML, like Gecko) Chrome/121.0.0.0 Safari/537.36"
104.234.53.39 - - [24/Jul/2026:23:29:23 +0200] "GET /wp-login.php?redirect_to=https%3A%2F%2Fas-cp.fr%2Fwp-admin%2Findex.php&reauth=1 HTTP/1.1" 200 10805 "https://as-cp.fr/wp-login.php" "Mozilla/5.0 (Macintosh; Intel Mac OS X 10_15_7) AppleWebKit/537.36 (KHTML, like Gecko) Chrome/121.0.0.0 Safari/537.36"
104.234.53.39 - - [24/Jul/2026:23:29:24 +0200] "POST /wp-login.php HTTP/1.1" 200 8909 "https://as-cp.fr/wp-login.php" "Mozilla/5.0 (Macintosh; Intel Mac OS X 10_15_7; rv:120.0) Gecko/20100101 Firefox/120.0"
104.234.53.39 - - [24/Jul/2026:23:29:24 +0200] "GET /wp-admin/index.php HTTP/1.1" 302 5230 "https://as-cp.fr/wp-login.php" "Mozilla/5.0 (Macintosh; Intel Mac OS X 13_6_1) AppleWebKit/605.1.15 (KHTML, like Gecko) Version/17.0 Safari/605.1.15"
104.234.53.39 - - [24/Jul/2026:23:29:25 +0200] "GET /wp-login.php?redirect_to=https%3A%2F%2Fas-cp.fr%2Fwp-admin%2Findex.php&reauth=1 HTTP/1.1" 200 10805 "https://as-cp.fr/wp-login.php" "Mozilla/5.0 (Macintosh; Intel Mac OS X 13_6_1) AppleWebKit/605.1.15 (KHTML, like Gecko) Version/17.0 Safari/605.1.15"
104.234.53.39 - - [24/Jul/2026:23:29:25 +0200] "POST /wp-login.php HTTP/1.1" 200 8905 "https://as-cp.fr/wp-login.php" "Mozilla/5.0 (Macintosh; Intel Mac OS X 13_6_1) AppleWebKit/537.36 (KHTML, like Gecko) Chrome/118.0.0.0 Safari/537.36"
104.234.53.39 - - [24/Jul/2026:23:29:26 +0200] "GET /wp-admin/index.php HTTP/1.1" 302 5230 "https://as-cp.fr/wp-login.php" "Mozilla/5.0 (Macintosh; Intel Mac OS X 10_15_7) AppleWebKit/537.36 (KHTML, like Gecko) Chrome/118.0.0.0 Safari/537.36"
104.234.53.39 - - [24/Jul/2026:23:29:27 +0200] "GET /wp-login.php?redirect_to=https%3A%2F%2Fas-cp.fr%2Fwp-admin%2Findex.php&reauth=1 HTTP/1.1" 200 10805 "https://as-cp.fr/wp-login.php" "Mozilla/5.0 (Macintosh; Intel Mac OS X 10_15_7) AppleWebKit/537.36 (KHTML, like Gecko) Chrome/118.0.0.0 Safari/537.36"
104.234.53.39 - - [24/Jul/2026:23:29:27 +0200] "POST /wp-login.php HTTP/1.1" 200 8904 "https://as-cp.fr/wp-login.php" "Mozilla/5.0 (Windows NT 10.0; Win64; x64; rv:121.0) Gecko/20100101 Firefox/121.0"
104.234.53.39 - - [24/Jul/2026:23:29:28 +0200] "GET /wp-admin/index.php HTTP/1.1" 302 5230 "https://as-cp.fr/wp-login.php" "Mozilla/5.0 (Macintosh; Intel Mac OS X 10_15_7) AppleWebKit/537.36 (KHTML, like Gecko) Chrome/119.0.0.0 Safari/537.36"
57.141.0.54 - - [24/Jul/2026:23:29:28 +0200] "GET /shops/irretractile/r8i3s7k2y0266167 HTTP/1.1" 301 5197 "-" "Mozilla/5.0 (Macintosh; Intel Mac OS X 10_15_7) AppleWebKit/537.36 (KHTML, like Gecko) Chrome/145.0.0.0 Safari/537.36 (compatible; meta-externalagent/1.1 (+https://developers.facebook.com/docs/sharing/webmasters/crawler))"
104.234.53.39 - - [24/Jul/2026:23:29:29 +0200] "GET /wp-login.php?redirect_to=https%3A%2F%2Fas-cp.fr%2Fwp-admin%2Findex.php&reauth=1 HTTP/1.1" 200 10805 "https://as-cp.fr/wp-login.php" "Mozilla/5.0 (Macintosh; Intel Mac OS X 10_15_7) AppleWebKit/537.36 (KHTML, like Gecko) Chrome/119.0.0.0 Safari/537.36"
104.234.53.39 - - [24/Jul/2026:23:29:29 +0200] "POST /wp-login.php HTTP/1.1" 200 8909 "https://as-cp.fr/wp-login.php" "Mozilla/5.0 (Macintosh; Intel Mac OS X 13_6_1) AppleWebKit/605.1.15 (KHTML, like Gecko) Version/17.0 Safari/605.1.15"
104.234.53.39 - - [24/Jul/2026:23:29:30 +0200] "GET /wp-admin/index.php HTTP/1.1" 302 5230 "https://as-cp.fr/wp-login.php" "Mozilla/5.0 (Windows NT 10.0; Win64; x64) AppleWebKit/537.36 (KHTML, like Gecko) Chrome/120.0.0.0 Safari/537.36"
104.234.53.39 - - [24/Jul/2026:23:29:30 +0200] "GET /wp-login.php?redirect_to=https%3A%2F%2Fas-cp.fr%2Fwp-admin%2Findex.php&reauth=1 HTTP/1.1" 200 10805 "https://as-cp.fr/wp-login.php" "Mozilla/5.0 (Windows NT 10.0; Win64; x64) AppleWebKit/537.36 (KHTML, like Gecko) Chrome/120.0.0.0 Safari/537.36"
88.166.28.185 - - [24/Jul/2026:23:29:30 +0200] "POST /xmlrpc.php HTTP/1.1" 200 5463 "-" "Mozilla/5.0 (Macintosh; Intel Mac OS X 10_15_7; x86) AppleWebKit/537.36 (KHTML, like Gecko) Edge/90.0.0.0 Safari/537.36"
104.234.53.39 - - [24/Jul/2026:23:29:31 +0200] "POST /wp-login.php HTTP/1.1" 200 8904 "https://as-cp.fr/wp-login.php" "Mozilla/5.0 (Macintosh; Intel Mac OS X 13_6_1) AppleWebKit/537.36 (KHTML, like Gecko) Chrome/120.0.0.0 Safari/537.36"
104.234.53.39 - - [24/Jul/2026:23:29:32 +0200] "GET /wp-admin/index.php HTTP/1.1" 302 5230 "https://as-cp.fr/wp-login.php" "Mozilla/5.0 (Macintosh; Intel Mac OS X 10_15_7; rv:119.0) Gecko/20100101 Firefox/119.0"
88.166.28.185 - - [24/Jul/2026:23:29:32 +0200] "POST /xmlrpc.php HTTP/1.1" 200 5463 "-" "Mozilla/5.0 (X11; Ubuntu; Linux x86_64; x64) AppleWebKit/537.36 (KHTML, like Gecko) Firefox/86.0.0.0 Safari/537.36"
104.234.53.39 - - [24/Jul/2026:23:29:32 +0200] "GET /wp-login.php?redirect_to=https%3A%2F%2Fas-cp.fr%2Fwp-admin%2Findex.php&reauth=1 HTTP/1.1" 200 10805 "https://as-cp.fr/wp-login.php" "Mozilla/5.0 (Macintosh; Intel Mac OS X 10_15_7; rv:119.0) Gecko/20100101 Firefox/119.0"
104.234.53.39 - - [24/Jul/2026:23:29:33 +0200] "POST /wp-login.php HTTP/1.1" 200 8900 "https://as-cp.fr/wp-login.php" "Mozilla/5.0 (X11; Linux x86_64) AppleWebKit/537.36 (KHTML, like Gecko) Chrome/120.0.0.0 Safari/537.36"
91.134.83.25 - - [24/Jul/2026:23:29:34 +0200] "POST /wp-cron.php?doing_wp_cron=1784928574.2690908908843994140625 HTTP/1.1" 200 5074 "-" "WordPress/6.9.4; https://as-cp.fr"
104.234.53.39 - - [24/Jul/2026:23:29:33 +0200] "GET /wp-admin/index.php HTTP/1.1" 302 5230 "https://as-cp.fr/wp-login.php" "Mozilla/5.0 (Windows NT 11.0; Win64; x64; rv:119.0) Gecko/20100101 Firefox/119.0"
104.234.53.39 - - [24/Jul/2026:23:29:34 +0200] "GET /wp-login.php?redirect_to=https%3A%2F%2Fas-cp.fr%2Fwp-admin%2Findex.php&reauth=1 HTTP/1.1" 200 10805 "https://as-cp.fr/wp-login.php" "Mozilla/5.0 (Windows NT 11.0; Win64; x64; rv:119.0) Gecko/20100101 Firefox/119.0"
57.141.0.69 - - [24/Jul/2026:23:29:34 +0200] "GET /emblossom/i8m2p6r4e0g2n6a5t1i7on HTTP/1.1" 301 5197 "-" "Mozilla/5.0 (Macintosh; Intel Mac OS X 10_15_7) AppleWebKit/537.36 (KHTML, like Gecko) Chrome/145.0.0.0 Safari/537.36 (compatible; meta-externalagent/1.1 (+https://developers.facebook.com/docs/sharing/webmasters/crawler))"
104.234.53.39 - - [24/Jul/2026:23:29:35 +0200] "POST /wp-login.php HTTP/1.1" 200 8908 "https://as-cp.fr/wp-login.php" "Mozilla/5.0 (X11; Ubuntu; Linux x86_64) AppleWebKit/537.36 (KHTML, like Gecko) Chrome/120.0.0.0 Safari/537.36"
104.234.53.39 - - [24/Jul/2026:23:29:35 +0200] "GET /wp-admin/index.php HTTP/1.1" 302 5230 "https://as-cp.fr/wp-login.php" "Mozilla/5.0 (Windows NT 11.0; Win64; x64; rv:119.0) Gecko/20100101 Firefox/119.0"
104.234.53.39 - - [24/Jul/2026:23:29:36 +0200] "GET /wp-login.php?redirect_to=https%3A%2F%2Fas-cp.fr%2Fwp-admin%2Findex.php&reauth=1 HTTP/1.1" 200 10805 "https://as-cp.fr/wp-login.php" "Mozilla/5.0 (Windows NT 11.0; Win64; x64; rv:119.0) Gecko/20100101 Firefox/119.0"
104.234.53.39 - - [24/Jul/2026:23:29:36 +0200] "POST /wp-login.php HTTP/1.1" 200 8902 "https://as-cp.fr/wp-login.php" "Mozilla/5.0 (Macintosh; Intel Mac OS X 10_15_7) AppleWebKit/605.1.15 (KHTML, like Gecko) Version/17.1 Safari/605.1.15"
104.234.53.39 - - [24/Jul/2026:23:29:37 +0200] "GET /wp-admin/index.php HTTP/1.1" 302 5230 "https://as-cp.fr/wp-login.php" "Mozilla/5.0 (Windows NT 11.0; Win64; x64) AppleWebKit/537.36 (KHTML, like Gecko) Chrome/119.0.0.0 Safari/537.36"
104.234.53.39 - - [24/Jul/2026:23:29:38 +0200] "GET /wp-login.php?redirect_to=https%3A%2F%2Fas-cp.fr%2Fwp-admin%2Findex.php&reauth=1 HTTP/1.1" 200 10805 "https://as-cp.fr/wp-login.php" "Mozilla/5.0 (Windows NT 11.0; Win64; x64) AppleWebKit/537.36 (KHTML, like Gecko) Chrome/119.0.0.0 Safari/537.36"
104.234.53.39 - - [24/Jul/2026:23:29:39 +0200] "POST /wp-login.php HTTP/1.1" 200 8903 "https://as-cp.fr/wp-login.php" "Mozilla/5.0 (Macintosh; Intel Mac OS X 10_15_7) AppleWebKit/605.1.15 (KHTML, like Gecko) Version/17.1 Safari/605.1.15"
104.234.53.39 - - [24/Jul/2026:23:29:39 +0200] "GET /wp-admin/index.php HTTP/1.1" 302 5230 "https://as-cp.fr/wp-login.php" "Mozilla/5.0 (Macintosh; Intel Mac OS X 13_6_1) AppleWebKit/605.1.15 (KHTML, like Gecko) Version/16.6 Safari/605.1.15"
104.234.53.39 - - [24/Jul/2026:23:29:40 +0200] "GET /wp-login.php?redirect_to=https%3A%2F%2Fas-cp.fr%2Fwp-admin%2Findex.php&reauth=1 HTTP/1.1" 200 10805 "https://as-cp.fr/wp-login.php" "Mozilla/5.0 (Macintosh; Intel Mac OS X 13_6_1) AppleWebKit/605.1.15 (KHTML, like Gecko) Version/16.6 Safari/605.1.15"
104.234.53.39 - - [24/Jul/2026:23:29:40 +0200] "POST /wp-login.php HTTP/1.1" 200 8901 "https://as-cp.fr/wp-login.php" "Mozilla/5.0 (Macintosh; Intel Mac OS X 10_15_7) AppleWebKit/605.1.15 (KHTML, like Gecko) Version/17.1 Safari/605.1.15"
104.234.53.39 - - [24/Jul/2026:23:29:41 +0200] "GET /wp-admin/index.php HTTP/1.1" 302 5230 "https://as-cp.fr/wp-login.php" "Mozilla/5.0 (Windows NT 10.0; Win64; x64; rv:120.0) Gecko/20100101 Firefox/120.0"
104.234.53.39 - - [24/Jul/2026:23:29:41 +0200] "GET /wp-login.php?redirect_to=https%3A%2F%2Fas-cp.fr%2Fwp-admin%2Findex.php&reauth=1 HTTP/1.1" 200 10805 "https://as-cp.fr/wp-login.php" "Mozilla/5.0 (Windows NT 10.0; Win64; x64; rv:120.0) Gecko/20100101 Firefox/120.0"
88.166.28.185 - - [24/Jul/2026:23:29:42 +0200] "POST /xmlrpc.php HTTP/1.1" 200 5463 "-" "Mozilla/5.0 (Windows NT 6.2; x64) AppleWebKit/537.36 (KHTML, like Gecko) Edge/94.0.0.0 Safari/537.36"
104.234.53.39 - - [24/Jul/2026:23:29:42 +0200] "POST /wp-login.php HTTP/1.1" 200 8903 "https://as-cp.fr/wp-login.php" "Mozilla/5.0 (Windows NT 10.0; Win64; x64; rv:121.0) Gecko/20100101 Firefox/121.0"
91.134.83.25 - - [24/Jul/2026:23:29:43 +0200] "POST /wp-cron.php?doing_wp_cron=1784928583.5255920886993408203125 HTTP/1.1" 200 5074 "-" "WordPress/6.9.4; https://as-cp.fr"
104.234.53.39 - - [24/Jul/2026:23:29:43 +0200] "GET /wp-admin/index.php HTTP/1.1" 302 5230 "https://as-cp.fr/wp-login.php" "Mozilla/5.0 (Macintosh; Intel Mac OS X 13_6_1) AppleWebKit/605.1.15 (KHTML, like Gecko) Version/17.0 Safari/605.1.15"
57.141.0.15 - - [24/Jul/2026:23:29:43 +0200] "GET /shops/grossification/p8y2t9h8o1n9e9s1s13 HTTP/1.1" 301 5197 "-" "Mozilla/5.0 (Windows NT 10.0; Win64; x64) AppleWebKit/537.36 (KHTML, like Gecko) Chrome/145.0.0.0 Safari/537.36 Edg/145.0.0.0 (compatible; meta-externalagent/1.1 (+https://developers.facebook.com/docs/sharing/webmasters/crawler))"
104.234.53.39 - - [24/Jul/2026:23:29:43 +0200] "GET /wp-login.php?redirect_to=https%3A%2F%2Fas-cp.fr%2Fwp-admin%2Findex.php&reauth=1 HTTP/1.1" 200 10805 "https://as-cp.fr/wp-login.php" "Mozilla/5.0 (Macintosh; Intel Mac OS X 13_6_1) AppleWebKit/605.1.15 (KHTML, like Gecko) Version/17.0 Safari/605.1.15"
88.166.28.185 - - [24/Jul/2026:23:29:43 +0200] "POST /xmlrpc.php HTTP/1.1" 200 5463 "-" "Mozilla/5.0 (Linux; Android 10; x64) AppleWebKit/537.36 (KHTML, like Gecko) Chrome/100.0.0.0 Safari/537.36"
104.234.53.39 - - [24/Jul/2026:23:29:44 +0200] "POST /wp-login.php HTTP/1.1" 200 8906 "https://as-cp.fr/wp-login.php" "Mozilla/5.0 (Macintosh; Intel Mac OS X 10_15_7) AppleWebKit/605.1.15 (KHTML, like Gecko) Version/16.6 Safari/605.1.15"
104.234.53.39 - - [24/Jul/2026:23:29:44 +0200] "GET /wp-admin/index.php HTTP/1.1" 302 5230 "https://as-cp.fr/wp-login.php" "Mozilla/5.0 (Windows NT 11.0; Win64; x64) AppleWebKit/537.36 (KHTML, like Gecko) Chrome/120.0.0.0 Safari/537.36"
104.234.53.39 - - [24/Jul/2026:23:29:45 +0200] "GET /wp-login.php?redirect_to=https%3A%2F%2Fas-cp.fr%2Fwp-admin%2Findex.php&reauth=1 HTTP/1.1" 200 10805 "https://as-cp.fr/wp-login.php" "Mozilla/5.0 (Windows NT 11.0; Win64; x64) AppleWebKit/537.36 (KHTML, like Gecko) Chrome/120.0.0.0 Safari/537.36"
104.234.53.39 - - [24/Jul/2026:23:29:46 +0200] "POST /wp-login.php HTTP/1.1" 200 8903 "https://as-cp.fr/wp-login.php" "Mozilla/5.0 (Windows NT 11.0; Win64; x64; rv:120.0) Gecko/20100101 Firefox/120.0"
104.234.53.39 - - [24/Jul/2026:23:29:47 +0200] "GET /wp-admin/index.php HTTP/1.1" 302 5230 "https://as-cp.fr/wp-login.php" "Mozilla/5.0 (Macintosh; Intel Mac OS X 10_15_7) AppleWebKit/605.1.15 (KHTML, like Gecko) Version/17.2 Safari/605.1.15"
104.234.53.39 - - [24/Jul/2026:23:29:47 +0200] "GET /wp-login.php?redirect_to=https%3A%2F%2Fas-cp.fr%2Fwp-admin%2Findex.php&reauth=1 HTTP/1.1" 200 10805 "https://as-cp.fr/wp-login.php" "Mozilla/5.0 (Macintosh; Intel Mac OS X 10_15_7) AppleWebKit/605.1.15 (KHTML, like Gecko) Version/17.2 Safari/605.1.15"
104.234.53.39 - - [24/Jul/2026:23:29:48 +0200] "POST /wp-login.php HTTP/1.1" 200 8904 "https://as-cp.fr/wp-login.php" "Mozilla/5.0 (Windows NT 10.0; Win64; x64) AppleWebKit/537.36 (KHTML, like Gecko) Chrome/118.0.0.0 Safari/537.36"
104.234.53.39 - - [24/Jul/2026:23:29:48 +0200] "GET /wp-admin/index.php HTTP/1.1" 302 5230 "https://as-cp.fr/wp-login.php" "Mozilla/5.0 (Macintosh; Intel Mac OS X 13_6_1; rv:121.0) Gecko/20100101 Firefox/121.0"
104.234.53.39 - - [24/Jul/2026:23:29:49 +0200] "GET /wp-login.php?redirect_to=https%3A%2F%2Fas-cp.fr%2Fwp-admin%2Findex.php&reauth=1 HTTP/1.1" 200 10805 "https://as-cp.fr/wp-login.php" "Mozilla/5.0 (Macintosh; Intel Mac OS X 13_6_1; rv:121.0) Gecko/20100101 Firefox/121.0"
104.234.53.39 - - [24/Jul/2026:23:29:50 +0200] "POST /wp-login.php HTTP/1.1" 200 8907 "https://as-cp.fr/wp-login.php" "Mozilla/5.0 (Macintosh; Intel Mac OS X 10_15_7) AppleWebKit/537.36 (KHTML, like Gecko) Chrome/121.0.0.0 Safari/537.36"
104.234.53.39 - - [24/Jul/2026:23:29:50 +0200] "GET /wp-admin/index.php HTTP/1.1" 302 5230 "https://as-cp.fr/wp-login.php" "Mozilla/5.0 (Macintosh; Intel Mac OS X 10_15_7) AppleWebKit/605.1.15 (KHTML, like Gecko) Version/16.6 Safari/605.1.15"
104.234.53.39 - - [24/Jul/2026:23:29:51 +0200] "GET /wp-login.php?redirect_to=https%3A%2F%2Fas-cp.fr%2Fwp-admin%2Findex.php&reauth=1 HTTP/1.1" 200 10805 "https://as-cp.fr/wp-login.php" "Mozilla/5.0 (Macintosh; Intel Mac OS X 10_15_7) AppleWebKit/605.1.15 (KHTML, like Gecko) Version/16.6 Safari/605.1.15"
104.234.53.39 - - [24/Jul/2026:23:29:51 +0200] "POST /wp-login.php HTTP/1.1" 200 8904 "https://as-cp.fr/wp-login.php" "Mozilla/5.0 (Windows NT 10.0; Win64; x64) AppleWebKit/537.36 (KHTML, like Gecko) Chrome/118.0.0.0 Safari/537.36"
88.166.28.185 - - [24/Jul/2026:23:29:52 +0200] "POST /xmlrpc.php HTTP/1.1" 200 5463 "-" "Mozilla/5.0 (Windows NT 6.2; arm64) AppleWebKit/537.36 (KHTML, like Gecko) Safari/12.0.0.0 Safari/537.36"
104.234.53.39 - - [24/Jul/2026:23:29:52 +0200] "GET /wp-admin/index.php HTTP/1.1" 302 5230 "https://as-cp.fr/wp-login.php" "Mozilla/5.0 (Windows NT 11.0; Win64; x64; rv:118.0) Gecko/20100101 Firefox/118.0"
88.166.28.185 - - [24/Jul/2026:23:29:53 +0200] "POST /xmlrpc.php HTTP/1.1" 200 5463 "-" "Mozilla/5.0 (Windows NT 10.0; arm64) AppleWebKit/537.36 (KHTML, like Gecko) Edge/100.0.0.0 Safari/537.36"
104.234.53.39 - - [24/Jul/2026:23:29:53 +0200] "POST /wp-login.php HTTP/1.1" 200 8900 "https://as-cp.fr/wp-login.php" "Mozilla/5.0 (Windows NT 11.0; Win64; x64; rv:119.0) Gecko/20100101 Firefox/119.0"
104.234.53.39 - - [24/Jul/2026:23:29:53 +0200] "GET /wp-login.php?redirect_to=https%3A%2F%2Fas-cp.fr%2Fwp-admin%2Findex.php&reauth=1 HTTP/1.1" 200 10805 "https://as-cp.fr/wp-login.php" "Mozilla/5.0 (Windows NT 11.0; Win64; x64; rv:118.0) Gecko/20100101 Firefox/118.0"
104.234.53.39 - - [24/Jul/2026:23:29:54 +0200] "GET /wp-admin/index.php HTTP/1.1" 302 5230 "https://as-cp.fr/wp-login.php" "Mozilla/5.0 (X11; Ubuntu; Linux x86_64) AppleWebKit/537.36 (KHTML, like Gecko) Chrome/121.0.0.0 Safari/537.36"
104.234.53.39 - - [24/Jul/2026:23:29:55 +0200] "GET /wp-login.php?redirect_to=https%3A%2F%2Fas-cp.fr%2Fwp-admin%2Findex.php&reauth=1 HTTP/1.1" 200 10805 "https://as-cp.fr/wp-login.php" "Mozilla/5.0 (X11; Ubuntu; Linux x86_64) AppleWebKit/537.36 (KHTML, like Gecko) Chrome/121.0.0.0 Safari/537.36"
104.234.53.39 - - [24/Jul/2026:23:29:56 +0200] "POST /wp-login.php HTTP/1.1" 200 8900 "https://as-cp.fr/wp-login.php" "Mozilla/5.0 (Macintosh; Intel Mac OS X 10_15_7) AppleWebKit/537.36 (KHTML, like Gecko) Chrome/118.0.0.0 Safari/537.36"
104.234.53.39 - - [24/Jul/2026:23:29:57 +0200] "GET /wp-admin/index.php HTTP/1.1" 302 5230 "https://as-cp.fr/wp-login.php" "Mozilla/5.0 (X11; Linux x86_64) AppleWebKit/537.36 (KHTML, like Gecko) Chrome/119.0.0.0 Safari/537.36"
104.234.53.39 - - [24/Jul/2026:23:29:57 +0200] "GET /wp-login.php?redirect_to=https%3A%2F%2Fas-cp.fr%2Fwp-admin%2Findex.php&reauth=1 HTTP/1.1" 200 10805 "https://as-cp.fr/wp-login.php" "Mozilla/5.0 (X11; Linux x86_64) AppleWebKit/537.36 (KHTML, like Gecko) Chrome/119.0.0.0 Safari/537.36"
104.234.53.39 - - [24/Jul/2026:23:29:58 +0200] "GET /wp-admin/index.php HTTP/1.1" 302 5230 "https://as-cp.fr/wp-login.php" "Mozilla/5.0 (Windows NT 10.0; Win64; x64) AppleWebKit/537.36 (KHTML, like Gecko) Chrome/121.0.0.0 Safari/537.36"
104.234.53.39 - - [24/Jul/2026:23:29:58 +0200] "POST /wp-login.php HTTP/1.1" 200 8900 "https://as-cp.fr/wp-login.php" "Mozilla/5.0 (Macintosh; Intel Mac OS X 13_6_1) AppleWebKit/537.36 (KHTML, like Gecko) Chrome/118.0.0.0 Safari/537.36"
104.234.53.39 - - [24/Jul/2026:23:29:59 +0200] "GET /wp-login.php?redirect_to=https%3A%2F%2Fas-cp.fr%2Fwp-admin%2Findex.php&reauth=1 HTTP/1.1" 200 10805 "https://as-cp.fr/wp-login.php" "Mozilla/5.0 (Windows NT 10.0; Win64; x64) AppleWebKit/537.36 (KHTML, like Gecko) Chrome/121.0.0.0 Safari/537.36"
104.234.53.39 - - [24/Jul/2026:23:30:00 +0200] "POST /wp-login.php HTTP/1.1" 200 8904 "https://as-cp.fr/wp-login.php" "Mozilla/5.0 (Windows NT 11.0; Win64; x64) AppleWebKit/537.36 (KHTML, like Gecko) Chrome/118.0.0.0 Safari/537.36"
104.234.53.39 - - [24/Jul/2026:23:30:00 +0200] "GET /wp-admin/index.php HTTP/1.1" 302 5230 "https://as-cp.fr/wp-login.php" "Mozilla/5.0 (X11; Linux x86_64) AppleWebKit/537.36 (KHTML, like Gecko) Chrome/119.0.0.0 Safari/537.36"
104.234.53.39 - - [24/Jul/2026:23:30:01 +0200] "GET /wp-login.php?redirect_to=https%3A%2F%2Fas-cp.fr%2Fwp-admin%2Findex.php&reauth=1 HTTP/1.1" 200 10805 "https://as-cp.fr/wp-login.php" "Mozilla/5.0 (X11; Linux x86_64) AppleWebKit/537.36 (KHTML, like Gecko) Chrome/119.0.0.0 Safari/537.36"
104.234.53.39 - - [24/Jul/2026:23:30:01 +0200] "POST /wp-login.php HTTP/1.1" 200 8906 "https://as-cp.fr/wp-login.php" "Mozilla/5.0 (Windows NT 11.0; Win64; x64; rv:120.0) Gecko/20100101 Firefox/120.0"
88.166.28.185 - - [24/Jul/2026:23:30:02 +0200] "POST /xmlrpc.php HTTP/1.1" 200 5463 "-" "Mozilla/5.0 (Windows NT 6.3; arm64) AppleWebKit/537.36 (KHTML, like Gecko) Opera/76.0.0.0 Safari/537.36"
104.234.53.39 - - [24/Jul/2026:23:30:02 +0200] "GET /wp-admin/index.php HTTP/1.1" 302 5230 "https://as-cp.fr/wp-login.php" "Mozilla/5.0 (Macintosh; Intel Mac OS X 13_6_1) AppleWebKit/605.1.15 (KHTML, like Gecko) Version/17.1 Safari/605.1.15"
104.234.53.39 - - [24/Jul/2026:23:30:03 +0200] "GET /wp-login.php?redirect_to=https%3A%2F%2Fas-cp.fr%2Fwp-admin%2Findex.php&reauth=1 HTTP/1.1" 200 10805 "https://as-cp.fr/wp-login.php" "Mozilla/5.0 (Macintosh; Intel Mac OS X 13_6_1) AppleWebKit/605.1.15 (KHTML, like Gecko) Version/17.1 Safari/605.1.15"
88.166.28.185 - - [24/Jul/2026:23:30:03 +0200] "POST /xmlrpc.php HTTP/1.1" 200 5463 "-" "Mozilla/5.0 (Windows NT 6.3; x64) AppleWebKit/537.36 (KHTML, like Gecko) Opera/64.0.0.0 Safari/537.36"
88.166.28.185 - - [24/Jul/2026:23:30:13 +0200] "POST /xmlrpc.php HTTP/1.1" 200 5463 "-" "Mozilla/5.0 (Linux; Android 10; arm64) AppleWebKit/537.36 (KHTML, like Gecko) Firefox/91.0.0.0 Safari/537.36"
88.166.28.185 - - [24/Jul/2026:23:30:15 +0200] "POST /xmlrpc.php HTTP/1.1" 200 5463 "-" "Mozilla/5.0 (Macintosh; Intel Mac OS X 10_15_7; x86) AppleWebKit/537.36 (KHTML, like Gecko) Opera/60.0.0.0 Safari/537.36"
91.134.83.25 - - [24/Jul/2026:23:30:23 +0200] "POST /wp-cron.php?doing_wp_cron=1784928623.8556671142578125000000 HTTP/1.1" 200 5074 "-" "WordPress/6.9.4; https://as-cp.fr"
88.166.28.185 - - [24/Jul/2026:23:30:23 +0200] "POST /xmlrpc.php HTTP/1.1" 200 5463 "-" "Mozilla/5.0 (Windows NT 6.3; x86) AppleWebKit/537.36 (KHTML, like Gecko) Opera/70.0.0.0 Safari/537.36"
88.166.28.185 - - [24/Jul/2026:23:30:25 +0200] "POST /xmlrpc.php HTTP/1.1" 200 5463 "-" "Mozilla/5.0 (Windows NT 10.0; arm64) AppleWebKit/537.36 (KHTML, like Gecko) Chrome/112.0.0.0 Safari/537.36"
91.134.83.25 - - [24/Jul/2026:23:30:34 +0200] "POST /wp-cron.php?doing_wp_cron=1784928634.6472549438476562500000 HTTP/1.1" 200 5074 "-" "WordPress/6.9.4; https://as-cp.fr"
57.141.0.69 - - [24/Jul/2026:23:30:34 +0200] "GET /shops/chainsaw/e8c2l8a9m9p8s6y9937 HTTP/1.1" 301 5197 "-" "Mozilla/5.0 (Macintosh; Intel Mac OS X 10_15_7) AppleWebKit/537.36 (KHTML, like Gecko) Chrome/145.0.0.0 Safari/537.36 (compatible; meta-externalagent/1.1 (+https://developers.facebook.com/docs/sharing/webmasters/crawler))"
88.166.28.185 - - [24/Jul/2026:23:30:40 +0200] "POST /xmlrpc.php HTTP/1.1" 200 5463 "-" "Mozilla/5.0 (X11; Ubuntu; Linux x86_64; x64) AppleWebKit/537.36 (KHTML, like Gecko) Edge/94.0.0.0 Safari/537.36"
88.166.28.185 - - [24/Jul/2026:23:30:41 +0200] "POST /xmlrpc.php HTTP/1.1" 200 5463 "-" "Mozilla/5.0 (Macintosh; Intel Mac OS X 10_15_7; arm64) AppleWebKit/537.36 (KHTML, like Gecko) Edge/97.0.0.0 Safari/537.36"
91.134.83.25 - - [24/Jul/2026:23:30:52 +0200] "POST /wp-cron.php?doing_wp_cron=1784928652.7141098976135253906250 HTTP/1.1" 200 5074 "-" "WordPress/6.9.4; https://as-cp.fr"
88.166.28.185 - - [24/Jul/2026:23:30:52 +0200] "POST /xmlrpc.php HTTP/1.1" 200 5463 "-" "Mozilla/5.0 (X11; Ubuntu; Linux x86_64; arm64) AppleWebKit/537.36 (KHTML, like Gecko) Opera/67.0.0.0 Safari/537.36"
88.166.28.185 - - [24/Jul/2026:23:30:54 +0200] "POST /xmlrpc.php HTTP/1.1" 200 5463 "-" "Mozilla/5.0 (X11; Ubuntu; Linux x86_64; arm64) AppleWebKit/537.36 (KHTML, like Gecko) Edge/80.0.0.0 Safari/537.36"
88.166.28.185 - - [24/Jul/2026:23:31:02 +0200] "POST /xmlrpc.php HTTP/1.1" 200 5463 "-" "Mozilla/5.0 (X11; Ubuntu; Linux x86_64; x86) AppleWebKit/537.36 (KHTML, like Gecko) Chrome/84.0.0.0 Safari/537.36"
88.166.28.185 - - [24/Jul/2026:23:31:05 +0200] "POST /xmlrpc.php HTTP/1.1" 200 5463 "-" "Mozilla/5.0 (Windows NT 10.0; x86) AppleWebKit/537.36 (KHTML, like Gecko) Firefox/77.0.0.0 Safari/537.36"
88.166.28.185 - - [24/Jul/2026:23:31:14 +0200] "POST /xmlrpc.php HTTP/1.1" 200 5463 "-" "Mozilla/5.0 (Windows NT 6.3; x64) AppleWebKit/537.36 (KHTML, like Gecko) Firefox/79.0.0.0 Safari/537.36"
88.166.28.185 - - [24/Jul/2026:23:31:16 +0200] "POST /xmlrpc.php HTTP/1.1" 200 5463 "-" "Mozilla/5.0 (Windows NT 6.3; x64) AppleWebKit/537.36 (KHTML, like Gecko) Opera/80.0.0.0 Safari/537.36"
91.134.83.25 - - [24/Jul/2026:23:31:25 +0200] "POST /wp-cron.php?doing_wp_cron=1784928685.2159099578857421875000 HTTP/1.1" 200 5074 "-" "WordPress/6.9.4; https://as-cp.fr"
88.166.28.185 - - [24/Jul/2026:23:31:24 +0200] "POST /xmlrpc.php HTTP/1.1" 200 5463 "-" "Mozilla/5.0 (Linux; Android 10; arm64) AppleWebKit/537.36 (KHTML, like Gecko) Safari/13.0.0.0 Safari/537.36"
88.166.28.185 - - [24/Jul/2026:23:31:26 +0200] "POST /xmlrpc.php HTTP/1.1" 200 5463 "-" "Mozilla/5.0 (Linux; Android 10; x86) AppleWebKit/537.36 (KHTML, like Gecko) Firefox/74.0.0.0 Safari/537.36"
91.134.83.25 - - [24/Jul/2026:23:31:35 +0200] "POST /wp-cron.php?doing_wp_cron=1784928695.4511890411376953125000 HTTP/1.1" 200 5074 "-" "WordPress/6.9.4; https://as-cp.fr"
88.166.28.185 - - [24/Jul/2026:23:31:35 +0200] "POST /xmlrpc.php HTTP/1.1" 200 5463 "-" "Mozilla/5.0 (Windows NT 6.2; x64) AppleWebKit/537.36 (KHTML, like Gecko) Edge/83.0.0.0 Safari/537.36"
57.141.0.52 - - [24/Jul/2026:23:31:35 +0200] "GET /shops/trouncing/c8o3n7c1e9s0s5i4o0n6i8st HTTP/1.1" 301 5197 "-" "Mozilla/5.0 (Windows NT 10.0; Win64; x64) AppleWebKit/537.36 (KHTML, like Gecko) Chrome/145.0.0.0 Safari/537.36 (compatible; meta-externalagent/1.1 (+https://developers.facebook.com/docs/sharing/webmasters/crawler))"
88.166.28.185 - - [24/Jul/2026:23:31:36 +0200] "POST /xmlrpc.php HTTP/1.1" 200 5463 "-" "Mozilla/5.0 (Windows NT 10.0; arm64) AppleWebKit/537.36 (KHTML, like Gecko) Edge/87.0.0.0 Safari/537.36"
91.134.83.25 - - [24/Jul/2026:23:31:45 +0200] "POST /wp-cron.php?doing_wp_cron=1784928705.8031179904937744140625 HTTP/1.1" 200 5074 "-" "WordPress/6.9.4; https://as-cp.fr"
88.166.28.185 - - [24/Jul/2026:23:31:45 +0200] "POST /xmlrpc.php HTTP/1.1" 200 5463 "-" "Mozilla/5.0 (X11; Ubuntu; Linux x86_64; x86) AppleWebKit/537.36 (KHTML, like Gecko) Firefox/87.0.0.0 Safari/537.36"
88.166.28.185 - - [24/Jul/2026:23:31:47 +0200] "POST /xmlrpc.php HTTP/1.1" 200 5463 "-" "Mozilla/5.0 (Linux; Android 10; arm64) AppleWebKit/537.36 (KHTML, like Gecko) Opera/71.0.0.0 Safari/537.36"
88.166.28.185 - - [24/Jul/2026:23:31:55 +0200] "POST /xmlrpc.php HTTP/1.1" 200 5463 "-" "Mozilla/5.0 (Windows NT 10.0; x86) AppleWebKit/537.36 (KHTML, like Gecko) Chrome/91.0.0.0 Safari/537.36"
88.166.28.185 - - [24/Jul/2026:23:31:57 +0200] "POST /xmlrpc.php HTTP/1.1" 200 5463 "-" "Mozilla/5.0 (Linux; Android 10; x86) AppleWebKit/537.36 (KHTML, like Gecko) Edge/100.0.0.0 Safari/537.36"
88.166.28.185 - - [24/Jul/2026:23:32:06 +0200] "POST /xmlrpc.php HTTP/1.1" 200 5463 "-" "Mozilla/5.0 (Linux; Android 10; x64) AppleWebKit/537.36 (KHTML, like Gecko) Opera/69.0.0.0 Safari/537.36"
88.166.28.185 - - [24/Jul/2026:23:32:08 +0200] "POST /xmlrpc.php HTTP/1.1" 200 5463 "-" "Mozilla/5.0 (Macintosh; Intel Mac OS X 10_15_7; arm64) AppleWebKit/537.36 (KHTML, like Gecko) Chrome/115.0.0.0 Safari/537.36"
57.141.0.50 - - [24/Jul/2026:23:32:10 +0200] "GET /?v=s8n1i0f7t3i1n0g0324 HTTP/1.1" 200 98108 "-" "Mozilla/5.0 (Windows NT 10.0; Win64; x64) AppleWebKit/537.36 (KHTML, like Gecko) Chrome/145.0.0.0 Safari/537.36 (compatible; meta-externalagent/1.1 (+https://developers.facebook.com/docs/sharing/webmasters/crawler))"
91.134.83.25 - - [24/Jul/2026:23:32:18 +0200] "POST /wp-cron.php?doing_wp_cron=1784928738.0288169384002685546875 HTTP/1.1" 200 5074 "-" "WordPress/6.9.4; https://as-cp.fr"
88.166.28.185 - - [24/Jul/2026:23:32:17 +0200] "POST /xmlrpc.php HTTP/1.1" 200 5463 "-" "Mozilla/5.0 (Windows NT 6.2; x86) AppleWebKit/537.36 (KHTML, like Gecko) Safari/15.0.0.0 Safari/537.36"
88.166.28.185 - - [24/Jul/2026:23:32:19 +0200] "POST /xmlrpc.php HTTP/1.1" 200 5463 "-" "Mozilla/5.0 (Linux; Android 10; x64) AppleWebKit/537.36 (KHTML, like Gecko) Chrome/80.0.0.0 Safari/537.36"
89.246.241.14 - - [24/Jul/2026:23:32:21 +0200] "GET /investissement-en-nue-propriete-a-perpignan-batir-son-futur-patrimoine-sans-fiscalite/ HTTP/1.1" 200 24068 "-" "Mozilla/5.0 (Windows NT 10.0; Win64; x64; rv:142.0) Gecko/20100101 Firefox/142.0"
89.246.241.14 - - [24/Jul/2026:23:32:26 +0200] "GET /conseil-en-fiscalite-a-saint-esteve-comment-proteger-son-epargne/ HTTP/1.1" 200 24214 "-" "Mozilla/5.0 (Windows NT 10.0; Win64; x64; rv:142.0) Gecko/20100101 Firefox/142.0"
91.134.83.25 - - [24/Jul/2026:23:32:28 +0200] "POST /wp-cron.php?doing_wp_cron=1784928748.3546690940856933593750 HTTP/1.1" 200 5074 "-" "WordPress/6.9.4; https://as-cp.fr"
88.166.28.185 - - [24/Jul/2026:23:32:27 +0200] "POST /xmlrpc.php HTTP/1.1" 200 5463 "-" "Mozilla/5.0 (X11; Ubuntu; Linux x86_64; arm64) AppleWebKit/537.36 (KHTML, like Gecko) Opera/63.0.0.0 Safari/537.36"
88.166.28.185 - - [24/Jul/2026:23:32:29 +0200] "POST /xmlrpc.php HTTP/1.1" 200 5463 "-" "Mozilla/5.0 (Windows NT 10.0; arm64) AppleWebKit/537.36 (KHTML, like Gecko) Firefox/80.0.0.0 Safari/537.36"
91.134.83.25 - - [24/Jul/2026:23:32:39 +0200] "POST /wp-cron.php?doing_wp_cron=1784928759.0207250118255615234375 HTTP/1.1" 200 5074 "-" "WordPress/6.9.4; https://as-cp.fr"
88.166.28.185 - - [24/Jul/2026:23:32:38 +0200] "POST /xmlrpc.php HTTP/1.1" 200 5463 "-" "Mozilla/5.0 (Windows NT 6.2; x86) AppleWebKit/537.36 (KHTML, like Gecko) Edge/85.0.0.0 Safari/537.36"
88.166.28.185 - - [24/Jul/2026:23:32:40 +0200] "POST /xmlrpc.php HTTP/1.1" 200 5463 "-" "Mozilla/5.0 (Macintosh; Intel Mac OS X 10_15_7; x86) AppleWebKit/537.36 (KHTML, like Gecko) Edge/84.0.0.0 Safari/537.36"
91.134.83.25 - - [24/Jul/2026:23:32:48 +0200] "POST /wp-cron.php?doing_wp_cron=1784928768.7973659038543701171875 HTTP/1.1" 200 5074 "-" "WordPress/6.9.4; https://as-cp.fr"
88.166.28.185 - - [24/Jul/2026:23:32:48 +0200] "POST /xmlrpc.php HTTP/1.1" 200 5463 "-" "Mozilla/5.0 (Windows NT 6.3; arm64) AppleWebKit/537.36 (KHTML, like Gecko) Edge/82.0.0.0 Safari/537.36"
88.166.28.185 - - [24/Jul/2026:23:32:50 +0200] "POST /xmlrpc.php HTTP/1.1" 200 5463 "-" "Mozilla/5.0 (Windows NT 10.0; x64) AppleWebKit/537.36 (KHTML, like Gecko) Safari/13.0.0.0 Safari/537.36"
57.141.0.27 - - [24/Jul/2026:23:32:58 +0200] "GET /shops/sarcous/c8o3n4n9u9b1i6a0l3i2t3y HTTP/1.1" 301 5197 "-" "Mozilla/5.0 (Windows NT 10.0; Win64; x64) AppleWebKit/537.36 (KHTML, like Gecko) Chrome/145.0.0.0 Safari/537.36 (compatible; meta-externalagent/1.1 (+https://developers.facebook.com/docs/sharing/webmasters/crawler))"
88.166.28.185 - - [24/Jul/2026:23:32:59 +0200] "POST /xmlrpc.php HTTP/1.1" 200 5463 "-" "Mozilla/5.0 (Windows NT 10.0; arm64) AppleWebKit/537.36 (KHTML, like Gecko) Opera/60.0.0.0 Safari/537.36"
88.166.28.185 - - [24/Jul/2026:23:33:01 +0200] "POST /xmlrpc.php HTTP/1.1" 200 5463 "-" "Mozilla/5.0 (Windows NT 10.0; arm64) AppleWebKit/537.36 (KHTML, like Gecko) Chrome/92.0.0.0 Safari/537.36"
88.166.28.185 - - [24/Jul/2026:23:33:09 +0200] "POST /xmlrpc.php HTTP/1.1" 200 5463 "-" "Mozilla/5.0 (Windows NT 6.3; arm64) AppleWebKit/537.36 (KHTML, like Gecko) Safari/10.0.0.0 Safari/537.36"
88.166.28.185 - - [24/Jul/2026:23:33:11 +0200] "POST /xmlrpc.php HTTP/1.1" 200 5463 "-" "Mozilla/5.0 (Windows NT 6.3; x64) AppleWebKit/537.36 (KHTML, like Gecko) Firefox/92.0.0.0 Safari/537.36"
57.141.0.59 - - [24/Jul/2026:23:33:13 +0200] "GET /?v=p8e9r8l0o3u1s036 HTTP/1.1" 200 98108 "-" "Mozilla/5.0 (Windows NT 10.0; Win64; x64) AppleWebKit/537.36 (KHTML, like Gecko) Chrome/145.0.0.0 Safari/537.36 (compatible; meta-externalagent/1.1 (+https://developers.facebook.com/docs/sharing/webmasters/crawler))"
91.134.83.25 - - [24/Jul/2026:23:33:20 +0200] "POST /wp-cron.php?doing_wp_cron=1784928800.8043720722198486328125 HTTP/1.1" 200 5074 "-" "WordPress/6.9.4; https://as-cp.fr"
88.166.28.185 - - [24/Jul/2026:23:33:20 +0200] "POST /xmlrpc.php HTTP/1.1" 200 5463 "-" "Mozilla/5.0 (X11; Ubuntu; Linux x86_64; x64) AppleWebKit/537.36 (KHTML, like Gecko) Chrome/82.0.0.0 Safari/537.36"
88.166.28.185 - - [24/Jul/2026:23:33:22 +0200] "POST /xmlrpc.php HTTP/1.1" 200 5463 "-" "Mozilla/5.0 (Linux; Android 10; arm64) AppleWebKit/537.36 (KHTML, like Gecko) Opera/64.0.0.0 Safari/537.36"
88.166.28.185 - - [24/Jul/2026:23:33:30 +0200] "POST /xmlrpc.php HTTP/1.1" 200 5463 "-" "Mozilla/5.0 (Windows NT 6.2; arm64) AppleWebKit/537.36 (KHTML, like Gecko) Chrome/85.0.0.0 Safari/537.36"
88.166.28.185 - - [24/Jul/2026:23:33:31 +0200] "POST /xmlrpc.php HTTP/1.1" 200 5463 "-" "Mozilla/5.0 (Linux; Android 10; x86) AppleWebKit/537.36 (KHTML, like Gecko) Opera/64.0.0.0 Safari/537.36"
91.134.83.25 - - [24/Jul/2026:23:33:40 +0200] "POST /wp-cron.php?doing_wp_cron=1784928820.2347829341888427734375 HTTP/1.1" 200 5074 "-" "WordPress/6.9.4; https://as-cp.fr"
88.166.28.185 - - [24/Jul/2026:23:33:39 +0200] "POST /xmlrpc.php HTTP/1.1" 200 5463 "-" "Mozilla/5.0 (Windows NT 6.2; x64) AppleWebKit/537.36 (KHTML, like Gecko) Firefox/89.0.0.0 Safari/537.36"
88.166.28.185 - - [24/Jul/2026:23:33:41 +0200] "POST /xmlrpc.php HTTP/1.1" 200 5463 "-" "Mozilla/5.0 (Windows NT 10.0; x64) AppleWebKit/537.36 (KHTML, like Gecko) Edge/80.0.0.0 Safari/537.36"
91.134.83.25 - - [24/Jul/2026:23:33:50 +0200] "POST /wp-cron.php?doing_wp_cron=1784928830.0219080448150634765625 HTTP/1.1" 200 5074 "-" "WordPress/6.9.4; https://as-cp.fr"
88.166.28.185 - - [24/Jul/2026:23:33:49 +0200] "POST /xmlrpc.php HTTP/1.1" 200 5463 "-" "Mozilla/5.0 (X11; Ubuntu; Linux x86_64; x64) AppleWebKit/537.36 (KHTML, like Gecko) Edge/84.0.0.0 Safari/537.36"
88.166.28.185 - - [24/Jul/2026:23:33:51 +0200] "POST /xmlrpc.php HTTP/1.1" 200 5463 "-" "Mozilla/5.0 (Windows NT 6.2; arm64) AppleWebKit/537.36 (KHTML, like Gecko) Edge/87.0.0.0 Safari/537.36"
88.166.28.185 - - [24/Jul/2026:23:33:58 +0200] "POST /xmlrpc.php HTTP/1.1" 200 5463 "-" "Mozilla/5.0 (Windows NT 6.2; x86) AppleWebKit/537.36 (KHTML, like Gecko) Opera/72.0.0.0 Safari/537.36"
88.166.28.185 - - [24/Jul/2026:23:34:00 +0200] "POST /xmlrpc.php HTTP/1.1" 200 5463 "-" "Mozilla/5.0 (Windows NT 10.0; arm64) AppleWebKit/537.36 (KHTML, like Gecko) Opera/80.0.0.0 Safari/537.36"
88.166.28.185 - - [24/Jul/2026:23:34:08 +0200] "POST /xmlrpc.php HTTP/1.1" 200 5463 "-" "Mozilla/5.0 (X11; Ubuntu; Linux x86_64; arm64) AppleWebKit/537.36 (KHTML, like Gecko) Opera/68.0.0.0 Safari/537.36"
88.166.28.185 - - [24/Jul/2026:23:34:10 +0200] "POST /xmlrpc.php HTTP/1.1" 200 5463 "-" "Mozilla/5.0 (Macintosh; Intel Mac OS X 10_15_7; x86) AppleWebKit/537.36 (KHTML, like Gecko) Opera/72.0.0.0 Safari/537.36"
91.134.83.25 - - [24/Jul/2026:23:34:19 +0200] "POST /wp-cron.php?doing_wp_cron=1784928859.3297688961029052734375 HTTP/1.1" 200 5074 "-" "WordPress/6.9.4; https://as-cp.fr"
88.166.28.185 - - [24/Jul/2026:23:34:18 +0200] "POST /xmlrpc.php HTTP/1.1" 200 5463 "-" "Mozilla/5.0 (Linux; Android 10; arm64) AppleWebKit/537.36 (KHTML, like Gecko) Edge/91.0.0.0 Safari/537.36"
88.166.28.185 - - [24/Jul/2026:23:34:20 +0200] "POST /xmlrpc.php HTTP/1.1" 200 5463 "-" "Mozilla/5.0 (Macintosh; Intel Mac OS X 10_15_7; x64) AppleWebKit/537.36 (KHTML, like Gecko) Firefox/74.0.0.0 Safari/537.36"
91.134.83.25 - - [24/Jul/2026:23:34:30 +0200] "POST /wp-cron.php?doing_wp_cron=1784928870.3843469619750976562500 HTTP/1.1" 200 5074 "-" "WordPress/6.9.4; https://as-cp.fr"
88.166.28.185 - - [24/Jul/2026:23:34:29 +0200] "POST /xmlrpc.php HTTP/1.1" 200 5463 "-" "Mozilla/5.0 (X11; Ubuntu; Linux x86_64; x86) AppleWebKit/537.36 (KHTML, like Gecko) Chrome/88.0.0.0 Safari/537.36"
88.166.28.185 - - [24/Jul/2026:23:34:31 +0200] "POST /xmlrpc.php HTTP/1.1" 200 5463 "-" "Mozilla/5.0 (Windows NT 6.2; x86) AppleWebKit/537.36 (KHTML, like Gecko) Chrome/103.0.0.0 Safari/537.36"
57.141.0.56 - - [24/Jul/2026:23:34:32 +0200] "GET /?prolonging/81034571392 HTTP/1.1" 301 5076 "-" "Mozilla/5.0 (Windows NT 10.0; Win64; x64) AppleWebKit/537.36 (KHTML, like Gecko) Chrome/145.0.0.0 Safari/537.36 (compatible; meta-externalagent/1.1 (+https://developers.facebook.com/docs/sharing/webmasters/crawler))"
91.134.83.25 - - [24/Jul/2026:23:34:39 +0200] "POST /wp-cron.php?doing_wp_cron=1784928879.7058451175689697265625 HTTP/1.1" 200 5074 "-" "WordPress/6.9.4; https://as-cp.fr"
88.166.28.185 - - [24/Jul/2026:23:34:39 +0200] "POST /xmlrpc.php HTTP/1.1" 200 5463 "-" "Mozilla/5.0 (Macintosh; Intel Mac OS X 10_15_7; arm64) AppleWebKit/537.36 (KHTML, like Gecko) Chrome/113.0.0.0 Safari/537.36"
88.166.28.185 - - [24/Jul/2026:23:34:40 +0200] "POST /xmlrpc.php HTTP/1.1" 200 5463 "-" "Mozilla/5.0 (Windows NT 6.2; x64) AppleWebKit/537.36 (KHTML, like Gecko) Opera/64.0.0.0 Safari/537.36"
91.134.83.25 - - [24/Jul/2026:23:34:50 +0200] "POST /wp-cron.php?doing_wp_cron=1784928890.3521389961242675781250 HTTP/1.1" 200 5074 "-" "WordPress/6.9.4; https://as-cp.fr"
88.166.28.185 - - [24/Jul/2026:23:34:49 +0200] "POST /xmlrpc.php HTTP/1.1" 200 5463 "-" "Mozilla/5.0 (Windows NT 10.0; x64) AppleWebKit/537.36 (KHTML, like Gecko) Chrome/86.0.0.0 Safari/537.36"
88.166.28.185 - - [24/Jul/2026:23:34:51 +0200] "POST /xmlrpc.php HTTP/1.1" 200 5463 "-" "Mozilla/5.0 (Windows NT 6.2; x86) AppleWebKit/537.36 (KHTML, like Gecko) Safari/11.0.0.0 Safari/537.36"
88.166.28.185 - - [24/Jul/2026:23:34:59 +0200] "POST /xmlrpc.php HTTP/1.1" 200 5463 "-" "Mozilla/5.0 (Windows NT 6.3; x86) AppleWebKit/537.36 (KHTML, like Gecko) Safari/15.0.0.0 Safari/537.36"
88.166.28.185 - - [24/Jul/2026:23:35:01 +0200] "POST /xmlrpc.php HTTP/1.1" 200 5463 "-" "Mozilla/5.0 (Windows NT 10.0; x86) AppleWebKit/537.36 (KHTML, like Gecko) Opera/79.0.0.0 Safari/537.36"
160.191.139.115 - - [24/Jul/2026:23:35:04 +0200] "GET /wp-login.php HTTP/1.1" 200 8736 "-" "Mozilla/5.0 (Windows NT 10.0; Win64; x64) AppleWebKit/537.36 (KHTML, like Gecko) Chrome/120.0.0.0 Safari/537.36"
160.191.139.115 - - [24/Jul/2026:23:35:04 +0200] "POST /wp-login.php HTTP/1.1" 200 8912 "https://as-cp.fr/wp-login.php" "Mozilla/5.0 (Windows NT 10.0; Win64; x64) AppleWebKit/537.36 (KHTML, like Gecko) Chrome/120.0.0.0 Safari/537.36"
88.166.28.185 - - [24/Jul/2026:23:35:10 +0200] "POST /xmlrpc.php HTTP/1.1" 200 5463 "-" "Mozilla/5.0 (Windows NT 6.2; x64) AppleWebKit/537.36 (KHTML, like Gecko) Firefox/78.0.0.0 Safari/537.36"
88.166.28.185 - - [24/Jul/2026:23:35:12 +0200] "POST /xmlrpc.php HTTP/1.1" 200 5463 "-" "Mozilla/5.0 (Windows NT 6.3; x86) AppleWebKit/537.36 (KHTML, like Gecko) Chrome/88.0.0.0 Safari/537.36"
91.134.83.25 - - [24/Jul/2026:23:35:20 +0200] "POST /wp-cron.php?doing_wp_cron=1784928920.3785130977630615234375 HTTP/1.1" 200 5074 "-" "WordPress/6.9.4; https://as-cp.fr"
88.166.28.185 - - [24/Jul/2026:23:35:20 +0200] "POST /xmlrpc.php HTTP/1.1" 200 5463 "-" "Mozilla/5.0 (Windows NT 6.3; x64) AppleWebKit/537.36 (KHTML, like Gecko) Chrome/113.0.0.0 Safari/537.36"
91.134.83.25 - - [24/Jul/2026:23:35:22 +0200] "POST /wp-cron.php?doing_wp_cron=1784928922.2055900096893310546875 HTTP/1.1" 200 5074 "-" "WordPress/6.9.4; https://as-cp.fr"
88.166.28.185 - - [24/Jul/2026:23:35:21 +0200] "POST /xmlrpc.php HTTP/1.1" 200 5463 "-" "Mozilla/5.0 (Linux; Android 10; arm64) AppleWebKit/537.36 (KHTML, like Gecko) Safari/12.0.0.0 Safari/537.36"
88.166.28.185 - - [24/Jul/2026:23:35:31 +0200] "POST /xmlrpc.php HTTP/1.1" 200 5463 "-" "Mozilla/5.0 (Windows NT 6.3; x86) AppleWebKit/537.36 (KHTML, like Gecko) Firefox/100.0.0.0 Safari/537.36"
88.166.28.185 - - [24/Jul/2026:23:35:32 +0200] "POST /xmlrpc.php HTTP/1.1" 200 5463 "-" "Mozilla/5.0 (Macintosh; Intel Mac OS X 10_15_7; x86) AppleWebKit/537.36 (KHTML, like Gecko) Opera/61.0.0.0 Safari/537.36"
91.134.83.25 - - [24/Jul/2026:23:35:40 +0200] "POST /wp-cron.php?doing_wp_cron=1784928940.8034110069274902343750 HTTP/1.1" 200 5074 "-" "WordPress/6.9.4; https://as-cp.fr"
57.141.0.46 - - [24/Jul/2026:23:35:40 +0200] "GET /?trigonometric/81850586707 HTTP/1.1" 301 5079 "-" "Mozilla/5.0 (Macintosh; Intel Mac OS X 10_15_7) AppleWebKit/537.36 (KHTML, like Gecko) Chrome/145.0.0.0 Safari/537.36 (compatible; meta-externalagent/1.1 (+https://developers.facebook.com/docs/sharing/webmasters/crawler))"
88.166.28.185 - - [24/Jul/2026:23:35:40 +0200] "POST /xmlrpc.php HTTP/1.1" 200 5463 "-" "Mozilla/5.0 (Linux; Android 10; x64) AppleWebKit/537.36 (KHTML, like Gecko) Safari/15.0.0.0 Safari/537.36"
57.141.0.55 - - [24/Jul/2026:23:35:42 +0200] "GET /crossquestion/itched/82527654275 HTTP/1.1" 301 5197 "-" "Mozilla/5.0 (Windows NT 10.0; Win64; x64) AppleWebKit/537.36 (KHTML, like Gecko) Chrome/145.0.0.0 Safari/537.36 (compatible; meta-externalagent/1.1 (+https://developers.facebook.com/docs/sharing/webmasters/crawler))"
88.166.28.185 - - [24/Jul/2026:23:35:42 +0200] "POST /xmlrpc.php HTTP/1.1" 200 5463 "-" "Mozilla/5.0 (Windows NT 6.3; arm64) AppleWebKit/537.36 (KHTML, like Gecko) Opera/68.0.0.0 Safari/537.36"
91.134.83.25 - - [24/Jul/2026:23:35:50 +0200] "POST /wp-cron.php?doing_wp_cron=1784928950.6337161064147949218750 HTTP/1.1" 200 5074 "-" "WordPress/6.9.4; https://as-cp.fr"
88.166.28.185 - - [24/Jul/2026:23:35:50 +0200] "POST /xmlrpc.php HTTP/1.1" 200 5463 "-" "Mozilla/5.0 (Macintosh; Intel Mac OS X 10_15_7; arm64) AppleWebKit/537.36 (KHTML, like Gecko) Firefox/73.0.0.0 Safari/537.36"
88.166.28.185 - - [24/Jul/2026:23:35:51 +0200] "POST /xmlrpc.php HTTP/1.1" 200 5463 "-" "Mozilla/5.0 (X11; Ubuntu; Linux x86_64; x86) AppleWebKit/537.36 (KHTML, like Gecko) Safari/15.0.0.0 Safari/537.36"
88.166.28.185 - - [24/Jul/2026:23:35:59 +0200] "POST /xmlrpc.php HTTP/1.1" 200 5463 "-" "Mozilla/5.0 (Linux; Android 10; x86) AppleWebKit/537.36 (KHTML, like Gecko) Opera/77.0.0.0 Safari/537.36"
88.166.28.185 - - [24/Jul/2026:23:36:01 +0200] "POST /xmlrpc.php HTTP/1.1" 200 5463 "-" "Mozilla/5.0 (Linux; Android 10; arm64) AppleWebKit/537.36 (KHTML, like Gecko) Opera/69.0.0.0 Safari/537.36"
88.166.28.185 - - [24/Jul/2026:23:36:09 +0200] "POST /xmlrpc.php HTTP/1.1" 200 5463 "-" "Mozilla/5.0 (Windows NT 6.3; x86) AppleWebKit/537.36 (KHTML, like Gecko) Opera/63.0.0.0 Safari/537.36"
88.166.28.185 - - [24/Jul/2026:23:36:11 +0200] "POST /xmlrpc.php HTTP/1.1" 200 5463 "-" "Mozilla/5.0 (Linux; Android 10; arm64) AppleWebKit/537.36 (KHTML, like Gecko) Opera/63.0.0.0 Safari/537.36"
91.134.83.25 - - [24/Jul/2026:23:36:20 +0200] "POST /wp-cron.php?doing_wp_cron=1784928980.2152259349822998046875 HTTP/1.1" 200 5074 "-" "WordPress/6.9.4; https://as-cp.fr"
