91.134.83.25 - - [24/Jul/2026:08:01:25 +0200] "POST /wp-cron.php?doing_wp_cron=1784872885.0008349418640136718750 HTTP/1.1" 200 5074 "-" "WordPress/6.9.4; https://as-cp.fr"
200.127.115.216 - - [24/Jul/2026:08:01:24 +0200] "POST /xmlrpc.php HTTP/1.1" 200 5463 "-" "Mozilla/5.0 (Macintosh; Intel Mac OS X 10_15_7; x86) AppleWebKit/537.36 (KHTML, like Gecko) Chrome/90.0.0.0 Safari/537.36"
91.134.83.25 - - [24/Jul/2026:08:01:58 +0200] "POST /wp-cron.php?doing_wp_cron=1784872918.3198320865631103515625 HTTP/1.1" 200 5074 "-" "WordPress/6.9.4; https://as-cp.fr"
200.127.115.216 - - [24/Jul/2026:08:01:58 +0200] "POST /xmlrpc.php HTTP/1.1" 200 5463 "-" "Mozilla/5.0 (Windows NT 6.3; x86) AppleWebKit/537.36 (KHTML, like Gecko) Edge/86.0.0.0 Safari/537.36"
91.134.83.25 - - [24/Jul/2026:08:02:22 +0200] "POST /wp-cron.php?doing_wp_cron=1784872942.8223829269409179687500 HTTP/1.1" 200 5074 "-" "WordPress/6.9.4; https://as-cp.fr"
200.127.115.216 - - [24/Jul/2026:08:02:22 +0200] "POST /xmlrpc.php HTTP/1.1" 200 5463 "-" "Mozilla/5.0 (X11; Ubuntu; Linux x86_64; x86) AppleWebKit/537.36 (KHTML, like Gecko) Opera/65.0.0.0 Safari/537.36"
91.134.83.25 - - [24/Jul/2026:08:02:36 +0200] "POST /wp-cron.php?doing_wp_cron=1784872956.6849288940429687500000 HTTP/1.1" 200 5074 "-" "WordPress/6.9.4; https://as-cp.fr"
66.132.172.177 - - [24/Jul/2026:08:02:36 +0200] "GET /wp-json/?_fields=name,description,home,gmt_offset,timezone_string,namespaces HTTP/1.1" 200 5578 "-" "Mozilla/5.0 (compatible; CensysInspect/1.1; +https://about.censys.io/)"
91.134.83.25 - - [24/Jul/2026:08:02:50 +0200] "POST /wp-cron.php?doing_wp_cron=1784872970.4484319686889648437500 HTTP/1.1" 200 5074 "-" "WordPress/6.9.4; https://as-cp.fr"
200.127.115.216 - - [24/Jul/2026:08:02:50 +0200] "POST /xmlrpc.php HTTP/1.1" 200 5463 "-" "Mozilla/5.0 (Windows NT 6.3; x86) AppleWebKit/537.36 (KHTML, like Gecko) Chrome/104.0.0.0 Safari/537.36"
200.127.115.216 - - [24/Jul/2026:08:03:12 +0200] "POST /xmlrpc.php HTTP/1.1" 200 5463 "-" "Mozilla/5.0 (Windows NT 6.2; arm64) AppleWebKit/537.36 (KHTML, like Gecko) Opera/65.0.0.0 Safari/537.36"
91.134.83.25 - - [24/Jul/2026:08:03:35 +0200] "POST /wp-cron.php?doing_wp_cron=1784873015.4944980144500732421875 HTTP/1.1" 200 5074 "-" "WordPress/6.9.4; https://as-cp.fr"
200.127.115.216 - - [24/Jul/2026:08:03:35 +0200] "POST /xmlrpc.php HTTP/1.1" 200 5463 "-" "Mozilla/5.0 (Linux; Android 10; arm64) AppleWebKit/537.36 (KHTML, like Gecko) Edge/98.0.0.0 Safari/537.36"
91.134.83.25 - - [24/Jul/2026:08:04:05 +0200] "POST /wp-cron.php?doing_wp_cron=1784873045.6468470096588134765625 HTTP/1.1" 200 5074 "-" "WordPress/6.9.4; https://as-cp.fr"
200.127.115.216 - - [24/Jul/2026:08:04:05 +0200] "POST /xmlrpc.php HTTP/1.1" 200 5463 "-" "Mozilla/5.0 (Macintosh; Intel Mac OS X 10_15_7; x86) AppleWebKit/537.36 (KHTML, like Gecko) Firefox/91.0.0.0 Safari/537.36"
200.127.115.216 - - [24/Jul/2026:08:04:28 +0200] "POST /xmlrpc.php HTTP/1.1" 200 5463 "-" "Mozilla/5.0 (X11; Ubuntu; Linux x86_64; arm64) AppleWebKit/537.36 (KHTML, like Gecko) Safari/13.0.0.0 Safari/537.36"
91.134.83.25 - - [24/Jul/2026:08:04:28 +0200] "POST /wp-cron.php?doing_wp_cron=1784873068.7982521057128906250000 HTTP/1.1" 200 5074 "-" "WordPress/6.9.4; https://as-cp.fr"
91.134.83.25 - - [24/Jul/2026:08:04:53 +0200] "POST /wp-cron.php?doing_wp_cron=1784873093.9172339439392089843750 HTTP/1.1" 200 5074 "-" "WordPress/6.9.4; https://as-cp.fr"
200.127.115.216 - - [24/Jul/2026:08:04:53 +0200] "POST /xmlrpc.php HTTP/1.1" 200 5463 "-" "Mozilla/5.0 (Windows NT 6.2; x64) AppleWebKit/537.36 (KHTML, like Gecko) Safari/11.0.0.0 Safari/537.36"
45.146.54.11 - - [24/Jul/2026:08:04:57 +0200] "GET /wp-login.php HTTP/1.1" 200 8735 "-" "Mozilla/5.0 (Linux; Android 13; motorola edge 40 Build/T2TLS33.3-62-3-3-1-4; wv) AppleWebKit/537.36 (KHTML, like Gecko) Version/4.0 Chrome/123.0.6312.114 Mobile Safari/537.36 [FB_IAB/FB4A;FBAV/459.1.0.42.84;]"
45.146.54.11 - - [24/Jul/2026:08:04:57 +0200] "GET /?author=1 HTTP/1.1" 301 5066 "-" "Mozilla/5.0 (X11; Linux i686) AppleWebKit/537.36 (KHTML, like Gecko) snap Chromium/83.0.4103.97 Chrome/83.0.4103.97 Safari/537.36"
45.146.54.11 - - [24/Jul/2026:08:04:58 +0200] "GET /?rest_route=/wp/v2/users HTTP/1.1" 200 7523 "-" "Mozilla/5.0 (Linux; Android 6.0; HTC One_M8) AppleWebKit/537.36 (KHTML, like Gecko) Chrome/84.0.4147.125 Mobile Safari/537.36"
45.146.54.11 - - [24/Jul/2026:08:04:59 +0200] "GET /?author=2 HTTP/1.1" 301 5069 "-" "Mozilla/5.0 (Linux; Android 10; K) AppleWebKit/537.36 (KHTML, like Gecko) Chrome/123.0.0.0 Mobile Safari/537.36 [ip:109.54.18.178]"
45.146.54.11 - - [24/Jul/2026:08:04:59 +0200] "GET /?rest_route=/wp/v2/users HTTP/1.1" 200 7523 "-" "Dalvik/2.1.0 (Linux; U; Android 11; CPH1911 Build/RP1A.200720.011)"
45.146.54.11 - - [24/Jul/2026:08:05:00 +0200] "GET /?author=3 HTTP/1.1" 301 5197 "-" "Mozilla/5.0 (X11; Linux armv7l) AppleWebKit/537.36 (KHTML, like Gecko) Chrome/90.0.4430.225 Safari/537.36 CrKey/1.56.500000 DeviceType/SmartSpeaker [ip:93.34.145.203]"
45.146.54.11 - - [24/Jul/2026:08:05:01 +0200] "GET /?rest_route=/wp/v2/users HTTP/1.1" 200 7523 "-" "Mozilla/5.0 (iPhone; CPU iPhone OS 13_1_2 like Mac OS X) AppleWebKit/605.1.15 (KHTML, like Gecko) WKWebView/BitrixMobile/Version=35"
91.134.83.25 - - [24/Jul/2026:08:05:22 +0200] "POST /wp-cron.php?doing_wp_cron=1784873122.2797250747680664062500 HTTP/1.1" 200 5074 "-" "WordPress/6.9.4; https://as-cp.fr"
200.127.115.216 - - [24/Jul/2026:08:05:21 +0200] "POST /xmlrpc.php HTTP/1.1" 200 5463 "-" "Mozilla/5.0 (Macintosh; Intel Mac OS X 10_15_7; x86) AppleWebKit/537.36 (KHTML, like Gecko) Opera/79.0.0.0 Safari/537.36"
91.134.83.25 - - [24/Jul/2026:08:05:45 +0200] "POST /wp-cron.php?doing_wp_cron=1784873145.6469619274139404296875 HTTP/1.1" 200 5074 "-" "WordPress/6.9.4; https://as-cp.fr"
200.127.115.216 - - [24/Jul/2026:08:05:45 +0200] "POST /xmlrpc.php HTTP/1.1" 200 5463 "-" "Mozilla/5.0 (Windows NT 6.3; x64) AppleWebKit/537.36 (KHTML, like Gecko) Chrome/100.0.0.0 Safari/537.36"
200.127.115.216 - - [24/Jul/2026:08:06:09 +0200] "POST /xmlrpc.php HTTP/1.1" 200 5463 "-" "Mozilla/5.0 (Linux; Android 10; x86) AppleWebKit/537.36 (KHTML, like Gecko) Safari/10.0.0.0 Safari/537.36"
91.134.83.25 - - [24/Jul/2026:08:06:34 +0200] "POST /wp-cron.php?doing_wp_cron=1784873194.8853809833526611328125 HTTP/1.1" 200 5074 "-" "WordPress/6.9.4; https://as-cp.fr"
200.127.115.216 - - [24/Jul/2026:08:06:34 +0200] "POST /xmlrpc.php HTTP/1.1" 200 5463 "-" "Mozilla/5.0 (Linux; Android 10; arm64) AppleWebKit/537.36 (KHTML, like Gecko) Opera/71.0.0.0 Safari/537.36"
91.134.83.25 - - [24/Jul/2026:08:07:01 +0200] "POST /wp-cron.php?doing_wp_cron=1784873221.4788389205932617187500 HTTP/1.1" 200 5074 "-" "WordPress/6.9.4; https://as-cp.fr"
200.127.115.216 - - [24/Jul/2026:08:07:01 +0200] "POST /xmlrpc.php HTTP/1.1" 200 5463 "-" "Mozilla/5.0 (X11; Ubuntu; Linux x86_64; x64) AppleWebKit/537.36 (KHTML, like Gecko) Chrome/81.0.0.0 Safari/537.36"
91.134.83.25 - - [24/Jul/2026:08:07:32 +0200] "POST /wp-cron.php?doing_wp_cron=1784873252.4948220252990722656250 HTTP/1.1" 200 5074 "-" "WordPress/6.9.4; https://as-cp.fr"
200.127.115.216 - - [24/Jul/2026:08:07:32 +0200] "POST /xmlrpc.php HTTP/1.1" 200 5463 "-" "Mozilla/5.0 (Linux; Android 10; arm64) AppleWebKit/537.36 (KHTML, like Gecko) Opera/66.0.0.0 Safari/537.36"
91.134.83.25 - - [24/Jul/2026:08:07:56 +0200] "POST /wp-cron.php?doing_wp_cron=1784873276.6304740905761718750000 HTTP/1.1" 200 5074 "-" "WordPress/6.9.4; https://as-cp.fr"
200.127.115.216 - - [24/Jul/2026:08:07:56 +0200] "POST /xmlrpc.php HTTP/1.1" 200 5463 "-" "Mozilla/5.0 (Windows NT 6.3; x64) AppleWebKit/537.36 (KHTML, like Gecko) Firefox/81.0.0.0 Safari/537.36"
91.134.83.25 - - [24/Jul/2026:08:08:19 +0200] "POST /wp-cron.php?doing_wp_cron=1784873299.3896899223327636718750 HTTP/1.1" 200 5074 "-" "WordPress/6.9.4; https://as-cp.fr"
200.127.115.216 - - [24/Jul/2026:08:08:19 +0200] "POST /xmlrpc.php HTTP/1.1" 200 5463 "-" "Mozilla/5.0 (Macintosh; Intel Mac OS X 10_15_7; x64) AppleWebKit/537.36 (KHTML, like Gecko) Opera/78.0.0.0 Safari/537.36"
91.134.83.25 - - [24/Jul/2026:08:08:47 +0200] "POST /wp-cron.php?doing_wp_cron=1784873327.0983569622039794921875 HTTP/1.1" 200 5074 "-" "WordPress/6.9.4; https://as-cp.fr"
200.127.115.216 - - [24/Jul/2026:08:08:46 +0200] "POST /xmlrpc.php HTTP/1.1" 200 5463 "-" "Mozilla/5.0 (Windows NT 6.2; arm64) AppleWebKit/537.36 (KHTML, like Gecko) Safari/11.0.0.0 Safari/537.36"
200.127.115.216 - - [24/Jul/2026:08:09:12 +0200] "POST /xmlrpc.php HTTP/1.1" 200 5463 "-" "Mozilla/5.0 (Windows NT 10.0; x86) AppleWebKit/537.36 (KHTML, like Gecko) Opera/80.0.0.0 Safari/537.36"
91.134.83.25 - - [24/Jul/2026:08:09:37 +0200] "POST /wp-cron.php?doing_wp_cron=1784873377.7152700424194335937500 HTTP/1.1" 200 5074 "-" "WordPress/6.9.4; https://as-cp.fr"
200.127.115.216 - - [24/Jul/2026:08:09:37 +0200] "POST /xmlrpc.php HTTP/1.1" 200 5463 "-" "Mozilla/5.0 (Macintosh; Intel Mac OS X 10_15_7; arm64) AppleWebKit/537.36 (KHTML, like Gecko) Safari/11.0.0.0 Safari/537.36"
91.134.83.25 - - [24/Jul/2026:08:10:00 +0200] "POST /wp-cron.php?doing_wp_cron=1784873400.9088010787963867187500 HTTP/1.1" 200 5074 "-" "WordPress/6.9.4; https://as-cp.fr"
200.127.115.216 - - [24/Jul/2026:08:10:00 +0200] "POST /xmlrpc.php HTTP/1.1" 200 5463 "-" "Mozilla/5.0 (Macintosh; Intel Mac OS X 10_15_7; x64) AppleWebKit/537.36 (KHTML, like Gecko) Chrome/101.0.0.0 Safari/537.36"
91.134.83.25 - - [24/Jul/2026:08:10:23 +0200] "POST /wp-cron.php?doing_wp_cron=1784873423.0338571071624755859375 HTTP/1.1" 200 5074 "-" "WordPress/6.9.4; https://as-cp.fr"
57.141.0.28 - - [24/Jul/2026:08:10:22 +0200] "GET /null HTTP/1.1" 301 5197 "https://as-cp.fr/?v=l1a6c3k8a9d6a3y022" "Mozilla/5.0 (Windows NT 10.0; Win64; x64) AppleWebKit/537.36 (KHTML, like Gecko) Chrome/145.0.0.0 Safari/537.36 (compatible; meta-externalagent/1.1 (+https://developers.facebook.com/docs/sharing/webmasters/crawler))"
57.141.0.12 - - [24/Jul/2026:08:10:23 +0200] "GET / HTTP/1.1" 200 26625 "https://as-cp.fr/?v=l1a6c3k8a9d6a3y022" "Mozilla/5.0 (Windows NT 10.0; Win64; x64) AppleWebKit/537.36 (KHTML, like Gecko) Chrome/145.0.0.0 Safari/537.36 (compatible; meta-externalagent/1.1 (+https://developers.facebook.com/docs/sharing/webmasters/crawler))"
200.127.115.216 - - [24/Jul/2026:08:10:26 +0200] "POST /xmlrpc.php HTTP/1.1" 200 5463 "-" "Mozilla/5.0 (Linux; Android 10; x64) AppleWebKit/537.36 (KHTML, like Gecko) Edge/80.0.0.0 Safari/537.36"
91.134.83.25 - - [24/Jul/2026:08:10:54 +0200] "POST /wp-cron.php?doing_wp_cron=1784873454.2193500995635986328125 HTTP/1.1" 200 5074 "-" "WordPress/6.9.4; https://as-cp.fr"
200.127.115.216 - - [24/Jul/2026:08:10:54 +0200] "POST /xmlrpc.php HTTP/1.1" 200 5463 "-" "Mozilla/5.0 (Linux; Android 10; arm64) AppleWebKit/537.36 (KHTML, like Gecko) Opera/66.0.0.0 Safari/537.36"
200.127.115.216 - - [24/Jul/2026:08:11:16 +0200] "POST /xmlrpc.php HTTP/1.1" 200 5463 "-" "Mozilla/5.0 (Windows NT 10.0; x64) AppleWebKit/537.36 (KHTML, like Gecko) Edge/90.0.0.0 Safari/537.36"
91.134.83.25 - - [24/Jul/2026:08:11:39 +0200] "POST /wp-cron.php?doing_wp_cron=1784873499.3302938938140869140625 HTTP/1.1" 200 5074 "-" "WordPress/6.9.4; https://as-cp.fr"
200.127.115.216 - - [24/Jul/2026:08:11:39 +0200] "POST /xmlrpc.php HTTP/1.1" 200 5463 "-" "Mozilla/5.0 (Macintosh; Intel Mac OS X 10_15_7; x86) AppleWebKit/537.36 (KHTML, like Gecko) Firefox/96.0.0.0 Safari/537.36"
91.134.83.25 - - [24/Jul/2026:08:12:01 +0200] "POST /wp-cron.php?doing_wp_cron=1784873521.6758589744567871093750 HTTP/1.1" 200 5074 "-" "WordPress/6.9.4; https://as-cp.fr"
200.127.115.216 - - [24/Jul/2026:08:12:01 +0200] "POST /xmlrpc.php HTTP/1.1" 200 5463 "-" "Mozilla/5.0 (Windows NT 10.0; x86) AppleWebKit/537.36 (KHTML, like Gecko) Safari/15.0.0.0 Safari/537.36"
91.134.83.25 - - [24/Jul/2026:08:12:24 +0200] "POST /wp-cron.php?doing_wp_cron=1784873544.2099480628967285156250 HTTP/1.1" 200 5074 "-" "WordPress/6.9.4; https://as-cp.fr"
200.127.115.216 - - [24/Jul/2026:08:12:23 +0200] "POST /xmlrpc.php HTTP/1.1" 200 5463 "-" "Mozilla/5.0 (Macintosh; Intel Mac OS X 10_15_7; x86) AppleWebKit/537.36 (KHTML, like Gecko) Safari/15.0.0.0 Safari/537.36"
91.134.83.25 - - [24/Jul/2026:08:12:49 +0200] "POST /wp-cron.php?doing_wp_cron=1784873569.2878360748291015625000 HTTP/1.1" 200 5074 "-" "WordPress/6.9.4; https://as-cp.fr"
200.127.115.216 - - [24/Jul/2026:08:12:49 +0200] "POST /xmlrpc.php HTTP/1.1" 200 5463 "-" "Mozilla/5.0 (Macintosh; Intel Mac OS X 10_15_7; x64) AppleWebKit/537.36 (KHTML, like Gecko) Chrome/99.0.0.0 Safari/537.36"
200.127.115.216 - - [24/Jul/2026:08:13:12 +0200] "POST /xmlrpc.php HTTP/1.1" 200 5463 "-" "Mozilla/5.0 (Macintosh; Intel Mac OS X 10_15_7; x64) AppleWebKit/537.36 (KHTML, like Gecko) Chrome/113.0.0.0 Safari/537.36"
91.134.83.25 - - [24/Jul/2026:08:13:35 +0200] "POST /wp-cron.php?doing_wp_cron=1784873615.1328380107879638671875 HTTP/1.1" 200 5074 "-" "WordPress/6.9.4; https://as-cp.fr"
200.127.115.216 - - [24/Jul/2026:08:13:34 +0200] "POST /xmlrpc.php HTTP/1.1" 200 5463 "-" "Mozilla/5.0 (Windows NT 6.2; arm64) AppleWebKit/537.36 (KHTML, like Gecko) Opera/64.0.0.0 Safari/537.36"
91.134.83.25 - - [24/Jul/2026:08:13:57 +0200] "POST /wp-cron.php?doing_wp_cron=1784873637.7088699340820312500000 HTTP/1.1" 200 5074 "-" "WordPress/6.9.4; https://as-cp.fr"
200.127.115.216 - - [24/Jul/2026:08:13:57 +0200] "POST /xmlrpc.php HTTP/1.1" 200 5463 "-" "Mozilla/5.0 (Windows NT 6.3; arm64) AppleWebKit/537.36 (KHTML, like Gecko) Firefox/93.0.0.0 Safari/537.36"
91.134.83.25 - - [24/Jul/2026:08:14:19 +0200] "POST /wp-cron.php?doing_wp_cron=1784873659.2778089046478271484375 HTTP/1.1" 200 5074 "-" "WordPress/6.9.4; https://as-cp.fr"
200.127.115.216 - - [24/Jul/2026:08:14:19 +0200] "POST /xmlrpc.php HTTP/1.1" 200 5463 "-" "Mozilla/5.0 (Windows NT 10.0; x86) AppleWebKit/537.36 (KHTML, like Gecko) Edge/89.0.0.0 Safari/537.36"
91.134.83.25 - - [24/Jul/2026:08:14:26 +0200] "POST /wp-cron.php?doing_wp_cron=1784873666.9305050373077392578125 HTTP/1.1" 200 5074 "-" "WordPress/6.9.4; https://as-cp.fr"
182.77.62.24 - - [24/Jul/2026:08:14:26 +0200] "GET /wp-login.php HTTP/1.1" 200 8735 "-" "Mozilla/5.0 (Windows NT 10.0; Win64; x64) AppleWebKit/537.36 (KHTML, like Gecko) Chrome/150.0.0.0 Safari/537.36"
182.77.62.24 - - [24/Jul/2026:08:14:27 +0200] "POST /wp-login.php HTTP/1.1" 200 8911 "https://as-cp.fr/wp-login.php" "Mozilla/5.0 (Windows NT 10.0; Win64; x64) AppleWebKit/537.36 (KHTML, like Gecko) Chrome/150.0.0.0 Safari/537.36"
91.134.83.25 - - [24/Jul/2026:08:14:38 +0200] "POST /wp-cron.php?doing_wp_cron=1784873678.8573980331420898437500 HTTP/1.1" 200 5074 "-" "WordPress/6.9.4; https://as-cp.fr"
57.141.0.43 - - [24/Jul/2026:08:14:38 +0200] "GET /?v=e7p2i0s0t3e5m6o6l9o4g1y HTTP/1.1" 200 26377 "-" "Mozilla/5.0 (Windows NT 10.0; Win64; x64) AppleWebKit/537.36 (KHTML, like Gecko) Chrome/145.0.0.0 Safari/537.36 (compatible; meta-externalagent/1.1 (+https://developers.facebook.com/docs/sharing/webmasters/crawler))"
91.134.83.25 - - [24/Jul/2026:08:14:43 +0200] "POST /wp-cron.php?doing_wp_cron=1784873683.3466699123382568359375 HTTP/1.1" 200 5074 "-" "WordPress/6.9.4; https://as-cp.fr"
20.153.140.50 - - [24/Jul/2026:08:14:43 +0200] "GET /wp-login.php HTTP/1.1" 200 8735 "-" "Mozilla/5.0 (Windows NT 10.0; Win64; x64) AppleWebKit/537.36 (KHTML, like Gecko) Chrome/150.0.0.0 Safari/537.36"
200.127.115.216 - - [24/Jul/2026:08:14:43 +0200] "POST /xmlrpc.php HTTP/1.1" 200 5463 "-" "Mozilla/5.0 (Macintosh; Intel Mac OS X 10_15_7; arm64) AppleWebKit/537.36 (KHTML, like Gecko) Chrome/101.0.0.0 Safari/537.36"
20.153.140.50 - - [24/Jul/2026:08:14:43 +0200] "POST /wp-login.php HTTP/1.1" 200 8910 "https://as-cp.fr/wp-login.php" "Mozilla/5.0 (Windows NT 10.0; Win64; x64) AppleWebKit/537.36 (KHTML, like Gecko) Chrome/150.0.0.0 Safari/537.36"
57.141.0.13 - - [24/Jul/2026:08:14:48 +0200] "GET /null HTTP/1.1" 301 5197 "https://as-cp.fr/?v=e7p2i0s0t3e5m6o6l9o4g1y" "Mozilla/5.0 (Windows NT 10.0; Win64; x64) AppleWebKit/537.36 (KHTML, like Gecko) Chrome/145.0.0.0 Safari/537.36 (compatible; meta-externalagent/1.1 (+https://developers.facebook.com/docs/sharing/webmasters/crawler))"
57.141.0.49 - - [24/Jul/2026:08:14:48 +0200] "GET / HTTP/1.1" 200 26625 "https://as-cp.fr/?v=e7p2i0s0t3e5m6o6l9o4g1y" "Mozilla/5.0 (Windows NT 10.0; Win64; x64) AppleWebKit/537.36 (KHTML, like Gecko) Chrome/145.0.0.0 Safari/537.36 (compatible; meta-externalagent/1.1 (+https://developers.facebook.com/docs/sharing/webmasters/crawler))"
200.127.115.216 - - [24/Jul/2026:08:15:06 +0200] "POST /xmlrpc.php HTTP/1.1" 200 5463 "-" "Mozilla/5.0 (Windows NT 6.2; x86) AppleWebKit/537.36 (KHTML, like Gecko) Edge/96.0.0.0 Safari/537.36"
91.134.83.25 - - [24/Jul/2026:08:15:28 +0200] "POST /wp-cron.php?doing_wp_cron=1784873728.1305530071258544921875 HTTP/1.1" 200 5074 "-" "WordPress/6.9.4; https://as-cp.fr"
200.127.115.216 - - [24/Jul/2026:08:15:27 +0200] "POST /xmlrpc.php HTTP/1.1" 200 5463 "-" "Mozilla/5.0 (Windows NT 6.3; x86) AppleWebKit/537.36 (KHTML, like Gecko) Edge/97.0.0.0 Safari/537.36"
200.127.115.216 - - [24/Jul/2026:08:15:52 +0200] "POST /xmlrpc.php HTTP/1.1" 200 5463 "-" "Mozilla/5.0 (Linux; Android 10; arm64) AppleWebKit/537.36 (KHTML, like Gecko) Opera/66.0.0.0 Safari/537.36"
91.134.83.25 - - [24/Jul/2026:08:15:52 +0200] "POST /wp-cron.php?doing_wp_cron=1784873752.3680529594421386718750 HTTP/1.1" 200 5074 "-" "WordPress/6.9.4; https://as-cp.fr"
200.127.115.216 - - [24/Jul/2026:08:16:14 +0200] "POST /xmlrpc.php HTTP/1.1" 200 5463 "-" "Mozilla/5.0 (X11; Ubuntu; Linux x86_64; x64) AppleWebKit/537.36 (KHTML, like Gecko) Safari/12.0.0.0 Safari/537.36"
91.134.83.25 - - [24/Jul/2026:08:16:35 +0200] "POST /wp-cron.php?doing_wp_cron=1784873795.6638050079345703125000 HTTP/1.1" 200 5074 "-" "WordPress/6.9.4; https://as-cp.fr"
200.127.115.216 - - [24/Jul/2026:08:16:35 +0200] "POST /xmlrpc.php HTTP/1.1" 200 5463 "-" "Mozilla/5.0 (Windows NT 6.3; x64) AppleWebKit/537.36 (KHTML, like Gecko) Opera/63.0.0.0 Safari/537.36"
91.134.83.25 - - [24/Jul/2026:08:16:58 +0200] "POST /wp-cron.php?doing_wp_cron=1784873818.5696930885314941406250 HTTP/1.1" 200 5074 "-" "WordPress/6.9.4; https://as-cp.fr"
200.127.115.216 - - [24/Jul/2026:08:16:58 +0200] "POST /xmlrpc.php HTTP/1.1" 200 5463 "-" "Mozilla/5.0 (Macintosh; Intel Mac OS X 10_15_7; arm64) AppleWebKit/537.36 (KHTML, like Gecko) Chrome/84.0.0.0 Safari/537.36"
91.134.83.25 - - [24/Jul/2026:08:17:22 +0200] "POST /wp-cron.php?doing_wp_cron=1784873842.3107550144195556640625 HTTP/1.1" 200 5074 "-" "WordPress/6.9.4; https://as-cp.fr"
200.127.115.216 - - [24/Jul/2026:08:17:22 +0200] "POST /xmlrpc.php HTTP/1.1" 200 5463 "-" "Mozilla/5.0 (Windows NT 10.0; x86) AppleWebKit/537.36 (KHTML, like Gecko) Safari/12.0.0.0 Safari/537.36"
91.134.83.25 - - [24/Jul/2026:08:17:44 +0200] "POST /wp-cron.php?doing_wp_cron=1784873864.4598479270935058593750 HTTP/1.1" 200 5074 "-" "WordPress/6.9.4; https://as-cp.fr"
200.127.115.216 - - [24/Jul/2026:08:17:44 +0200] "POST /xmlrpc.php HTTP/1.1" 200 5463 "-" "Mozilla/5.0 (Windows NT 10.0; x86) AppleWebKit/537.36 (KHTML, like Gecko) Chrome/110.0.0.0 Safari/537.36"
89.110.64.239 - - [24/Jul/2026:08:20:21 +0200] "GET /contact/ HTTP/1.1" 200 78799 "https://as-cp.fr/contact/" "Mozilla/5.0 (Windows NT 10.0; Win64; x64) AppleWebKit/537.36 (KHTML, like Gecko) Chrome/130.0.0.0 Safari/537.36"
91.134.83.25 - - [24/Jul/2026:08:22:11 +0200] "POST /wp-cron.php?doing_wp_cron=1784874131.4651079177856445312500 HTTP/1.1" 200 5074 "-" "WordPress/6.9.4; https://as-cp.fr"
57.141.0.39 - - [24/Jul/2026:08:22:11 +0200] "GET /?v=s3a3n7d8h8i3l7l6e4r25 HTTP/1.1" 200 26378 "-" "Mozilla/5.0 (Windows NT 10.0; Win64; x64) AppleWebKit/537.36 (KHTML, like Gecko) Chrome/145.0.0.0 Safari/537.36 (compatible; meta-externalagent/1.1 (+https://developers.facebook.com/docs/sharing/webmasters/crawler))"
57.141.0.56 - - [24/Jul/2026:08:22:12 +0200] "GET /wp-content/plugins/superfly-menu/css/public.min.css?ver=6.9.4 HTTP/1.1" 200 5103 "https://as-cp.fr/?v=s3a3n7d8h8i3l7l6e4r25" "Mozilla/5.0 (Windows NT 10.0; Win64; x64) AppleWebKit/537.36 (KHTML, like Gecko) Chrome/145.0.0.0 Safari/537.36 (compatible; meta-externalagent/1.1 (+https://developers.facebook.com/docs/sharing/webmasters/crawler))"
91.134.83.25 - - [24/Jul/2026:08:22:20 +0200] "POST /wp-cron.php?doing_wp_cron=1784874140.3667380809783935546875 HTTP/1.1" 200 5074 "-" "WordPress/6.9.4; https://as-cp.fr"
57.141.0.53 - - [24/Jul/2026:08:22:20 +0200] "GET /?abstracted%2F34220928577 HTTP/1.1" 200 26378 "-" "Mozilla/5.0 (Windows NT 10.0; Win64; x64) AppleWebKit/537.36 (KHTML, like Gecko) Chrome/145.0.0.0 Safari/537.36 (compatible; meta-externalagent/1.1 (+https://developers.facebook.com/docs/sharing/webmasters/crawler))"
91.134.83.25 - - [24/Jul/2026:08:22:24 +0200] "POST /wp-cron.php?doing_wp_cron=1784874144.9137349128723144531250 HTTP/1.1" 200 5074 "-" "WordPress/6.9.4; https://as-cp.fr"
57.141.0.10 - - [24/Jul/2026:08:22:24 +0200] "GET /null HTTP/1.1" 301 5197 "https://as-cp.fr/?v=s3a3n7d8h8i3l7l6e4r25" "Mozilla/5.0 (Windows NT 10.0; Win64; x64) AppleWebKit/537.36 (KHTML, like Gecko) Chrome/145.0.0.0 Safari/537.36 (compatible; meta-externalagent/1.1 (+https://developers.facebook.com/docs/sharing/webmasters/crawler))"
57.141.0.63 - - [24/Jul/2026:08:22:25 +0200] "GET / HTTP/1.1" 200 26625 "https://as-cp.fr/?v=s3a3n7d8h8i3l7l6e4r25" "Mozilla/5.0 (Windows NT 10.0; Win64; x64) AppleWebKit/537.36 (KHTML, like Gecko) Chrome/145.0.0.0 Safari/537.36 (compatible; meta-externalagent/1.1 (+https://developers.facebook.com/docs/sharing/webmasters/crawler))"
57.141.0.50 - - [24/Jul/2026:08:22:28 +0200] "GET /null HTTP/1.1" 301 5197 "https://as-cp.fr/?abstracted%2F34220928577" "Mozilla/5.0 (Windows NT 10.0; Win64; x64) AppleWebKit/537.36 (KHTML, like Gecko) Chrome/145.0.0.0 Safari/537.36 (compatible; meta-externalagent/1.1 (+https://developers.facebook.com/docs/sharing/webmasters/crawler))"
57.141.0.15 - - [24/Jul/2026:08:22:28 +0200] "GET / HTTP/1.1" 200 26625 "https://as-cp.fr/?abstracted%2F34220928577" "Mozilla/5.0 (Windows NT 10.0; Win64; x64) AppleWebKit/537.36 (KHTML, like Gecko) Chrome/145.0.0.0 Safari/537.36 (compatible; meta-externalagent/1.1 (+https://developers.facebook.com/docs/sharing/webmasters/crawler))"
47.128.27.45 - - [24/Jul/2026:08:25:09 +0200] "GET / HTTP/1.1" 200 26631 "-" "Mozilla/5.0 (Linux; Android 5.0) AppleWebKit/537.36 (KHTML, like Gecko) Mobile Safari/537.36 (compatible; Bytespider; spider-feedback@bytedance.com)"
47.128.27.45 - - [24/Jul/2026:08:25:10 +0200] "GET /wp-content/uploads/la_icon_sets/style.min.css?ver=6.9.4 HTTP/1.1" 200 5068 "https://as-cp.fr/" "Mozilla/5.0 (Linux; Android 5.0) AppleWebKit/537.36 (KHTML, like Gecko) Mobile Safari/537.36 (compatible; Bytespider; spider-feedback@bytedance.com)"
91.134.83.25 - - [24/Jul/2026:08:25:59 +0200] "POST /wp-cron.php?doing_wp_cron=1784874359.5101950168609619140625 HTTP/1.1" 200 5074 "-" "WordPress/6.9.4; https://as-cp.fr"
37.59.204.154 - - [24/Jul/2026:08:25:59 +0200] "GET /sitemap_index.xml HTTP/1.1" 200 5405 "-" "Mozilla/5.0 (compatible; AhrefsBot/7.0; +http://ahrefs.com/robot/)"
51.68.247.202 - - [24/Jul/2026:08:26:02 +0200] "GET /post-sitemap.xml HTTP/1.1" 200 8166 "-" "Mozilla/5.0 (compatible; AhrefsBot/7.0; +http://ahrefs.com/robot/)"
92.222.104.208 - - [24/Jul/2026:08:26:05 +0200] "GET /page-sitemap.xml HTTP/1.1" 200 5544 "-" "Mozilla/5.0 (compatible; AhrefsBot/7.0; +http://ahrefs.com/robot/)"
51.68.247.215 - - [24/Jul/2026:08:26:09 +0200] "GET /category-sitemap.xml HTTP/1.1" 200 5562 "-" "Mozilla/5.0 (compatible; AhrefsBot/7.0; +http://ahrefs.com/robot/)"
51.75.236.142 - - [24/Jul/2026:08:26:12 +0200] "GET /post_tag-sitemap.xml HTTP/1.1" 200 5636 "-" "Mozilla/5.0 (compatible; AhrefsBot/7.0; +http://ahrefs.com/robot/)"
5.39.1.238 - - [24/Jul/2026:08:26:15 +0200] "GET /kwlogos-carousel-sitemap.xml HTTP/1.1" 200 5410 "-" "Mozilla/5.0 (compatible; AhrefsBot/7.0; +http://ahrefs.com/robot/)"
91.134.83.25 - - [24/Jul/2026:08:26:19 +0200] "POST /wp-cron.php?doing_wp_cron=1784874379.0784339904785156250000 HTTP/1.1" 200 5074 "-" "WordPress/6.9.4; https://as-cp.fr"
51.68.247.199 - - [24/Jul/2026:08:26:18 +0200] "GET /author-sitemap.xml HTTP/1.1" 200 5430 "-" "Mozilla/5.0 (compatible; AhrefsBot/7.0; +http://ahrefs.com/robot/)"
91.134.83.25 - - [24/Jul/2026:08:27:49 +0200] "POST /wp-cron.php?doing_wp_cron=1784874469.8512220382690429687500 HTTP/1.1" 200 5074 "-" "WordPress/6.9.4; https://as-cp.fr"
52.139.36.144 - - [24/Jul/2026:08:27:49 +0200] "GET /wp-content/plugins/hellopress/wp_filemanager.php HTTP/1.1" 301 5197 "-" "-"
52.139.36.144 - - [24/Jul/2026:08:27:49 +0200] "GET / HTTP/1.1" 200 99298 "-" "-"
52.139.36.144 - - [24/Jul/2026:08:27:50 +0200] "GET /this_is_a_new_hello_world.php HTTP/1.1" 403 5816 "-" "-"
52.139.36.144 - - [24/Jul/2026:08:27:50 +0200] "GET /x.php HTTP/1.1" 403 5816 "-" "-"
52.139.36.144 - - [24/Jul/2026:08:27:50 +0200] "GET /by.php HTTP/1.1" 403 5816 "-" "-"
52.139.36.144 - - [24/Jul/2026:08:27:51 +0200] "GET /cxs.php HTTP/1.1" 403 5816 "-" "-"
52.139.36.144 - - [24/Jul/2026:08:27:51 +0200] "GET /coffexium.php HTTP/1.1" 403 5816 "-" "-"
52.139.36.144 - - [24/Jul/2026:08:27:51 +0200] "GET /asdf.php HTTP/1.1" 403 5816 "-" "-"
52.139.36.144 - - [24/Jul/2026:08:27:51 +0200] "GET /red.php HTTP/1.1" 403 5816 "-" "-"
52.139.36.144 - - [24/Jul/2026:08:27:51 +0200] "GET /wp-includes/sodium_compat/ HTTP/1.1" 403 5816 "-" "-"
52.139.36.144 - - [24/Jul/2026:08:27:52 +0200] "GET /wp-admin/css/colors/coffee/wp-adochan.php HTTP/1.1" 403 5816 "-" "-"
52.139.36.144 - - [24/Jul/2026:08:27:52 +0200] "GET /wp-includes/Text/ HTTP/1.1" 403 5816 "-" "-"
52.139.36.144 - - [24/Jul/2026:08:27:52 +0200] "GET /footer.php HTTP/1.1" 403 5816 "-" "-"
52.139.36.144 - - [24/Jul/2026:08:27:52 +0200] "GET /wp-content/uploads/ HTTP/1.1" 403 5816 "-" "-"
52.139.36.144 - - [24/Jul/2026:08:27:52 +0200] "GET /wp-content/index.php HTTP/1.1" 200 4981 "-" "-"
52.139.36.144 - - [24/Jul/2026:08:27:53 +0200] "GET /images/ HTTP/1.1" 403 5816 "-" "-"
52.139.36.144 - - [24/Jul/2026:08:27:53 +0200] "GET /zoro.php HTTP/1.1" 403 5816 "-" "-"
52.139.36.144 - - [24/Jul/2026:08:27:53 +0200] "GET /wm.php HTTP/1.1" 403 5816 "-" "-"
52.139.36.144 - - [24/Jul/2026:08:27:53 +0200] "GET /bajah.php HTTP/1.1" 403 5816 "-" "-"
52.139.36.144 - - [24/Jul/2026:08:27:53 +0200] "GET /cream1.php HTTP/1.1" 403 5816 "-" "-"
52.139.36.144 - - [24/Jul/2026:08:27:54 +0200] "GET /lim.php HTTP/1.1" 403 5816 "-" "-"
52.139.36.144 - - [24/Jul/2026:08:27:54 +0200] "GET /heat3.php HTTP/1.1" 403 5816 "-" "-"
52.139.36.144 - - [24/Jul/2026:08:27:54 +0200] "GET /greap.php HTTP/1.1" 403 5816 "-" "-"
52.139.36.144 - - [24/Jul/2026:08:27:54 +0200] "GET /177.php HTTP/1.1" 403 5816 "-" "-"
52.139.36.144 - - [24/Jul/2026:08:27:54 +0200] "GET /199.php HTTP/1.1" 403 5816 "-" "-"
52.139.36.144 - - [24/Jul/2026:08:27:55 +0200] "GET /file52.php HTTP/1.1" 403 5816 "-" "-"
52.139.36.144 - - [24/Jul/2026:08:27:55 +0200] "GET /122.php HTTP/1.1" 403 5816 "-" "-"
52.139.36.144 - - [24/Jul/2026:08:27:55 +0200] "GET /green1.php HTTP/1.1" 403 5816 "-" "-"
52.139.36.144 - - [24/Jul/2026:08:27:55 +0200] "GET /sukce.php HTTP/1.1" 403 5816 "-" "-"
52.139.36.144 - - [24/Jul/2026:08:27:55 +0200] "GET /xb.php HTTP/1.1" 403 5816 "-" "-"
52.139.36.144 - - [24/Jul/2026:08:27:56 +0200] "GET /biufile.php HTTP/1.1" 403 5816 "-" "-"
52.139.36.144 - - [24/Jul/2026:08:27:56 +0200] "GET /wpconf.php HTTP/1.1" 403 5816 "-" "-"
52.139.36.144 - - [24/Jul/2026:08:27:56 +0200] "GET /ultradybbuks.php HTTP/1.1" 403 5816 "-" "-"
52.139.36.144 - - [24/Jul/2026:08:27:56 +0200] "GET /novax.php HTTP/1.1" 403 5816 "-" "-"
52.139.36.144 - - [24/Jul/2026:08:27:57 +0200] "GET /dejavu.php HTTP/1.1" 403 5816 "-" "-"
52.139.36.144 - - [24/Jul/2026:08:27:57 +0200] "GET /aaf.php HTTP/1.1" 403 5816 "-" "-"
52.139.36.144 - - [24/Jul/2026:08:27:57 +0200] "GET /b00869ae6e.php HTTP/1.1" 403 5816 "-" "-"
52.139.36.144 - - [24/Jul/2026:08:27:57 +0200] "GET /term.php HTTP/1.1" 301 5197 "-" "-"
52.139.36.144 - - [24/Jul/2026:08:27:56 +0200] "GET /mosty.php HTTP/1.1" 403 5816 "-" "-"
52.139.36.144 - - [24/Jul/2026:08:27:58 +0200] "GET / HTTP/1.1" 200 99298 "-" "-"
52.139.36.144 - - [24/Jul/2026:08:27:58 +0200] "GET /wander.php HTTP/1.1" 403 5816 "-" "-"
52.139.36.144 - - [24/Jul/2026:08:27:58 +0200] "GET /ha.php HTTP/1.1" 403 5816 "-" "-"
52.139.36.144 - - [24/Jul/2026:08:27:58 +0200] "GET /hur.php HTTP/1.1" 403 5816 "-" "-"
52.139.36.144 - - [24/Jul/2026:08:27:59 +0200] "GET /2222.php HTTP/1.1" 403 5816 "-" "-"
52.139.36.144 - - [24/Jul/2026:08:27:59 +0200] "GET /h02ugyh.php HTTP/1.1" 403 5816 "-" "-"
52.139.36.144 - - [24/Jul/2026:08:27:59 +0200] "GET /seiso.php HTTP/1.1" 403 5816 "-" "-"
52.139.36.144 - - [24/Jul/2026:08:27:59 +0200] "GET /155.php HTTP/1.1" 403 5816 "-" "-"
52.139.36.144 - - [24/Jul/2026:08:27:59 +0200] "GET /ppp.php HTTP/1.1" 403 5816 "-" "-"
52.139.36.144 - - [24/Jul/2026:08:28:00 +0200] "GET /201.php HTTP/1.1" 403 5816 "-" "-"
52.139.36.144 - - [24/Jul/2026:08:28:00 +0200] "GET /ops.php HTTP/1.1" 403 5816 "-" "-"
52.139.36.144 - - [24/Jul/2026:08:28:00 +0200] "GET /samll.php HTTP/1.1" 403 5816 "-" "-"
52.139.36.144 - - [24/Jul/2026:08:28:00 +0200] "GET /ingfo.php HTTP/1.1" 403 5816 "-" "-"
52.139.36.144 - - [24/Jul/2026:08:28:00 +0200] "GET /error_log.php HTTP/1.1" 403 5816 "-" "-"
52.139.36.144 - - [24/Jul/2026:08:28:01 +0200] "GET /xenon1337.php HTTP/1.1" 403 5816 "-" "-"
52.139.36.144 - - [24/Jul/2026:08:28:01 +0200] "GET /test11.php HTTP/1.1" 403 5816 "-" "-"
52.139.36.144 - - [24/Jul/2026:08:28:01 +0200] "GET /koala.php HTTP/1.1" 403 5816 "-" "-"
52.139.36.144 - - [24/Jul/2026:08:28:01 +0200] "GET /mac.php HTTP/1.1" 403 5816 "-" "-"
52.139.36.144 - - [24/Jul/2026:08:28:02 +0200] "GET /25d653587fdfd1.php HTTP/1.1" 403 5816 "-" "-"
52.139.36.144 - - [24/Jul/2026:08:28:02 +0200] "GET /wefile.php HTTP/1.1" 403 5816 "-" "-"
52.139.36.144 - - [24/Jul/2026:08:28:02 +0200] "GET /modules/mod_simplefileuploadv1.3/elements/filemanager.php?p= HTTP/1.1" 301 5220 "-" "-"
52.139.36.144 - - [24/Jul/2026:08:28:02 +0200] "GET /modules/mod_simplefileuploadv1.3/elements/filemanager.php HTTP/1.1" 301 5197 "-" "-"
52.139.36.144 - - [24/Jul/2026:08:28:03 +0200] "GET / HTTP/1.1" 200 99298 "-" "-"
52.139.36.144 - - [24/Jul/2026:08:28:03 +0200] "GET /wp-includes/blocks/post-comments-form/ HTTP/1.1" 403 5816 "-" "-"
52.139.36.144 - - [24/Jul/2026:08:28:03 +0200] "GET /wp-admin/js/ HTTP/1.1" 403 5816 "-" "-"
52.139.36.144 - - [24/Jul/2026:08:28:03 +0200] "GET /wp-admin/css/colour.php HTTP/1.1" 403 5816 "-" "-"
52.139.36.144 - - [24/Jul/2026:08:28:03 +0200] "GET /2P.php HTTP/1.1" 403 5816 "-" "-"
52.139.36.144 - - [24/Jul/2026:08:28:04 +0200] "GET /tires.php HTTP/1.1" 403 5816 "-" "-"
52.139.36.144 - - [24/Jul/2026:08:28:04 +0200] "GET /wordpress/wp-admin/maint/ HTTP/1.1" 301 5197 "-" "-"
52.139.36.144 - - [24/Jul/2026:08:28:04 +0200] "GET / HTTP/1.1" 200 99298 "-" "-"
52.139.36.144 - - [24/Jul/2026:08:28:04 +0200] "GET /.well-known/about.php HTTP/1.1" 301 5197 "-" "-"
52.139.36.144 - - [24/Jul/2026:08:28:05 +0200] "GET / HTTP/1.1" 200 99298 "-" "-"
52.139.36.144 - - [24/Jul/2026:08:28:05 +0200] "GET /wp-includes/ID3/about.php HTTP/1.1" 403 5816 "-" "-"
52.139.36.144 - - [24/Jul/2026:08:28:05 +0200] "GET /bob.php HTTP/1.1" 403 5816 "-" "-"
52.139.36.144 - - [24/Jul/2026:08:28:06 +0200] "GET /t3s.php HTTP/1.1" 403 5816 "-" "-"
52.139.36.144 - - [24/Jul/2026:08:28:06 +0200] "GET /wp-admin/css/ HTTP/1.1" 403 5816 "-" "-"
52.139.36.144 - - [24/Jul/2026:08:28:06 +0200] "GET /wp-admin/css/colors/modern/ HTTP/1.1" 403 5816 "-" "-"
52.139.36.144 - - [24/Jul/2026:08:28:06 +0200] "GET /uwu.php HTTP/1.1" 403 5816 "-" "-"
52.139.36.144 - - [24/Jul/2026:08:28:06 +0200] "GET /uwa.php HTTP/1.1" 403 5816 "-" "-"
52.139.36.144 - - [24/Jul/2026:08:28:07 +0200] "GET /geforce.php HTTP/1.1" 403 5816 "-" "-"
52.139.36.144 - - [24/Jul/2026:08:28:07 +0200] "GET /pucci.php HTTP/1.1" 403 5816 "-" "-"
52.139.36.144 - - [24/Jul/2026:08:28:07 +0200] "GET /wp-includes/blocks/details/ HTTP/1.1" 403 5816 "-" "-"
52.139.36.144 - - [24/Jul/2026:08:28:07 +0200] "GET /wp-includes/blocks/audio/ HTTP/1.1" 403 5816 "-" "-"
52.139.36.144 - - [24/Jul/2026:08:28:08 +0200] "GET /wp-temp.php HTTP/1.1" 403 5816 "-" "-"
52.139.36.144 - - [24/Jul/2026:08:28:07 +0200] "GET /crgio.php HTTP/1.1" 403 5816 "-" "-"
52.139.36.144 - - [24/Jul/2026:08:28:08 +0200] "GET /wp-includes/blocks/buttons/ HTTP/1.1" 403 5816 "-" "-"
52.139.36.144 - - [24/Jul/2026:08:28:08 +0200] "GET /mode.php HTTP/1.1" 403 5816 "-" "-"
52.139.36.144 - - [24/Jul/2026:08:28:08 +0200] "GET //wp-admin/js/index.php HTTP/1.1" 301 5175 "-" "-"
52.139.36.144 - - [24/Jul/2026:08:28:08 +0200] "GET /wp-admin/js/ HTTP/1.1" 403 5816 "-" "-"
52.139.36.144 - - [24/Jul/2026:08:28:09 +0200] "GET /dx.php HTTP/1.1" 403 5816 "-" "-"
52.139.36.144 - - [24/Jul/2026:08:28:09 +0200] "GET /puc.php HTTP/1.1" 403 5816 "-" "-"
52.139.36.144 - - [24/Jul/2026:08:28:09 +0200] "GET //themes.php HTTP/1.1" 301 5173 "-" "-"
52.139.36.144 - - [24/Jul/2026:08:28:09 +0200] "GET /themes.php HTTP/1.1" 301 5197 "-" "-"
52.139.36.144 - - [24/Jul/2026:08:28:10 +0200] "GET / HTTP/1.1" 200 99298 "-" "-"
52.139.36.144 - - [24/Jul/2026:08:28:10 +0200] "GET /dx.php HTTP/1.1" 403 5816 "-" "-"
52.139.36.144 - - [24/Jul/2026:08:28:10 +0200] "GET /11.php HTTP/1.1" 403 5816 "-" "-"
52.139.36.144 - - [24/Jul/2026:08:28:10 +0200] "GET /p.php HTTP/1.1" 403 5816 "-" "-"
52.139.36.144 - - [24/Jul/2026:08:28:11 +0200] "GET //wp-includes/Requests/ HTTP/1.1" 403 5816 "-" "-"
52.139.36.144 - - [24/Jul/2026:08:28:11 +0200] "GET /bthil.php HTTP/1.1" 403 5816 "-" "-"
52.139.36.144 - - [24/Jul/2026:08:28:11 +0200] "GET /7.php HTTP/1.1" 403 5816 "-" "-"
52.139.36.144 - - [24/Jul/2026:08:28:11 +0200] "GET /8.php HTTP/1.1" 403 5816 "-" "-"
52.139.36.144 - - [24/Jul/2026:08:28:11 +0200] "GET /1.php HTTP/1.1" 403 5816 "-" "-"
52.139.36.144 - - [24/Jul/2026:08:28:12 +0200] "GET /100.php HTTP/1.1" 403 5816 "-" "-"
52.139.36.144 - - [24/Jul/2026:08:28:12 +0200] "GET /about.php HTTP/1.1" 403 5816 "-" "-"
52.139.36.144 - - [24/Jul/2026:08:28:12 +0200] "GET //admin.php HTTP/1.1" 301 5172 "-" "-"
52.139.36.144 - - [24/Jul/2026:08:28:12 +0200] "GET /admin.php HTTP/1.1" 301 5197 "-" "-"
52.139.36.144 - - [24/Jul/2026:08:28:13 +0200] "GET / HTTP/1.1" 200 99298 "-" "-"
52.139.36.144 - - [24/Jul/2026:08:28:13 +0200] "GET //edit.php HTTP/1.1" 301 5171 "-" "-"
52.139.36.144 - - [24/Jul/2026:08:28:13 +0200] "GET /edit.php HTTP/1.1" 301 5197 "-" "-"
52.139.36.144 - - [24/Jul/2026:08:28:14 +0200] "GET / HTTP/1.1" 200 99298 "-" "-"
52.139.36.144 - - [24/Jul/2026:08:28:14 +0200] "GET /wp-content/admin.php HTTP/1.1" 301 5197 "-" "-"
52.139.36.144 - - [24/Jul/2026:08:28:14 +0200] "GET / HTTP/1.1" 200 99298 "-" "-"
52.139.36.144 - - [24/Jul/2026:08:28:14 +0200] "GET //f6.php HTTP/1.1" 403 5816 "-" "-"
52.139.36.144 - - [24/Jul/2026:08:28:15 +0200] "GET /inputs.php HTTP/1.1" 301 5197 "-" "-"
52.139.36.144 - - [24/Jul/2026:08:28:15 +0200] "GET / HTTP/1.1" 200 99298 "-" "-"
52.139.36.144 - - [24/Jul/2026:08:28:15 +0200] "GET //av.php HTTP/1.1" 403 5816 "-" "-"
52.139.36.144 - - [24/Jul/2026:08:28:16 +0200] "GET /classwithtostring.php?p= HTTP/1.1" 403 5816 "-" "-"
52.139.36.144 - - [24/Jul/2026:08:28:16 +0200] "GET /wp-content/themes/index.php HTTP/1.1" 200 4981 "-" "-"
52.139.36.144 - - [24/Jul/2026:08:28:16 +0200] "GET /wp-blog.php HTTP/1.1" 403 5816 "-" "-"
52.139.36.144 - - [24/Jul/2026:08:28:16 +0200] "GET //wp-includes/js/jquery/ HTTP/1.1" 403 5816 "-" "-"
52.139.36.144 - - [24/Jul/2026:08:28:17 +0200] "GET //wp-content/admin.php HTTP/1.1" 301 5183 "-" "-"
52.139.36.144 - - [24/Jul/2026:08:28:17 +0200] "GET /wp-content/admin.php HTTP/1.1" 301 5197 "-" "-"
52.139.36.144 - - [24/Jul/2026:08:28:17 +0200] "GET / HTTP/1.1" 200 99298 "-" "-"
91.134.83.25 - - [24/Jul/2026:08:28:18 +0200] "POST /wp-cron.php?doing_wp_cron=1784874498.1312139034271240234375 HTTP/1.1" 200 5074 "-" "WordPress/6.9.4; https://as-cp.fr"
52.139.36.144 - - [24/Jul/2026:08:28:17 +0200] "GET //adminfuns.php HTTP/1.1" 301 5176 "-" "-"
52.139.36.144 - - [24/Jul/2026:08:28:18 +0200] "GET /adminfuns.php HTTP/1.1" 301 5197 "-" "-"
52.139.36.144 - - [24/Jul/2026:08:28:18 +0200] "GET / HTTP/1.1" 200 99298 "-" "-"
52.139.36.144 - - [24/Jul/2026:08:28:18 +0200] "GET /goods.php HTTP/1.1" 403 5816 "-" "-"
52.139.36.144 - - [24/Jul/2026:08:28:19 +0200] "GET /ms-edit.php HTTP/1.1" 301 5197 "-" "-"
52.139.36.144 - - [24/Jul/2026:08:28:19 +0200] "GET / HTTP/1.1" 200 99298 "-" "-"
52.139.36.144 - - [24/Jul/2026:08:28:19 +0200] "GET /222.php HTTP/1.1" 403 5816 "-" "-"
52.139.36.144 - - [24/Jul/2026:08:28:19 +0200] "GET //cgi-bin/index.php HTTP/1.1" 404 5829 "-" "-"
52.139.36.144 - - [24/Jul/2026:08:28:20 +0200] "GET //wp-includes/css/dist/ HTTP/1.1" 403 5816 "-" "-"
52.139.36.144 - - [24/Jul/2026:08:28:20 +0200] "GET /BDKR28WP.php HTTP/1.1" 403 5816 "-" "-"
52.139.36.144 - - [24/Jul/2026:08:28:20 +0200] "GET //wp-includes/l10n/ HTTP/1.1" 403 5816 "-" "-"
52.139.36.144 - - [24/Jul/2026:08:28:20 +0200] "GET /wp-content/uploads/ HTTP/1.1" 403 5816 "-" "-"
52.139.36.144 - - [24/Jul/2026:08:28:21 +0200] "GET /wp.php HTTP/1.1" 403 5816 "-" "-"
52.139.36.144 - - [24/Jul/2026:08:28:21 +0200] "GET //abcd.php HTTP/1.1" 403 5816 "-" "-"
52.139.36.144 - - [24/Jul/2026:08:28:21 +0200] "GET //a1.php HTTP/1.1" 403 5816 "-" "-"
52.139.36.144 - - [24/Jul/2026:08:28:21 +0200] "GET /wp-includes/Text/Diff/Engine/about.php HTTP/1.1" 403 5816 "-" "-"
52.139.36.144 - - [24/Jul/2026:08:28:21 +0200] "GET /bal.php HTTP/1.1" 403 5816 "-" "-"
52.139.36.144 - - [24/Jul/2026:08:28:22 +0200] "GET //cgi-bin/admin.php HTTP/1.1" 404 5829 "-" "-"
52.139.36.144 - - [24/Jul/2026:08:28:22 +0200] "GET /gettest.php HTTP/1.1" 403 5816 "-" "-"
52.139.36.144 - - [24/Jul/2026:08:28:22 +0200] "GET //wp-content/BypassBest.php HTTP/1.1" 403 5816 "-" "-"
52.139.36.144 - - [24/Jul/2026:08:28:22 +0200] "GET /wp-content/ HTTP/1.1" 200 4981 "-" "-"
52.139.36.144 - - [24/Jul/2026:08:28:22 +0200] "GET /simple.php HTTP/1.1" 403 5816 "-" "-"
52.139.36.144 - - [24/Jul/2026:08:28:23 +0200] "GET /kj.php HTTP/1.1" 403 5816 "-" "-"
52.139.36.144 - - [24/Jul/2026:08:28:23 +0200] "GET /xxx.php HTTP/1.1" 403 5816 "-" "-"
52.139.36.144 - - [24/Jul/2026:08:28:23 +0200] "GET /hypo.php HTTP/1.1" 403 5816 "-" "-"
52.139.36.144 - - [24/Jul/2026:08:28:23 +0200] "GET /wp-admin/css/colors/blue/ HTTP/1.1" 403 5816 "-" "-"
52.139.36.144 - - [24/Jul/2026:08:28:23 +0200] "GET /chosen.php HTTP/1.1" 403 5816 "-" "-"
52.139.36.144 - - [24/Jul/2026:08:28:24 +0200] "GET //wp-includes/block-bindings/ HTTP/1.1" 403 5816 "-" "-"
52.139.36.144 - - [24/Jul/2026:08:28:24 +0200] "GET /gg.php HTTP/1.1" 403 5816 "-" "-"
52.139.36.144 - - [24/Jul/2026:08:28:24 +0200] "GET /als.php HTTP/1.1" 403 5816 "-" "-"
52.139.36.144 - - [24/Jul/2026:08:28:24 +0200] "GET /pol.php HTTP/1.1" 403 5816 "-" "-"
52.139.36.144 - - [24/Jul/2026:08:28:24 +0200] "GET /006.php HTTP/1.1" 403 5816 "-" "-"
52.139.36.144 - - [24/Jul/2026:08:28:25 +0200] "GET /file5.php HTTP/1.1" 403 5816 "-" "-"
52.139.36.144 - - [24/Jul/2026:08:28:25 +0200] "GET /4PJcpMFsD8B.php HTTP/1.1" 403 5816 "-" "-"
52.139.36.144 - - [24/Jul/2026:08:28:25 +0200] "GET /file.php? HTTP/1.1" 403 5816 "-" "-"
52.139.36.144 - - [24/Jul/2026:08:28:25 +0200] "GET /cfile.php HTTP/1.1" 403 5816 "-" "-"
52.139.36.144 - - [24/Jul/2026:08:28:26 +0200] "GET /class-wp.php HTTP/1.1" 403 5816 "-" "-"
91.134.83.25 - - [24/Jul/2026:08:28:26 +0200] "POST /wp-cron.php?doing_wp_cron=1784874506.4503710269927978515625 HTTP/1.1" 200 5074 "-" "WordPress/6.9.4; https://as-cp.fr"
52.139.36.144 - - [24/Jul/2026:08:28:26 +0200] "GET /admin.php? HTTP/1.1" 301 5197 "-" "-"
52.139.36.144 - - [24/Jul/2026:08:28:26 +0200] "GET / HTTP/1.1" 200 99298 "-" "-"
52.139.36.144 - - [24/Jul/2026:08:28:26 +0200] "GET /aa2.php HTTP/1.1" 403 5816 "-" "-"
52.139.36.144 - - [24/Jul/2026:08:28:27 +0200] "GET /ccou.php HTTP/1.1" 403 5816 "-" "-"
52.139.36.144 - - [24/Jul/2026:08:28:27 +0200] "GET /dr.php HTTP/1.1" 403 5816 "-" "-"
52.139.36.144 - - [24/Jul/2026:08:28:27 +0200] "GET /xamp.php HTTP/1.1" 403 5816 "-" "-"
52.139.36.144 - - [24/Jul/2026:08:28:27 +0200] "GET /bless.php HTTP/1.1" 403 5816 "-" "-"
52.139.36.144 - - [24/Jul/2026:08:28:27 +0200] "GET /file46.php HTTP/1.1" 403 5816 "-" "-"
52.139.36.144 - - [24/Jul/2026:08:28:28 +0200] "GET /eee.php HTTP/1.1" 403 5816 "-" "-"
52.139.36.144 - - [24/Jul/2026:08:28:28 +0200] "GET /file25.php HTTP/1.1" 403 5816 "-" "-"
52.139.36.144 - - [24/Jul/2026:08:28:28 +0200] "GET /hg.php HTTP/1.1" 403 5816 "-" "-"
52.139.36.144 - - [24/Jul/2026:08:28:28 +0200] "GET /file48.php HTTP/1.1" 403 5816 "-" "-"
52.139.36.144 - - [24/Jul/2026:08:28:28 +0200] "GET /ff.php HTTP/1.1" 403 5816 "-" "-"
52.139.36.144 - - [24/Jul/2026:08:28:29 +0200] "GET /file31.php HTTP/1.1" 403 5816 "-" "-"
52.139.36.144 - - [24/Jul/2026:08:28:29 +0200] "GET /file6.php HTTP/1.1" 403 5816 "-" "-"
52.139.36.144 - - [24/Jul/2026:08:28:29 +0200] "GET /a2.php HTTP/1.1" 403 5816 "-" "-"
52.139.36.144 - - [24/Jul/2026:08:28:29 +0200] "GET /file15.php HTTP/1.1" 403 5816 "-" "-"
52.139.36.144 - - [24/Jul/2026:08:28:29 +0200] "GET /no1.php HTTP/1.1" 403 5816 "-" "-"
52.139.36.144 - - [24/Jul/2026:08:28:30 +0200] "GET /jp.php HTTP/1.1" 403 5816 "-" "-"
52.139.36.144 - - [24/Jul/2026:08:28:30 +0200] "GET /wp-load.php HTTP/1.1" 200 4981 "-" "-"
52.139.36.144 - - [24/Jul/2026:08:28:31 +0200] "GET //xwpg.php HTTP/1.1" 403 5816 "-" "-"
52.139.36.144 - - [24/Jul/2026:08:28:31 +0200] "GET //wp-includes/assets/ HTTP/1.1" 403 5816 "-" "-"
52.139.36.144 - - [24/Jul/2026:08:28:31 +0200] "GET /ddd.php HTTP/1.1" 403 5816 "-" "-"
52.139.36.144 - - [24/Jul/2026:08:28:30 +0200] "GET /f35.php HTTP/1.1" 403 5816 "-" "-"
52.139.36.144 - - [24/Jul/2026:08:28:31 +0200] "GET /wp-admin/css/colors/sunrise/ HTTP/1.1" 403 5816 "-" "-"
52.139.36.144 - - [24/Jul/2026:08:28:31 +0200] "GET /waf.php HTTP/1.1" 403 5816 "-" "-"
52.139.36.144 - - [24/Jul/2026:08:28:32 +0200] "GET /xstelth.php HTTP/1.1" 403 5816 "-" "-"
52.139.36.144 - - [24/Jul/2026:08:28:32 +0200] "GET /wp-admin/css/colors/midnight/about.php HTTP/1.1" 403 5816 "-" "-"
52.139.36.144 - - [24/Jul/2026:08:28:32 +0200] "GET /wp-links.php HTTP/1.1" 403 5816 "-" "-"
52.139.36.144 - - [24/Jul/2026:08:28:32 +0200] "GET /wp-admin/network/plugins.php HTTP/1.1" 302 5242 "-" "-"
52.139.36.144 - - [24/Jul/2026:08:28:33 +0200] "GET /wp-login.php?redirect_to=https%3A%2F%2Fas-cp.fr%2Fwp-admin%2Fnetwork%2Fplugins.php&reauth=1 HTTP/1.1" 200 19168 "-" "-"
52.139.36.144 - - [24/Jul/2026:08:28:33 +0200] "GET /class-t.api.php HTTP/1.1" 403 5816 "-" "-"
52.139.36.144 - - [24/Jul/2026:08:28:33 +0200] "GET /zwso.php HTTP/1.1" 403 5816 "-" "-"
91.134.83.25 - - [24/Jul/2026:08:28:34 +0200] "POST /wp-cron.php?doing_wp_cron=1784874514.1633040904998779296875 HTTP/1.1" 200 5074 "-" "WordPress/6.9.4; https://as-cp.fr"
52.139.36.144 - - [24/Jul/2026:08:28:33 +0200] "GET /wp-admin/css/colors/blue/index.php HTTP/1.1" 301 5188 "-" "-"
52.139.36.144 - - [24/Jul/2026:08:28:34 +0200] "GET /wp-admin/css/colors/blue/ HTTP/1.1" 403 5816 "-" "-"
52.139.36.144 - - [24/Jul/2026:08:28:34 +0200] "GET /class19.php HTTP/1.1" 403 5816 "-" "-"
52.139.36.144 - - [24/Jul/2026:08:28:34 +0200] "GET /class20.php HTTP/1.1" 403 5816 "-" "-"
52.139.36.144 - - [24/Jul/2026:08:28:34 +0200] "GET /admin.php?p= HTTP/1.1" 301 5172 "-" "-"
52.139.36.144 - - [24/Jul/2026:08:28:35 +0200] "GET /admin.php HTTP/1.1" 301 5197 "-" "-"
52.139.36.144 - - [24/Jul/2026:08:28:35 +0200] "GET / HTTP/1.1" 200 99298 "-" "-"
52.139.36.144 - - [24/Jul/2026:08:28:35 +0200] "GET /randkeyword.php HTTP/1.1" 403 5816 "-" "-"
52.139.36.144 - - [24/Jul/2026:08:28:36 +0200] "GET /fwe.php HTTP/1.1" 403 5816 "-" "-"
52.139.36.144 - - [24/Jul/2026:08:28:36 +0200] "GET /images/m.php HTTP/1.1" 403 5816 "-" "-"
52.139.36.144 - - [24/Jul/2026:08:28:36 +0200] "GET /g.php HTTP/1.1" 403 5816 "-" "-"
52.139.36.144 - - [24/Jul/2026:08:28:36 +0200] "GET /tx1.php HTTP/1.1" 403 5816 "-" "-"
52.139.36.144 - - [24/Jul/2026:08:28:36 +0200] "GET /xv.php HTTP/1.1" 403 5816 "-" "-"
52.139.36.144 - - [24/Jul/2026:08:28:37 +0200] "GET /x56.php HTTP/1.1" 403 5816 "-" "-"
52.139.36.144 - - [24/Jul/2026:08:28:37 +0200] "GET /htaccess.php HTTP/1.1" 403 5816 "-" "-"
52.139.36.144 - - [24/Jul/2026:08:28:37 +0200] "GET /readme.php HTTP/1.1" 403 5816 "-" "-"
52.139.36.144 - - [24/Jul/2026:08:28:37 +0200] "GET /x50.php HTTP/1.1" 403 5816 "-" "-"
52.139.36.144 - - [24/Jul/2026:08:28:37 +0200] "GET /fv.php HTTP/1.1" 403 5816 "-" "-"
52.139.36.144 - - [24/Jul/2026:08:28:38 +0200] "GET /file.php? HTTP/1.1" 403 5816 "-" "-"
52.139.36.144 - - [24/Jul/2026:08:28:38 +0200] "GET /lsd.php HTTP/1.1" 403 5816 "-" "-"
52.139.36.144 - - [24/Jul/2026:08:28:38 +0200] "GET /as.php HTTP/1.1" 403 5816 "-" "-"
52.139.36.144 - - [24/Jul/2026:08:28:38 +0200] "GET /wsd.php HTTP/1.1" 403 5816 "-" "-"
52.139.36.144 - - [24/Jul/2026:08:28:38 +0200] "GET /gtc.php HTTP/1.1" 403 5816 "-" "-"
52.139.36.144 - - [24/Jul/2026:08:28:39 +0200] "GET /atx.php HTTP/1.1" 403 5816 "-" "-"
52.139.36.144 - - [24/Jul/2026:08:28:39 +0200] "GET /z60.php HTTP/1.1" 403 5816 "-" "-"
52.139.36.144 - - [24/Jul/2026:08:28:39 +0200] "GET /403.php HTTP/1.1" 403 5816 "-" "-"
52.139.36.144 - - [24/Jul/2026:08:28:39 +0200] "GET /m.php HTTP/1.1" 403 5816 "-" "-"
52.139.36.144 - - [24/Jul/2026:08:28:40 +0200] "GET /themes.php HTTP/1.1" 301 5197 "-" "-"
52.139.36.144 - - [24/Jul/2026:08:28:40 +0200] "GET / HTTP/1.1" 200 99298 "-" "-"
52.139.36.144 - - [24/Jul/2026:08:28:40 +0200] "GET /wp-admin/maint/about.php HTTP/1.1" 403 5816 "-" "-"
52.139.36.144 - - [24/Jul/2026:08:28:40 +0200] "GET /wp-admin/network/wp-conflg.php?p= HTTP/1.1" 403 5816 "-" "-"
52.139.36.144 - - [24/Jul/2026:08:28:41 +0200] "GET /click.php HTTP/1.1" 403 5816 "-" "-"
52.139.36.144 - - [24/Jul/2026:08:28:41 +0200] "GET /install.php HTTP/1.1" 403 5816 "-" "-"
52.139.36.144 - - [24/Jul/2026:08:28:41 +0200] "GET /lv.php HTTP/1.1" 403 5816 "-" "-"
52.139.36.144 - - [24/Jul/2026:08:28:41 +0200] "GET /simple.php HTTP/1.1" 403 5816 "-" "-"
52.139.36.144 - - [24/Jul/2026:08:28:41 +0200] "GET /css.php HTTP/1.1" 403 5816 "-" "-"
52.139.36.144 - - [24/Jul/2026:08:28:42 +0200] "GET /cong.php HTTP/1.1" 403 5816 "-" "-"
52.139.36.144 - - [24/Jul/2026:08:28:42 +0200] "GET /wp-includes/images/wp-login.php HTTP/1.1" 301 5197 "-" "-"
52.139.36.144 - - [24/Jul/2026:08:28:42 +0200] "GET / HTTP/1.1" 200 99298 "-" "-"
52.139.36.144 - - [24/Jul/2026:08:28:42 +0200] "GET /cong.php HTTP/1.1" 403 5816 "-" "-"
52.139.36.144 - - [24/Jul/2026:08:28:43 +0200] "GET /w.php HTTP/1.1" 403 5816 "-" "-"
52.139.36.144 - - [24/Jul/2026:08:28:43 +0200] "GET /404.php HTTP/1.1" 403 5816 "-" "-"
52.139.36.144 - - [24/Jul/2026:08:28:43 +0200] "GET /ioxi-o.php HTTP/1.1" 403 5816 "-" "-"
52.139.36.144 - - [24/Jul/2026:08:28:43 +0200] "GET /0x.php HTTP/1.1" 403 5816 "-" "-"
52.139.36.144 - - [24/Jul/2026:08:28:43 +0200] "GET /css.php HTTP/1.1" 403 5816 "-" "-"
52.139.36.144 - - [24/Jul/2026:08:28:44 +0200] "GET /222.php HTTP/1.1" 403 5816 "-" "-"
52.139.36.144 - - [24/Jul/2026:08:28:44 +0200] "GET /wp-content/index.php HTTP/1.1" 200 4981 "-" "-"
91.134.83.25 - - [24/Jul/2026:08:28:44 +0200] "POST /wp-cron.php?doing_wp_cron=1784874524.7209808826446533203125 HTTP/1.1" 200 5074 "-" "WordPress/6.9.4; https://as-cp.fr"
52.139.36.144 - - [24/Jul/2026:08:28:44 +0200] "GET /admin.php HTTP/1.1" 301 5197 "-" "-"
52.139.36.144 - - [24/Jul/2026:08:28:44 +0200] "GET / HTTP/1.1" 200 99320 "-" "-"
52.139.36.144 - - [24/Jul/2026:08:28:45 +0200] "GET /wp-admin/maint/maint.php HTTP/1.1" 403 5816 "-" "-"
52.139.36.144 - - [24/Jul/2026:08:28:45 +0200] "GET /classwithtostring.php HTTP/1.1" 403 5816 "-" "-"
52.139.36.144 - - [24/Jul/2026:08:28:45 +0200] "GET /abcd.php HTTP/1.1" 403 5816 "-" "-"
52.139.36.144 - - [24/Jul/2026:08:28:45 +0200] "GET /autoload_classmap.php?p= HTTP/1.1" 403 5816 "-" "-"
52.139.36.144 - - [24/Jul/2026:08:28:45 +0200] "GET /inputs.php HTTP/1.1" 301 5197 "-" "-"
52.139.36.144 - - [24/Jul/2026:08:28:46 +0200] "GET / HTTP/1.1" 200 99298 "-" "-"
52.139.36.144 - - [24/Jul/2026:08:28:46 +0200] "GET /about.php HTTP/1.1" 403 5816 "-" "-"
52.139.36.144 - - [24/Jul/2026:08:28:46 +0200] "GET /alfa.php HTTP/1.1" 403 5816 "-" "-"
52.139.36.144 - - [24/Jul/2026:08:28:47 +0200] "GET /themes/twentytwentytwo/index.php HTTP/1.1" 301 5186 "-" "-"
52.139.36.144 - - [24/Jul/2026:08:28:47 +0200] "GET /themes/twentytwentytwo/ HTTP/1.1" 301 5197 "-" "-"
52.139.36.144 - - [24/Jul/2026:08:28:47 +0200] "GET / HTTP/1.1" 200 99298 "-" "-"
52.139.36.144 - - [24/Jul/2026:08:28:47 +0200] "GET /wp-admin/js/wp-conflg.php?p= HTTP/1.1" 403 5816 "-" "-"
52.139.36.144 - - [24/Jul/2026:08:28:48 +0200] "GET /wp-admin/wp-conflg.php?p= HTTP/1.1" 403 5816 "-" "-"
52.139.36.144 - - [24/Jul/2026:08:28:48 +0200] "GET /wp-admin/css/wp-conflg.php?p= HTTP/1.1" 403 5816 "-" "-"
52.139.36.144 - - [24/Jul/2026:08:28:48 +0200] "GET /manager.php?p= HTTP/1.1" 403 5816 "-" "-"
52.139.36.144 - - [24/Jul/2026:08:28:48 +0200] "GET /item.php HTTP/1.1" 403 5816 "-" "-"
52.139.36.144 - - [24/Jul/2026:08:28:48 +0200] "GET /plugins/Cache/footer.php HTTP/1.1" 301 5197 "-" "-"
52.139.36.144 - - [24/Jul/2026:08:28:49 +0200] "GET / HTTP/1.1" 200 99298 "-" "-"
52.139.36.144 - - [24/Jul/2026:08:28:49 +0200] "GET /404.php HTTP/1.1" 403 5816 "-" "-"
52.139.36.144 - - [24/Jul/2026:08:28:49 +0200] "GET /mail.php HTTP/1.1" 403 5816 "-" "-"
52.139.36.144 - - [24/Jul/2026:08:28:49 +0200] "GET /wp-content/plugins/index.php HTTP/1.1" 200 4981 "-" "-"
52.139.36.144 - - [24/Jul/2026:08:28:50 +0200] "GET /sx.php HTTP/1.1" 403 5816 "-" "-"
52.139.36.144 - - [24/Jul/2026:08:28:50 +0200] "GET /wp-admin/maint/admin.php HTTP/1.1" 301 5197 "-" "-"
52.139.36.144 - - [24/Jul/2026:08:28:50 +0200] "GET / HTTP/1.1" 200 99298 "-" "-"
52.139.36.144 - - [24/Jul/2026:08:28:50 +0200] "GET /alfa.php HTTP/1.1" 403 5816 "-" "-"
52.139.36.144 - - [24/Jul/2026:08:28:50 +0200] "GET /1.php HTTP/1.1" 403 5816 "-" "-"
52.139.36.144 - - [24/Jul/2026:08:28:51 +0200] "GET /byp.php HTTP/1.1" 403 5816 "-" "-"
