184.34.85.183 - - [25/Jul/2026:00:14:41 +0200] "POST //xmlrpc.php HTTP/1.1" 200 5461 "-" "Mozilla/5.0 (Windows NT 10.0; Win64; x64) AppleWebKit/537.36 (KHTML, like Gecko) Chrome/95.0.4638.69 Safari/537.36"
184.34.85.183 - - [25/Jul/2026:00:14:41 +0200] "POST //xmlrpc.php HTTP/1.1" 200 5461 "-" "Mozilla/5.0 (Windows NT 10.0; Win64; x64) AppleWebKit/537.36 (KHTML, like Gecko) Chrome/95.0.4638.69 Safari/537.36"
184.34.85.183 - - [25/Jul/2026:00:14:42 +0200] "POST //xmlrpc.php HTTP/1.1" 200 5461 "-" "Mozilla/5.0 (Windows NT 10.0; Win64; x64) AppleWebKit/537.36 (KHTML, like Gecko) Chrome/95.0.4638.69 Safari/537.36"
91.134.83.25 - - [25/Jul/2026:00:14:43 +0200] "POST /wp-cron.php?doing_wp_cron=1784931283.2745580673217773437500 HTTP/1.1" 200 5074 "-" "WordPress/6.9.4; https://as-cp.fr"
184.34.85.183 - - [25/Jul/2026:00:14:42 +0200] "POST //xmlrpc.php HTTP/1.1" 200 5461 "-" "Mozilla/5.0 (Windows NT 10.0; Win64; x64) AppleWebKit/537.36 (KHTML, like Gecko) Chrome/95.0.4638.69 Safari/537.36"
184.34.85.183 - - [25/Jul/2026:00:14:43 +0200] "POST //xmlrpc.php HTTP/1.1" 200 5461 "-" "Mozilla/5.0 (Windows NT 10.0; Win64; x64) AppleWebKit/537.36 (KHTML, like Gecko) Chrome/95.0.4638.69 Safari/537.36"
184.34.85.183 - - [25/Jul/2026:00:14:44 +0200] "POST //xmlrpc.php HTTP/1.1" 200 5461 "-" "Mozilla/5.0 (Windows NT 10.0; Win64; x64) AppleWebKit/537.36 (KHTML, like Gecko) Chrome/95.0.4638.69 Safari/537.36"
184.34.85.183 - - [25/Jul/2026:00:14:45 +0200] "POST //xmlrpc.php HTTP/1.1" 200 5461 "-" "Mozilla/5.0 (Windows NT 10.0; Win64; x64) AppleWebKit/537.36 (KHTML, like Gecko) Chrome/95.0.4638.69 Safari/537.36"
184.34.85.183 - - [25/Jul/2026:00:14:44 +0200] "POST //xmlrpc.php HTTP/1.1" 200 5461 "-" "Mozilla/5.0 (Windows NT 10.0; Win64; x64) AppleWebKit/537.36 (KHTML, like Gecko) Chrome/95.0.4638.69 Safari/537.36"
184.34.85.183 - - [25/Jul/2026:00:14:45 +0200] "POST //xmlrpc.php HTTP/1.1" 200 5461 "-" "Mozilla/5.0 (Windows NT 10.0; Win64; x64) AppleWebKit/537.36 (KHTML, like Gecko) Chrome/95.0.4638.69 Safari/537.36"
184.34.85.183 - - [25/Jul/2026:00:14:46 +0200] "POST //xmlrpc.php HTTP/1.1" 200 5461 "-" "Mozilla/5.0 (Windows NT 10.0; Win64; x64) AppleWebKit/537.36 (KHTML, like Gecko) Chrome/95.0.4638.69 Safari/537.36"
184.34.85.183 - - [25/Jul/2026:00:14:46 +0200] "POST //xmlrpc.php HTTP/1.1" 200 5461 "-" "Mozilla/5.0 (Windows NT 10.0; Win64; x64) AppleWebKit/537.36 (KHTML, like Gecko) Chrome/95.0.4638.69 Safari/537.36"
184.34.85.183 - - [25/Jul/2026:00:14:47 +0200] "POST //xmlrpc.php HTTP/1.1" 200 5461 "-" "Mozilla/5.0 (Windows NT 10.0; Win64; x64) AppleWebKit/537.36 (KHTML, like Gecko) Chrome/95.0.4638.69 Safari/537.36"
184.34.85.183 - - [25/Jul/2026:00:14:48 +0200] "POST //xmlrpc.php HTTP/1.1" 200 5461 "-" "Mozilla/5.0 (Windows NT 10.0; Win64; x64) AppleWebKit/537.36 (KHTML, like Gecko) Chrome/95.0.4638.69 Safari/537.36"
184.34.85.183 - - [25/Jul/2026:00:14:48 +0200] "POST //xmlrpc.php HTTP/1.1" 200 5461 "-" "Mozilla/5.0 (Windows NT 10.0; Win64; x64) AppleWebKit/537.36 (KHTML, like Gecko) Chrome/95.0.4638.69 Safari/537.36"
184.34.85.183 - - [25/Jul/2026:00:14:49 +0200] "POST //xmlrpc.php HTTP/1.1" 200 5461 "-" "Mozilla/5.0 (Windows NT 10.0; Win64; x64) AppleWebKit/537.36 (KHTML, like Gecko) Chrome/95.0.4638.69 Safari/537.36"
184.34.85.183 - - [25/Jul/2026:00:14:49 +0200] "POST //xmlrpc.php HTTP/1.1" 200 5461 "-" "Mozilla/5.0 (Windows NT 10.0; Win64; x64) AppleWebKit/537.36 (KHTML, like Gecko) Chrome/95.0.4638.69 Safari/537.36"
184.34.85.183 - - [25/Jul/2026:00:14:50 +0200] "POST //xmlrpc.php HTTP/1.1" 200 5461 "-" "Mozilla/5.0 (Windows NT 10.0; Win64; x64) AppleWebKit/537.36 (KHTML, like Gecko) Chrome/95.0.4638.69 Safari/537.36"
184.34.85.183 - - [25/Jul/2026:00:14:51 +0200] "POST //xmlrpc.php HTTP/1.1" 200 5461 "-" "Mozilla/5.0 (Windows NT 10.0; Win64; x64) AppleWebKit/537.36 (KHTML, like Gecko) Chrome/95.0.4638.69 Safari/537.36"
184.34.85.183 - - [25/Jul/2026:00:14:51 +0200] "POST //xmlrpc.php HTTP/1.1" 200 5461 "-" "Mozilla/5.0 (Windows NT 10.0; Win64; x64) AppleWebKit/537.36 (KHTML, like Gecko) Chrome/95.0.4638.69 Safari/537.36"
184.34.85.183 - - [25/Jul/2026:00:14:52 +0200] "POST //xmlrpc.php HTTP/1.1" 200 5461 "-" "Mozilla/5.0 (Windows NT 10.0; Win64; x64) AppleWebKit/537.36 (KHTML, like Gecko) Chrome/95.0.4638.69 Safari/537.36"
184.34.85.183 - - [25/Jul/2026:00:14:52 +0200] "POST //xmlrpc.php HTTP/1.1" 200 5461 "-" "Mozilla/5.0 (Windows NT 10.0; Win64; x64) AppleWebKit/537.36 (KHTML, like Gecko) Chrome/95.0.4638.69 Safari/537.36"
184.34.85.183 - - [25/Jul/2026:00:14:53 +0200] "POST //xmlrpc.php HTTP/1.1" 200 5461 "-" "Mozilla/5.0 (Windows NT 10.0; Win64; x64) AppleWebKit/537.36 (KHTML, like Gecko) Chrome/95.0.4638.69 Safari/537.36"
184.34.85.183 - - [25/Jul/2026:00:14:53 +0200] "POST //xmlrpc.php HTTP/1.1" 200 5461 "-" "Mozilla/5.0 (Windows NT 10.0; Win64; x64) AppleWebKit/537.36 (KHTML, like Gecko) Chrome/95.0.4638.69 Safari/537.36"
184.34.85.183 - - [25/Jul/2026:00:14:54 +0200] "POST //xmlrpc.php HTTP/1.1" 200 5461 "-" "Mozilla/5.0 (Windows NT 10.0; Win64; x64) AppleWebKit/537.36 (KHTML, like Gecko) Chrome/95.0.4638.69 Safari/537.36"
184.34.85.183 - - [25/Jul/2026:00:14:55 +0200] "POST //xmlrpc.php HTTP/1.1" 200 5461 "-" "Mozilla/5.0 (Windows NT 10.0; Win64; x64) AppleWebKit/537.36 (KHTML, like Gecko) Chrome/95.0.4638.69 Safari/537.36"
184.34.85.183 - - [25/Jul/2026:00:14:55 +0200] "POST //xmlrpc.php HTTP/1.1" 200 5461 "-" "Mozilla/5.0 (Windows NT 10.0; Win64; x64) AppleWebKit/537.36 (KHTML, like Gecko) Chrome/95.0.4638.69 Safari/537.36"
184.34.85.183 - - [25/Jul/2026:00:14:56 +0200] "POST //xmlrpc.php HTTP/1.1" 200 5461 "-" "Mozilla/5.0 (Windows NT 10.0; Win64; x64) AppleWebKit/537.36 (KHTML, like Gecko) Chrome/95.0.4638.69 Safari/537.36"
184.34.85.183 - - [25/Jul/2026:00:14:56 +0200] "POST //xmlrpc.php HTTP/1.1" 200 5461 "-" "Mozilla/5.0 (Windows NT 10.0; Win64; x64) AppleWebKit/537.36 (KHTML, like Gecko) Chrome/95.0.4638.69 Safari/537.36"
184.34.85.183 - - [25/Jul/2026:00:14:57 +0200] "POST //xmlrpc.php HTTP/1.1" 200 5461 "-" "Mozilla/5.0 (Windows NT 10.0; Win64; x64) AppleWebKit/537.36 (KHTML, like Gecko) Chrome/95.0.4638.69 Safari/537.36"
184.34.85.183 - - [25/Jul/2026:00:14:57 +0200] "POST //xmlrpc.php HTTP/1.1" 200 5461 "-" "Mozilla/5.0 (Windows NT 10.0; Win64; x64) AppleWebKit/537.36 (KHTML, like Gecko) Chrome/95.0.4638.69 Safari/537.36"
184.34.85.183 - - [25/Jul/2026:00:14:58 +0200] "POST //xmlrpc.php HTTP/1.1" 200 5461 "-" "Mozilla/5.0 (Windows NT 10.0; Win64; x64) AppleWebKit/537.36 (KHTML, like Gecko) Chrome/95.0.4638.69 Safari/537.36"
184.34.85.183 - - [25/Jul/2026:00:14:59 +0200] "POST //xmlrpc.php HTTP/1.1" 200 5461 "-" "Mozilla/5.0 (Windows NT 10.0; Win64; x64) AppleWebKit/537.36 (KHTML, like Gecko) Chrome/95.0.4638.69 Safari/537.36"
184.34.85.183 - - [25/Jul/2026:00:14:59 +0200] "POST //xmlrpc.php HTTP/1.1" 200 5461 "-" "Mozilla/5.0 (Windows NT 10.0; Win64; x64) AppleWebKit/537.36 (KHTML, like Gecko) Chrome/95.0.4638.69 Safari/537.36"
184.34.85.183 - - [25/Jul/2026:00:15:00 +0200] "POST //xmlrpc.php HTTP/1.1" 200 5461 "-" "Mozilla/5.0 (Windows NT 10.0; Win64; x64) AppleWebKit/537.36 (KHTML, like Gecko) Chrome/95.0.4638.69 Safari/537.36"
184.34.85.183 - - [25/Jul/2026:00:15:00 +0200] "POST //xmlrpc.php HTTP/1.1" 200 5461 "-" "Mozilla/5.0 (Windows NT 10.0; Win64; x64) AppleWebKit/537.36 (KHTML, like Gecko) Chrome/95.0.4638.69 Safari/537.36"
184.34.85.183 - - [25/Jul/2026:00:15:01 +0200] "POST //xmlrpc.php HTTP/1.1" 200 5461 "-" "Mozilla/5.0 (Windows NT 10.0; Win64; x64) AppleWebKit/537.36 (KHTML, like Gecko) Chrome/95.0.4638.69 Safari/537.36"
184.34.85.183 - - [25/Jul/2026:00:15:02 +0200] "POST //xmlrpc.php HTTP/1.1" 200 5461 "-" "Mozilla/5.0 (Windows NT 10.0; Win64; x64) AppleWebKit/537.36 (KHTML, like Gecko) Chrome/95.0.4638.69 Safari/537.36"
184.34.85.183 - - [25/Jul/2026:00:15:02 +0200] "POST //xmlrpc.php HTTP/1.1" 200 5461 "-" "Mozilla/5.0 (Windows NT 10.0; Win64; x64) AppleWebKit/537.36 (KHTML, like Gecko) Chrome/95.0.4638.69 Safari/537.36"
184.34.85.183 - - [25/Jul/2026:00:15:03 +0200] "POST //xmlrpc.php HTTP/1.1" 200 5461 "-" "Mozilla/5.0 (Windows NT 10.0; Win64; x64) AppleWebKit/537.36 (KHTML, like Gecko) Chrome/95.0.4638.69 Safari/537.36"
184.34.85.183 - - [25/Jul/2026:00:15:03 +0200] "POST //xmlrpc.php HTTP/1.1" 200 5461 "-" "Mozilla/5.0 (Windows NT 10.0; Win64; x64) AppleWebKit/537.36 (KHTML, like Gecko) Chrome/95.0.4638.69 Safari/537.36"
184.34.85.183 - - [25/Jul/2026:00:15:04 +0200] "POST //xmlrpc.php HTTP/1.1" 200 5461 "-" "Mozilla/5.0 (Windows NT 10.0; Win64; x64) AppleWebKit/537.36 (KHTML, like Gecko) Chrome/95.0.4638.69 Safari/537.36"
184.34.85.183 - - [25/Jul/2026:00:15:04 +0200] "POST //xmlrpc.php HTTP/1.1" 200 5461 "-" "Mozilla/5.0 (Windows NT 10.0; Win64; x64) AppleWebKit/537.36 (KHTML, like Gecko) Chrome/95.0.4638.69 Safari/537.36"
184.34.85.183 - - [25/Jul/2026:00:15:05 +0200] "POST //xmlrpc.php HTTP/1.1" 200 5461 "-" "Mozilla/5.0 (Windows NT 10.0; Win64; x64) AppleWebKit/537.36 (KHTML, like Gecko) Chrome/95.0.4638.69 Safari/537.36"
184.34.85.183 - - [25/Jul/2026:00:15:05 +0200] "POST //xmlrpc.php HTTP/1.1" 200 5461 "-" "Mozilla/5.0 (Windows NT 10.0; Win64; x64) AppleWebKit/537.36 (KHTML, like Gecko) Chrome/95.0.4638.69 Safari/537.36"
184.34.85.183 - - [25/Jul/2026:00:15:06 +0200] "POST //xmlrpc.php HTTP/1.1" 200 5461 "-" "Mozilla/5.0 (Windows NT 10.0; Win64; x64) AppleWebKit/537.36 (KHTML, like Gecko) Chrome/95.0.4638.69 Safari/537.36"
184.34.85.183 - - [25/Jul/2026:00:15:07 +0200] "POST //xmlrpc.php HTTP/1.1" 200 5461 "-" "Mozilla/5.0 (Windows NT 10.0; Win64; x64) AppleWebKit/537.36 (KHTML, like Gecko) Chrome/95.0.4638.69 Safari/537.36"
184.34.85.183 - - [25/Jul/2026:00:15:07 +0200] "POST //xmlrpc.php HTTP/1.1" 200 5461 "-" "Mozilla/5.0 (Windows NT 10.0; Win64; x64) AppleWebKit/537.36 (KHTML, like Gecko) Chrome/95.0.4638.69 Safari/537.36"
184.34.85.183 - - [25/Jul/2026:00:15:08 +0200] "POST //xmlrpc.php HTTP/1.1" 200 5461 "-" "Mozilla/5.0 (Windows NT 10.0; Win64; x64) AppleWebKit/537.36 (KHTML, like Gecko) Chrome/95.0.4638.69 Safari/537.36"
184.34.85.183 - - [25/Jul/2026:00:15:08 +0200] "POST //xmlrpc.php HTTP/1.1" 200 5461 "-" "Mozilla/5.0 (Windows NT 10.0; Win64; x64) AppleWebKit/537.36 (KHTML, like Gecko) Chrome/95.0.4638.69 Safari/537.36"
184.34.85.183 - - [25/Jul/2026:00:15:09 +0200] "POST //xmlrpc.php HTTP/1.1" 200 5461 "-" "Mozilla/5.0 (Windows NT 10.0; Win64; x64) AppleWebKit/537.36 (KHTML, like Gecko) Chrome/95.0.4638.69 Safari/537.36"
184.34.85.183 - - [25/Jul/2026:00:15:10 +0200] "POST //xmlrpc.php HTTP/1.1" 200 5461 "-" "Mozilla/5.0 (Windows NT 10.0; Win64; x64) AppleWebKit/537.36 (KHTML, like Gecko) Chrome/95.0.4638.69 Safari/537.36"
184.34.85.183 - - [25/Jul/2026:00:15:10 +0200] "POST //xmlrpc.php HTTP/1.1" 200 5461 "-" "Mozilla/5.0 (Windows NT 10.0; Win64; x64) AppleWebKit/537.36 (KHTML, like Gecko) Chrome/95.0.4638.69 Safari/537.36"
184.34.85.183 - - [25/Jul/2026:00:15:11 +0200] "POST //xmlrpc.php HTTP/1.1" 200 5461 "-" "Mozilla/5.0 (Windows NT 10.0; Win64; x64) AppleWebKit/537.36 (KHTML, like Gecko) Chrome/95.0.4638.69 Safari/537.36"
184.34.85.183 - - [25/Jul/2026:00:15:12 +0200] "POST //xmlrpc.php HTTP/1.1" 200 5461 "-" "Mozilla/5.0 (Windows NT 10.0; Win64; x64) AppleWebKit/537.36 (KHTML, like Gecko) Chrome/95.0.4638.69 Safari/537.36"
23.21.204.95 - - [25/Jul/2026:00:15:12 +0200] "GET /wp-content/uploads/2021/03/succession-a-perpignan-768x512.jpg HTTP/1.1" 200 5100 "-" "Mozilla/5.0 AppleWebKit/537.36 (KHTML, like Gecko; compatible; Amazonbot/0.1; +https://developer.amazon.com/support/amazonbot) Chrome/119.0.6045.214 Safari/537.36"
184.34.85.183 - - [25/Jul/2026:00:15:12 +0200] "POST //xmlrpc.php HTTP/1.1" 200 5461 "-" "Mozilla/5.0 (Windows NT 10.0; Win64; x64) AppleWebKit/537.36 (KHTML, like Gecko) Chrome/95.0.4638.69 Safari/537.36"
184.34.85.183 - - [25/Jul/2026:00:15:13 +0200] "POST //xmlrpc.php HTTP/1.1" 200 5461 "-" "Mozilla/5.0 (Windows NT 10.0; Win64; x64) AppleWebKit/537.36 (KHTML, like Gecko) Chrome/95.0.4638.69 Safari/537.36"
184.34.85.183 - - [25/Jul/2026:00:15:13 +0200] "POST //xmlrpc.php HTTP/1.1" 200 5461 "-" "Mozilla/5.0 (Windows NT 10.0; Win64; x64) AppleWebKit/537.36 (KHTML, like Gecko) Chrome/95.0.4638.69 Safari/537.36"
91.134.83.25 - - [25/Jul/2026:00:15:30 +0200] "POST /wp-cron.php?doing_wp_cron=1784931330.8036780357360839843750 HTTP/1.1" 200 5074 "-" "WordPress/6.9.4; https://as-cp.fr"
57.141.0.19 - - [25/Jul/2026:00:15:30 +0200] "GET /?v=c8l2a3t5t9e4r94204 HTTP/1.1" 200 26376 "-" "Mozilla/5.0 (Macintosh; Intel Mac OS X 10_15_7) AppleWebKit/537.36 (KHTML, like Gecko) Chrome/145.0.0.0 Safari/537.36 (compatible; meta-externalagent/1.1 (+https://developers.facebook.com/docs/sharing/webmasters/crawler))"
91.134.83.25 - - [25/Jul/2026:00:17:13 +0200] "POST /wp-cron.php?doing_wp_cron=1784931433.7992110252380371093750 HTTP/1.1" 200 5074 "-" "WordPress/6.9.4; https://as-cp.fr"
57.141.0.34 - - [25/Jul/2026:00:17:13 +0200] "GET /?guessive/81092856532 HTTP/1.1" 301 5074 "-" "Mozilla/5.0 (Windows NT 10.0; Win64; x64) AppleWebKit/537.36 (KHTML, like Gecko) Chrome/145.0.0.0 Safari/537.36 (compatible; meta-externalagent/1.1 (+https://developers.facebook.com/docs/sharing/webmasters/crawler))"
57.141.0.55 - - [25/Jul/2026:00:17:15 +0200] "GET /?v=b8i9o9s8y6n9t9h8e4t6ic HTTP/1.1" 200 26375 "-" "Mozilla/5.0 (Macintosh; Intel Mac OS X 10_15_7) AppleWebKit/537.36 (KHTML, like Gecko) Chrome/145.0.0.0 Safari/537.36 (compatible; meta-externalagent/1.1 (+https://developers.facebook.com/docs/sharing/webmasters/crawler))"
91.134.83.25 - - [25/Jul/2026:00:18:59 +0200] "POST /wp-cron.php?doing_wp_cron=1784931539.1124100685119628906250 HTTP/1.1" 200 5074 "-" "WordPress/6.9.4; https://as-cp.fr"
57.141.0.41 - - [25/Jul/2026:00:18:58 +0200] "GET /shops/yacare/m8e1l0i3s5s7i8c3475 HTTP/1.1" 301 5197 "-" "Mozilla/5.0 (Windows NT 10.0; Win64; x64) AppleWebKit/537.36 (KHTML, like Gecko) Chrome/145.0.0.0 Safari/537.36 (compatible; meta-externalagent/1.1 (+https://developers.facebook.com/docs/sharing/webmasters/crawler))"
91.134.83.25 - - [25/Jul/2026:00:20:07 +0200] "POST /wp-cron.php?doing_wp_cron=1784931607.3203120231628417968750 HTTP/1.1" 200 5074 "-" "WordPress/6.9.4; https://as-cp.fr"
57.141.0.24 - - [25/Jul/2026:00:20:06 +0200] "GET /acquiry/imaginativeness/c8o1m9p9a3r7e5d2585 HTTP/1.1" 301 5197 "-" "Mozilla/5.0 (X11; Linux x86_64) AppleWebKit/537.36 (KHTML, like Gecko) Chrome/145.0.0.0 Safari/537.36 (compatible; meta-externalagent/1.1 (+https://developers.facebook.com/docs/sharing/webmasters/crawler))"
144.76.201.98 - - [25/Jul/2026:00:20:09 +0200] "GET /wp-login.php HTTP/1.1" 200 8736 "-" "Mozilla/5.0 (Windows NT 10.0; Win64; x64) AppleWebKit/537.36 (KHTML, like Gecko) Chrome/150.0.0.0 Safari/537.36"
144.76.201.98 - - [25/Jul/2026:00:20:09 +0200] "POST /wp-login.php HTTP/1.1" 200 8911 "https://as-cp.fr/wp-login.php" "Mozilla/5.0 (Windows NT 10.0; Win64; x64) AppleWebKit/537.36 (KHTML, like Gecko) Chrome/150.0.0.0 Safari/537.36"
91.134.83.25 - - [25/Jul/2026:00:21:11 +0200] "POST /wp-cron.php?doing_wp_cron=1784931671.6085150241851806640625 HTTP/1.1" 200 5074 "-" "WordPress/6.9.4; https://as-cp.fr"
57.141.0.31 - - [25/Jul/2026:00:21:11 +0200] "GET /shops/prefaced/v8a3g2i5n3i9c9o0l7a47 HTTP/1.1" 301 5197 "-" "Mozilla/5.0 (Windows NT 10.0; Win64; x64) AppleWebKit/537.36 (KHTML, like Gecko) Chrome/145.0.0.0 Safari/537.36 (compatible; meta-externalagent/1.1 (+https://developers.facebook.com/docs/sharing/webmasters/crawler))"
91.134.83.25 - - [25/Jul/2026:00:21:35 +0200] "POST /wp-cron.php?doing_wp_cron=1784931695.4799349308013916015625 HTTP/1.1" 200 5074 "-" "WordPress/6.9.4; https://as-cp.fr"
57.141.0.68 - - [25/Jul/2026:00:21:35 +0200] "GET /shops/cognizor/o8u4t1s0t7a5r7e6208 HTTP/1.1" 301 5197 "-" "Mozilla/5.0 (Windows NT 10.0; Win64; x64) AppleWebKit/537.36 (KHTML, like Gecko) Chrome/145.0.0.0 Safari/537.36 (compatible; meta-externalagent/1.1 (+https://developers.facebook.com/docs/sharing/webmasters/crawler))"
89.246.241.14 - - [25/Jul/2026:00:23:39 +0200] "GET /dons-fiscaux-fin-dannee-2024-que-faire-avant-la-fin-de-lannee-pour-optimiser-son-patrimoine/ HTTP/1.1" 200 24130 "-" "Mozilla/5.0 (Windows NT 10.0; Win64; x64; rv:142.0) Gecko/20100101 Firefox/142.0"
91.134.83.25 - - [25/Jul/2026:00:24:11 +0200] "POST /wp-cron.php?doing_wp_cron=1784931851.2418780326843261718750 HTTP/1.1" 200 5074 "-" "WordPress/6.9.4; https://as-cp.fr"
57.141.0.65 - - [25/Jul/2026:00:24:10 +0200] "GET /?v=t8r1a1d1e2s0f4o9l8k70 HTTP/1.1" 200 98108 "-" "Mozilla/5.0 (Windows NT 10.0; Win64; x64) AppleWebKit/537.36 (KHTML, like Gecko) Chrome/145.0.0.0 Safari/537.36 (compatible; meta-externalagent/1.1 (+https://developers.facebook.com/docs/sharing/webmasters/crawler))"
91.134.83.25 - - [25/Jul/2026:00:24:53 +0200] "POST /wp-cron.php?doing_wp_cron=1784931892.9897909164428710937500 HTTP/1.1" 200 5074 "-" "WordPress/6.9.4; https://as-cp.fr"
57.141.0.11 - - [25/Jul/2026:00:24:52 +0200] "GET /frond/p8y3e9m1i8c686577 HTTP/1.1" 301 5197 "-" "Mozilla/5.0 (Windows NT 10.0; Win64; x64) AppleWebKit/537.36 (KHTML, like Gecko) Chrome/145.0.0.0 Safari/537.36 (compatible; meta-externalagent/1.1 (+https://developers.facebook.com/docs/sharing/webmasters/crawler))"
216.73.216.71 - - [25/Jul/2026:00:26:07 +0200] "GET /robots.txt HTTP/1.1" 200 5168 "-" "Mozilla/5.0 AppleWebKit/537.36 (KHTML, like Gecko; compatible; ClaudeBot/1.0; +claudebot@anthropic.com)"
91.134.83.25 - - [25/Jul/2026:00:26:08 +0200] "POST /wp-cron.php?doing_wp_cron=1784931968.4721770286560058593750 HTTP/1.1" 200 5074 "-" "WordPress/6.9.4; https://as-cp.fr"
216.73.216.71 - - [25/Jul/2026:00:26:08 +0200] "GET /sitemap.xml HTTP/1.1" 301 5068 "-" "Mozilla/5.0 AppleWebKit/537.36 (KHTML, like Gecko; compatible; ClaudeBot/1.0; +claudebot@anthropic.com)"
216.73.216.71 - - [25/Jul/2026:00:26:08 +0200] "GET /sitemap_index.xml HTTP/1.1" 200 5405 "https://as-cp.fr/sitemap.xml" "Mozilla/5.0 AppleWebKit/537.36 (KHTML, like Gecko; compatible; ClaudeBot/1.0; +claudebot@anthropic.com)"
40.77.167.57 - - [25/Jul/2026:00:26:18 +0200] "GET /prestations-particuliers/ HTTP/1.1" 200 23414 "-" "Mozilla/5.0 AppleWebKit/537.36 (KHTML, like Gecko; compatible; bingbot/2.0; +http://www.bing.com/bingbot.htm) Chrome/116.0.1938.76 Safari/537.36"
91.134.83.25 - - [25/Jul/2026:00:26:29 +0200] "POST /wp-cron.php?doing_wp_cron=1784931989.1904621124267578125000 HTTP/1.1" 200 5074 "-" "WordPress/6.9.4; https://as-cp.fr"
114.119.157.221 - - [25/Jul/2026:00:26:28 +0200] "GET /strategie-patrimoniale-efficace HTTP/1.1" 301 5083 "https://as-cp.fr/investissement-a-perpignan-comprendre-les-bases-en-5-etapes" "Mozilla/5.0 (Linux; Android 7.0;) AppleWebKit/537.36 (HTML, like Gecko) Mobile Safari/537.36 (compatible; PetalBot;+https://webmaster.petalsearch.com/site/petalbot)"
114.119.157.221 - - [25/Jul/2026:00:26:30 +0200] "GET /strategie-patrimoniale-efficace/ HTTP/1.1" 200 23750 "https://as-cp.fr/investissement-a-perpignan-comprendre-les-bases-en-5-etapes" "Mozilla/5.0 (Linux; Android 7.0;) AppleWebKit/537.36 (HTML, like Gecko) Mobile Safari/537.36 (compatible; PetalBot;+https://webmaster.petalsearch.com/site/petalbot)"
91.134.83.25 - - [25/Jul/2026:00:27:50 +0200] "POST /wp-cron.php?doing_wp_cron=1784932070.0092639923095703125000 HTTP/1.1" 200 5074 "-" "WordPress/6.9.4; https://as-cp.fr"
57.141.0.50 - - [25/Jul/2026:00:27:49 +0200] "GET /shops/substantiated/q8u3i3n2i3z0a2r0i7n2 HTTP/1.1" 301 5197 "-" "Mozilla/5.0 (Windows NT 10.0; Win64; x64) AppleWebKit/537.36 (KHTML, like Gecko) Chrome/145.0.0.0 Safari/537.36 (compatible; meta-externalagent/1.1 (+https://developers.facebook.com/docs/sharing/webmasters/crawler))"
114.119.157.221 - - [25/Jul/2026:00:27:51 +0200] "GET /author/marion-brd/page/3/ HTTP/1.1" 200 24823 "https://as-cp.fr/author/marion-brd/" "Mozilla/5.0 (Linux; Android 7.0;) AppleWebKit/537.36 (HTML, like Gecko) Mobile Safari/537.36 (compatible; PetalBot;+https://webmaster.petalsearch.com/site/petalbot)"
91.134.83.25 - - [25/Jul/2026:00:29:01 +0200] "POST /wp-cron.php?doing_wp_cron=1784932141.1934390068054199218750 HTTP/1.1" 200 5074 "-" "WordPress/6.9.4; https://as-cp.fr"
57.141.0.52 - - [25/Jul/2026:00:29:00 +0200] "GET /shops/faunist/a8z3o8d6i1p9h6e5n1y7l3 HTTP/1.1" 301 5197 "-" "Mozilla/5.0 (Macintosh; Intel Mac OS X 10_15_7) AppleWebKit/537.36 (KHTML, like Gecko) Chrome/145.0.0.0 Safari/537.36 (compatible; meta-externalagent/1.1 (+https://developers.facebook.com/docs/sharing/webmasters/crawler))"
91.134.83.25 - - [25/Jul/2026:00:31:02 +0200] "POST /wp-cron.php?doing_wp_cron=1784932262.3032948970794677734375 HTTP/1.1" 200 5074 "-" "WordPress/6.9.4; https://as-cp.fr"
57.141.0.20 - - [25/Jul/2026:00:31:01 +0200] "GET /?v=n8y1m9p1h2a9e9a4661 HTTP/1.1" 200 98108 "-" "Mozilla/5.0 (Windows NT 10.0; Win64; x64) AppleWebKit/537.36 (KHTML, like Gecko) Chrome/145.0.0.0 Safari/537.36 (compatible; meta-externalagent/1.1 (+https://developers.facebook.com/docs/sharing/webmasters/crawler))"
57.141.0.22 - - [25/Jul/2026:00:31:09 +0200] "GET /?v=p8r3e3t2e2n7d7e4d3l4y0 HTTP/1.1" 200 98108 "-" "Mozilla/5.0 (Windows NT 10.0; Win64; x64) AppleWebKit/537.36 (KHTML, like Gecko) Chrome/145.0.0.0 Safari/537.36 (compatible; meta-externalagent/1.1 (+https://developers.facebook.com/docs/sharing/webmasters/crawler))"
91.134.83.25 - - [25/Jul/2026:00:31:19 +0200] "POST /wp-cron.php?doing_wp_cron=1784932279.1993479728698730468750 HTTP/1.1" 200 5074 "-" "WordPress/6.9.4; https://as-cp.fr"
57.141.0.12 - - [25/Jul/2026:00:31:18 +0200] "GET /?v=m8e2t7i9f2182640 HTTP/1.1" 200 98108 "-" "Mozilla/5.0 (Windows NT 10.0; Win64; x64) AppleWebKit/537.36 (KHTML, like Gecko) Chrome/145.0.0.0 Safari/537.36 (compatible; meta-externalagent/1.1 (+https://developers.facebook.com/docs/sharing/webmasters/crawler))"
91.134.83.25 - - [25/Jul/2026:00:31:51 +0200] "POST /wp-cron.php?doing_wp_cron=1784932311.8617980480194091796875 HTTP/1.1" 200 5074 "-" "WordPress/6.9.4; https://as-cp.fr"
57.141.0.22 - - [25/Jul/2026:00:31:51 +0200] "GET /shops/bubalis/r8a1o7u0l5i5a34867 HTTP/1.1" 301 5197 "-" "Mozilla/5.0 (Windows NT 10.0; Win64; x64) AppleWebKit/537.36 (KHTML, like Gecko) Chrome/145.0.0.0 Safari/537.36 (compatible; meta-externalagent/1.1 (+https://developers.facebook.com/docs/sharing/webmasters/crawler))"
189.15.122.226 - - [25/Jul/2026:00:32:01 +0200] "GET / HTTP/1.1" 200 26624 "-" "Python/3.12 aiohttp/3.14.1"
91.134.83.25 - - [25/Jul/2026:00:32:33 +0200] "POST /wp-cron.php?doing_wp_cron=1784932353.5450689792633056640625 HTTP/1.1" 200 5074 "-" "WordPress/6.9.4; https://as-cp.fr"
57.141.0.9 - - [25/Jul/2026:00:32:33 +0200] "GET /?v=e8n1t5o6m4o2i1d0601 HTTP/1.1" 200 98108 "-" "Mozilla/5.0 (Windows NT 10.0; Win64; x64) AppleWebKit/537.36 (KHTML, like Gecko) Chrome/145.0.0.0 Safari/537.36 (compatible; meta-externalagent/1.1 (+https://developers.facebook.com/docs/sharing/webmasters/crawler))"
91.134.83.25 - - [25/Jul/2026:00:33:35 +0200] "POST /wp-cron.php?doing_wp_cron=1784932415.8731369972229003906250 HTTP/1.1" 200 5074 "-" "WordPress/6.9.4; https://as-cp.fr"
57.141.0.44 - - [25/Jul/2026:00:33:35 +0200] "GET /?v=a8p3o9c5y5a8n3a9c9e0a3e HTTP/1.1" 200 98108 "-" "Mozilla/5.0 (Macintosh; Intel Mac OS X 10_15_7) AppleWebKit/537.36 (KHTML, like Gecko) Chrome/145.0.0.0 Safari/537.36 (compatible; meta-externalagent/1.1 (+https://developers.facebook.com/docs/sharing/webmasters/crawler))"
91.134.83.25 - - [25/Jul/2026:00:33:59 +0200] "POST /wp-cron.php?doing_wp_cron=1784932439.9548840522766113281250 HTTP/1.1" 200 5074 "-" "WordPress/6.9.4; https://as-cp.fr"
57.141.0.26 - - [25/Jul/2026:00:33:59 +0200] "GET /shops/pronominalize/e8l3f1k3i2n466228 HTTP/1.1" 301 5197 "-" "Mozilla/5.0 (Macintosh; Intel Mac OS X 10_15_7) AppleWebKit/537.36 (KHTML, like Gecko) Chrome/145.0.0.0 Safari/537.36 (compatible; meta-externalagent/1.1 (+https://developers.facebook.com/docs/sharing/webmasters/crawler))"
91.134.83.25 - - [25/Jul/2026:00:34:22 +0200] "POST /wp-cron.php?doing_wp_cron=1784932462.6671390533447265625000 HTTP/1.1" 200 5074 "-" "WordPress/6.9.4; https://as-cp.fr"
57.141.0.71 - - [25/Jul/2026:00:34:22 +0200] "GET /shops/guiltless/u8n2m7e8e4t1l6y8685 HTTP/1.1" 301 5197 "-" "Mozilla/5.0 (Macintosh; Intel Mac OS X 10_15_7) AppleWebKit/537.36 (KHTML, like Gecko) Chrome/145.0.0.0 Safari/537.36 (compatible; meta-externalagent/1.1 (+https://developers.facebook.com/docs/sharing/webmasters/crawler))"
91.134.83.25 - - [25/Jul/2026:00:34:35 +0200] "POST /wp-cron.php?doing_wp_cron=1784932475.9256169795989990234375 HTTP/1.1" 200 5074 "-" "WordPress/6.9.4; https://as-cp.fr"
54.85.126.86 - - [25/Jul/2026:00:34:35 +0200] "GET /?p=306 HTTP/1.1" 301 5068 "-" "Mozilla/5.0 AppleWebKit/537.36 (KHTML, like Gecko; compatible; Amazonbot/0.1; +https://developer.amazon.com/support/amazonbot) Chrome/119.0.6045.214 Safari/537.36"
34.194.226.74 - - [25/Jul/2026:00:34:36 +0200] "GET /contrat-obseques/ HTTP/1.1" 200 23531 "-" "Mozilla/5.0 AppleWebKit/537.36 (KHTML, like Gecko; compatible; Amazonbot/0.1; +https://developer.amazon.com/support/amazonbot) Chrome/119.0.6045.214 Safari/537.36"
91.134.83.25 - - [25/Jul/2026:00:34:43 +0200] "POST /wp-cron.php?doing_wp_cron=1784932483.2024369239807128906250 HTTP/1.1" 200 5074 "-" "WordPress/6.9.4; https://as-cp.fr"
57.141.0.4 - - [25/Jul/2026:00:34:42 +0200] "GET /shops/iolite/a8b2o7r0t6i2v2e7l9y95 HTTP/1.1" 301 5197 "-" "Mozilla/5.0 (Macintosh; Intel Mac OS X 10_15_7) AppleWebKit/537.36 (KHTML, like Gecko) Chrome/145.0.0.0 Safari/537.36 (compatible; meta-externalagent/1.1 (+https://developers.facebook.com/docs/sharing/webmasters/crawler))"
91.134.83.25 - - [25/Jul/2026:00:36:53 +0200] "POST /wp-cron.php?doing_wp_cron=1784932613.3573970794677734375000 HTTP/1.1" 200 5074 "-" "WordPress/6.9.4; https://as-cp.fr"
57.141.0.1 - - [25/Jul/2026:00:36:52 +0200] "GET /?v=t8r2a5b7e5a294188 HTTP/1.1" 200 98108 "-" "Mozilla/5.0 (Windows NT 10.0; Win64; x64) AppleWebKit/537.36 (KHTML, like Gecko) Chrome/145.0.0.0 Safari/537.36 Edg/145.0.0.0 (compatible; meta-externalagent/1.1 (+https://developers.facebook.com/docs/sharing/webmasters/crawler))"
63.135.161.60 - - [25/Jul/2026:00:37:48 +0200] "GET / HTTP/1.1" 200 26624 "-" "Python/3.11 aiohttp/3.12.13"
91.134.83.25 - - [25/Jul/2026:00:39:20 +0200] "POST /wp-cron.php?doing_wp_cron=1784932760.2185010910034179687500 HTTP/1.1" 200 5074 "-" "WordPress/6.9.4; https://as-cp.fr"
57.141.0.39 - - [25/Jul/2026:00:39:19 +0200] "GET /?sulphite/82064126032 HTTP/1.1" 301 5074 "-" "Mozilla/5.0 (X11; Linux x86_64) AppleWebKit/537.36 (KHTML, like Gecko) Chrome/145.0.0.0 Safari/537.36 (compatible; meta-externalagent/1.1 (+https://developers.facebook.com/docs/sharing/webmasters/crawler))"
91.134.83.25 - - [25/Jul/2026:00:41:09 +0200] "POST /wp-cron.php?doing_wp_cron=1784932869.9170320034027099609375 HTTP/1.1" 200 5074 "-" "WordPress/6.9.4; https://as-cp.fr"
57.141.0.7 - - [25/Jul/2026:00:41:09 +0200] "GET /?v=a8b1u5n9d6a7n7t5139 HTTP/1.1" 200 98108 "-" "Mozilla/5.0 (Windows NT 10.0; Win64; x64) AppleWebKit/537.36 (KHTML, like Gecko) Chrome/145.0.0.0 Safari/537.36 (compatible; meta-externalagent/1.1 (+https://developers.facebook.com/docs/sharing/webmasters/crawler))"
91.134.83.25 - - [25/Jul/2026:00:41:54 +0200] "POST /wp-cron.php?doing_wp_cron=1784932914.7701809406280517578125 HTTP/1.1" 200 5074 "-" "WordPress/6.9.4; https://as-cp.fr"
57.141.0.15 - - [25/Jul/2026:00:41:54 +0200] "GET /?v=e8x9p2e4c4t5e9d8l8y1 HTTP/1.1" 200 98108 "-" "Mozilla/5.0 (Macintosh; Intel Mac OS X 10_15_7) AppleWebKit/537.36 (KHTML, like Gecko) Chrome/145.0.0.0 Safari/537.36 (compatible; meta-externalagent/1.1 (+https://developers.facebook.com/docs/sharing/webmasters/crawler))"
91.134.83.25 - - [25/Jul/2026:00:43:36 +0200] "POST /wp-cron.php?doing_wp_cron=1784933016.5635979175567626953125 HTTP/1.1" 200 5074 "-" "WordPress/6.9.4; https://as-cp.fr"
62.60.130.235 - - [25/Jul/2026:00:43:35 +0200] "POST /?rest_route=/batch/v1 HTTP/1.1" 207 5335 "-" "Mozilla/5.0"
62.60.130.235 - - [25/Jul/2026:00:43:36 +0200] "POST /?rest_route=/batch/v1 HTTP/1.1" 207 1859650 "-" "Mozilla/5.0"
62.60.130.235 - - [25/Jul/2026:00:43:38 +0200] "POST /wp-json/batch/v1 HTTP/1.1" 207 5335 "-" "Mozilla/5.0"
62.60.130.235 - - [25/Jul/2026:00:43:38 +0200] "POST /wp-json/batch/v1 HTTP/1.1" 207 1859650 "-" "Mozilla/5.0"
91.134.83.25 - - [25/Jul/2026:00:44:46 +0200] "POST /wp-cron.php?doing_wp_cron=1784933086.7970819473266601562500 HTTP/1.1" 200 5074 "-" "WordPress/6.9.4; https://as-cp.fr"
57.141.0.40 - - [25/Jul/2026:00:44:46 +0200] "GET /psittaceous/c8a1l0o6r7i4f6i2c2i5e2nt HTTP/1.1" 301 5197 "-" "Mozilla/5.0 (Windows NT 10.0; Win64; x64) AppleWebKit/537.36 (KHTML, like Gecko) Chrome/145.0.0.0 Safari/537.36 (compatible; meta-externalagent/1.1 (+https://developers.facebook.com/docs/sharing/webmasters/crawler))"
91.134.83.25 - - [25/Jul/2026:00:46:12 +0200] "POST /wp-cron.php?doing_wp_cron=1784933172.0060141086578369140625 HTTP/1.1" 200 5074 "-" "WordPress/6.9.4; https://as-cp.fr"
57.141.0.65 - - [25/Jul/2026:00:46:11 +0200] "GET /hogfish/pyretology/83347977583 HTTP/1.1" 301 5197 "-" "Mozilla/5.0 (Windows NT 10.0; Win64; x64) AppleWebKit/537.36 (KHTML, like Gecko) Chrome/145.0.0.0 Safari/537.36 (compatible; meta-externalagent/1.1 (+https://developers.facebook.com/docs/sharing/webmasters/crawler))"
91.134.83.25 - - [25/Jul/2026:00:48:10 +0200] "POST /wp-cron.php?doing_wp_cron=1784933290.7784750461578369140625 HTTP/1.1" 200 5074 "-" "WordPress/6.9.4; https://as-cp.fr"
57.141.0.46 - - [25/Jul/2026:00:48:10 +0200] "GET /?v=c8h3a1u1r4i947651 HTTP/1.1" 200 98108 "-" "Mozilla/5.0 (X11; Linux x86_64) AppleWebKit/537.36 (KHTML, like Gecko) Chrome/145.0.0.0 Safari/537.36 (compatible; meta-externalagent/1.1 (+https://developers.facebook.com/docs/sharing/webmasters/crawler))"
91.134.83.25 - - [25/Jul/2026:00:48:27 +0200] "POST /wp-cron.php?doing_wp_cron=1784933307.0641269683837890625000 HTTP/1.1" 200 5074 "-" "WordPress/6.9.4; https://as-cp.fr"
57.141.0.1 - - [25/Jul/2026:00:48:26 +0200] "GET /pomancentrus/f8i2e2r1c0e1l8y2097 HTTP/1.1" 301 5197 "-" "Mozilla/5.0 (Macintosh; Intel Mac OS X 10_15_7) AppleWebKit/537.36 (KHTML, like Gecko) Chrome/145.0.0.0 Safari/537.36 (compatible; meta-externalagent/1.1 (+https://developers.facebook.com/docs/sharing/webmasters/crawler))"
18.211.39.188 - - [25/Jul/2026:00:48:27 +0200] "GET /?p=187 HTTP/1.1" 301 5084 "-" "Mozilla/5.0 AppleWebKit/537.36 (KHTML, like Gecko; compatible; Amazonbot/0.1; +https://developer.amazon.com/support/amazonbot) Chrome/119.0.6045.214 Safari/537.36"
18.215.112.101 - - [25/Jul/2026:00:48:28 +0200] "GET /preparer-sa-retraite-a-perpignan/ HTTP/1.1" 200 23348 "-" "Mozilla/5.0 AppleWebKit/537.36 (KHTML, like Gecko; compatible; Amazonbot/0.1; +https://developer.amazon.com/support/amazonbot) Chrome/119.0.6045.214 Safari/537.36"
91.134.83.25 - - [25/Jul/2026:00:48:34 +0200] "POST /wp-cron.php?doing_wp_cron=1784933314.4941499233245849609375 HTTP/1.1" 200 5074 "-" "WordPress/6.9.4; https://as-cp.fr"
57.141.0.49 - - [25/Jul/2026:00:48:33 +0200] "GET /?v=m8u9s0c8u9l2o4s0i9t1y HTTP/1.1" 200 98130 "-" "Mozilla/5.0 (Macintosh; Intel Mac OS X 10_15_7) AppleWebKit/537.36 (KHTML, like Gecko) Chrome/145.0.0.0 Safari/537.36 (compatible; meta-externalagent/1.1 (+https://developers.facebook.com/docs/sharing/webmasters/crawler))"
51.161.65.44 - - [25/Jul/2026:00:49:57 +0200] "GET /robots.txt HTTP/1.1" 200 5168 "-" "Mozilla/5.0 (compatible; AhrefsBot/7.0; +http://ahrefs.com/robot/)"
91.134.83.25 - - [25/Jul/2026:00:50:00 +0200] "POST /wp-cron.php?doing_wp_cron=1784933400.9516201019287109375000 HTTP/1.1" 200 5074 "-" "WordPress/6.9.4; https://as-cp.fr"
94.23.188.209 - - [25/Jul/2026:00:50:00 +0200] "GET /sitemap_index.xml HTTP/1.1" 200 5405 "-" "Mozilla/5.0 (compatible; AhrefsBot/7.0; +http://ahrefs.com/robot/)"
176.31.139.5 - - [25/Jul/2026:00:50:04 +0200] "GET /post-sitemap.xml HTTP/1.1" 200 8166 "-" "Mozilla/5.0 (compatible; AhrefsBot/7.0; +http://ahrefs.com/robot/)"
5.39.1.224 - - [25/Jul/2026:00:50:07 +0200] "GET /page-sitemap.xml HTTP/1.1" 200 5544 "-" "Mozilla/5.0 (compatible; AhrefsBot/7.0; +http://ahrefs.com/robot/)"
94.23.188.203 - - [25/Jul/2026:00:50:11 +0200] "GET /category-sitemap.xml HTTP/1.1" 200 5562 "-" "Mozilla/5.0 (compatible; AhrefsBot/7.0; +http://ahrefs.com/robot/)"
51.68.247.192 - - [25/Jul/2026:00:50:14 +0200] "GET /post_tag-sitemap.xml HTTP/1.1" 200 5636 "-" "Mozilla/5.0 (compatible; AhrefsBot/7.0; +http://ahrefs.com/robot/)"
91.134.83.25 - - [25/Jul/2026:00:50:19 +0200] "POST /wp-cron.php?doing_wp_cron=1784933419.7964470386505126953125 HTTP/1.1" 200 5074 "-" "WordPress/6.9.4; https://as-cp.fr"
54.37.118.77 - - [25/Jul/2026:00:50:19 +0200] "GET /kwlogos-carousel-sitemap.xml HTTP/1.1" 200 5410 "-" "Mozilla/5.0 (compatible; AhrefsBot/7.0; +http://ahrefs.com/robot/)"
91.134.83.25 - - [25/Jul/2026:00:50:26 +0200] "POST /wp-cron.php?doing_wp_cron=1784933426.8122289180755615234375 HTTP/1.1" 200 5074 "-" "WordPress/6.9.4; https://as-cp.fr"
57.141.0.21 - - [25/Jul/2026:00:50:26 +0200] "GET /?v=f8i2c7k2l0e0n4e3s5s45 HTTP/1.1" 200 98108 "-" "Mozilla/5.0 (Macintosh; Intel Mac OS X 10_15_7) AppleWebKit/537.36 (KHTML, like Gecko) Chrome/145.0.0.0 Safari/537.36 (compatible; meta-externalagent/1.1 (+https://developers.facebook.com/docs/sharing/webmasters/crawler))"
92.222.104.197 - - [25/Jul/2026:00:50:28 +0200] "GET /author-sitemap.xml HTTP/1.1" 200 5430 "-" "Mozilla/5.0 (compatible; AhrefsBot/7.0; +http://ahrefs.com/robot/)"
91.134.83.25 - - [25/Jul/2026:00:51:29 +0200] "POST /wp-cron.php?doing_wp_cron=1784933488.9949979782104492187500 HTTP/1.1" 200 5074 "-" "WordPress/6.9.4; https://as-cp.fr"
57.141.0.64 - - [25/Jul/2026:00:51:28 +0200] "GET /vickersmaxim/barrack/r8a2p2p3r9o7c6h2e8m9e5nt HTTP/1.1" 301 5197 "-" "Mozilla/5.0 (Macintosh; Intel Mac OS X 10_15_7) AppleWebKit/537.36 (KHTML, like Gecko) Chrome/145.0.0.0 Safari/537.36 (compatible; meta-externalagent/1.1 (+https://developers.facebook.com/docs/sharing/webmasters/crawler))"
91.134.83.25 - - [25/Jul/2026:00:52:01 +0200] "POST /wp-cron.php?doing_wp_cron=1784933521.9244229793548583984375 HTTP/1.1" 200 5074 "-" "WordPress/6.9.4; https://as-cp.fr"
57.141.0.34 - - [25/Jul/2026:00:52:01 +0200] "GET /?v=c8h6a5p5f0a3l9l5e6n9 HTTP/1.1" 200 98130 "-" "Mozilla/5.0 (Windows NT 10.0; Win64; x64) AppleWebKit/537.36 (KHTML, like Gecko) Chrome/145.0.0.0 Safari/537.36 (compatible; meta-externalagent/1.1 (+https://developers.facebook.com/docs/sharing/webmasters/crawler))"
54.84.250.51 - - [25/Jul/2026:00:52:31 +0200] "GET /programme-pinel-a-perpignan/ HTTP/1.1" 200 23847 "-" "Mozilla/5.0 AppleWebKit/537.36 (KHTML, like Gecko; compatible; Amazonbot/0.1; +https://developer.amazon.com/support/amazonbot) Chrome/119.0.6045.214 Safari/537.36"
91.134.83.25 - - [25/Jul/2026:00:53:20 +0200] "POST /wp-cron.php?doing_wp_cron=1784933600.4755630493164062500000 HTTP/1.1" 200 5074 "-" "WordPress/6.9.4; https://as-cp.fr"
164.138.220.142 - - [25/Jul/2026:00:53:20 +0200] "GET /wp-login.php HTTP/1.1" 200 8736 "-" "Mozilla/5.0 (Windows NT 10.0; Win64; x64) AppleWebKit/537.36 (KHTML, like Gecko) Chrome/150.0.0.0 Safari/537.36"
164.138.220.142 - - [25/Jul/2026:00:53:24 +0200] "POST /wp-login.php HTTP/1.1" 200 8911 "https://as-cp.fr/wp-login.php" "Mozilla/5.0 (Windows NT 10.0; Win64; x64) AppleWebKit/537.36 (KHTML, like Gecko) Chrome/150.0.0.0 Safari/537.36"
91.134.83.25 - - [25/Jul/2026:00:54:06 +0200] "POST /wp-cron.php?doing_wp_cron=1784933646.8924939632415771484375 HTTP/1.1" 200 5074 "-" "WordPress/6.9.4; https://as-cp.fr"
74.7.227.161 - - [25/Jul/2026:00:54:06 +0200] "GET /sitemap_index.xml HTTP/1.1" 200 5405 "-" "Mozilla/5.0 AppleWebKit/537.36 (KHTML, like Gecko; compatible; GPTBot/1.4; +https://openai.com/gptbot)"
91.134.83.25 - - [25/Jul/2026:00:54:30 +0200] "POST /wp-cron.php?doing_wp_cron=1784933670.4772050380706787109375 HTTP/1.1" 200 5074 "-" "WordPress/6.9.4; https://as-cp.fr"
57.141.0.32 - - [25/Jul/2026:00:54:29 +0200] "GET /?v=m8i1s7f8o1r7m5e7d603 HTTP/1.1" 200 98108 "-" "Mozilla/5.0 (Macintosh; Intel Mac OS X 10_15_7) AppleWebKit/537.36 (KHTML, like Gecko) Chrome/145.0.0.0 Safari/537.36 (compatible; meta-externalagent/1.1 (+https://developers.facebook.com/docs/sharing/webmasters/crawler))"
91.134.83.25 - - [25/Jul/2026:00:54:30 +0200] "GET /nos-actualites/ HTTP/1.1" 200 24389 "-" "WP Rocket/Preload"
91.134.83.25 - - [25/Jul/2026:00:54:31 +0200] "GET /nos-actualites/ HTTP/1.1" 200 24467 "-" "WP Rocket/Preload Mozilla/5.0 (iPhone; CPU iPhone OS 9_1 like Mac OS X) AppleWebKit/601.1.46 (KHTML, like Gecko) Version/9.0 Mobile/13B143 Safari/601.1"
91.134.83.25 - - [25/Jul/2026:00:54:32 +0200] "GET /investissement-locatif-perpignan/ HTTP/1.1" 200 23630 "-" "WP Rocket/Preload"
91.134.83.25 - - [25/Jul/2026:00:54:33 +0200] "GET /investissement-locatif-perpignan/ HTTP/1.1" 200 23684 "-" "WP Rocket/Preload Mozilla/5.0 (iPhone; CPU iPhone OS 9_1 like Mac OS X) AppleWebKit/601.1.46 (KHTML, like Gecko) Version/9.0 Mobile/13B143 Safari/601.1"
91.134.83.25 - - [25/Jul/2026:00:54:34 +0200] "GET /conseiller-en-succession-perpignan/ HTTP/1.1" 200 23691 "-" "WP Rocket/Preload"
91.134.83.25 - - [25/Jul/2026:00:54:35 +0200] "GET /conseiller-en-succession-perpignan/ HTTP/1.1" 200 23690 "-" "WP Rocket/Preload Mozilla/5.0 (iPhone; CPU iPhone OS 9_1 like Mac OS X) AppleWebKit/601.1.46 (KHTML, like Gecko) Version/9.0 Mobile/13B143 Safari/601.1"
91.134.83.25 - - [25/Jul/2026:00:54:36 +0200] "GET /preparer-sa-succession-a-perpignan/ HTTP/1.1" 200 24135 "-" "WP Rocket/Preload"
91.134.83.25 - - [25/Jul/2026:00:54:37 +0200] "GET /preparer-sa-succession-a-perpignan/ HTTP/1.1" 200 24197 "-" "WP Rocket/Preload Mozilla/5.0 (iPhone; CPU iPhone OS 9_1 like Mac OS X) AppleWebKit/601.1.46 (KHTML, like Gecko) Version/9.0 Mobile/13B143 Safari/601.1"
91.134.83.25 - - [25/Jul/2026:00:54:38 +0200] "GET /bilan-patrimonial-a-perpignan/ HTTP/1.1" 200 23821 "-" "WP Rocket/Preload"
91.134.83.25 - - [25/Jul/2026:00:54:39 +0200] "GET /bilan-patrimonial-a-perpignan/ HTTP/1.1" 200 23820 "-" "WP Rocket/Preload Mozilla/5.0 (iPhone; CPU iPhone OS 9_1 like Mac OS X) AppleWebKit/601.1.46 (KHTML, like Gecko) Version/9.0 Mobile/13B143 Safari/601.1"
91.134.83.25 - - [25/Jul/2026:00:55:16 +0200] "POST /wp-cron.php?doing_wp_cron=1784933716.9767439365386962890625 HTTP/1.1" 200 5074 "-" "WordPress/6.9.4; https://as-cp.fr"
114.119.156.134 - - [25/Jul/2026:00:55:16 +0200] "GET /sitemap.xml HTTP/1.1" 301 5068 "-" "Mozilla/5.0 (Linux; Android 7.0;) AppleWebKit/537.36 (KHTML, like Gecko) Mobile Safari/537.36 (compatible; PetalBot;+https://webmaster.petalsearch.com/site/petalbot)"
91.134.83.25 - - [25/Jul/2026:00:55:24 +0200] "POST /wp-cron.php?doing_wp_cron=1784933724.4458770751953125000000 HTTP/1.1" 200 5074 "-" "WordPress/6.9.4; https://as-cp.fr"
114.119.156.134 - - [25/Jul/2026:00:55:23 +0200] "GET /sitemap_index.xml HTTP/1.1" 200 5405 "-" "Mozilla/5.0 (Linux; Android 7.0;) AppleWebKit/537.36 (KHTML, like Gecko) Mobile Safari/537.36 (compatible; PetalBot;+https://webmaster.petalsearch.com/site/petalbot)"
91.134.83.25 - - [25/Jul/2026:00:55:24 +0200] "GET /cession-dentreprise-a-perpignan/ HTTP/1.1" 200 23399 "-" "WP Rocket/Preload"
91.134.83.25 - - [25/Jul/2026:00:55:25 +0200] "GET /cession-dentreprise-a-perpignan/ HTTP/1.1" 200 23398 "-" "WP Rocket/Preload Mozilla/5.0 (iPhone; CPU iPhone OS 9_1 like Mac OS X) AppleWebKit/601.1.46 (KHTML, like Gecko) Version/9.0 Mobile/13B143 Safari/601.1"
91.134.83.25 - - [25/Jul/2026:00:55:26 +0200] "GET /preparer-sa-retraite-a-perpignan/ HTTP/1.1" 200 23530 "-" "WP Rocket/Preload"
91.134.83.25 - - [25/Jul/2026:00:55:27 +0200] "GET /preparer-sa-retraite-a-perpignan/ HTTP/1.1" 200 23591 "-" "WP Rocket/Preload Mozilla/5.0 (iPhone; CPU iPhone OS 9_1 like Mac OS X) AppleWebKit/601.1.46 (KHTML, like Gecko) Version/9.0 Mobile/13B143 Safari/601.1"
91.134.83.25 - - [25/Jul/2026:00:55:28 +0200] "GET /donation-au-dernier-vivant-a-perpignan/ HTTP/1.1" 200 23508 "-" "WP Rocket/Preload"
91.134.83.25 - - [25/Jul/2026:00:55:29 +0200] "GET /donation-au-dernier-vivant-a-perpignan/ HTTP/1.1" 200 23507 "-" "WP Rocket/Preload Mozilla/5.0 (iPhone; CPU iPhone OS 9_1 like Mac OS X) AppleWebKit/601.1.46 (KHTML, like Gecko) Version/9.0 Mobile/13B143 Safari/601.1"
91.134.83.25 - - [25/Jul/2026:00:55:30 +0200] "GET /pourquoi-faire-appel-a-un-courtier-en-assurance-perpignan/ HTTP/1.1" 200 23354 "-" "WP Rocket/Preload"
91.134.83.25 - - [25/Jul/2026:00:55:31 +0200] "GET /pourquoi-faire-appel-a-un-courtier-en-assurance-perpignan/ HTTP/1.1" 200 23353 "-" "WP Rocket/Preload Mozilla/5.0 (iPhone; CPU iPhone OS 9_1 like Mac OS X) AppleWebKit/601.1.46 (KHTML, like Gecko) Version/9.0 Mobile/13B143 Safari/601.1"
91.134.83.25 - - [25/Jul/2026:00:55:32 +0200] "GET /suivi-patrimonial-a-perpignan/ HTTP/1.1" 200 23341 "-" "WP Rocket/Preload"
91.134.83.25 - - [25/Jul/2026:00:55:33 +0200] "GET /suivi-patrimonial-a-perpignan/ HTTP/1.1" 200 23339 "-" "WP Rocket/Preload Mozilla/5.0 (iPhone; CPU iPhone OS 9_1 like Mac OS X) AppleWebKit/601.1.46 (KHTML, like Gecko) Version/9.0 Mobile/13B143 Safari/601.1"
91.134.83.25 - - [25/Jul/2026:00:55:34 +0200] "GET /scpi-a-perpignan/ HTTP/1.1" 200 23512 "-" "WP Rocket/Preload"
91.134.83.25 - - [25/Jul/2026:00:55:35 +0200] "GET /scpi-a-perpignan/ HTTP/1.1" 200 23510 "-" "WP Rocket/Preload Mozilla/5.0 (iPhone; CPU iPhone OS 9_1 like Mac OS X) AppleWebKit/601.1.46 (KHTML, like Gecko) Version/9.0 Mobile/13B143 Safari/601.1"
91.134.83.25 - - [25/Jul/2026:00:55:36 +0200] "GET /le-plan-epargne-retraite/ HTTP/1.1" 200 23388 "-" "WP Rocket/Preload"
91.134.83.25 - - [25/Jul/2026:00:55:37 +0200] "GET /le-plan-epargne-retraite/ HTTP/1.1" 200 23386 "-" "WP Rocket/Preload Mozilla/5.0 (iPhone; CPU iPhone OS 9_1 like Mac OS X) AppleWebKit/601.1.46 (KHTML, like Gecko) Version/9.0 Mobile/13B143 Safari/601.1"
91.134.83.25 - - [25/Jul/2026:00:55:38 +0200] "GET /don-et-reduction-dimpot-perpignan/ HTTP/1.1" 200 23562 "-" "WP Rocket/Preload"
91.134.83.25 - - [25/Jul/2026:00:55:39 +0200] "GET /don-et-reduction-dimpot-perpignan/ HTTP/1.1" 200 23560 "-" "WP Rocket/Preload Mozilla/5.0 (iPhone; CPU iPhone OS 9_1 like Mac OS X) AppleWebKit/601.1.46 (KHTML, like Gecko) Version/9.0 Mobile/13B143 Safari/601.1"
91.134.83.25 - - [25/Jul/2026:00:55:40 +0200] "GET /alleger-ses-impots-avec-votre-conseiller-en-gestion-de-patrimoine-perpignan/ HTTP/1.1" 200 23669 "-" "WP Rocket/Preload"
91.134.83.25 - - [25/Jul/2026:00:55:41 +0200] "GET /alleger-ses-impots-avec-votre-conseiller-en-gestion-de-patrimoine-perpignan/ HTTP/1.1" 200 23667 "-" "WP Rocket/Preload Mozilla/5.0 (iPhone; CPU iPhone OS 9_1 like Mac OS X) AppleWebKit/601.1.46 (KHTML, like Gecko) Version/9.0 Mobile/13B143 Safari/601.1"
91.134.83.25 - - [25/Jul/2026:00:55:42 +0200] "GET /transmettre-gestionnaire-de-patrimoine-perpignan/ HTTP/1.1" 200 23569 "-" "WP Rocket/Preload"
91.134.83.25 - - [25/Jul/2026:00:55:43 +0200] "GET /transmettre-gestionnaire-de-patrimoine-perpignan/ HTTP/1.1" 200 23568 "-" "WP Rocket/Preload Mozilla/5.0 (iPhone; CPU iPhone OS 9_1 like Mac OS X) AppleWebKit/601.1.46 (KHTML, like Gecko) Version/9.0 Mobile/13B143 Safari/601.1"
91.134.83.25 - - [25/Jul/2026:00:55:44 +0200] "GET /conseiller-financier-perpignan/ HTTP/1.1" 200 23576 "-" "WP Rocket/Preload"
91.134.83.25 - - [25/Jul/2026:00:55:45 +0200] "GET /conseiller-financier-perpignan/ HTTP/1.1" 200 23575 "-" "WP Rocket/Preload Mozilla/5.0 (iPhone; CPU iPhone OS 9_1 like Mac OS X) AppleWebKit/601.1.46 (KHTML, like Gecko) Version/9.0 Mobile/13B143 Safari/601.1"
91.134.83.25 - - [25/Jul/2026:00:55:46 +0200] "GET /assurance-emprunteur-questionnaire-medical-2022/ HTTP/1.1" 200 23626 "-" "WP Rocket/Preload"
91.134.83.25 - - [25/Jul/2026:00:55:47 +0200] "GET /assurance-emprunteur-questionnaire-medical-2022/ HTTP/1.1" 200 23625 "-" "WP Rocket/Preload Mozilla/5.0 (iPhone; CPU iPhone OS 9_1 like Mac OS X) AppleWebKit/601.1.46 (KHTML, like Gecko) Version/9.0 Mobile/13B143 Safari/601.1"
91.134.83.25 - - [25/Jul/2026:00:55:48 +0200] "GET /pourquoi-faire-appel-a-un-conseiller-en-investissement-a-perpignan-et-alentours/ HTTP/1.1" 200 23997 "-" "WP Rocket/Preload"
91.134.83.25 - - [25/Jul/2026:00:55:49 +0200] "GET /pourquoi-faire-appel-a-un-conseiller-en-investissement-a-perpignan-et-alentours/ HTTP/1.1" 200 24064 "-" "WP Rocket/Preload Mozilla/5.0 (iPhone; CPU iPhone OS 9_1 like Mac OS X) AppleWebKit/601.1.46 (KHTML, like Gecko) Version/9.0 Mobile/13B143 Safari/601.1"
91.134.83.25 - - [25/Jul/2026:00:55:57 +0200] "POST /wp-cron.php?doing_wp_cron=1784933757.2274599075317382812500 HTTP/1.1" 200 5074 "-" "WordPress/6.9.4; https://as-cp.fr"
114.119.130.221 - - [25/Jul/2026:00:55:56 +0200] "GET /investissement-immobilier-locatif-a-perpignan HTTP/1.1" 301 5097 "https://as-cp.fr/investissement-a-perpignan-comprendre-les-bases-en-5-etapes" "Mozilla/5.0 (Linux; Android 7.0;) AppleWebKit/537.36 (HTML, like Gecko) Mobile Safari/537.36 (compatible; PetalBot;+https://webmaster.petalsearch.com/site/petalbot)"
114.119.130.221 - - [25/Jul/2026:00:55:57 +0200] "GET /investissement-immobilier-locatif-a-perpignan/ HTTP/1.1" 200 24065 "https://as-cp.fr/investissement-a-perpignan-comprendre-les-bases-en-5-etapes" "Mozilla/5.0 (Linux; Android 7.0;) AppleWebKit/537.36 (HTML, like Gecko) Mobile Safari/537.36 (compatible; PetalBot;+https://webmaster.petalsearch.com/site/petalbot)"
91.134.83.25 - - [25/Jul/2026:00:57:25 +0200] "POST /wp-cron.php?doing_wp_cron=1784933845.5529921054840087890625 HTTP/1.1" 200 5074 "-" "WordPress/6.9.4; https://as-cp.fr"
57.141.0.61 - - [25/Jul/2026:00:57:25 +0200] "GET /shops/resty/a8i2d0d7e1c6a2m8p863 HTTP/1.1" 301 5197 "-" "Mozilla/5.0 (Macintosh; Intel Mac OS X 10_15_7) AppleWebKit/537.36 (KHTML, like Gecko) Chrome/145.0.0.0 Safari/537.36 (compatible; meta-externalagent/1.1 (+https://developers.facebook.com/docs/sharing/webmasters/crawler))"
91.134.83.25 - - [25/Jul/2026:00:57:25 +0200] "GET /heritage-votre-conseiller-en-succession-a-perpignan-vous-en-dit-plus-sur-les-frais-a-prevoir/ HTTP/1.1" 200 23533 "-" "WP Rocket/Preload"
91.134.83.25 - - [25/Jul/2026:00:57:26 +0200] "GET /heritage-votre-conseiller-en-succession-a-perpignan-vous-en-dit-plus-sur-les-frais-a-prevoir/ HTTP/1.1" 200 23532 "-" "WP Rocket/Preload Mozilla/5.0 (iPhone; CPU iPhone OS 9_1 like Mac OS X) AppleWebKit/601.1.46 (KHTML, like Gecko) Version/9.0 Mobile/13B143 Safari/601.1"
91.134.83.25 - - [25/Jul/2026:00:57:27 +0200] "GET /impot-sur-le-revenu/ HTTP/1.1" 200 23279 "-" "WP Rocket/Preload"
91.134.83.25 - - [25/Jul/2026:00:57:28 +0200] "GET /impot-sur-le-revenu/ HTTP/1.1" 200 23571 "-" "WP Rocket/Preload Mozilla/5.0 (iPhone; CPU iPhone OS 9_1 like Mac OS X) AppleWebKit/601.1.46 (KHTML, like Gecko) Version/9.0 Mobile/13B143 Safari/601.1"
91.134.83.25 - - [25/Jul/2026:00:57:29 +0200] "GET /payer-moins-dimpots-gestion-de-patrimoine-a-perpignan/ HTTP/1.1" 200 23540 "-" "WP Rocket/Preload"
91.134.83.25 - - [25/Jul/2026:00:57:30 +0200] "GET /payer-moins-dimpots-gestion-de-patrimoine-a-perpignan/ HTTP/1.1" 200 23605 "-" "WP Rocket/Preload Mozilla/5.0 (iPhone; CPU iPhone OS 9_1 like Mac OS X) AppleWebKit/601.1.46 (KHTML, like Gecko) Version/9.0 Mobile/13B143 Safari/601.1"
91.134.83.25 - - [25/Jul/2026:00:57:31 +0200] "GET /prevoyance-courtier-en-assurance-perpignan/ HTTP/1.1" 200 23344 "-" "WP Rocket/Preload"
91.134.83.25 - - [25/Jul/2026:00:57:32 +0200] "GET /prevoyance-courtier-en-assurance-perpignan/ HTTP/1.1" 200 23409 "-" "WP Rocket/Preload Mozilla/5.0 (iPhone; CPU iPhone OS 9_1 like Mac OS X) AppleWebKit/601.1.46 (KHTML, like Gecko) Version/9.0 Mobile/13B143 Safari/601.1"
91.134.83.25 - - [25/Jul/2026:00:57:33 +0200] "GET /clause-beneficiaire/ HTTP/1.1" 200 23800 "-" "WP Rocket/Preload"
91.134.83.25 - - [25/Jul/2026:00:57:34 +0200] "GET /clause-beneficiaire/ HTTP/1.1" 200 23798 "-" "WP Rocket/Preload Mozilla/5.0 (iPhone; CPU iPhone OS 9_1 like Mac OS X) AppleWebKit/601.1.46 (KHTML, like Gecko) Version/9.0 Mobile/13B143 Safari/601.1"
91.134.83.25 - - [25/Jul/2026:00:57:35 +0200] "GET /livret-a/ HTTP/1.1" 200 23715 "-" "WP Rocket/Preload"
91.134.83.25 - - [25/Jul/2026:00:57:36 +0200] "GET /livret-a/ HTTP/1.1" 200 23713 "-" "WP Rocket/Preload Mozilla/5.0 (iPhone; CPU iPhone OS 9_1 like Mac OS X) AppleWebKit/601.1.46 (KHTML, like Gecko) Version/9.0 Mobile/13B143 Safari/601.1"
91.134.83.25 - - [25/Jul/2026:00:57:37 +0200] "GET /inflation-et-investissement/ HTTP/1.1" 200 23725 "-" "WP Rocket/Preload"
91.134.83.25 - - [25/Jul/2026:00:57:38 +0200] "GET /inflation-et-investissement/ HTTP/1.1" 200 23723 "-" "WP Rocket/Preload Mozilla/5.0 (iPhone; CPU iPhone OS 9_1 like Mac OS X) AppleWebKit/601.1.46 (KHTML, like Gecko) Version/9.0 Mobile/13B143 Safari/601.1"
91.134.83.25 - - [25/Jul/2026:00:57:39 +0200] "GET /realiser-un-investissement-immobilier/ HTTP/1.1" 200 23600 "-" "WP Rocket/Preload"
91.134.83.25 - - [25/Jul/2026:00:57:40 +0200] "GET /realiser-un-investissement-immobilier/ HTTP/1.1" 200 12993 "-" "WP Rocket/Preload Mozilla/5.0 (iPhone; CPU iPhone OS 9_1 like Mac OS X) AppleWebKit/601.1.46 (KHTML, like Gecko) Version/9.0 Mobile/13B143 Safari/601.1"
91.134.83.25 - - [25/Jul/2026:00:57:42 +0200] "GET /contrat-obseques/ HTTP/1.1" 200 12993 "-" "WP Rocket/Preload"
91.134.83.25 - - [25/Jul/2026:00:57:43 +0200] "GET /contrat-obseques/ HTTP/1.1" 200 12993 "-" "WP Rocket/Preload Mozilla/5.0 (iPhone; CPU iPhone OS 9_1 like Mac OS X) AppleWebKit/601.1.46 (KHTML, like Gecko) Version/9.0 Mobile/13B143 Safari/601.1"
91.134.83.25 - - [25/Jul/2026:00:57:45 +0200] "GET /assurance-vie-et-le-livret-a/ HTTP/1.1" 200 23751 "-" "WP Rocket/Preload"
91.134.83.25 - - [25/Jul/2026:00:57:46 +0200] "GET /assurance-vie-et-le-livret-a/ HTTP/1.1" 200 23832 "-" "WP Rocket/Preload Mozilla/5.0 (iPhone; CPU iPhone OS 9_1 like Mac OS X) AppleWebKit/601.1.46 (KHTML, like Gecko) Version/9.0 Mobile/13B143 Safari/601.1"
91.134.83.25 - - [25/Jul/2026:00:57:47 +0200] "GET /prelevement-a-la-source/ HTTP/1.1" 200 23744 "-" "WP Rocket/Preload"
