91.134.83.25 - - [25/Jul/2026:01:11:06 +0200] "POST /wp-cron.php?doing_wp_cron=1784934666.3290019035339355468750 HTTP/1.1" 200 5074 "-" "WordPress/6.9.4; https://as-cp.fr"
114.119.139.246 - - [25/Jul/2026:01:11:05 +0200] "GET /kwlogos-carousel-sitemap.xml HTTP/1.1" 200 5410 "https://as-cp.fr/sitemap.xml" "Mozilla/5.0 (Linux; Android 7.0;) AppleWebKit/537.36 (KHTML, like Gecko) Mobile Safari/537.36 (compatible; PetalBot;+https://webmaster.petalsearch.com/site/petalbot)"
3.223.8.190 - - [25/Jul/2026:01:11:17 +0200] "GET /?p=310 HTTP/1.1" 301 5080 "-" "Mozilla/5.0 AppleWebKit/605.1.15 (KHTML, like Gecko) Chrome/139.0.0.0 Safari/605.1.15"
100.28.98.116 - - [25/Jul/2026:01:11:17 +0200] "GET /assurance-vie-et-le-livret-a/ HTTP/1.1" 200 23574 "-" "Mozilla/5.0 AppleWebKit/605.1.15 (KHTML, like Gecko) Chrome/139.0.0.0 Safari/605.1.15"
91.134.83.25 - - [25/Jul/2026:01:11:37 +0200] "POST /wp-cron.php?doing_wp_cron=1784934697.9453260898590087890625 HTTP/1.1" 200 5074 "-" "WordPress/6.9.4; https://as-cp.fr"
114.119.132.202 - - [25/Jul/2026:01:11:37 +0200] "GET /category-sitemap.xml HTTP/1.1" 200 5562 "https://as-cp.fr/sitemap.xml" "Mozilla/5.0 (Linux; Android 7.0;) AppleWebKit/537.36 (KHTML, like Gecko) Mobile Safari/537.36 (compatible; PetalBot;+https://webmaster.petalsearch.com/site/petalbot)"
91.134.83.25 - - [25/Jul/2026:01:11:50 +0200] "POST /wp-cron.php?doing_wp_cron=1784934710.7583041191101074218750 HTTP/1.1" 200 5074 "-" "WordPress/6.9.4; https://as-cp.fr"
192.241.143.148 - - [25/Jul/2026:01:11:50 +0200] "GET /wp-login.php HTTP/1.1" 200 8736 "-" "Mozilla/5.0 (Windows NT 10.0; Win64; x64) AppleWebKit/537.36 (KHTML, like Gecko) Chrome/150.0.0.0 Safari/537.36"
192.241.143.148 - - [25/Jul/2026:01:11:50 +0200] "POST /wp-login.php HTTP/1.1" 200 8912 "https://as-cp.fr/wp-login.php" "Mozilla/5.0 (Windows NT 10.0; Win64; x64) AppleWebKit/537.36 (KHTML, like Gecko) Chrome/150.0.0.0 Safari/537.36"
103.90.234.13 - - [25/Jul/2026:01:12:09 +0200] "GET /wp-login.php HTTP/1.1" 200 8736 "-" "Mozilla/5.0 (Windows NT 10.0; Win64; x64) AppleWebKit/537.36 (KHTML, like Gecko) Chrome/150.0.0.0 Safari/537.36"
103.90.234.13 - - [25/Jul/2026:01:12:13 +0200] "POST /wp-login.php HTTP/1.1" 200 8912 "https://as-cp.fr/wp-login.php" "Mozilla/5.0 (Windows NT 10.0; Win64; x64) AppleWebKit/537.36 (KHTML, like Gecko) Chrome/150.0.0.0 Safari/537.36"
91.134.83.25 - - [25/Jul/2026:01:13:06 +0200] "POST /wp-cron.php?doing_wp_cron=1784934786.0044550895690917968750 HTTP/1.1" 200 5074 "-" "WordPress/6.9.4; https://as-cp.fr"
114.119.143.166 - - [25/Jul/2026:01:13:05 +0200] "GET /author-sitemap.xml HTTP/1.1" 200 5430 "https://as-cp.fr/sitemap.xml" "Mozilla/5.0 (Linux; Android 7.0;) AppleWebKit/537.36 (KHTML, like Gecko) Mobile Safari/537.36 (compatible; PetalBot;+https://webmaster.petalsearch.com/site/petalbot)"
91.134.83.25 - - [25/Jul/2026:01:14:33 +0200] "POST /wp-cron.php?doing_wp_cron=1784934873.7936370372772216796875 HTTP/1.1" 200 5074 "-" "WordPress/6.9.4; https://as-cp.fr"
57.141.0.20 - - [25/Jul/2026:01:14:33 +0200] "GET /?v=b8e1a2g0l1e38401 HTTP/1.1" 200 98108 "-" "Mozilla/5.0 (Windows NT 10.0; Win64; x64) AppleWebKit/537.36 (KHTML, like Gecko) Chrome/145.0.0.0 Safari/537.36 (compatible; meta-externalagent/1.1 (+https://developers.facebook.com/docs/sharing/webmasters/crawler))"
23.27.45.22 - - [25/Jul/2026:01:14:58 +0200] "GET /wp-content/uploads/2025/05/declaration-d-impot-a-perpignan-1-768x576.jpg HTTP/1.1" 200 5111 "-" "Mozilla/5.0 (compatible; crawler)"
91.134.83.25 - - [25/Jul/2026:01:15:32 +0200] "POST /wp-cron.php?doing_wp_cron=1784934932.1744101047515869140625 HTTP/1.1" 200 5074 "-" "WordPress/6.9.4; https://as-cp.fr"
57.141.0.37 - - [25/Jul/2026:01:15:31 +0200] "GET /?v=e8s1p4o8u6s8a2l9366 HTTP/1.1" 200 98130 "-" "Mozilla/5.0 (Macintosh; Intel Mac OS X 10_15_7) AppleWebKit/537.36 (KHTML, like Gecko) Chrome/145.0.0.0 Safari/537.36 (compatible; meta-externalagent/1.1 (+https://developers.facebook.com/docs/sharing/webmasters/crawler))"
91.134.83.25 - - [25/Jul/2026:01:16:44 +0200] "POST /wp-cron.php?doing_wp_cron=1784935004.2405869960784912109375 HTTP/1.1" 200 5074 "-" "WordPress/6.9.4; https://as-cp.fr"
57.141.0.16 - - [25/Jul/2026:01:16:43 +0200] "GET /?v=i8m3m0u9t0a2b3l4y285 HTTP/1.1" 200 98108 "-" "Mozilla/5.0 (Windows NT 10.0; Win64; x64) AppleWebKit/537.36 (KHTML, like Gecko) Chrome/145.0.0.0 Safari/537.36 (compatible; meta-externalagent/1.1 (+https://developers.facebook.com/docs/sharing/webmasters/crawler))"
91.134.83.25 - - [25/Jul/2026:01:18:30 +0200] "POST /wp-cron.php?doing_wp_cron=1784935110.4540519714355468750000 HTTP/1.1" 200 5074 "-" "WordPress/6.9.4; https://as-cp.fr"
57.141.0.44 - - [25/Jul/2026:01:18:29 +0200] "GET /shops/lissencephala/c8r2e6s0s3e9t0236 HTTP/1.1" 301 5197 "-" "Mozilla/5.0 (Windows NT 10.0; Win64; x64) AppleWebKit/537.36 (KHTML, like Gecko) Chrome/145.0.0.0 Safari/537.36 (compatible; meta-externalagent/1.1 (+https://developers.facebook.com/docs/sharing/webmasters/crawler))"
91.134.83.25 - - [25/Jul/2026:01:18:51 +0200] "POST /wp-cron.php?doing_wp_cron=1784935131.1772780418395996093750 HTTP/1.1" 200 5074 "-" "WordPress/6.9.4; https://as-cp.fr"
57.141.0.45 - - [25/Jul/2026:01:18:50 +0200] "GET /shops/currentness/w8i4n2d5s5o3r30858 HTTP/1.1" 301 5197 "-" "Mozilla/5.0 (Windows NT 10.0; Win64; x64) AppleWebKit/537.36 (KHTML, like Gecko) Chrome/145.0.0.0 Safari/537.36 Edg/145.0.0.0 (compatible; meta-externalagent/1.1 (+https://developers.facebook.com/docs/sharing/webmasters/crawler))"
91.134.83.25 - - [25/Jul/2026:01:19:53 +0200] "POST /wp-cron.php?doing_wp_cron=1784935193.0191030502319335937500 HTTP/1.1" 200 5074 "-" "WordPress/6.9.4; https://as-cp.fr"
100.29.160.53 - - [25/Jul/2026:01:19:52 +0200] "GET /wp-content/uploads/2024/09/opcvm-a HTTP/1.1" 301 5197 "-" "Mozilla/5.0 AppleWebKit/537.36 (KHTML, like Gecko; compatible; Amazonbot/0.1; +https://developer.amazon.com/support/amazonbot) Chrome/119.0.6045.214 Safari/537.36"
34.227.156.153 - - [25/Jul/2026:01:19:53 +0200] "GET / HTTP/1.1" 200 26624 "-" "Mozilla/5.0 AppleWebKit/537.36 (KHTML, like Gecko; compatible; Amazonbot/0.1; +https://developer.amazon.com/support/amazonbot) Chrome/119.0.6045.214 Safari/537.36"
91.134.83.25 - - [25/Jul/2026:01:21:54 +0200] "POST /wp-cron.php?doing_wp_cron=1784935314.3882510662078857421875 HTTP/1.1" 200 5074 "-" "WordPress/6.9.4; https://as-cp.fr"
57.141.0.23 - - [25/Jul/2026:01:21:54 +0200] "GET /shops/tanning/s8t1r4a8i2g7h9t873 HTTP/1.1" 301 5197 "-" "Mozilla/5.0 (Windows NT 10.0; Win64; x64) AppleWebKit/537.36 (KHTML, like Gecko) Chrome/145.0.0.0 Safari/537.36 (compatible; meta-externalagent/1.1 (+https://developers.facebook.com/docs/sharing/webmasters/crawler))"
91.134.83.25 - - [25/Jul/2026:01:23:15 +0200] "POST /wp-cron.php?doing_wp_cron=1784935395.5336980819702148437500 HTTP/1.1" 200 5074 "-" "WordPress/6.9.4; https://as-cp.fr"
57.141.0.56 - - [25/Jul/2026:01:23:15 +0200] "GET /sitiophobia/d8i3s3e8n0c2h4a5n1t9e7d HTTP/1.1" 301 5197 "-" "Mozilla/5.0 (Macintosh; Intel Mac OS X 10_15_7) AppleWebKit/537.36 (KHTML, like Gecko) Chrome/145.0.0.0 Safari/537.36 (compatible; meta-externalagent/1.1 (+https://developers.facebook.com/docs/sharing/webmasters/crawler))"
91.134.83.25 - - [25/Jul/2026:01:23:34 +0200] "POST /wp-cron.php?doing_wp_cron=1784935414.9894380569458007812500 HTTP/1.1" 200 5074 "-" "WordPress/6.9.4; https://as-cp.fr"
57.141.0.7 - - [25/Jul/2026:01:23:34 +0200] "GET /shops/twining/m8o2n7o9t1y4p6e0386 HTTP/1.1" 301 5197 "-" "Mozilla/5.0 (Macintosh; Intel Mac OS X 10_15_7) AppleWebKit/537.36 (KHTML, like Gecko) Chrome/145.0.0.0 Safari/537.36 (compatible; meta-externalagent/1.1 (+https://developers.facebook.com/docs/sharing/webmasters/crawler))"
68.67.112.163 - - [25/Jul/2026:01:25:04 +0200] "GET /robots.txt HTTP/1.1" 200 5168 "-" "Mozilla/5.0 AppleWebKit/537.36 (KHTML, like Gecko; compatible; YouBot/1.0; +https://docs.you.com/youbot; env:prod) Chrome/142.0.0.0 Safari/537.36"
68.67.112.163 - - [25/Jul/2026:01:25:04 +0200] "GET /succession-un-nouvel-abattement-pour-les-enfants-du-conjoint-pourquoi-un-conseil-en-succession-a-perpignan-et-alentours-est-important/ HTTP/1.1" 200 23915 "-" "Mozilla/5.0 AppleWebKit/537.36 (KHTML, like Gecko; compatible; YouBot/1.0; +https://docs.you.com/youbot; env:prod) Chrome/142.0.0.0 Safari/537.36"
91.134.83.25 - - [25/Jul/2026:01:27:08 +0200] "POST /wp-cron.php?doing_wp_cron=1784935628.5564200878143310546875 HTTP/1.1" 200 5074 "-" "WordPress/6.9.4; https://as-cp.fr"
3.214.136.95 - - [25/Jul/2026:01:27:08 +0200] "GET /?p=306 HTTP/1.1" 301 5068 "-" "Mozilla/5.0 AppleWebKit/605.1.15 (KHTML, like Gecko) Chrome/139.0.0.0 Safari/605.1.15"
3.214.136.95 - - [25/Jul/2026:01:27:08 +0200] "GET /contrat-obseques/ HTTP/1.1" 200 23530 "-" "Mozilla/5.0 AppleWebKit/605.1.15 (KHTML, like Gecko) Chrome/139.0.0.0 Safari/605.1.15"
91.134.83.25 - - [25/Jul/2026:01:27:29 +0200] "POST /wp-cron.php?doing_wp_cron=1784935649.4221570491790771484375 HTTP/1.1" 200 5074 "-" "WordPress/6.9.4; https://as-cp.fr"
57.141.0.28 - - [25/Jul/2026:01:27:29 +0200] "GET /shops/concha/d8o2d2e3c3a9t6e1m9o9r2y HTTP/1.1" 301 5197 "-" "Mozilla/5.0 (Macintosh; Intel Mac OS X 10_15_7) AppleWebKit/537.36 (KHTML, like Gecko) Chrome/145.0.0.0 Safari/537.36 (compatible; meta-externalagent/1.1 (+https://developers.facebook.com/docs/sharing/webmasters/crawler))"
91.134.83.25 - - [25/Jul/2026:01:27:34 +0200] "POST /wp-cron.php?doing_wp_cron=1784935654.9683840274810791015625 HTTP/1.1" 200 5074 "-" "WordPress/6.9.4; https://as-cp.fr"
57.141.0.43 - - [25/Jul/2026:01:27:34 +0200] "GET /?v=w8a3n3d0y1156820 HTTP/1.1" 200 98108 "-" "Mozilla/5.0 (Macintosh; Intel Mac OS X 10_15_7) AppleWebKit/537.36 (KHTML, like Gecko) Chrome/145.0.0.0 Safari/537.36 (compatible; meta-externalagent/1.1 (+https://developers.facebook.com/docs/sharing/webmasters/crawler))"
91.134.83.25 - - [25/Jul/2026:01:29:25 +0200] "POST /wp-cron.php?doing_wp_cron=1784935765.6105549335479736328125 HTTP/1.1" 200 5074 "-" "WordPress/6.9.4; https://as-cp.fr"
57.141.0.3 - - [25/Jul/2026:01:29:25 +0200] "GET /?v=c8a3l3c4a5v8e1l2l9o9s3 HTTP/1.1" 200 98108 "-" "Mozilla/5.0 (Windows NT 10.0; Win64; x64) AppleWebKit/537.36 (KHTML, like Gecko) Chrome/145.0.0.0 Safari/537.36 (compatible; meta-externalagent/1.1 (+https://developers.facebook.com/docs/sharing/webmasters/crawler))"
91.134.83.25 - - [25/Jul/2026:01:30:00 +0200] "POST /wp-cron.php?doing_wp_cron=1784935800.5696189403533935546875 HTTP/1.1" 200 5074 "-" "WordPress/6.9.4; https://as-cp.fr"
57.141.0.41 - - [25/Jul/2026:01:30:00 +0200] "GET /sitemap-sub-2873.xml HTTP/1.1" 301 5197 "-" "Mozilla/5.0 (Windows NT 10.0; Win64; x64) AppleWebKit/537.36 (KHTML, like Gecko) Chrome/145.0.0.0 Safari/537.36 Edg/145.0.0.0 (compatible; meta-externalagent/1.1 (+https://developers.facebook.com/docs/sharing/webmasters/crawler))"
57.141.0.29 - - [25/Jul/2026:01:30:03 +0200] "GET /reposedness/comparting/82943313995 HTTP/1.1" 301 5197 "-" "Mozilla/5.0 (Windows NT 10.0; Win64; x64) AppleWebKit/537.36 (KHTML, like Gecko) Chrome/145.0.0.0 Safari/537.36 (compatible; meta-externalagent/1.1 (+https://developers.facebook.com/docs/sharing/webmasters/crawler))"
195.20.18.103 - - [25/Jul/2026:01:33:52 +0200] "GET /wp-login.php HTTP/1.1" 200 8736 "-" "Mozilla/5.0 (Windows NT 10.0; Win64; x64) AppleWebKit/537.36 (KHTML, like Gecko) Chrome/150.0.0.0 Safari/537.36"
195.20.18.103 - - [25/Jul/2026:01:33:53 +0200] "POST /wp-login.php HTTP/1.1" 200 8912 "https://as-cp.fr/wp-login.php" "Mozilla/5.0 (Windows NT 10.0; Win64; x64) AppleWebKit/537.36 (KHTML, like Gecko) Chrome/150.0.0.0 Safari/537.36"
91.134.83.25 - - [25/Jul/2026:01:33:53 +0200] "POST /wp-cron.php?doing_wp_cron=1784936033.3447260856628417968750 HTTP/1.1" 200 5074 "-" "WordPress/6.9.4; https://as-cp.fr"
91.134.83.25 - - [25/Jul/2026:01:34:49 +0200] "POST /wp-cron.php?doing_wp_cron=1784936089.2363018989562988281250 HTTP/1.1" 200 5074 "-" "WordPress/6.9.4; https://as-cp.fr"
57.141.0.51 - - [25/Jul/2026:01:34:48 +0200] "GET /shops/sulker/s8k1e1l3d3r5a5k0e070 HTTP/1.1" 301 5197 "-" "Mozilla/5.0 (X11; Linux x86_64) AppleWebKit/537.36 (KHTML, like Gecko) Chrome/145.0.0.0 Safari/537.36 (compatible; meta-externalagent/1.1 (+https://developers.facebook.com/docs/sharing/webmasters/crawler))"
91.134.83.25 - - [25/Jul/2026:01:37:07 +0200] "POST /wp-cron.php?doing_wp_cron=1784936227.1624081134796142578125 HTTP/1.1" 200 5074 "-" "WordPress/6.9.4; https://as-cp.fr"
57.141.0.15 - - [25/Jul/2026:01:37:06 +0200] "GET /shops/jinks/t8h3a1w3i5n8g42917 HTTP/1.1" 301 5197 "-" "Mozilla/5.0 (Macintosh; Intel Mac OS X 10_15_7) AppleWebKit/537.36 (KHTML, like Gecko) Chrome/145.0.0.0 Safari/537.36 (compatible; meta-externalagent/1.1 (+https://developers.facebook.com/docs/sharing/webmasters/crawler))"
91.134.83.25 - - [25/Jul/2026:01:38:55 +0200] "POST /wp-cron.php?doing_wp_cron=1784936335.6147449016571044921875 HTTP/1.1" 200 5074 "-" "WordPress/6.9.4; https://as-cp.fr"
194.39.148.170 - - [25/Jul/2026:01:38:55 +0200] "GET /wp-login.php HTTP/1.1" 200 8736 "-" "Mozilla/5.0 (Windows NT 10.0; Win64; x64) AppleWebKit/537.36 (KHTML, like Gecko) Chrome/150.0.0.0 Safari/537.36"
194.39.148.170 - - [25/Jul/2026:01:38:55 +0200] "POST /wp-login.php HTTP/1.1" 200 8911 "https://as-cp.fr/wp-login.php" "Mozilla/5.0 (Windows NT 10.0; Win64; x64) AppleWebKit/537.36 (KHTML, like Gecko) Chrome/150.0.0.0 Safari/537.36"
114.119.157.221 - - [25/Jul/2026:01:41:18 +0200] "GET /bilan-patrimonial-a-perpignan/ HTTP/1.1" 200 23640 "https://as-cp.fr/clause-beneficiaire" "Mozilla/5.0 (Linux; Android 7.0;) AppleWebKit/537.36 (HTML, like Gecko) Mobile Safari/537.36 (compatible; PetalBot;+https://webmaster.petalsearch.com/site/petalbot)"
111.119.207.198 - - [25/Jul/2026:01:41:47 +0200] "GET /category/successsion/ HTTP/1.1" 200 24068 "-" "Mozilla/5.0 (Windows NT 10.0; Win64; x64) AppleWebKit/537.36 (KHTML, like Gecko) Chrome/146.0.0.0 Safari/537.36"
111.119.207.198 - - [25/Jul/2026:01:41:47 +0200] "GET /wp-content/plugins/kiwi-logo-carousel/third-party/jquery.bxslider/jquery.bxslider.css?ver=6.9.4 HTTP/1.1" 200 5137 "https://as-cp.fr/category/successsion/" "Mozilla/5.0 (Windows NT 10.0; Win64; x64) AppleWebKit/537.36 (KHTML, like Gecko) Chrome/146.0.0.0 Safari/537.36"
111.119.207.198 - - [25/Jul/2026:01:41:47 +0200] "GET /wp-content/uploads/la_icon_sets/style.min.css?ver=6.9.4 HTTP/1.1" 200 5068 "https://as-cp.fr/category/successsion/" "Mozilla/5.0 (Windows NT 10.0; Win64; x64) AppleWebKit/537.36 (KHTML, like Gecko) Chrome/146.0.0.0 Safari/537.36"
111.119.207.198 - - [25/Jul/2026:01:41:47 +0200] "GET /wp-content/plugins/kiwi-logo-carousel/custom-styles.css?ver=6.9.4 HTTP/1.1" 200 5107 "https://as-cp.fr/category/successsion/" "Mozilla/5.0 (Windows NT 10.0; Win64; x64) AppleWebKit/537.36 (KHTML, like Gecko) Chrome/146.0.0.0 Safari/537.36"
111.119.207.198 - - [25/Jul/2026:01:41:47 +0200] "GET /wp-content/plugins/superfly-menu/css/public.min.css?ver=6.9.4 HTTP/1.1" 200 5103 "https://as-cp.fr/category/successsion/" "Mozilla/5.0 (Windows NT 10.0; Win64; x64) AppleWebKit/537.36 (KHTML, like Gecko) Chrome/146.0.0.0 Safari/537.36"
111.119.207.198 - - [25/Jul/2026:01:41:47 +0200] "GET /wp-content/plugins/revslider/public/assets/css/rs6.css?ver=6.3.9 HTTP/1.1" 200 5106 "https://as-cp.fr/category/successsion/" "Mozilla/5.0 (Windows NT 10.0; Win64; x64) AppleWebKit/537.36 (KHTML, like Gecko) Chrome/146.0.0.0 Safari/537.36"
111.119.207.198 - - [25/Jul/2026:01:41:47 +0200] "GET /wp-includes/js/jquery/jquery.min.js?ver=3.7.1 HTTP/1.1" 200 5094 "https://as-cp.fr/category/successsion/" "Mozilla/5.0 (Windows NT 10.0; Win64; x64) AppleWebKit/537.36 (KHTML, like Gecko) Chrome/146.0.0.0 Safari/537.36"
111.119.207.198 - - [25/Jul/2026:01:41:47 +0200] "GET /wp-content/themes/agencepointcom/style.css?ver=6.9.4 HTTP/1.1" 200 5094 "https://as-cp.fr/category/successsion/" "Mozilla/5.0 (Windows NT 10.0; Win64; x64) AppleWebKit/537.36 (KHTML, like Gecko) Chrome/146.0.0.0 Safari/537.36"
111.119.207.198 - - [25/Jul/2026:01:41:47 +0200] "GET /wp-content/plugins/superfly-menu/includes/vendor/looks_awesome/icon_manager/js/md5.js?ver=1.0,0 HTTP/1.1" 200 5144 "https://as-cp.fr/category/successsion/" "Mozilla/5.0 (Windows NT 10.0; Win64; x64) AppleWebKit/537.36 (KHTML, like Gecko) Chrome/146.0.0.0 Safari/537.36"
111.119.207.198 - - [25/Jul/2026:01:41:47 +0200] "GET /wp-content/plugins/revslider/public/assets/js/rbtools.min.js?ver=6.3.9 HTTP/1.1" 200 5119 "https://as-cp.fr/category/successsion/" "Mozilla/5.0 (Windows NT 10.0; Win64; x64) AppleWebKit/537.36 (KHTML, like Gecko) Chrome/146.0.0.0 Safari/537.36"
111.119.207.198 - - [25/Jul/2026:01:41:47 +0200] "GET /wp-content/plugins/superfly-menu/includes/vendor/looks_awesome/icon_manager/js/util.js?ver=1.0,0 HTTP/1.1" 200 5395 "https://as-cp.fr/category/successsion/" "Mozilla/5.0 (Windows NT 10.0; Win64; x64) AppleWebKit/537.36 (KHTML, like Gecko) Chrome/146.0.0.0 Safari/537.36"
111.119.207.198 - - [25/Jul/2026:01:41:47 +0200] "GET /wp-content/plugins/superfly-menu/js/public.min.js?ver=5.0.19 HTTP/1.1" 200 5108 "https://as-cp.fr/category/successsion/" "Mozilla/5.0 (Windows NT 10.0; Win64; x64) AppleWebKit/537.36 (KHTML, like Gecko) Chrome/146.0.0.0 Safari/537.36"
111.119.207.198 - - [25/Jul/2026:01:41:47 +0200] "GET /wp-includes/js/jquery/jquery-migrate.min.js?ver=3.4.1 HTTP/1.1" 200 5102 "https://as-cp.fr/category/successsion/" "Mozilla/5.0 (Windows NT 10.0; Win64; x64) AppleWebKit/537.36 (KHTML, like Gecko) Chrome/146.0.0.0 Safari/537.36"
111.119.207.198 - - [25/Jul/2026:01:41:47 +0200] "GET /wp-content/plugins/revslider/public/assets/js/rs6.min.js?ver=6.3.9 HTTP/1.1" 200 5115 "https://as-cp.fr/category/successsion/" "Mozilla/5.0 (Windows NT 10.0; Win64; x64) AppleWebKit/537.36 (KHTML, like Gecko) Chrome/146.0.0.0 Safari/537.36"
111.119.207.198 - - [25/Jul/2026:01:41:47 +0200] "GET /wp-content/themes/agencepointcom/js/script-frontend.js HTTP/1.1" 200 5444 "https://as-cp.fr/category/successsion/" "Mozilla/5.0 (Windows NT 10.0; Win64; x64) AppleWebKit/537.36 (KHTML, like Gecko) Chrome/146.0.0.0 Safari/537.36"
111.119.207.198 - - [25/Jul/2026:01:41:47 +0200] "GET /wp-content/themes/agencepointcom/js/navigation.js?ver=20151215 HTTP/1.1" 200 5108 "https://as-cp.fr/category/successsion/" "Mozilla/5.0 (Windows NT 10.0; Win64; x64) AppleWebKit/537.36 (KHTML, like Gecko) Chrome/146.0.0.0 Safari/537.36"
111.119.207.198 - - [25/Jul/2026:01:41:47 +0200] "GET /wp-content/plugins/contact-form-7/modules/recaptcha/index.js?ver=6.1.6 HTTP/1.1" 200 5584 "https://as-cp.fr/category/successsion/" "Mozilla/5.0 (Windows NT 10.0; Win64; x64) AppleWebKit/537.36 (KHTML, like Gecko) Chrome/146.0.0.0 Safari/537.36"
111.119.207.198 - - [25/Jul/2026:01:41:47 +0200] "GET /wp-content/themes/agencepointcom/js/skip-link-focus-fix.js?ver=20151215 HTTP/1.1" 200 5518 "https://as-cp.fr/category/successsion/" "Mozilla/5.0 (Windows NT 10.0; Win64; x64) AppleWebKit/537.36 (KHTML, like Gecko) Chrome/146.0.0.0 Safari/537.36"
111.119.207.198 - - [25/Jul/2026:01:41:47 +0200] "GET /wp-content/plugins/kiwi-logo-carousel/third-party/jquery.bxslider/jquery.bxslider.js?ver=6.9.4 HTTP/1.1" 200 5143 "https://as-cp.fr/category/successsion/" "Mozilla/5.0 (Windows NT 10.0; Win64; x64) AppleWebKit/537.36 (KHTML, like Gecko) Chrome/146.0.0.0 Safari/537.36"
111.119.207.198 - - [25/Jul/2026:01:41:47 +0200] "GET /wp-includes/js/dist/vendor/wp-polyfill.min.js?ver=3.15.0 HTTP/1.1" 200 5104 "https://as-cp.fr/category/successsion/" "Mozilla/5.0 (Windows NT 10.0; Win64; x64) AppleWebKit/537.36 (KHTML, like Gecko) Chrome/146.0.0.0 Safari/537.36"
91.134.83.25 - - [25/Jul/2026:01:44:26 +0200] "POST /wp-cron.php?doing_wp_cron=1784936666.1650419235229492187500 HTTP/1.1" 200 5074 "-" "WordPress/6.9.4; https://as-cp.fr"
57.141.0.55 - - [25/Jul/2026:01:44:25 +0200] "GET /shops/fetichist/s8u4n1s0h6i3n6y4109 HTTP/1.1" 301 5197 "-" "Mozilla/5.0 (Macintosh; Intel Mac OS X 10_15_7) AppleWebKit/537.36 (KHTML, like Gecko) Chrome/145.0.0.0 Safari/537.36 (compatible; meta-externalagent/1.1 (+https://developers.facebook.com/docs/sharing/webmasters/crawler))"
91.134.83.25 - - [25/Jul/2026:01:45:09 +0200] "POST /wp-cron.php?doing_wp_cron=1784936709.6044321060180664062500 HTTP/1.1" 200 5074 "-" "WordPress/6.9.4; https://as-cp.fr"
57.141.0.15 - - [25/Jul/2026:01:45:09 +0200] "GET /?contadino/81145497202 HTTP/1.1" 301 5075 "-" "Mozilla/5.0 (Windows NT 10.0; Win64; x64) AppleWebKit/537.36 (KHTML, like Gecko) Chrome/145.0.0.0 Safari/537.36 (compatible; meta-externalagent/1.1 (+https://developers.facebook.com/docs/sharing/webmasters/crawler))"
91.134.83.25 - - [25/Jul/2026:01:46:13 +0200] "POST /wp-cron.php?doing_wp_cron=1784936773.2174270153045654296875 HTTP/1.1" 200 5074 "-" "WordPress/6.9.4; https://as-cp.fr"
57.141.0.39 - - [25/Jul/2026:01:46:12 +0200] "GET /shops/gadded/a8s1c4o0l8i7c7h1e2n85 HTTP/1.1" 301 5197 "-" "Mozilla/5.0 (Windows NT 10.0; Win64; x64) AppleWebKit/537.36 (KHTML, like Gecko) Chrome/145.0.0.0 Safari/537.36 Edg/145.0.0.0 (compatible; meta-externalagent/1.1 (+https://developers.facebook.com/docs/sharing/webmasters/crawler))"
95.217.178.2 - - [25/Jul/2026:01:47:14 +0200] "GET /wp-content/uploads/2023/04/strategie-patrimoniale-350x230.jpg HTTP/1.1" 200 5100 "-" "Mozilla/5.0 (X11; Ubuntu; Linux x86_64; rv:72.0) Gecko/20100101 Firefox/72.0"
91.134.83.25 - - [25/Jul/2026:01:48:12 +0200] "POST /wp-cron.php?doing_wp_cron=1784936892.2760510444641113281250 HTTP/1.1" 200 5074 "-" "WordPress/6.9.4; https://as-cp.fr"
57.141.0.50 - - [25/Jul/2026:01:48:11 +0200] "GET /shops/mahometism/f8e1u9d0a2l6i5z2e609 HTTP/1.1" 301 5197 "-" "Mozilla/5.0 (Windows NT 10.0; Win64; x64) AppleWebKit/537.36 (KHTML, like Gecko) Chrome/145.0.0.0 Safari/537.36 (compatible; meta-externalagent/1.1 (+https://developers.facebook.com/docs/sharing/webmasters/crawler))"
91.134.83.25 - - [25/Jul/2026:01:49:34 +0200] "POST /wp-cron.php?doing_wp_cron=1784936974.1333119869232177734375 HTTP/1.1" 200 5074 "-" "WordPress/6.9.4; https://as-cp.fr"
44.216.78.86 - - [25/Jul/2026:01:49:33 +0200] "GET /?p=275 HTTP/1.1" 301 5105 "-" "Mozilla/5.0 AppleWebKit/605.1.15 (KHTML, like Gecko) Chrome/139.0.0.0 Safari/605.1.15"
34.198.222.182 - - [25/Jul/2026:01:49:34 +0200] "GET /payer-moins-dimpots-gestion-de-patrimoine-a-perpignan/ HTTP/1.1" 200 23358 "-" "Mozilla/5.0 AppleWebKit/605.1.15 (KHTML, like Gecko) Chrome/139.0.0.0 Safari/605.1.15"
57.141.0.33 - - [25/Jul/2026:01:49:37 +0200] "GET /?v=f8e5r1r0y0b1o2a2t76 HTTP/1.1" 200 98108 "-" "Mozilla/5.0 (Macintosh; Intel Mac OS X 10_15_7) AppleWebKit/537.36 (KHTML, like Gecko) Chrome/145.0.0.0 Safari/537.36 (compatible; meta-externalagent/1.1 (+https://developers.facebook.com/docs/sharing/webmasters/crawler))"
89.246.241.14 - - [25/Jul/2026:01:49:38 +0200] "GET /retraite-madelin/ HTTP/1.1" 200 23859 "-" "Mozilla/5.0 (Windows NT 10.0; Win64; x64; rv:142.0) Gecko/20100101 Firefox/142.0"
91.134.83.25 - - [25/Jul/2026:01:52:06 +0200] "POST /wp-cron.php?doing_wp_cron=1784937125.7140269279479980468750 HTTP/1.1" 200 5074 "-" "WordPress/6.9.4; https://as-cp.fr"
160.187.68.132 - - [25/Jul/2026:01:52:05 +0200] "GET /wp-login.php HTTP/1.1" 200 8736 "-" "Mozilla/5.0 (Windows NT 10.0; Win64; x64) AppleWebKit/537.36 (KHTML, like Gecko) Chrome/150.0.0.0 Safari/537.36"
160.187.68.132 - - [25/Jul/2026:01:52:06 +0200] "POST /wp-login.php HTTP/1.1" 200 8912 "https://as-cp.fr/wp-login.php" "Mozilla/5.0 (Windows NT 10.0; Win64; x64) AppleWebKit/537.36 (KHTML, like Gecko) Chrome/150.0.0.0 Safari/537.36"
91.134.83.25 - - [25/Jul/2026:01:52:19 +0200] "POST /wp-cron.php?doing_wp_cron=1784937139.3384099006652832031250 HTTP/1.1" 200 5074 "-" "WordPress/6.9.4; https://as-cp.fr"
57.141.0.67 - - [25/Jul/2026:01:52:18 +0200] "GET /?v=e8x1c5u2r6s8i0v0e6n5e0ss HTTP/1.1" 200 98108 "-" "Mozilla/5.0 (Windows NT 10.0; Win64; x64) AppleWebKit/537.36 (KHTML, like Gecko) Chrome/143.0.0.0 Safari/537.36 Edg/143.0.0.0 (compatible; meta-externalagent/1.1 (+https://developers.facebook.com/docs/sharing/webmasters/crawler))"
207.244.241.216 - - [25/Jul/2026:01:52:20 +0200] "GET /wp-login.php HTTP/1.1" 200 8736 "-" "Mozilla/5.0 (Windows NT 10.0; Win64; x64) AppleWebKit/537.36 (KHTML, like Gecko) Chrome/150.0.0.0 Safari/537.36"
91.134.83.25 - - [25/Jul/2026:01:52:21 +0200] "POST /wp-cron.php?doing_wp_cron=1784937141.5306360721588134765625 HTTP/1.1" 200 5074 "-" "WordPress/6.9.4; https://as-cp.fr"
207.244.241.216 - - [25/Jul/2026:01:52:21 +0200] "POST /wp-login.php HTTP/1.1" 200 8911 "https://as-cp.fr/wp-login.php" "Mozilla/5.0 (Windows NT 10.0; Win64; x64) AppleWebKit/537.36 (KHTML, like Gecko) Chrome/150.0.0.0 Safari/537.36"
91.134.83.25 - - [25/Jul/2026:01:52:46 +0200] "POST /wp-cron.php?doing_wp_cron=1784937166.7830901145935058593750 HTTP/1.1" 200 5074 "-" "WordPress/6.9.4; https://as-cp.fr"
57.141.0.48 - - [25/Jul/2026:01:52:46 +0200] "GET /?v=c8o1c4k0y5l4e6e1k3y26 HTTP/1.1" 200 98108 "-" "Mozilla/5.0 (Windows NT 10.0; Win64; x64) AppleWebKit/537.36 (KHTML, like Gecko) Chrome/145.0.0.0 Safari/537.36 (compatible; meta-externalagent/1.1 (+https://developers.facebook.com/docs/sharing/webmasters/crawler))"
91.134.83.25 - - [25/Jul/2026:01:53:36 +0200] "POST /wp-cron.php?doing_wp_cron=1784937216.0888490676879882812500 HTTP/1.1" 200 5074 "-" "WordPress/6.9.4; https://as-cp.fr"
57.141.0.3 - - [25/Jul/2026:01:53:35 +0200] "GET /shops/proterosaurus/c8u2l6t2u7r5i3n8g910 HTTP/1.1" 301 5197 "-" "Mozilla/5.0 (Windows NT 10.0; Win64; x64) AppleWebKit/537.36 (KHTML, like Gecko) Chrome/145.0.0.0 Safari/537.36 (compatible; meta-externalagent/1.1 (+https://developers.facebook.com/docs/sharing/webmasters/crawler))"
65.109.160.67 - - [25/Jul/2026:01:54:34 +0200] "GET /wp-content/uploads/2023/04/strategie-patrimoniale-350x230.jpg HTTP/1.1" 200 5100 "-" "Mozilla/5.0 (X11; Ubuntu; Linux x86_64; rv:72.0) Gecko/20100101 Firefox/72.0"
91.134.83.25 - - [25/Jul/2026:01:54:42 +0200] "POST /wp-cron.php?doing_wp_cron=1784937282.6142520904541015625000 HTTP/1.1" 200 5074 "-" "WordPress/6.9.4; https://as-cp.fr"
57.141.0.63 - - [25/Jul/2026:01:54:42 +0200] "GET /shops/resinously/s8h3o8w7i1n3e4s5s15 HTTP/1.1" 301 5197 "-" "Mozilla/5.0 (Macintosh; Intel Mac OS X 10_15_7) AppleWebKit/537.36 (KHTML, like Gecko) Chrome/145.0.0.0 Safari/537.36 (compatible; meta-externalagent/1.1 (+https://developers.facebook.com/docs/sharing/webmasters/crawler))"
91.134.83.25 - - [25/Jul/2026:01:55:33 +0200] "POST /wp-cron.php?doing_wp_cron=1784937333.8956511020660400390625 HTTP/1.1" 200 5074 "-" "WordPress/6.9.4; https://as-cp.fr"
57.141.0.36 - - [25/Jul/2026:01:55:33 +0200] "GET /?v=f8o1u4g6h2t228106 HTTP/1.1" 200 98108 "-" "Mozilla/5.0 (X11; Linux x86_64) AppleWebKit/537.36 (KHTML, like Gecko) Chrome/145.0.0.0 Safari/537.36 (compatible; meta-externalagent/1.1 (+https://developers.facebook.com/docs/sharing/webmasters/crawler))"
91.134.83.25 - - [25/Jul/2026:01:57:56 +0200] "POST /wp-cron.php?doing_wp_cron=1784937476.7452509403228759765625 HTTP/1.1" 200 5074 "-" "WordPress/6.9.4; https://as-cp.fr"
57.141.0.9 - - [25/Jul/2026:01:57:56 +0200] "GET /?v=w8i1n9d3o9w0i8n3g681 HTTP/1.1" 200 98108 "-" "Mozilla/5.0 (Windows NT 10.0; Win64; x64) AppleWebKit/537.36 (KHTML, like Gecko) Chrome/145.0.0.0 Safari/537.36 (compatible; meta-externalagent/1.1 (+https://developers.facebook.com/docs/sharing/webmasters/crawler))"
57.141.0.55 - - [25/Jul/2026:01:58:06 +0200] "GET /shops/tarente/a8w1a2k1e9n9e9d6759 HTTP/1.1" 301 5197 "-" "Mozilla/5.0 (Windows NT 10.0; Win64; x64) AppleWebKit/537.36 (KHTML, like Gecko) Chrome/145.0.0.0 Safari/537.36 (compatible; meta-externalagent/1.1 (+https://developers.facebook.com/docs/sharing/webmasters/crawler))"
57.141.0.53 - - [25/Jul/2026:01:58:14 +0200] "GET /?v=p8i3s0o1l1i7t5e3073 HTTP/1.1" 200 98108 "-" "Mozilla/5.0 (Macintosh; Intel Mac OS X 10_15_7) AppleWebKit/537.36 (KHTML, like Gecko) Chrome/145.0.0.0 Safari/537.36 (compatible; meta-externalagent/1.1 (+https://developers.facebook.com/docs/sharing/webmasters/crawler))"
91.134.83.25 - - [25/Jul/2026:01:58:45 +0200] "POST /wp-cron.php?doing_wp_cron=1784937525.7257258892059326171875 HTTP/1.1" 200 5074 "-" "WordPress/6.9.4; https://as-cp.fr"
172.202.26.222 - - [25/Jul/2026:01:58:45 +0200] "GET /wp-content/plugins/hellopress/wp_filemanager.php HTTP/1.1" 301 5197 "-" "-"
172.202.26.222 - - [25/Jul/2026:01:58:45 +0200] "GET / HTTP/1.1" 200 99298 "-" "-"
172.202.26.222 - - [25/Jul/2026:01:58:46 +0200] "GET /this_is_a_new_hello_world.php HTTP/1.1" 403 5816 "-" "-"
172.202.26.222 - - [25/Jul/2026:01:58:46 +0200] "GET /cu.php HTTP/1.1" 403 5816 "-" "-"
172.202.26.222 - - [25/Jul/2026:01:58:46 +0200] "GET /aevly.php HTTP/1.1" 403 5816 "-" "-"
172.202.26.222 - - [25/Jul/2026:01:58:47 +0200] "GET /15ds5ock.php HTTP/1.1" 403 5816 "-" "-"
172.202.26.222 - - [25/Jul/2026:01:58:47 +0200] "GET /ggddssvl.php HTTP/1.1" 403 5816 "-" "-"
172.202.26.222 - - [25/Jul/2026:01:58:47 +0200] "GET /albrt.php HTTP/1.1" 403 5816 "-" "-"
172.202.26.222 - - [25/Jul/2026:01:58:47 +0200] "GET /wxfyf.php HTTP/1.1" 403 5816 "-" "-"
172.202.26.222 - - [25/Jul/2026:01:58:48 +0200] "GET /qqjki.php HTTP/1.1" 403 5816 "-" "-"
172.202.26.222 - - [25/Jul/2026:01:58:48 +0200] "GET /tx79.php HTTP/1.1" 403 5816 "-" "-"
172.202.26.222 - - [25/Jul/2026:01:58:48 +0200] "GET /wo.php HTTP/1.1" 403 5816 "-" "-"
172.202.26.222 - - [25/Jul/2026:01:58:48 +0200] "GET /eursi.php HTTP/1.1" 403 5816 "-" "-"
172.202.26.222 - - [25/Jul/2026:01:58:49 +0200] "GET /users.php HTTP/1.1" 301 5197 "-" "-"
172.202.26.222 - - [25/Jul/2026:01:58:49 +0200] "GET / HTTP/1.1" 200 99298 "-" "-"
172.202.26.222 - - [25/Jul/2026:01:58:50 +0200] "GET /p14rAeWytPdH5hZcscCFdefault.php HTTP/1.1" 403 5816 "-" "-"
172.202.26.222 - - [25/Jul/2026:01:58:50 +0200] "GET /cdn3.php HTTP/1.1" 403 5816 "-" "-"
172.202.26.222 - - [25/Jul/2026:01:58:50 +0200] "GET /awa.php HTTP/1.1" 403 5816 "-" "-"
172.202.26.222 - - [25/Jul/2026:01:58:50 +0200] "GET /php.php HTTP/1.1" 403 5816 "-" "-"
172.202.26.222 - - [25/Jul/2026:01:58:51 +0200] "GET /r9pbhistk1lifhnjadpCdefault.php HTTP/1.1" 403 5816 "-" "-"
172.202.26.222 - - [25/Jul/2026:01:58:51 +0200] "GET /0yellow.php HTTP/1.1" 403 5816 "-" "-"
172.202.26.222 - - [25/Jul/2026:01:58:51 +0200] "GET /albin.php HTTP/1.1" 403 5816 "-" "-"
172.202.26.222 - - [25/Jul/2026:01:58:51 +0200] "GET /ws58.php HTTP/1.1" 403 5816 "-" "-"
172.202.26.222 - - [25/Jul/2026:01:58:52 +0200] "GET /dljpy.php HTTP/1.1" 403 5816 "-" "-"
172.202.26.222 - - [25/Jul/2026:01:58:52 +0200] "GET /wp-content/tBEZGQz.php HTTP/1.1" 403 5816 "-" "-"
172.202.26.222 - - [25/Jul/2026:01:58:52 +0200] "GET /sts.php HTTP/1.1" 403 5816 "-" "-"
172.202.26.222 - - [25/Jul/2026:01:58:52 +0200] "GET /wcvejtpr.php HTTP/1.1" 403 5816 "-" "-"
172.202.26.222 - - [25/Jul/2026:01:58:53 +0200] "GET /bypltspd.php HTTP/1.1" 403 5816 "-" "-"
172.202.26.222 - - [25/Jul/2026:01:58:53 +0200] "GET /5xkfgawzejgwqh9hiaznCdefault.php HTTP/1.1" 403 5816 "-" "-"
172.202.26.222 - - [25/Jul/2026:01:58:53 +0200] "GET /xmu.php HTTP/1.1" 403 5816 "-" "-"
172.202.26.222 - - [25/Jul/2026:01:58:53 +0200] "GET /hanyatersenyum.php HTTP/1.1" 403 5816 "-" "-"
172.202.26.222 - - [25/Jul/2026:01:58:54 +0200] "GET /wcoiw.php HTTP/1.1" 403 5816 "-" "-"
172.202.26.222 - - [25/Jul/2026:01:58:54 +0200] "GET /fsgdjkl.php HTTP/1.1" 403 5816 "-" "-"
172.202.26.222 - - [25/Jul/2026:01:58:54 +0200] "GET /lb.php HTTP/1.1" 403 5816 "-" "-"
172.202.26.222 - - [25/Jul/2026:01:58:54 +0200] "GET /cwclass.php HTTP/1.1" 403 5816 "-" "-"
172.202.26.222 - - [25/Jul/2026:01:58:55 +0200] "GET /green.php HTTP/1.1" 403 5816 "-" "-"
172.202.26.222 - - [25/Jul/2026:01:58:55 +0200] "GET /abalqdol.php HTTP/1.1" 403 5816 "-" "-"
172.202.26.222 - - [25/Jul/2026:01:58:55 +0200] "GET /oircv.php HTTP/1.1" 403 5816 "-" "-"
172.202.26.222 - - [25/Jul/2026:01:58:55 +0200] "GET /rogsa.php HTTP/1.1" 403 5816 "-" "-"
172.202.26.222 - - [25/Jul/2026:01:58:56 +0200] "GET /wp-class-20260318122951.php HTTP/1.1" 403 5816 "-" "-"
172.202.26.222 - - [25/Jul/2026:01:58:56 +0200] "GET /8.php HTTP/1.1" 403 5816 "-" "-"
172.202.26.222 - - [25/Jul/2026:01:58:56 +0200] "GET /hots.php HTTP/1.1" 403 5816 "-" "-"
172.202.26.222 - - [25/Jul/2026:01:58:56 +0200] "GET /bootstrap.php HTTP/1.1" 403 5816 "-" "-"
172.202.26.222 - - [25/Jul/2026:01:58:57 +0200] "GET /crgio.php HTTP/1.1" 403 5816 "-" "-"
172.202.26.222 - - [25/Jul/2026:01:58:57 +0200] "GET /2nzyHnOkEg.php HTTP/1.1" 403 5816 "-" "-"
172.202.26.222 - - [25/Jul/2026:01:58:57 +0200] "GET /ovajckrrj.php HTTP/1.1" 403 5816 "-" "-"
172.202.26.222 - - [25/Jul/2026:01:58:57 +0200] "GET /rip.php HTTP/1.1" 403 5816 "-" "-"
172.202.26.222 - - [25/Jul/2026:01:58:58 +0200] "GET /wp-class-20260318124352.php HTTP/1.1" 403 5816 "-" "-"
172.202.26.222 - - [25/Jul/2026:01:58:58 +0200] "GET /jnhddqyz.php HTTP/1.1" 403 5816 "-" "-"
172.202.26.222 - - [25/Jul/2026:01:58:58 +0200] "GET /druqr.php HTTP/1.1" 403 5816 "-" "-"
172.202.26.222 - - [25/Jul/2026:01:58:58 +0200] "GET /a8.php HTTP/1.1" 403 5816 "-" "-"
172.202.26.222 - - [25/Jul/2026:01:58:59 +0200] "GET /ftde.php HTTP/1.1" 403 5816 "-" "-"
172.202.26.222 - - [25/Jul/2026:01:58:59 +0200] "GET /n3yUmQ6Q9xwQ8ocdefault.php HTTP/1.1" 403 5816 "-" "-"
172.202.26.222 - - [25/Jul/2026:01:58:59 +0200] "GET /balin.php HTTP/1.1" 403 5816 "-" "-"
172.202.26.222 - - [25/Jul/2026:01:58:59 +0200] "GET /only.php HTTP/1.1" 403 5816 "-" "-"
172.202.26.222 - - [25/Jul/2026:01:59:00 +0200] "GET /hypnotist.php HTTP/1.1" 403 5816 "-" "-"
172.202.26.222 - - [25/Jul/2026:01:59:00 +0200] "GET /dqagu.php HTTP/1.1" 403 5816 "-" "-"
172.202.26.222 - - [25/Jul/2026:01:59:00 +0200] "GET /sd.php HTTP/1.1" 403 5816 "-" "-"
172.202.26.222 - - [25/Jul/2026:01:59:01 +0200] "GET /nhj6t74aqmkde3hgpCdefault.php HTTP/1.1" 403 5816 "-" "-"
172.202.26.222 - - [25/Jul/2026:01:59:01 +0200] "GET /HLA-dd.php HTTP/1.1" 403 5816 "-" "-"
172.202.26.222 - - [25/Jul/2026:01:59:01 +0200] "GET /pass4.php HTTP/1.1" 403 5816 "-" "-"
172.202.26.222 - - [25/Jul/2026:01:59:01 +0200] "GET /ace.php HTTP/1.1" 403 5816 "-" "-"
172.202.26.222 - - [25/Jul/2026:01:59:02 +0200] "GET /class.php HTTP/1.1" 403 5816 "-" "-"
172.202.26.222 - - [25/Jul/2026:01:59:02 +0200] "GET /asasx.php HTTP/1.1" 403 5816 "-" "-"
172.202.26.222 - - [25/Jul/2026:01:59:02 +0200] "GET /sde.php HTTP/1.1" 403 5816 "-" "-"
172.202.26.222 - - [25/Jul/2026:01:59:02 +0200] "GET /wp-sx9.php HTTP/1.1" 403 5816 "-" "-"
172.202.26.222 - - [25/Jul/2026:01:59:03 +0200] "GET /itlvk.php HTTP/1.1" 403 5816 "-" "-"
172.202.26.222 - - [25/Jul/2026:01:59:03 +0200] "GET /menu.php HTTP/1.1" 301 5197 "-" "-"
172.202.26.222 - - [25/Jul/2026:01:59:03 +0200] "GET / HTTP/1.1" 200 99298 "-" "-"
172.202.26.222 - - [25/Jul/2026:01:59:04 +0200] "GET /ckk.php HTTP/1.1" 403 5816 "-" "-"
172.202.26.222 - - [25/Jul/2026:01:59:04 +0200] "GET /lzx2.php HTTP/1.1" 403 5816 "-" "-"
172.202.26.222 - - [25/Jul/2026:01:59:04 +0200] "GET /CDX4.php HTTP/1.1" 403 5816 "-" "-"
172.202.26.222 - - [25/Jul/2026:01:59:04 +0200] "GET /azpaq.php HTTP/1.1" 403 5816 "-" "-"
172.202.26.222 - - [25/Jul/2026:01:59:05 +0200] "GET /zc-124.php HTTP/1.1" 403 5816 "-" "-"
172.202.26.222 - - [25/Jul/2026:01:59:05 +0200] "GET /koiy.php HTTP/1.1" 403 5816 "-" "-"
172.202.26.222 - - [25/Jul/2026:01:59:05 +0200] "GET /b4txckoieeyhynhsrpi9lCdefault.php HTTP/1.1" 403 5816 "-" "-"
172.202.26.222 - - [25/Jul/2026:01:59:05 +0200] "GET /wkogn.php HTTP/1.1" 403 5816 "-" "-"
172.202.26.222 - - [25/Jul/2026:01:59:06 +0200] "GET /abrand.php HTTP/1.1" 403 5816 "-" "-"
172.202.26.222 - - [25/Jul/2026:01:59:06 +0200] "GET /rithin.php HTTP/1.1" 403 5816 "-" "-"
172.202.26.222 - - [25/Jul/2026:01:59:06 +0200] "GET /widgets-form.php HTTP/1.1" 403 5816 "-" "-"
172.202.26.222 - - [25/Jul/2026:01:59:06 +0200] "GET /ws85.php HTTP/1.1" 403 5816 "-" "-"
172.202.26.222 - - [25/Jul/2026:01:59:07 +0200] "GET /ibcqocdtu3eovdx2hwj7Cdefault.php HTTP/1.1" 403 5816 "-" "-"
172.202.26.222 - - [25/Jul/2026:01:59:07 +0200] "GET /iov.php HTTP/1.1" 403 5816 "-" "-"
172.202.26.222 - - [25/Jul/2026:01:59:07 +0200] "GET /villain.php HTTP/1.1" 403 5816 "-" "-"
172.202.26.222 - - [25/Jul/2026:01:59:07 +0200] "GET /eetu.php HTTP/1.1" 403 5816 "-" "-"
172.202.26.222 - - [25/Jul/2026:01:59:08 +0200] "GET /byrgo.php HTTP/1.1" 403 5816 "-" "-"
172.202.26.222 - - [25/Jul/2026:01:59:08 +0200] "GET /dgs.php HTTP/1.1" 403 5816 "-" "-"
172.202.26.222 - - [25/Jul/2026:01:59:08 +0200] "GET /awdld.php HTTP/1.1" 403 5816 "-" "-"
172.202.26.222 - - [25/Jul/2026:01:59:09 +0200] "GET /zz8.php HTTP/1.1" 403 5816 "-" "-"
172.202.26.222 - - [25/Jul/2026:01:59:09 +0200] "GET /pm90apbv3v5fvgkbguyiCdefault.php HTTP/1.1" 403 5816 "-" "-"
172.202.26.222 - - [25/Jul/2026:01:59:09 +0200] "GET /ayzv4.php HTTP/1.1" 403 5816 "-" "-"
172.202.26.222 - - [25/Jul/2026:01:59:09 +0200] "GET /diayd.php HTTP/1.1" 403 5816 "-" "-"
172.202.26.222 - - [25/Jul/2026:01:59:10 +0200] "GET /beerd.php HTTP/1.1" 403 5816 "-" "-"
172.202.26.222 - - [25/Jul/2026:01:59:10 +0200] "GET /C1.php HTTP/1.1" 403 5816 "-" "-"
172.202.26.222 - - [25/Jul/2026:01:59:10 +0200] "GET /userfuns.php HTTP/1.1" 301 5197 "-" "-"
172.202.26.222 - - [25/Jul/2026:01:59:11 +0200] "GET / HTTP/1.1" 200 99298 "-" "-"
172.202.26.222 - - [25/Jul/2026:01:59:11 +0200] "GET /wp-png.php HTTP/1.1" 403 5816 "-" "-"
172.202.26.222 - - [25/Jul/2026:01:59:11 +0200] "GET /pxx.php HTTP/1.1" 403 5816 "-" "-"
172.202.26.222 - - [25/Jul/2026:01:59:11 +0200] "GET /cgborhkh.php HTTP/1.1" 403 5816 "-" "-"
172.202.26.222 - - [25/Jul/2026:01:59:12 +0200] "GET /dichku.php HTTP/1.1" 403 5816 "-" "-"
172.202.26.222 - - [25/Jul/2026:01:59:12 +0200] "GET /zc-942.php HTTP/1.1" 403 5816 "-" "-"
172.202.26.222 - - [25/Jul/2026:01:59:12 +0200] "GET /lmutxdvyp7u5yksqke8ozbjgCdefault.php HTTP/1.1" 403 5816 "-" "-"
172.202.26.222 - - [25/Jul/2026:01:59:12 +0200] "GET /click.php HTTP/1.1" 403 5816 "-" "-"
172.202.26.222 - - [25/Jul/2026:01:59:13 +0200] "GET /t00l.php HTTP/1.1" 403 5816 "-" "-"
172.202.26.222 - - [25/Jul/2026:01:59:13 +0200] "GET /sxdfrt.php HTTP/1.1" 403 5816 "-" "-"
172.202.26.222 - - [25/Jul/2026:01:59:13 +0200] "GET /wp-tot.php HTTP/1.1" 403 5816 "-" "-"
172.202.26.222 - - [25/Jul/2026:01:59:13 +0200] "GET /a9.php HTTP/1.1" 403 5816 "-" "-"
172.202.26.222 - - [25/Jul/2026:01:59:14 +0200] "GET /blnux.php HTTP/1.1" 403 5816 "-" "-"
172.202.26.222 - - [25/Jul/2026:01:59:14 +0200] "GET /epinyins.php HTTP/1.1" 301 5197 "-" "-"
172.202.26.222 - - [25/Jul/2026:01:59:14 +0200] "GET / HTTP/1.1" 200 99298 "-" "-"
172.202.26.222 - - [25/Jul/2026:01:59:15 +0200] "GET /anczg.php HTTP/1.1" 403 5816 "-" "-"
172.202.26.222 - - [25/Jul/2026:01:59:15 +0200] "GET /amba5.php HTTP/1.1" 403 5816 "-" "-"
172.202.26.222 - - [25/Jul/2026:01:59:15 +0200] "GET /ppxhp.php HTTP/1.1" 403 5816 "-" "-"
172.202.26.222 - - [25/Jul/2026:01:59:16 +0200] "GET /amwxl.php HTTP/1.1" 403 5816 "-" "-"
172.202.26.222 - - [25/Jul/2026:01:59:16 +0200] "GET /xwpg.php HTTP/1.1" 403 5816 "-" "-"
172.202.26.222 - - [25/Jul/2026:01:59:16 +0200] "GET /maintura.php HTTP/1.1" 403 5816 "-" "-"
172.202.26.222 - - [25/Jul/2026:01:59:16 +0200] "GET /file61.php HTTP/1.1" 403 5816 "-" "-"
172.202.26.222 - - [25/Jul/2026:01:59:17 +0200] "GET /xenium4.php HTTP/1.1" 403 5816 "-" "-"
57.141.0.44 - - [25/Jul/2026:01:59:16 +0200] "GET /?v=c8o7n8g2o343303 HTTP/1.1" 200 98108 "-" "Mozilla/5.0 (Macintosh; Intel Mac OS X 10_15_7) AppleWebKit/537.36 (KHTML, like Gecko) Chrome/145.0.0.0 Safari/537.36 (compatible; meta-externalagent/1.1 (+https://developers.facebook.com/docs/sharing/webmasters/crawler))"
172.202.26.222 - - [25/Jul/2026:01:59:17 +0200] "GET /kbfr.php HTTP/1.1" 403 5816 "-" "-"
172.202.26.222 - - [25/Jul/2026:01:59:17 +0200] "GET /vopxx.php HTTP/1.1" 403 5816 "-" "-"
172.202.26.222 - - [25/Jul/2026:01:59:17 +0200] "GET /cilus.php HTTP/1.1" 403 5816 "-" "-"
91.134.83.25 - - [25/Jul/2026:01:59:18 +0200] "POST /wp-cron.php?doing_wp_cron=1784937558.5323770046234130859375 HTTP/1.1" 200 5074 "-" "WordPress/6.9.4; https://as-cp.fr"
172.202.26.222 - - [25/Jul/2026:01:59:18 +0200] "GET /edit-tags.php HTTP/1.1" 301 5197 "-" "-"
172.202.26.222 - - [25/Jul/2026:01:59:18 +0200] "GET / HTTP/1.1" 200 99298 "-" "-"
172.202.26.222 - - [25/Jul/2026:01:59:19 +0200] "GET /SS72_kKKjT.php HTTP/1.1" 403 5816 "-" "-"
172.202.26.222 - - [25/Jul/2026:01:59:19 +0200] "GET /sadcut1.php HTTP/1.1" 403 5816 "-" "-"
172.202.26.222 - - [25/Jul/2026:01:59:19 +0200] "GET /CDX1.php HTTP/1.1" 403 5816 "-" "-"
172.202.26.222 - - [25/Jul/2026:01:59:19 +0200] "GET /ovajelmxf.php HTTP/1.1" 403 5816 "-" "-"
172.202.26.222 - - [25/Jul/2026:01:59:20 +0200] "GET /camara.php HTTP/1.1" 403 5816 "-" "-"
89.246.241.14 - - [25/Jul/2026:01:59:46 +0200] "GET /preparer-sa-retraite/ HTTP/1.1" 200 23867 "-" "Mozilla/5.0 (Windows NT 10.0; Win64; x64; rv:142.0) Gecko/20100101 Firefox/142.0"
91.134.83.25 - - [25/Jul/2026:02:06:02 +0200] "POST /wp-cron.php?doing_wp_cron=1784937962.5911309719085693359375 HTTP/1.1" 200 5074 "-" "WordPress/6.9.4; https://as-cp.fr"
57.141.0.20 - - [25/Jul/2026:02:06:02 +0200] "GET /shops/demarcation/v8i1r2g3a7t6e97155 HTTP/1.1" 301 5197 "-" "Mozilla/5.0 (Windows NT 10.0; Win64; x64) AppleWebKit/537.36 (KHTML, like Gecko) Chrome/144.0.0.0 Safari/537.36 Edg/144.0.0.0 (compatible; meta-externalagent/1.1 (+https://developers.facebook.com/docs/sharing/webmasters/crawler))"
91.134.83.25 - - [25/Jul/2026:02:06:34 +0200] "POST /wp-cron.php?doing_wp_cron=1784937994.0192389488220214843750 HTTP/1.1" 200 5074 "-" "WordPress/6.9.4; https://as-cp.fr"
57.141.0.20 - - [25/Jul/2026:02:06:33 +0200] "GET /shops/telenergy/t8o4o7t3h5s8o1m2e04 HTTP/1.1" 301 5197 "-" "Mozilla/5.0 (Windows NT 10.0; Win64; x64) AppleWebKit/537.36 (KHTML, like Gecko) Chrome/145.0.0.0 Safari/537.36 (compatible; meta-externalagent/1.1 (+https://developers.facebook.com/docs/sharing/webmasters/crawler))"
91.134.83.25 - - [25/Jul/2026:02:07:50 +0200] "POST /wp-cron.php?doing_wp_cron=1784938070.6366229057312011718750 HTTP/1.1" 200 5074 "-" "WordPress/6.9.4; https://as-cp.fr"
57.141.0.15 - - [25/Jul/2026:02:07:50 +0200] "GET /?v=f8u1c4k1e7d3u4p1728 HTTP/1.1" 200 98108 "-" "Mozilla/5.0 (Windows NT 10.0; Win64; x64) AppleWebKit/537.36 (KHTML, like Gecko) Chrome/145.0.0.0 Safari/537.36 (compatible; meta-externalagent/1.1 (+https://developers.facebook.com/docs/sharing/webmasters/crawler))"
91.134.83.25 - - [25/Jul/2026:02:09:02 +0200] "POST /wp-cron.php?doing_wp_cron=1784938142.8448610305786132812500 HTTP/1.1" 200 5074 "-" "WordPress/6.9.4; https://as-cp.fr"
57.141.0.34 - - [25/Jul/2026:02:09:02 +0200] "GET /?v=a8m8p8r6e816710 HTTP/1.1" 200 98108 "-" "Mozilla/5.0 (Macintosh; Intel Mac OS X 10_15_7) AppleWebKit/537.36 (KHTML, like Gecko) Chrome/145.0.0.0 Safari/537.36 (compatible; meta-externalagent/1.1 (+https://developers.facebook.com/docs/sharing/webmasters/crawler))"
91.134.83.25 - - [25/Jul/2026:02:09:43 +0200] "POST /wp-cron.php?doing_wp_cron=1784938183.6553499698638916015625 HTTP/1.1" 200 5074 "-" "WordPress/6.9.4; https://as-cp.fr"
198.38.94.5 - - [25/Jul/2026:02:09:43 +0200] "GET /wp-login.php HTTP/1.1" 200 8736 "-" "Mozilla/5.0 (Windows NT 10.0; Win64; x64) AppleWebKit/537.36 (KHTML, like Gecko) Chrome/150.0.0.0 Safari/537.36"
198.38.94.5 - - [25/Jul/2026:02:09:43 +0200] "POST /wp-login.php HTTP/1.1" 200 8912 "https://as-cp.fr/wp-login.php" "Mozilla/5.0 (Windows NT 10.0; Win64; x64) AppleWebKit/537.36 (KHTML, like Gecko) Chrome/150.0.0.0 Safari/537.36"
57.141.0.67 - - [25/Jul/2026:02:09:49 +0200] "GET /shops/lickpenny/s8q1u4a4m2a5t4e4955 HTTP/1.1" 301 5197 "-" "Mozilla/5.0 (Windows NT 10.0; Win64; x64) AppleWebKit/537.36 (KHTML, like Gecko) Chrome/145.0.0.0 Safari/537.36 (compatible; meta-externalagent/1.1 (+https://developers.facebook.com/docs/sharing/webmasters/crawler))"
91.134.83.25 - - [25/Jul/2026:02:10:22 +0200] "POST /wp-cron.php?doing_wp_cron=1784938222.8457078933715820312500 HTTP/1.1" 200 5074 "-" "WordPress/6.9.4; https://as-cp.fr"
57.141.0.67 - - [25/Jul/2026:02:10:22 +0200] "GET /eluding/clicked/83712367420 HTTP/1.1" 301 5197 "-" "Mozilla/5.0 (Macintosh; Intel Mac OS X 10_15_7) AppleWebKit/537.36 (KHTML, like Gecko) Chrome/145.0.0.0 Safari/537.36 (compatible; meta-externalagent/1.1 (+https://developers.facebook.com/docs/sharing/webmasters/crawler))"
91.134.83.25 - - [25/Jul/2026:02:10:48 +0200] "POST /wp-cron.php?doing_wp_cron=1784938248.1392960548400878906250 HTTP/1.1" 200 5074 "-" "WordPress/6.9.4; https://as-cp.fr"
57.141.0.6 - - [25/Jul/2026:02:10:47 +0200] "GET /shops/amalgamate/u8n2a6n1i5m2o6u5s4l7y2 HTTP/1.1" 301 5197 "-" "Mozilla/5.0 (Windows NT 10.0; Win64; x64) AppleWebKit/537.36 (KHTML, like Gecko) Chrome/145.0.0.0 Safari/537.36 Edg/145.0.0.0 (compatible; meta-externalagent/1.1 (+https://developers.facebook.com/docs/sharing/webmasters/crawler))"
89.246.241.14 - - [25/Jul/2026:02:10:52 +0200] "GET /aide-declaration-fiscale-a-perpignan-ne-laissez-plus-vos-impots-au-hasard/ HTTP/1.1" 200 24084 "-" "Mozilla/5.0 (Windows NT 10.0; Win64; x64; rv:142.0) Gecko/20100101 Firefox/142.0"
57.141.0.48 - - [25/Jul/2026:02:11:02 +0200] "GET /?v=t8y2r9a2n3n1i8c9a3l8n5ess HTTP/1.1" 200 98108 "-" "Mozilla/5.0 (X11; Linux x86_64) AppleWebKit/537.36 (KHTML, like Gecko) Chrome/145.0.0.0 Safari/537.36 (compatible; meta-externalagent/1.1 (+https://developers.facebook.com/docs/sharing/webmasters/crawler))"
68.67.112.72 - - [25/Jul/2026:02:11:19 +0200] "GET /robots.txt HTTP/1.1" 200 5168 "-" "Mozilla/5.0 AppleWebKit/537.36 (KHTML, like Gecko; compatible; YouBot/1.0; +https://docs.you.com/youbot; env:prod) Chrome/142.0.0.0 Safari/537.36"
68.67.112.72 - - [25/Jul/2026:02:11:19 +0200] "GET /reunion-sur-la-defiscalisation-a-perpignan/ HTTP/1.1" 200 23682 "-" "Mozilla/5.0 AppleWebKit/537.36 (KHTML, like Gecko; compatible; YouBot/1.0; +https://docs.you.com/youbot; env:prod) Chrome/142.0.0.0 Safari/537.36"
91.134.83.25 - - [25/Jul/2026:02:12:13 +0200] "POST /wp-cron.php?doing_wp_cron=1784938333.2159469127655029296875 HTTP/1.1" 200 5074 "-" "WordPress/6.9.4; https://as-cp.fr"
147.185.132.195 - - [25/Jul/2026:02:12:12 +0200] "GET /webshell HTTP/1.1" 301 5197 "-" "Hello from Palo Alto Networks, find out more about our scans in https://docs-cortex.paloaltonetworks.com/r/1/Cortex-Xpanse/Scanning-activity"
91.134.83.25 - - [25/Jul/2026:02:14:13 +0200] "POST /wp-cron.php?doing_wp_cron=1784938453.1752429008483886718750 HTTP/1.1" 200 5074 "-" "WordPress/6.9.4; https://as-cp.fr"
57.141.0.51 - - [25/Jul/2026:02:14:12 +0200] "GET /?v=u8m2b1r3a6t4i2c8618 HTTP/1.1" 200 98130 "-" "Mozilla/5.0 (Windows NT 10.0; Win64; x64) AppleWebKit/537.36 (KHTML, like Gecko) Chrome/145.0.0.0 Safari/537.36 (compatible; meta-externalagent/1.1 (+https://developers.facebook.com/docs/sharing/webmasters/crawler))"
91.134.83.25 - - [25/Jul/2026:02:15:38 +0200] "POST /wp-cron.php?doing_wp_cron=1784938538.1896679401397705078125 HTTP/1.1" 200 5074 "-" "WordPress/6.9.4; https://as-cp.fr"
57.141.0.9 - - [25/Jul/2026:02:15:37 +0200] "GET /?v=f8o1v4e0o1l5a9t4e7d76 HTTP/1.1" 200 98108 "-" "Mozilla/5.0 (Windows NT 10.0; Win64; x64) AppleWebKit/537.36 (KHTML, like Gecko) Chrome/145.0.0.0 Safari/537.36 (compatible; meta-externalagent/1.1 (+https://developers.facebook.com/docs/sharing/webmasters/crawler))"
91.134.83.25 - - [25/Jul/2026:02:17:39 +0200] "POST /wp-cron.php?doing_wp_cron=1784938659.4291100502014160156250 HTTP/1.1" 200 5074 "-" "WordPress/6.9.4; https://as-cp.fr"
57.141.0.66 - - [25/Jul/2026:02:17:38 +0200] "GET /?v=r8e1f3r4e5t528971 HTTP/1.1" 200 98108 "-" "Mozilla/5.0 (Windows NT 10.0; Win64; x64) AppleWebKit/537.36 (KHTML, like Gecko) Chrome/145.0.0.0 Safari/537.36 (compatible; meta-externalagent/1.1 (+https://developers.facebook.com/docs/sharing/webmasters/crawler))"
91.134.83.25 - - [25/Jul/2026:02:17:45 +0200] "POST /wp-cron.php?doing_wp_cron=1784938665.3146851062774658203125 HTTP/1.1" 200 5074 "-" "WordPress/6.9.4; https://as-cp.fr"
57.141.0.1 - - [25/Jul/2026:02:17:44 +0200] "GET /?v=m8o3r8t3m5a9i4n319 HTTP/1.1" 200 98130 "-" "Mozilla/5.0 (Macintosh; Intel Mac OS X 10_15_7) AppleWebKit/537.36 (KHTML, like Gecko) Chrome/145.0.0.0 Safari/537.36 (compatible; meta-externalagent/1.1 (+https://developers.facebook.com/docs/sharing/webmasters/crawler))"
91.134.83.25 - - [25/Jul/2026:02:19:08 +0200] "POST /wp-cron.php?doing_wp_cron=1784938748.8328430652618408203125 HTTP/1.1" 200 5074 "-" "WordPress/6.9.4; https://as-cp.fr"
5.39.1.225 - - [25/Jul/2026:02:19:08 +0200] "GET /sitemap_index.xml HTTP/1.1" 200 5405 "-" "Mozilla/5.0 (compatible; AhrefsBot/7.0; +http://ahrefs.com/robot/)"
176.31.139.0 - - [25/Jul/2026:02:19:11 +0200] "GET /post-sitemap.xml HTTP/1.1" 200 8166 "-" "Mozilla/5.0 (compatible; AhrefsBot/7.0; +http://ahrefs.com/robot/)"
57.141.0.67 - - [25/Jul/2026:02:19:15 +0200] "GET /shops/warbeaten/m8o3o6l3a7573906 HTTP/1.1" 301 5197 "-" "Mozilla/5.0 (Windows NT 10.0; Win64; x64) AppleWebKit/537.36 (KHTML, like Gecko) Chrome/145.0.0.0 Safari/537.36 (compatible; meta-externalagent/1.1 (+https://developers.facebook.com/docs/sharing/webmasters/crawler))"
37.59.204.151 - - [25/Jul/2026:02:19:15 +0200] "GET /page-sitemap.xml HTTP/1.1" 200 5544 "-" "Mozilla/5.0 (compatible; AhrefsBot/7.0; +http://ahrefs.com/robot/)"
91.134.83.25 - - [25/Jul/2026:02:19:19 +0200] "POST /wp-cron.php?doing_wp_cron=1784938759.5648341178894042968750 HTTP/1.1" 200 5074 "-" "WordPress/6.9.4; https://as-cp.fr"
5.39.1.231 - - [25/Jul/2026:02:19:19 +0200] "GET /category-sitemap.xml HTTP/1.1" 200 5562 "-" "Mozilla/5.0 (compatible; AhrefsBot/7.0; +http://ahrefs.com/robot/)"
91.134.83.25 - - [25/Jul/2026:02:19:23 +0200] "POST /wp-cron.php?doing_wp_cron=1784938763.0983829498291015625000 HTTP/1.1" 200 5074 "-" "WordPress/6.9.4; https://as-cp.fr"
176.31.139.4 - - [25/Jul/2026:02:19:22 +0200] "GET /post_tag-sitemap.xml HTTP/1.1" 200 5636 "-" "Mozilla/5.0 (compatible; AhrefsBot/7.0; +http://ahrefs.com/robot/)"
176.31.139.6 - - [25/Jul/2026:02:19:26 +0200] "GET /kwlogos-carousel-sitemap.xml HTTP/1.1" 200 5410 "-" "Mozilla/5.0 (compatible; AhrefsBot/7.0; +http://ahrefs.com/robot/)"
51.75.236.139 - - [25/Jul/2026:02:19:29 +0200] "GET /author-sitemap.xml HTTP/1.1" 200 5430 "-" "Mozilla/5.0 (compatible; AhrefsBot/7.0; +http://ahrefs.com/robot/)"
