170.168.175.113 - - [24/Jul/2026:17:40:32 +0200] "GET / HTTP/1.1" 200 26624 "-" "Mozilla/5.0 (Macintosh; Intel Mac OS X 10_15_7) AppleWebKit/605.1.15 (KHTML, like Gecko) Version/17.4.1 Safari/605.1.15"
91.134.83.25 - - [24/Jul/2026:17:40:39 +0200] "POST /wp-cron.php?doing_wp_cron=1784907639.5655150413513183593750 HTTP/1.1" 200 5074 "-" "WordPress/6.9.4; https://as-cp.fr"
41.174.94.104 - - [24/Jul/2026:17:40:38 +0200] "POST /xmlrpc.php HTTP/1.1" 200 5463 "-" "Jetpack by WordPress.com (Jetpack 12.0; WordPress 6.1)"
217.154.106.221 - - [24/Jul/2026:17:40:41 +0200] "GET /wp-login.php HTTP/1.1" 200 8736 "-" "Mozilla/5.0 (Windows NT 10.0; Win64; x64) AppleWebKit/537.36 (KHTML, like Gecko) Chrome/150.0.0.0 Safari/537.36"
91.134.83.25 - - [24/Jul/2026:17:40:43 +0200] "POST /wp-cron.php?doing_wp_cron=1784907643.3681890964508056640625 HTTP/1.1" 200 5074 "-" "WordPress/6.9.4; https://as-cp.fr"
217.154.106.221 - - [24/Jul/2026:17:40:42 +0200] "POST /wp-login.php HTTP/1.1" 200 8912 "https://as-cp.fr/wp-login.php" "Mozilla/5.0 (Windows NT 10.0; Win64; x64) AppleWebKit/537.36 (KHTML, like Gecko) Chrome/150.0.0.0 Safari/537.36"
41.174.94.104 - - [24/Jul/2026:17:40:49 +0200] "POST /xmlrpc.php HTTP/1.1" 200 5463 "-" "Jetpack by WordPress.com"
41.174.94.104 - - [24/Jul/2026:17:40:59 +0200] "POST /xmlrpc.php HTTP/1.1" 200 5463 "-" "Jetpack/12.5; WordPress/6.3; http://site68406995.com"
41.174.94.104 - - [24/Jul/2026:17:41:10 +0200] "POST /xmlrpc.php HTTP/1.1" 200 5463 "-" "Jetpack by WordPress.com (Jetpack 12.0; WordPress 6.2)"
91.134.83.25 - - [24/Jul/2026:17:41:21 +0200] "POST /wp-cron.php?doing_wp_cron=1784907681.4035339355468750000000 HTTP/1.1" 200 5074 "-" "WordPress/6.9.4; https://as-cp.fr"
41.174.94.104 - - [24/Jul/2026:17:41:20 +0200] "POST /xmlrpc.php HTTP/1.1" 200 5463 "-" "Jetpack by WordPress.com"
41.174.94.104 - - [24/Jul/2026:17:41:31 +0200] "POST /xmlrpc.php HTTP/1.1" 200 5463 "-" "Jetpack by WordPress.com (Jetpack 12.5; WordPress 6.3)"
91.134.83.25 - - [24/Jul/2026:17:41:42 +0200] "POST /wp-cron.php?doing_wp_cron=1784907702.6851201057434082031250 HTTP/1.1" 200 5074 "-" "WordPress/6.9.4; https://as-cp.fr"
41.174.94.104 - - [24/Jul/2026:17:41:42 +0200] "POST /xmlrpc.php HTTP/1.1" 200 5463 "-" "Jetpack by WordPress.com"
41.174.94.104 - - [24/Jul/2026:17:41:52 +0200] "POST /xmlrpc.php HTTP/1.1" 200 5463 "-" "WordPress.com; https://wordpress.com"
41.174.94.104 - - [24/Jul/2026:17:42:03 +0200] "POST /xmlrpc.php HTTP/1.1" 200 5463 "-" "Jetpack/13.0; WordPress/6.1; http://site30179550.com"
41.174.94.104 - - [24/Jul/2026:17:42:13 +0200] "POST /xmlrpc.php HTTP/1.1" 200 5463 "-" "Jetpack by WordPress.com (Jetpack 13.0; WordPress 6.1)"
91.134.83.25 - - [24/Jul/2026:17:42:25 +0200] "POST /wp-cron.php?doing_wp_cron=1784907745.5555460453033447265625 HTTP/1.1" 200 5074 "-" "WordPress/6.9.4; https://as-cp.fr"
41.174.94.104 - - [24/Jul/2026:17:42:24 +0200] "POST /xmlrpc.php HTTP/1.1" 200 5463 "-" "Jetpack by WordPress.com (Jetpack 12.1; WordPress 6.4)"
91.134.83.25 - - [24/Jul/2026:17:42:36 +0200] "POST /wp-cron.php?doing_wp_cron=1784907756.0459959506988525390625 HTTP/1.1" 200 5074 "-" "WordPress/6.9.4; https://as-cp.fr"
41.174.94.104 - - [24/Jul/2026:17:42:35 +0200] "POST /xmlrpc.php HTTP/1.1" 200 5463 "-" "Jetpack by WordPress.com (Jetpack 12.5; WordPress 6.4)"
91.134.83.25 - - [24/Jul/2026:17:42:47 +0200] "POST /wp-cron.php?doing_wp_cron=1784907767.0082910060882568359375 HTTP/1.1" 200 5074 "-" "WordPress/6.9.4; https://as-cp.fr"
41.174.94.104 - - [24/Jul/2026:17:42:45 +0200] "POST /xmlrpc.php HTTP/1.1" 200 5463 "-" "Jetpack by WordPress.com (Jetpack 12.5; WordPress 6.4)"
41.174.94.104 - - [24/Jul/2026:17:42:56 +0200] "POST /xmlrpc.php HTTP/1.1" 200 5463 "-" "WordPress.com; https://wordpress.com"
41.174.94.104 - - [24/Jul/2026:17:43:06 +0200] "POST /xmlrpc.php HTTP/1.1" 200 5463 "-" "Jetpack by WordPress.com (Jetpack 12.1; WordPress 6.2)"
91.134.83.25 - - [24/Jul/2026:17:43:19 +0200] "POST /wp-cron.php?doing_wp_cron=1784907799.3419620990753173828125 HTTP/1.1" 200 5074 "-" "WordPress/6.9.4; https://as-cp.fr"
41.174.94.104 - - [24/Jul/2026:17:43:17 +0200] "POST /xmlrpc.php HTTP/1.1" 200 5463 "-" "WordPress.com; https://wordpress.com"
41.174.94.104 - - [24/Jul/2026:17:43:28 +0200] "POST /xmlrpc.php HTTP/1.1" 200 5463 "-" "Jetpack by WordPress.com"
91.134.83.25 - - [24/Jul/2026:17:43:39 +0200] "POST /wp-cron.php?doing_wp_cron=1784907819.7103350162506103515625 HTTP/1.1" 200 5074 "-" "WordPress/6.9.4; https://as-cp.fr"
41.174.94.104 - - [24/Jul/2026:17:43:38 +0200] "POST /xmlrpc.php HTTP/1.1" 200 5463 "-" "Jetpack/12.5; WordPress/6.3; http://site54980668.com"
91.134.83.25 - - [24/Jul/2026:17:43:50 +0200] "POST /wp-cron.php?doing_wp_cron=1784907830.4843630790710449218750 HTTP/1.1" 200 5074 "-" "WordPress/6.9.4; https://as-cp.fr"
41.174.94.104 - - [24/Jul/2026:17:43:49 +0200] "POST /xmlrpc.php HTTP/1.1" 200 5463 "-" "Jetpack/12.5; WordPress/6.2; http://site97977679.com"
41.174.94.104 - - [24/Jul/2026:17:43:59 +0200] "POST /xmlrpc.php HTTP/1.1" 200 5463 "-" "Jetpack/12.5; WordPress/6.3; http://site12914426.com"
41.174.94.104 - - [24/Jul/2026:17:44:10 +0200] "POST /xmlrpc.php HTTP/1.1" 200 5463 "-" "WordPress.com; https://wordpress.com"
91.134.83.25 - - [24/Jul/2026:17:44:21 +0200] "POST /wp-cron.php?doing_wp_cron=1784907861.6126189231872558593750 HTTP/1.1" 200 5074 "-" "WordPress/6.9.4; https://as-cp.fr"
41.174.94.104 - - [24/Jul/2026:17:44:21 +0200] "POST /xmlrpc.php HTTP/1.1" 200 5463 "-" "Jetpack by WordPress.com"
41.174.94.104 - - [24/Jul/2026:17:44:31 +0200] "POST /xmlrpc.php HTTP/1.1" 200 5463 "-" "WordPress.com; https://wordpress.com"
91.134.83.25 - - [24/Jul/2026:17:44:42 +0200] "POST /wp-cron.php?doing_wp_cron=1784907882.8469700813293457031250 HTTP/1.1" 200 5074 "-" "WordPress/6.9.4; https://as-cp.fr"
41.174.94.104 - - [24/Jul/2026:17:44:42 +0200] "POST /xmlrpc.php HTTP/1.1" 200 5463 "-" "Jetpack by WordPress.com"
41.174.94.104 - - [24/Jul/2026:17:44:52 +0200] "POST /xmlrpc.php HTTP/1.1" 200 5463 "-" "Jetpack by WordPress.com (Jetpack 12.1; WordPress 6.2)"
41.174.94.104 - - [24/Jul/2026:17:45:03 +0200] "POST /xmlrpc.php HTTP/1.1" 200 5463 "-" "WordPress.com; https://wordpress.com"
41.174.94.104 - - [24/Jul/2026:17:45:14 +0200] "POST /xmlrpc.php HTTP/1.1" 200 5463 "-" "Jetpack/12.0; WordPress/6.3; http://site75255951.com"
91.134.83.25 - - [24/Jul/2026:17:45:25 +0200] "POST /wp-cron.php?doing_wp_cron=1784907925.0349719524383544921875 HTTP/1.1" 200 5074 "-" "WordPress/6.9.4; https://as-cp.fr"
41.174.94.104 - - [24/Jul/2026:17:45:24 +0200] "POST /xmlrpc.php HTTP/1.1" 200 5463 "-" "Jetpack/13.0; WordPress/6.2; http://site74782713.com"
91.134.83.25 - - [24/Jul/2026:17:45:35 +0200] "POST /wp-cron.php?doing_wp_cron=1784907935.6233348846435546875000 HTTP/1.1" 200 5074 "-" "WordPress/6.9.4; https://as-cp.fr"
41.174.94.104 - - [24/Jul/2026:17:45:35 +0200] "POST /xmlrpc.php HTTP/1.1" 200 5463 "-" "WordPress.com; https://wordpress.com"
91.134.83.25 - - [24/Jul/2026:17:45:46 +0200] "POST /wp-cron.php?doing_wp_cron=1784907946.7603859901428222656250 HTTP/1.1" 200 5074 "-" "WordPress/6.9.4; https://as-cp.fr"
41.174.94.104 - - [24/Jul/2026:17:45:45 +0200] "POST /xmlrpc.php HTTP/1.1" 200 5463 "-" "Jetpack by WordPress.com (Jetpack 12.0; WordPress 6.3)"
62.60.130.231 - - [24/Jul/2026:17:45:51 +0200] "POST /?rest_route=/batch/v1 HTTP/1.1" 207 6010 "-" "wp2shell"
62.60.130.231 - - [24/Jul/2026:17:45:52 +0200] "POST /?rest_route=/batch/v1 HTTP/1.1" 207 1859275 "-" "wp2shell"
41.174.94.104 - - [24/Jul/2026:17:45:56 +0200] "POST /xmlrpc.php HTTP/1.1" 200 5463 "-" "Jetpack by WordPress.com"
41.174.94.104 - - [24/Jul/2026:17:46:06 +0200] "POST /xmlrpc.php HTTP/1.1" 200 5463 "-" "Jetpack/12.5; WordPress/6.1; http://site33091859.com"
91.134.83.25 - - [24/Jul/2026:17:46:18 +0200] "POST /wp-cron.php?doing_wp_cron=1784907978.0131590366363525390625 HTTP/1.1" 200 5074 "-" "WordPress/6.9.4; https://as-cp.fr"
41.174.94.104 - - [24/Jul/2026:17:46:17 +0200] "POST /xmlrpc.php HTTP/1.1" 200 5463 "-" "WordPress.com; https://wordpress.com"
91.134.83.25 - - [24/Jul/2026:17:46:28 +0200] "POST /wp-cron.php?doing_wp_cron=1784907988.7764329910278320312500 HTTP/1.1" 200 5074 "-" "WordPress/6.9.4; https://as-cp.fr"
41.174.94.104 - - [24/Jul/2026:17:46:28 +0200] "POST /xmlrpc.php HTTP/1.1" 200 5463 "-" "Jetpack by WordPress.com"
91.134.83.25 - - [24/Jul/2026:17:46:39 +0200] "POST /wp-cron.php?doing_wp_cron=1784907999.2901089191436767578125 HTTP/1.1" 200 5074 "-" "WordPress/6.9.4; https://as-cp.fr"
41.174.94.104 - - [24/Jul/2026:17:46:38 +0200] "POST /xmlrpc.php HTTP/1.1" 200 5463 "-" "Jetpack by WordPress.com"
91.134.83.25 - - [24/Jul/2026:17:46:50 +0200] "POST /wp-cron.php?doing_wp_cron=1784908009.8218278884887695312500 HTTP/1.1" 200 5074 "-" "WordPress/6.9.4; https://as-cp.fr"
41.174.94.104 - - [24/Jul/2026:17:46:49 +0200] "POST /xmlrpc.php HTTP/1.1" 200 5463 "-" "Jetpack by WordPress.com (Jetpack 13.0; WordPress 6.1)"
41.174.94.104 - - [24/Jul/2026:17:47:00 +0200] "POST /xmlrpc.php HTTP/1.1" 200 5463 "-" "Jetpack/12.1; WordPress/6.2; http://site57939754.com"
41.174.94.104 - - [24/Jul/2026:17:47:10 +0200] "POST /xmlrpc.php HTTP/1.1" 200 5463 "-" "Jetpack by WordPress.com"
103.59.160.179 - - [24/Jul/2026:17:47:20 +0200] "GET / HTTP/1.1" 200 26624 "-" "Mozilla/5.0 (compatible; WP-Safe-Scanner/1.0)"
103.59.160.179 - - [24/Jul/2026:17:47:20 +0200] "GET /wp-content/uploads/ HTTP/1.1" 403 5816 "-" "Mozilla/5.0 (compatible; WP-Safe-Scanner/1.0)"
103.59.160.179 - - [24/Jul/2026:17:47:20 +0200] "GET /wp-content/plugins/ HTTP/1.1" 200 4981 "-" "Mozilla/5.0 (compatible; WP-Safe-Scanner/1.0)"
103.59.160.179 - - [24/Jul/2026:17:47:21 +0200] "GET /wp-content/themes/ HTTP/1.1" 200 4981 "-" "Mozilla/5.0 (compatible; WP-Safe-Scanner/1.0)"
103.59.160.179 - - [24/Jul/2026:17:47:21 +0200] "GET /wp-includes/ HTTP/1.1" 403 5816 "-" "Mozilla/5.0 (compatible; WP-Safe-Scanner/1.0)"
91.134.83.25 - - [24/Jul/2026:17:47:21 +0200] "POST /wp-cron.php?doing_wp_cron=1784908041.6757500171661376953125 HTTP/1.1" 200 5074 "-" "WordPress/6.9.4; https://as-cp.fr"
41.174.94.104 - - [24/Jul/2026:17:47:21 +0200] "POST /xmlrpc.php HTTP/1.1" 200 5463 "-" "WordPress.com; https://wordpress.com"
103.59.160.179 - - [24/Jul/2026:17:47:21 +0200] "GET /wp-admin/ HTTP/1.1" 302 5221 "-" "Mozilla/5.0 (compatible; WP-Safe-Scanner/1.0)"
103.59.160.179 - - [24/Jul/2026:17:47:22 +0200] "GET /wp-login.php?redirect_to=https%3A%2F%2Fas-cp.fr%2Fwp-admin%2F&reauth=1 HTTP/1.1" 200 10800 "-" "Mozilla/5.0 (compatible; WP-Safe-Scanner/1.0)"
41.174.94.104 - - [24/Jul/2026:17:47:31 +0200] "POST /xmlrpc.php HTTP/1.1" 200 5463 "-" "Jetpack by WordPress.com"
91.134.83.25 - - [24/Jul/2026:17:47:42 +0200] "POST /wp-cron.php?doing_wp_cron=1784908062.8462080955505371093750 HTTP/1.1" 200 5074 "-" "WordPress/6.9.4; https://as-cp.fr"
41.174.94.104 - - [24/Jul/2026:17:47:42 +0200] "POST /xmlrpc.php HTTP/1.1" 200 5463 "-" "WordPress.com; https://wordpress.com"
41.174.94.104 - - [24/Jul/2026:17:47:53 +0200] "POST /xmlrpc.php HTTP/1.1" 200 5463 "-" "Jetpack by WordPress.com (Jetpack 12.0; WordPress 6.1)"
41.174.94.104 - - [24/Jul/2026:17:48:03 +0200] "POST /xmlrpc.php HTTP/1.1" 200 5463 "-" "Jetpack by WordPress.com"
91.134.83.25 - - [24/Jul/2026:17:48:25 +0200] "POST /wp-cron.php?doing_wp_cron=1784908105.6296839714050292968750 HTTP/1.1" 200 5074 "-" "WordPress/6.9.4; https://as-cp.fr"
45.131.193.155 - - [24/Jul/2026:17:48:24 +0200] "POST /wp-login.php HTTP/1.1" 200 8904 "-" "Mozilla/5.0 (Macintosh; Intel Mac OS X 10_15_7) AppleWebKit/605.1.15 Version/17.0 Safari/605.1.15"
45.131.193.164 - - [24/Jul/2026:17:48:24 +0200] "POST /wp-login.php HTTP/1.1" 200 8903 "-" "Mozilla/5.0 (Windows NT 10.0; Win64; rv:143.0) Gecko/20100101 Firefox/143.0"
91.134.83.25 - - [24/Jul/2026:17:49:56 +0200] "POST /wp-cron.php?doing_wp_cron=1784908196.6682240962982177734375 HTTP/1.1" 200 5074 "-" "WordPress/6.9.4; https://as-cp.fr"
51.79.65.194 - - [24/Jul/2026:17:49:55 +0200] "GET /wp-login.php HTTP/1.1" 200 8736 "-" "Mozilla/5.0 (Windows NT 10.0; Win64; x64) AppleWebKit/537.36 (KHTML, like Gecko) Chrome/150.0.0.0 Safari/537.36"
51.79.65.194 - - [24/Jul/2026:17:49:56 +0200] "POST /wp-login.php HTTP/1.1" 200 8912 "https://as-cp.fr/wp-login.php" "Mozilla/5.0 (Windows NT 10.0; Win64; x64) AppleWebKit/537.36 (KHTML, like Gecko) Chrome/150.0.0.0 Safari/537.36"
91.134.83.25 - - [24/Jul/2026:17:50:23 +0200] "POST /wp-cron.php?doing_wp_cron=1784908222.8808488845825195312500 HTTP/1.1" 200 5074 "-" "WordPress/6.9.4; https://as-cp.fr"
80.94.92.67 - - [24/Jul/2026:17:50:22 +0200] "GET /.git/config HTTP/1.1" 301 5197 "-" "Mozilla/5.0 (Linux; U; Android 2.2; en-us; Droid Build/FRG22D) AppleWebKit/533.1 (KHTML, like Gecko) Version/4.0 Mobile Safari/533.1"
91.134.83.25 - - [24/Jul/2026:17:55:57 +0200] "POST /wp-cron.php?doing_wp_cron=1784908557.4758319854736328125000 HTTP/1.1" 200 5074 "-" "WordPress/6.9.4; https://as-cp.fr"
20.206.105.145 - - [24/Jul/2026:17:55:56 +0200] "GET /wp-content/plugins/hellopress/wp_filemanager.php HTTP/1.1" 301 5197 "-" "-"
20.206.105.145 - - [24/Jul/2026:17:55:57 +0200] "GET / HTTP/1.1" 200 99298 "-" "-"
20.206.105.145 - - [24/Jul/2026:17:55:58 +0200] "GET /this_is_a_new_hello_world.php HTTP/1.1" 403 5816 "-" "-"
20.206.105.145 - - [24/Jul/2026:17:55:59 +0200] "GET /media.php HTTP/1.1" 301 5197 "-" "-"
20.206.105.145 - - [24/Jul/2026:17:56:00 +0200] "GET / HTTP/1.1" 200 99298 "-" "-"
20.206.105.145 - - [24/Jul/2026:17:56:01 +0200] "GET /images.php HTTP/1.1" 403 5816 "-" "-"
20.206.105.145 - - [24/Jul/2026:17:56:01 +0200] "GET /adminner.php HTTP/1.1" 403 5816 "-" "-"
20.206.105.145 - - [24/Jul/2026:17:56:01 +0200] "GET ///admin.php HTTP/1.1" 301 5172 "-" "-"
20.206.105.145 - - [24/Jul/2026:17:56:02 +0200] "GET /admin.php HTTP/1.1" 301 5197 "-" "-"
20.206.105.145 - - [24/Jul/2026:17:56:03 +0200] "GET / HTTP/1.1" 200 99298 "-" "-"
20.206.105.145 - - [24/Jul/2026:17:56:04 +0200] "GET /ops.php HTTP/1.1" 403 5816 "-" "-"
20.206.105.145 - - [24/Jul/2026:17:56:04 +0200] "GET /mac.php HTTP/1.1" 403 5816 "-" "-"
20.206.105.145 - - [24/Jul/2026:17:56:05 +0200] "GET /wefile.php HTTP/1.1" 403 5816 "-" "-"
20.206.105.145 - - [24/Jul/2026:17:56:06 +0200] "GET /.well-known/about.php HTTP/1.1" 301 5197 "-" "-"
20.206.105.145 - - [24/Jul/2026:17:56:07 +0200] "GET / HTTP/1.1" 200 99320 "-" "-"
20.206.105.145 - - [24/Jul/2026:17:56:08 +0200] "GET /wp-includes/ID3/about.php HTTP/1.1" 403 5816 "-" "-"
20.206.105.145 - - [24/Jul/2026:17:56:09 +0200] "GET /wp-admin/css/ HTTP/1.1" 403 5816 "-" "-"
20.206.105.145 - - [24/Jul/2026:17:56:09 +0200] "GET /wp-admin/css/colors/modern/ HTTP/1.1" 403 5816 "-" "-"
20.206.105.145 - - [24/Jul/2026:17:56:10 +0200] "GET /pucci.php HTTP/1.1" 403 5816 "-" "-"
20.206.105.145 - - [24/Jul/2026:17:56:10 +0200] "GET /wp-includes/blocks/audio/ HTTP/1.1" 403 5816 "-" "-"
20.206.105.145 - - [24/Jul/2026:17:56:11 +0200] "GET /wp-temp.php HTTP/1.1" 403 5816 "-" "-"
20.206.105.145 - - [24/Jul/2026:17:56:11 +0200] "GET /xmu.php HTTP/1.1" 403 5816 "-" "-"
20.206.105.145 - - [24/Jul/2026:17:56:12 +0200] "GET //wp-admin/js/index.php HTTP/1.1" 301 5175 "-" "-"
20.206.105.145 - - [24/Jul/2026:17:56:12 +0200] "GET /wp-admin/js/ HTTP/1.1" 403 5816 "-" "-"
20.206.105.145 - - [24/Jul/2026:17:56:13 +0200] "GET /8.php HTTP/1.1" 403 5816 "-" "-"
20.206.105.145 - - [24/Jul/2026:17:56:13 +0200] "GET /1.php HTTP/1.1" 403 5816 "-" "-"
20.206.105.145 - - [24/Jul/2026:17:56:14 +0200] "GET /wp-content/admin.php HTTP/1.1" 301 5197 "-" "-"
20.206.105.145 - - [24/Jul/2026:17:56:15 +0200] "GET / HTTP/1.1" 200 99298 "-" "-"
20.206.105.145 - - [24/Jul/2026:17:56:15 +0200] "GET //f6.php HTTP/1.1" 403 5816 "-" "-"
20.206.105.145 - - [24/Jul/2026:17:56:16 +0200] "GET /wp-content/themes/index.php HTTP/1.1" 200 4981 "-" "-"
20.206.105.145 - - [24/Jul/2026:17:56:16 +0200] "GET /ms-edit.php HTTP/1.1" 301 5197 "-" "-"
20.206.105.145 - - [24/Jul/2026:17:56:17 +0200] "GET / HTTP/1.1" 200 99298 "-" "-"
20.206.105.145 - - [24/Jul/2026:17:56:18 +0200] "GET /222.php HTTP/1.1" 403 5816 "-" "-"
20.206.105.145 - - [24/Jul/2026:17:56:18 +0200] "GET //cgi-bin/index.php HTTP/1.1" 404 5829 "-" "-"
20.206.105.145 - - [24/Jul/2026:17:56:19 +0200] "GET //wp-includes/css/dist/ HTTP/1.1" 403 5816 "-" "-"
20.206.105.145 - - [24/Jul/2026:17:56:19 +0200] "GET //wp-includes/l10n/ HTTP/1.1" 403 5816 "-" "-"
20.206.105.145 - - [24/Jul/2026:17:56:20 +0200] "GET /wp-content/uploads/ HTTP/1.1" 403 5816 "-" "-"
20.206.105.145 - - [24/Jul/2026:17:56:20 +0200] "GET /raw.php HTTP/1.1" 403 5816 "-" "-"
20.206.105.145 - - [24/Jul/2026:17:56:21 +0200] "GET //a1.php HTTP/1.1" 403 5816 "-" "-"
20.206.105.145 - - [24/Jul/2026:17:56:21 +0200] "GET /wp-includes/Text/Diff/Engine/about.php HTTP/1.1" 403 5816 "-" "-"
20.206.105.145 - - [24/Jul/2026:17:56:22 +0200] "GET //cgi-bin/admin.php HTTP/1.1" 404 5829 "-" "-"
20.206.105.145 - - [24/Jul/2026:17:56:22 +0200] "GET //wp-content/BypassBest.php HTTP/1.1" 403 5816 "-" "-"
20.206.105.145 - - [24/Jul/2026:17:56:23 +0200] "GET /wp-content/ HTTP/1.1" 200 4981 "-" "-"
20.206.105.145 - - [24/Jul/2026:17:56:23 +0200] "GET /simple.php HTTP/1.1" 403 5816 "-" "-"
20.206.105.145 - - [24/Jul/2026:17:56:24 +0200] "GET /xxx.php HTTP/1.1" 403 5816 "-" "-"
20.206.105.145 - - [24/Jul/2026:17:56:24 +0200] "GET /wp-admin/css/colors/blue/ HTTP/1.1" 403 5816 "-" "-"
20.206.105.145 - - [24/Jul/2026:17:56:25 +0200] "GET //wp-includes/block-bindings/ HTTP/1.1" 403 5816 "-" "-"
20.206.105.145 - - [24/Jul/2026:17:56:25 +0200] "GET /file.php? HTTP/1.1" 403 5816 "-" "-"
20.206.105.145 - - [24/Jul/2026:17:56:26 +0200] "GET /aa2.php HTTP/1.1" 403 5816 "-" "-"
20.206.105.145 - - [24/Jul/2026:17:56:26 +0200] "GET /ccou.php HTTP/1.1" 403 5816 "-" "-"
20.206.105.145 - - [24/Jul/2026:17:56:27 +0200] "GET /dr.php HTTP/1.1" 403 5816 "-" "-"
20.206.105.145 - - [24/Jul/2026:17:56:27 +0200] "GET /f35.php HTTP/1.1" 403 5816 "-" "-"
91.134.83.25 - - [24/Jul/2026:17:56:28 +0200] "POST /wp-cron.php?doing_wp_cron=1784908588.5354020595550537109375 HTTP/1.1" 200 5074 "-" "WordPress/6.9.4; https://as-cp.fr"
20.206.105.145 - - [24/Jul/2026:17:56:27 +0200] "GET /wp-load.php HTTP/1.1" 200 4981 "-" "-"
20.206.105.145 - - [24/Jul/2026:17:56:29 +0200] "GET //wp-includes/assets/ HTTP/1.1" 403 5816 "-" "-"
20.206.105.145 - - [24/Jul/2026:17:56:29 +0200] "GET /wp-admin/css/colors/sunrise/ HTTP/1.1" 403 5816 "-" "-"
20.206.105.145 - - [24/Jul/2026:17:56:30 +0200] "GET /wp-admin/css/colors/midnight/about.php HTTP/1.1" 403 5816 "-" "-"
20.206.105.145 - - [24/Jul/2026:17:56:30 +0200] "GET /wp-links.php HTTP/1.1" 403 5816 "-" "-"
20.206.105.145 - - [24/Jul/2026:17:56:31 +0200] "GET /2P.update.php HTTP/1.1" 403 5816 "-" "-"
20.206.105.145 - - [24/Jul/2026:17:56:31 +0200] "GET /a.php HTTP/1.1" 403 5816 "-" "-"
20.206.105.145 - - [24/Jul/2026:17:56:32 +0200] "GET /k.php HTTP/1.1" 403 5816 "-" "-"
20.206.105.145 - - [24/Jul/2026:17:56:32 +0200] "GET /w.php HTTP/1.1" 403 5816 "-" "-"
20.206.105.145 - - [24/Jul/2026:17:56:33 +0200] "GET /insc.php HTTP/1.1" 403 5816 "-" "-"
20.206.105.145 - - [24/Jul/2026:17:56:33 +0200] "GET /4PJcpMFsD8B.php HTTP/1.1" 403 5816 "-" "-"
20.206.105.145 - - [24/Jul/2026:17:56:34 +0200] "GET /sss.php?p= HTTP/1.1" 403 5816 "-" "-"
20.206.105.145 - - [24/Jul/2026:17:56:34 +0200] "GET //aa.php HTTP/1.1" 403 5816 "-" "-"
20.206.105.145 - - [24/Jul/2026:17:56:35 +0200] "GET /177.php HTTP/1.1" 403 5816 "-" "-"
20.206.105.145 - - [24/Jul/2026:17:56:35 +0200] "GET /hur.php HTTP/1.1" 403 5816 "-" "-"
20.206.105.145 - - [24/Jul/2026:17:56:36 +0200] "GET /coffexium.php HTTP/1.1" 403 5816 "-" "-"
20.206.105.145 - - [24/Jul/2026:17:56:36 +0200] "GET /0.php HTTP/1.1" 403 5816 "-" "-"
20.206.105.145 - - [24/Jul/2026:17:56:36 +0200] "GET /BDKR28.php HTTP/1.1" 403 5816 "-" "-"
20.206.105.145 - - [24/Jul/2026:17:56:37 +0200] "GET /f35.update.php HTTP/1.1" 403 5816 "-" "-"
20.206.105.145 - - [24/Jul/2026:17:56:38 +0200] "GET /f900.php HTTP/1.1" 403 5816 "-" "-"
20.206.105.145 - - [24/Jul/2026:17:56:38 +0200] "GET /xmrl.php HTTP/1.1" 403 5816 "-" "-"
91.134.83.25 - - [24/Jul/2026:17:56:39 +0200] "POST /wp-cron.php?doing_wp_cron=1784908599.3382239341735839843750 HTTP/1.1" 200 5074 "-" "WordPress/6.9.4; https://as-cp.fr"
20.206.105.145 - - [24/Jul/2026:17:56:38 +0200] "GET /memberfuns.php HTTP/1.1" 301 5197 "-" "-"
20.206.105.145 - - [24/Jul/2026:17:56:39 +0200] "GET / HTTP/1.1" 200 99298 "-" "-"
20.206.105.145 - - [24/Jul/2026:17:56:40 +0200] "GET /ms.php HTTP/1.1" 403 5816 "-" "-"
20.206.105.145 - - [24/Jul/2026:17:56:40 +0200] "GET /zz.php?p= HTTP/1.1" 403 5816 "-" "-"
20.206.105.145 - - [24/Jul/2026:17:56:41 +0200] "GET /for.php HTTP/1.1" 403 5816 "-" "-"
20.206.105.145 - - [24/Jul/2026:17:56:41 +0200] "GET /yup.php HTTP/1.1" 403 5816 "-" "-"
20.206.105.145 - - [24/Jul/2026:17:56:42 +0200] "GET ///wpxml.php HTTP/1.1" 403 5816 "-" "-"
20.206.105.145 - - [24/Jul/2026:17:56:42 +0200] "GET /fffm.php?p= HTTP/1.1" 403 5816 "-" "-"
20.206.105.145 - - [24/Jul/2026:17:56:43 +0200] "GET /gecko.php HTTP/1.1" 403 5816 "-" "-"
20.206.105.145 - - [24/Jul/2026:17:56:43 +0200] "GET //a1.php HTTP/1.1" 403 5816 "-" "-"
20.206.105.145 - - [24/Jul/2026:17:56:44 +0200] "GET /k2.php HTTP/1.1" 403 5816 "-" "-"
20.206.105.145 - - [24/Jul/2026:17:56:44 +0200] "GET /82.php HTTP/1.1" 403 5816 "-" "-"
20.206.105.145 - - [24/Jul/2026:17:56:45 +0200] "GET /config.json.php HTTP/1.1" 403 5816 "-" "-"
20.206.105.145 - - [24/Jul/2026:17:56:47 +0200] "GET /fpwch.php HTTP/1.1" 403 5816 "-" "-"
20.206.105.145 - - [24/Jul/2026:17:56:47 +0200] "GET //2.php HTTP/1.1" 403 5816 "-" "-"
20.206.105.145 - - [24/Jul/2026:17:56:48 +0200] "GET /xstelth.php HTTP/1.1" 403 5816 "-" "-"
20.206.105.145 - - [24/Jul/2026:17:56:48 +0200] "GET /xp.php HTTP/1.1" 403 5816 "-" "-"
20.206.105.145 - - [24/Jul/2026:17:56:48 +0200] "GET /nwflm.php HTTP/1.1" 403 5816 "-" "-"
20.206.105.145 - - [24/Jul/2026:17:56:49 +0200] "GET /reop3.php?p= HTTP/1.1" 403 5816 "-" "-"
20.206.105.145 - - [24/Jul/2026:17:56:49 +0200] "GET /green.php HTTP/1.1" 403 5816 "-" "-"
20.206.105.145 - - [24/Jul/2026:17:56:50 +0200] "GET /zildan.php HTTP/1.1" 403 5816 "-" "-"
20.206.105.145 - - [24/Jul/2026:17:56:50 +0200] "GET /111.php HTTP/1.1" 403 5816 "-" "-"
20.206.105.145 - - [24/Jul/2026:17:56:51 +0200] "GET /pol.php HTTP/1.1" 403 5816 "-" "-"
20.206.105.145 - - [24/Jul/2026:17:56:51 +0200] "GET /kir.php HTTP/1.1" 403 5816 "-" "-"
20.206.105.145 - - [24/Jul/2026:17:56:52 +0200] "GET //wp-includes/Requests/ HTTP/1.1" 403 5816 "-" "-"
20.206.105.145 - - [24/Jul/2026:17:56:52 +0200] "GET /3PJcpMFsD8B.php HTTP/1.1" 403 5816 "-" "-"
20.206.105.145 - - [24/Jul/2026:17:56:53 +0200] "GET ///lobster.php?p= HTTP/1.1" 403 5816 "-" "-"
20.206.105.145 - - [24/Jul/2026:17:56:53 +0200] "GET /002.php?p= HTTP/1.1" 403 5816 "-" "-"
20.206.105.145 - - [24/Jul/2026:17:56:53 +0200] "GET //wp.php? HTTP/1.1" 403 5816 "-" "-"
91.134.83.25 - - [24/Jul/2026:17:56:55 +0200] "POST /wp-cron.php?doing_wp_cron=1784908615.6152949333190917968750 HTTP/1.1" 200 5074 "-" "WordPress/6.9.4; https://as-cp.fr"
20.206.105.145 - - [24/Jul/2026:17:56:54 +0200] "GET /edit.php HTTP/1.1" 301 5197 "-" "-"
20.206.105.145 - - [24/Jul/2026:17:56:56 +0200] "GET / HTTP/1.1" 200 99298 "-" "-"
57.141.0.13 - - [24/Jul/2026:18:01:08 +0200] "GET /wp-content/uploads/2021/03/metlife.jpg HTTP/1.1" 200 5077 "https://as-cp.fr/?v=h5a4b1i2t2a8b3l8e202" "Mozilla/5.0 (Windows NT 10.0; Win64; x64) AppleWebKit/537.36 (KHTML, like Gecko) Chrome/145.0.0.0 Safari/537.36 (compatible; meta-externalagent/1.1 (+https://developers.facebook.com/docs/sharing/webmasters/crawler))"
57.141.0.24 - - [24/Jul/2026:18:01:18 +0200] "GET /wp-content/uploads/2025/07/plan-as-cp-300x146.jpg HTTP/1.1" 200 5088 "https://as-cp.fr/?v=h5a4b1i2t2a8b3l8e202" "Mozilla/5.0 (Windows NT 10.0; Win64; x64) AppleWebKit/537.36 (KHTML, like Gecko) Chrome/145.0.0.0 Safari/537.36 (compatible; meta-externalagent/1.1 (+https://developers.facebook.com/docs/sharing/webmasters/crawler))"
91.134.83.25 - - [24/Jul/2026:18:01:19 +0200] "POST /wp-cron.php?doing_wp_cron=1784908879.8035030364990234375000 HTTP/1.1" 200 5074 "-" "WordPress/6.9.4; https://as-cp.fr"
57.141.0.32 - - [24/Jul/2026:18:01:19 +0200] "GET /null HTTP/1.1" 301 5197 "https://as-cp.fr/?v=h5a4b1i2t2a8b3l8e202" "Mozilla/5.0 (Windows NT 10.0; Win64; x64) AppleWebKit/537.36 (KHTML, like Gecko) Chrome/145.0.0.0 Safari/537.36 (compatible; meta-externalagent/1.1 (+https://developers.facebook.com/docs/sharing/webmasters/crawler))"
57.141.0.21 - - [24/Jul/2026:18:01:20 +0200] "GET / HTTP/1.1" 200 26624 "https://as-cp.fr/?v=h5a4b1i2t2a8b3l8e202" "Mozilla/5.0 (Windows NT 10.0; Win64; x64) AppleWebKit/537.36 (KHTML, like Gecko) Chrome/145.0.0.0 Safari/537.36 (compatible; meta-externalagent/1.1 (+https://developers.facebook.com/docs/sharing/webmasters/crawler))"
86.221.132.50 - - [24/Jul/2026:18:01:45 +0200] "GET / HTTP/1.1" 200 26624 "-" "Claude-User (claude-code/2.1.206; +https://support.anthropic.com/)"
91.134.83.25 - - [24/Jul/2026:18:01:52 +0200] "POST /wp-cron.php?doing_wp_cron=1784908912.9177119731903076171875 HTTP/1.1" 200 5074 "-" "WordPress/6.9.4; https://as-cp.fr"
57.141.0.51 - - [24/Jul/2026:18:01:52 +0200] "GET /?v=g6a3l8v3a4n7i3s5t632 HTTP/1.1" 200 26375 "-" "Mozilla/5.0 (Macintosh; Intel Mac OS X 10_15_7) AppleWebKit/537.36 (KHTML, like Gecko) Chrome/145.0.0.0 Safari/537.36 (compatible; meta-externalagent/1.1 (+https://developers.facebook.com/docs/sharing/webmasters/crawler))"
57.141.0.14 - - [24/Jul/2026:18:02:01 +0200] "GET /null HTTP/1.1" 301 5197 "https://as-cp.fr/?v=g6a3l8v3a4n7i3s5t632" "Mozilla/5.0 (Macintosh; Intel Mac OS X 10_15_7) AppleWebKit/537.36 (KHTML, like Gecko) Chrome/145.0.0.0 Safari/537.36 (compatible; meta-externalagent/1.1 (+https://developers.facebook.com/docs/sharing/webmasters/crawler))"
57.141.0.22 - - [24/Jul/2026:18:02:02 +0200] "GET / HTTP/1.1" 200 26624 "https://as-cp.fr/?v=g6a3l8v3a4n7i3s5t632" "Mozilla/5.0 (Macintosh; Intel Mac OS X 10_15_7) AppleWebKit/537.36 (KHTML, like Gecko) Chrome/145.0.0.0 Safari/537.36 (compatible; meta-externalagent/1.1 (+https://developers.facebook.com/docs/sharing/webmasters/crawler))"
57.141.0.5 - - [24/Jul/2026:18:02:06 +0200] "GET /aide-declaration-fiscale-a-perpignan-ne-laissez-plus-vos-impots-au-hasard/ HTTP/1.1" 200 86103 "-" "Mozilla/5.0 (Windows NT 10.0; Win64; x64) AppleWebKit/537.36 (KHTML, like Gecko) Chrome/145.0.0.0 Safari/537.36 (compatible; meta-externalagent/1.1 (+https://developers.facebook.com/docs/sharing/webmasters/crawler))"
91.134.83.25 - - [24/Jul/2026:18:03:07 +0200] "POST /wp-cron.php?doing_wp_cron=1784908987.5188689231872558593750 HTTP/1.1" 200 5074 "-" "WordPress/6.9.4; https://as-cp.fr"
195.20.18.103 - - [24/Jul/2026:18:03:06 +0200] "GET /wp-login.php HTTP/1.1" 200 8736 "-" "Mozilla/5.0 (Windows NT 10.0; Win64; x64) AppleWebKit/537.36 (KHTML, like Gecko) Chrome/150.0.0.0 Safari/537.36"
195.20.18.103 - - [24/Jul/2026:18:03:07 +0200] "POST /wp-login.php HTTP/1.1" 200 8912 "https://as-cp.fr/wp-login.php" "Mozilla/5.0 (Windows NT 10.0; Win64; x64) AppleWebKit/537.36 (KHTML, like Gecko) Chrome/150.0.0.0 Safari/537.36"
91.134.83.25 - - [24/Jul/2026:18:03:21 +0200] "POST /wp-cron.php?doing_wp_cron=1784909001.6500270366668701171875 HTTP/1.1" 200 5074 "-" "WordPress/6.9.4; https://as-cp.fr"
119.195.102.159 - - [24/Jul/2026:18:03:20 +0200] "GET /wp-login.php HTTP/1.1" 200 8736 "-" "Mozilla/5.0 (Windows NT 10.0; Win64; x64) AppleWebKit/537.36 (KHTML, like Gecko) Chrome/150.0.0.0 Safari/537.36"
119.195.102.159 - - [24/Jul/2026:18:03:22 +0200] "POST /wp-login.php HTTP/1.1" 200 8911 "https://as-cp.fr/wp-login.php" "Mozilla/5.0 (Windows NT 10.0; Win64; x64) AppleWebKit/537.36 (KHTML, like Gecko) Chrome/150.0.0.0 Safari/537.36"
91.134.83.25 - - [24/Jul/2026:18:03:34 +0200] "POST /wp-cron.php?doing_wp_cron=1784909014.0311329364776611328125 HTTP/1.1" 200 5074 "-" "WordPress/6.9.4; https://as-cp.fr"
45.131.193.160 - - [24/Jul/2026:18:03:32 +0200] "POST /wp-login.php HTTP/1.1" 200 8903 "-" "Mozilla/5.0 (Windows NT 10.0; Win64; rv:143.0) Gecko/20100101 Firefox/143.0"
45.131.193.170 - - [24/Jul/2026:18:03:32 +0200] "POST /wp-login.php HTTP/1.1" 200 8904 "-" "Mozilla/5.0 (Windows NT 10.0; Win64; rv:143.0) Gecko/20100101 Firefox/143.0"
91.134.83.25 - - [24/Jul/2026:18:18:43 +0200] "POST /wp-cron.php?doing_wp_cron=1784909923.0055360794067382812500 HTTP/1.1" 200 5074 "-" "WordPress/6.9.4; https://as-cp.fr"
45.131.193.165 - - [24/Jul/2026:18:18:42 +0200] "POST /wp-login.php HTTP/1.1" 200 8903 "-" "Mozilla/5.0 (Windows NT 10.0; Win64; rv:143.0) Gecko/20100101 Firefox/143.0"
45.131.193.162 - - [24/Jul/2026:18:18:42 +0200] "POST /wp-login.php HTTP/1.1" 200 8904 "-" "Mozilla/5.0 (Windows NT 10.0; Win64; rv:143.0) Gecko/20100101 Firefox/143.0"
91.134.83.25 - - [24/Jul/2026:18:27:50 +0200] "POST /wp-cron.php?doing_wp_cron=1784910470.7771959304809570312500 HTTP/1.1" 200 5074 "-" "WordPress/6.9.4; https://as-cp.fr"
31.193.35.210 - - [24/Jul/2026:18:27:50 +0200] "POST /xmlrpc.php HTTP/1.1" 200 5463 "-" "Jetpack/12.5; WordPress/6.3; http://site54340703.com"
31.193.35.210 - - [24/Jul/2026:18:28:00 +0200] "POST /xmlrpc.php HTTP/1.1" 200 5463 "-" "WordPress.com; https://wordpress.com"
31.193.35.210 - - [24/Jul/2026:18:28:11 +0200] "POST /xmlrpc.php HTTP/1.1" 200 5463 "-" "WordPress.com; https://wordpress.com"
91.134.83.25 - - [24/Jul/2026:18:28:22 +0200] "POST /wp-cron.php?doing_wp_cron=1784910502.7902541160583496093750 HTTP/1.1" 200 5074 "-" "WordPress/6.9.4; https://as-cp.fr"
31.193.35.210 - - [24/Jul/2026:18:28:22 +0200] "POST /xmlrpc.php HTTP/1.1" 200 5463 "-" "Jetpack by WordPress.com"
31.193.35.210 - - [24/Jul/2026:18:28:33 +0200] "POST /xmlrpc.php HTTP/1.1" 200 5463 "-" "Jetpack by WordPress.com (Jetpack 12.1; WordPress 6.1)"
91.134.83.25 - - [24/Jul/2026:18:28:44 +0200] "POST /wp-cron.php?doing_wp_cron=1784910524.1764829158782958984375 HTTP/1.1" 200 5074 "-" "WordPress/6.9.4; https://as-cp.fr"
31.193.35.210 - - [24/Jul/2026:18:28:43 +0200] "POST /xmlrpc.php HTTP/1.1" 200 5463 "-" "WordPress.com; https://wordpress.com"
31.193.35.210 - - [24/Jul/2026:18:28:54 +0200] "POST /xmlrpc.php HTTP/1.1" 200 5463 "-" "Jetpack by WordPress.com"
31.193.35.210 - - [24/Jul/2026:18:29:05 +0200] "POST /xmlrpc.php HTTP/1.1" 200 5463 "-" "Jetpack by WordPress.com"
31.193.35.210 - - [24/Jul/2026:18:29:15 +0200] "POST /xmlrpc.php HTTP/1.1" 200 5463 "-" "WordPress.com; https://wordpress.com"
91.134.83.25 - - [24/Jul/2026:18:29:26 +0200] "POST /wp-cron.php?doing_wp_cron=1784910566.8009219169616699218750 HTTP/1.1" 200 5074 "-" "WordPress/6.9.4; https://as-cp.fr"
31.193.35.210 - - [24/Jul/2026:18:29:26 +0200] "POST /xmlrpc.php HTTP/1.1" 200 5463 "-" "Jetpack/12.0; WordPress/6.3; http://site43867837.com"
91.134.83.25 - - [24/Jul/2026:18:29:37 +0200] "POST /wp-cron.php?doing_wp_cron=1784910577.4212160110473632812500 HTTP/1.1" 200 5074 "-" "WordPress/6.9.4; https://as-cp.fr"
31.193.35.210 - - [24/Jul/2026:18:29:37 +0200] "POST /xmlrpc.php HTTP/1.1" 200 5463 "-" "WordPress.com; https://wordpress.com"
91.134.83.25 - - [24/Jul/2026:18:29:48 +0200] "POST /wp-cron.php?doing_wp_cron=1784910588.0886759757995605468750 HTTP/1.1" 200 5074 "-" "WordPress/6.9.4; https://as-cp.fr"
31.193.35.210 - - [24/Jul/2026:18:29:47 +0200] "POST /xmlrpc.php HTTP/1.1" 200 5463 "-" "WordPress.com; https://wordpress.com"
31.193.35.210 - - [24/Jul/2026:18:29:58 +0200] "POST /xmlrpc.php HTTP/1.1" 200 5463 "-" "WordPress.com; https://wordpress.com"
31.193.35.210 - - [24/Jul/2026:18:30:09 +0200] "POST /xmlrpc.php HTTP/1.1" 200 5463 "-" "Jetpack by WordPress.com"
91.134.83.25 - - [24/Jul/2026:18:30:20 +0200] "POST /wp-cron.php?doing_wp_cron=1784910620.1928610801696777343750 HTTP/1.1" 200 5074 "-" "WordPress/6.9.4; https://as-cp.fr"
31.193.35.210 - - [24/Jul/2026:18:30:19 +0200] "POST /xmlrpc.php HTTP/1.1" 200 5463 "-" "Jetpack by WordPress.com (Jetpack 13.0; WordPress 6.2)"
91.134.83.25 - - [24/Jul/2026:18:30:30 +0200] "POST /wp-cron.php?doing_wp_cron=1784910630.9057199954986572265625 HTTP/1.1" 200 5074 "-" "WordPress/6.9.4; https://as-cp.fr"
31.193.35.210 - - [24/Jul/2026:18:30:30 +0200] "POST /xmlrpc.php HTTP/1.1" 200 5463 "-" "Jetpack/12.1; WordPress/6.4; http://site95735332.com"
91.134.83.25 - - [24/Jul/2026:18:30:41 +0200] "POST /wp-cron.php?doing_wp_cron=1784910641.4687080383300781250000 HTTP/1.1" 200 5074 "-" "WordPress/6.9.4; https://as-cp.fr"
31.193.35.210 - - [24/Jul/2026:18:30:41 +0200] "POST /xmlrpc.php HTTP/1.1" 200 5463 "-" "Jetpack by WordPress.com"
91.134.83.25 - - [24/Jul/2026:18:30:52 +0200] "POST /wp-cron.php?doing_wp_cron=1784910652.2019689083099365234375 HTTP/1.1" 200 5074 "-" "WordPress/6.9.4; https://as-cp.fr"
31.193.35.210 - - [24/Jul/2026:18:30:51 +0200] "POST /xmlrpc.php HTTP/1.1" 200 5463 "-" "Jetpack by WordPress.com (Jetpack 13.0; WordPress 6.2)"
31.193.35.210 - - [24/Jul/2026:18:31:02 +0200] "POST /xmlrpc.php HTTP/1.1" 200 5463 "-" "WordPress.com; https://wordpress.com"
31.193.35.210 - - [24/Jul/2026:18:31:13 +0200] "POST /xmlrpc.php HTTP/1.1" 200 5463 "-" "Jetpack/12.5; WordPress/6.1; http://site40219788.com"
91.134.83.25 - - [24/Jul/2026:18:31:24 +0200] "POST /wp-cron.php?doing_wp_cron=1784910684.2235200405120849609375 HTTP/1.1" 200 5074 "-" "WordPress/6.9.4; https://as-cp.fr"
31.193.35.210 - - [24/Jul/2026:18:31:23 +0200] "POST /xmlrpc.php HTTP/1.1" 200 5463 "-" "WordPress.com; https://wordpress.com"
185.232.71.120 - - [24/Jul/2026:18:31:25 +0200] "HEAD / HTTP/1.1" 200 5008 "-" "Mozilla/5.0 (Linux; AgentB/1.0)"
91.134.83.25 - - [24/Jul/2026:18:31:34 +0200] "POST /wp-cron.php?doing_wp_cron=1784910694.9099600315093994140625 HTTP/1.1" 200 5074 "-" "WordPress/6.9.4; https://as-cp.fr"
31.193.35.210 - - [24/Jul/2026:18:31:34 +0200] "POST /xmlrpc.php HTTP/1.1" 200 5463 "-" "Jetpack by WordPress.com"
91.134.83.25 - - [24/Jul/2026:18:31:45 +0200] "POST /wp-cron.php?doing_wp_cron=1784910705.7415199279785156250000 HTTP/1.1" 200 5074 "-" "WordPress/6.9.4; https://as-cp.fr"
31.193.35.210 - - [24/Jul/2026:18:31:45 +0200] "POST /xmlrpc.php HTTP/1.1" 200 5463 "-" "WordPress.com; https://wordpress.com"
31.193.35.210 - - [24/Jul/2026:18:31:55 +0200] "POST /xmlrpc.php HTTP/1.1" 200 5463 "-" "Jetpack by WordPress.com (Jetpack 12.5; WordPress 6.4)"
31.193.35.210 - - [24/Jul/2026:18:32:06 +0200] "POST /xmlrpc.php HTTP/1.1" 200 5463 "-" "Jetpack/12.5; WordPress/6.1; http://site43130065.com"
31.193.35.210 - - [24/Jul/2026:18:32:17 +0200] "POST /xmlrpc.php HTTP/1.1" 200 5463 "-" "Jetpack by WordPress.com"
91.134.83.25 - - [24/Jul/2026:18:32:28 +0200] "POST /wp-cron.php?doing_wp_cron=1784910748.4403719902038574218750 HTTP/1.1" 200 5074 "-" "WordPress/6.9.4; https://as-cp.fr"
31.193.35.210 - - [24/Jul/2026:18:32:28 +0200] "POST /xmlrpc.php HTTP/1.1" 200 5463 "-" "Jetpack by WordPress.com (Jetpack 12.5; WordPress 6.4)"
91.134.83.25 - - [24/Jul/2026:18:32:39 +0200] "POST /wp-cron.php?doing_wp_cron=1784910759.1685180664062500000000 HTTP/1.1" 200 5074 "-" "WordPress/6.9.4; https://as-cp.fr"
31.193.35.210 - - [24/Jul/2026:18:32:38 +0200] "POST /xmlrpc.php HTTP/1.1" 200 5463 "-" "Jetpack by WordPress.com"
91.134.83.25 - - [24/Jul/2026:18:32:50 +0200] "POST /wp-cron.php?doing_wp_cron=1784910770.0135090351104736328125 HTTP/1.1" 200 5074 "-" "WordPress/6.9.4; https://as-cp.fr"
31.193.35.210 - - [24/Jul/2026:18:32:49 +0200] "POST /xmlrpc.php HTTP/1.1" 200 5463 "-" "Jetpack/13.0; WordPress/6.2; http://site22354767.com"
31.193.35.210 - - [24/Jul/2026:18:33:00 +0200] "POST /xmlrpc.php HTTP/1.1" 200 5463 "-" "Jetpack by WordPress.com (Jetpack 13.0; WordPress 6.4)"
31.193.35.210 - - [24/Jul/2026:18:33:10 +0200] "POST /xmlrpc.php HTTP/1.1" 200 5463 "-" "Jetpack by WordPress.com (Jetpack 12.5; WordPress 6.1)"
91.134.83.25 - - [24/Jul/2026:18:33:21 +0200] "POST /wp-cron.php?doing_wp_cron=1784910801.9444110393524169921875 HTTP/1.1" 200 5074 "-" "WordPress/6.9.4; https://as-cp.fr"
31.193.35.210 - - [24/Jul/2026:18:33:21 +0200] "POST /xmlrpc.php HTTP/1.1" 200 5463 "-" "Jetpack/12.5; WordPress/6.4; http://site38303384.com"
31.193.35.210 - - [24/Jul/2026:18:33:32 +0200] "POST /xmlrpc.php HTTP/1.1" 200 5463 "-" "Jetpack by WordPress.com (Jetpack 12.0; WordPress 6.2)"
91.134.83.25 - - [24/Jul/2026:18:33:43 +0200] "POST /wp-cron.php?doing_wp_cron=1784910823.4448819160461425781250 HTTP/1.1" 200 5074 "-" "WordPress/6.9.4; https://as-cp.fr"
31.193.35.210 - - [24/Jul/2026:18:33:43 +0200] "POST /xmlrpc.php HTTP/1.1" 200 5463 "-" "Jetpack/12.0; WordPress/6.2; http://site71069681.com"
31.193.35.210 - - [24/Jul/2026:18:33:53 +0200] "POST /xmlrpc.php HTTP/1.1" 200 5463 "-" "Jetpack/12.1; WordPress/6.3; http://site61479812.com"
45.131.193.171 - - [24/Jul/2026:18:34:00 +0200] "POST /wp-login.php HTTP/1.1" 200 8904 "-" "Mozilla/5.0 (Windows NT 10.0; Win64; x64) AppleWebKit/537.36 Chrome/129.0.0.0 Safari/537.36"
45.131.193.147 - - [24/Jul/2026:18:34:00 +0200] "POST /wp-login.php HTTP/1.1" 200 8903 "-" "Mozilla/5.0 (Macintosh; Intel Mac OS X 10_15_7) AppleWebKit/605.1.15 Version/17.0 Safari/605.1.15"
31.193.35.210 - - [24/Jul/2026:18:34:04 +0200] "POST /xmlrpc.php HTTP/1.1" 200 5463 "-" "Jetpack/13.0; WordPress/6.2; http://site50831091.com"
49.12.216.176 - - [24/Jul/2026:18:34:08 +0200] "GET /wp-login.php HTTP/1.1" 200 8736 "-" "Mozilla/5.0 (Windows NT 10.0; Win64; x64) AppleWebKit/537.36 (KHTML, like Gecko) Chrome/150.0.0.0 Safari/537.36"
49.12.216.176 - - [24/Jul/2026:18:34:09 +0200] "POST /wp-login.php HTTP/1.1" 200 8912 "https://as-cp.fr/wp-login.php" "Mozilla/5.0 (Windows NT 10.0; Win64; x64) AppleWebKit/537.36 (KHTML, like Gecko) Chrome/150.0.0.0 Safari/537.36"
31.193.35.210 - - [24/Jul/2026:18:34:15 +0200] "POST /xmlrpc.php HTTP/1.1" 200 5463 "-" "Jetpack/12.5; WordPress/6.4; http://site29259193.com"
91.134.83.25 - - [24/Jul/2026:18:34:26 +0200] "POST /wp-cron.php?doing_wp_cron=1784910866.2226650714874267578125 HTTP/1.1" 200 5074 "-" "WordPress/6.9.4; https://as-cp.fr"
31.193.35.210 - - [24/Jul/2026:18:34:25 +0200] "POST /xmlrpc.php HTTP/1.1" 200 5463 "-" "Jetpack by WordPress.com"
91.134.83.25 - - [24/Jul/2026:18:34:36 +0200] "POST /wp-cron.php?doing_wp_cron=1784910876.7847709655761718750000 HTTP/1.1" 200 5074 "-" "WordPress/6.9.4; https://as-cp.fr"
31.193.35.210 - - [24/Jul/2026:18:34:36 +0200] "POST /xmlrpc.php HTTP/1.1" 200 5463 "-" "Jetpack by WordPress.com (Jetpack 12.1; WordPress 6.2)"
91.134.83.25 - - [24/Jul/2026:18:34:47 +0200] "POST /wp-cron.php?doing_wp_cron=1784910887.5836989879608154296875 HTTP/1.1" 200 5074 "-" "WordPress/6.9.4; https://as-cp.fr"
31.193.35.210 - - [24/Jul/2026:18:34:47 +0200] "POST /xmlrpc.php HTTP/1.1" 200 5463 "-" "WordPress.com; https://wordpress.com"
31.193.35.210 - - [24/Jul/2026:18:34:57 +0200] "POST /xmlrpc.php HTTP/1.1" 200 5463 "-" "WordPress.com; https://wordpress.com"
31.193.35.210 - - [24/Jul/2026:18:35:08 +0200] "POST /xmlrpc.php HTTP/1.1" 200 5463 "-" "Jetpack by WordPress.com (Jetpack 12.0; WordPress 6.2)"
91.134.83.25 - - [24/Jul/2026:18:35:19 +0200] "POST /wp-cron.php?doing_wp_cron=1784910919.3081200122833251953125 HTTP/1.1" 200 5074 "-" "WordPress/6.9.4; https://as-cp.fr"
31.193.35.210 - - [24/Jul/2026:18:35:18 +0200] "POST /xmlrpc.php HTTP/1.1" 200 5463 "-" "WordPress.com; https://wordpress.com"
91.134.83.25 - - [24/Jul/2026:18:35:30 +0200] "POST /wp-cron.php?doing_wp_cron=1784910930.0128378868103027343750 HTTP/1.1" 200 5074 "-" "WordPress/6.9.4; https://as-cp.fr"
31.193.35.210 - - [24/Jul/2026:18:35:29 +0200] "POST /xmlrpc.php HTTP/1.1" 200 5463 "-" "Jetpack by WordPress.com (Jetpack 12.1; WordPress 6.2)"
91.134.83.25 - - [24/Jul/2026:18:35:40 +0200] "POST /wp-cron.php?doing_wp_cron=1784910940.8339869976043701171875 HTTP/1.1" 200 5074 "-" "WordPress/6.9.4; https://as-cp.fr"
31.193.35.210 - - [24/Jul/2026:18:35:40 +0200] "POST /xmlrpc.php HTTP/1.1" 200 5463 "-" "Jetpack by WordPress.com (Jetpack 12.0; WordPress 6.4)"
91.134.83.25 - - [24/Jul/2026:18:35:51 +0200] "POST /wp-cron.php?doing_wp_cron=1784910951.4139990806579589843750 HTTP/1.1" 200 5074 "-" "WordPress/6.9.4; https://as-cp.fr"
31.193.35.210 - - [24/Jul/2026:18:35:50 +0200] "POST /xmlrpc.php HTTP/1.1" 200 5463 "-" "WordPress.com; https://wordpress.com"
31.193.35.210 - - [24/Jul/2026:18:36:01 +0200] "POST /xmlrpc.php HTTP/1.1" 200 5463 "-" "Jetpack by WordPress.com"
31.193.35.210 - - [24/Jul/2026:18:36:12 +0200] "POST /xmlrpc.php HTTP/1.1" 200 5463 "-" "Jetpack by WordPress.com"
91.134.83.25 - - [24/Jul/2026:18:36:23 +0200] "POST /wp-cron.php?doing_wp_cron=1784910983.4922049045562744140625 HTTP/1.1" 200 5074 "-" "WordPress/6.9.4; https://as-cp.fr"
31.193.35.210 - - [24/Jul/2026:18:36:23 +0200] "POST /xmlrpc.php HTTP/1.1" 200 5463 "-" "Jetpack/12.0; WordPress/6.2; http://site65066240.com"
91.134.83.25 - - [24/Jul/2026:18:36:34 +0200] "POST /wp-cron.php?doing_wp_cron=1784910994.1620199680328369140625 HTTP/1.1" 200 5074 "-" "WordPress/6.9.4; https://as-cp.fr"
31.193.35.210 - - [24/Jul/2026:18:36:33 +0200] "POST /xmlrpc.php HTTP/1.1" 200 5463 "-" "Jetpack by WordPress.com (Jetpack 12.1; WordPress 6.1)"
91.134.83.25 - - [24/Jul/2026:18:36:44 +0200] "POST /wp-cron.php?doing_wp_cron=1784911004.8973059654235839843750 HTTP/1.1" 200 5074 "-" "WordPress/6.9.4; https://as-cp.fr"
31.193.35.210 - - [24/Jul/2026:18:36:44 +0200] "POST /xmlrpc.php HTTP/1.1" 200 5463 "-" "WordPress.com; https://wordpress.com"
31.193.35.210 - - [24/Jul/2026:18:36:55 +0200] "POST /xmlrpc.php HTTP/1.1" 200 5463 "-" "Jetpack by WordPress.com"
31.193.35.210 - - [24/Jul/2026:18:37:05 +0200] "POST /xmlrpc.php HTTP/1.1" 200 5463 "-" "Jetpack/12.0; WordPress/6.1; http://site70423076.com"
31.193.35.210 - - [24/Jul/2026:18:37:16 +0200] "POST /xmlrpc.php HTTP/1.1" 200 5463 "-" "WordPress.com; https://wordpress.com"
91.134.83.25 - - [24/Jul/2026:18:37:27 +0200] "POST /wp-cron.php?doing_wp_cron=1784911047.7411890029907226562500 HTTP/1.1" 200 5074 "-" "WordPress/6.9.4; https://as-cp.fr"
31.193.35.210 - - [24/Jul/2026:18:37:27 +0200] "POST /xmlrpc.php HTTP/1.1" 200 5463 "-" "Jetpack/12.0; WordPress/6.1; http://site12868803.com"
91.134.83.25 - - [24/Jul/2026:18:37:38 +0200] "POST /wp-cron.php?doing_wp_cron=1784911058.4287669658660888671875 HTTP/1.1" 200 5074 "-" "WordPress/6.9.4; https://as-cp.fr"
31.193.35.210 - - [24/Jul/2026:18:37:38 +0200] "POST /xmlrpc.php HTTP/1.1" 200 5463 "-" "Jetpack by WordPress.com"
91.134.83.25 - - [24/Jul/2026:18:37:49 +0200] "POST /wp-cron.php?doing_wp_cron=1784911069.1592829227447509765625 HTTP/1.1" 200 5074 "-" "WordPress/6.9.4; https://as-cp.fr"
31.193.35.210 - - [24/Jul/2026:18:37:48 +0200] "POST /xmlrpc.php HTTP/1.1" 200 5463 "-" "Jetpack/12.1; WordPress/6.1; http://site73560860.com"
31.193.35.210 - - [24/Jul/2026:18:37:59 +0200] "POST /xmlrpc.php HTTP/1.1" 200 5463 "-" "WordPress.com; https://wordpress.com"
31.193.35.210 - - [24/Jul/2026:18:38:10 +0200] "POST /xmlrpc.php HTTP/1.1" 200 5463 "-" "WordPress.com; https://wordpress.com"
91.134.83.25 - - [24/Jul/2026:18:38:21 +0200] "POST /wp-cron.php?doing_wp_cron=1784911101.2171020507812500000000 HTTP/1.1" 200 5074 "-" "WordPress/6.9.4; https://as-cp.fr"
31.193.35.210 - - [24/Jul/2026:18:38:20 +0200] "POST /xmlrpc.php HTTP/1.1" 200 5463 "-" "Jetpack by WordPress.com"
31.193.35.210 - - [24/Jul/2026:18:38:31 +0200] "POST /xmlrpc.php HTTP/1.1" 200 5463 "-" "Jetpack/12.5; WordPress/6.2; http://site62040946.com"
91.134.83.25 - - [24/Jul/2026:18:38:42 +0200] "POST /wp-cron.php?doing_wp_cron=1784911122.3729250431060791015625 HTTP/1.1" 200 5074 "-" "WordPress/6.9.4; https://as-cp.fr"
31.193.35.210 - - [24/Jul/2026:18:38:41 +0200] "POST /xmlrpc.php HTTP/1.1" 200 5463 "-" "WordPress.com; https://wordpress.com"
91.134.83.25 - - [24/Jul/2026:18:38:52 +0200] "POST /wp-cron.php?doing_wp_cron=1784911132.9367780685424804687500 HTTP/1.1" 200 5074 "-" "WordPress/6.9.4; https://as-cp.fr"
31.193.35.210 - - [24/Jul/2026:18:38:52 +0200] "POST /xmlrpc.php HTTP/1.1" 200 5463 "-" "WordPress.com; https://wordpress.com"
31.193.35.210 - - [24/Jul/2026:18:39:03 +0200] "POST /xmlrpc.php HTTP/1.1" 200 5463 "-" "Jetpack/12.5; WordPress/6.3; http://site22805490.com"
31.193.35.210 - - [24/Jul/2026:18:39:13 +0200] "POST /xmlrpc.php HTTP/1.1" 200 5463 "-" "WordPress.com; https://wordpress.com"
91.134.83.25 - - [24/Jul/2026:18:39:24 +0200] "POST /wp-cron.php?doing_wp_cron=1784911164.7251710891723632812500 HTTP/1.1" 200 5074 "-" "WordPress/6.9.4; https://as-cp.fr"
31.193.35.210 - - [24/Jul/2026:18:39:24 +0200] "POST /xmlrpc.php HTTP/1.1" 200 5463 "-" "Jetpack by WordPress.com (Jetpack 13.0; WordPress 6.1)"
91.134.83.25 - - [24/Jul/2026:18:39:35 +0200] "POST /wp-cron.php?doing_wp_cron=1784911175.3449559211730957031250 HTTP/1.1" 200 5074 "-" "WordPress/6.9.4; https://as-cp.fr"
31.193.35.210 - - [24/Jul/2026:18:39:34 +0200] "POST /xmlrpc.php HTTP/1.1" 200 5463 "-" "WordPress.com; https://wordpress.com"
216.73.216.71 - - [24/Jul/2026:18:39:45 +0200] "GET /robots.txt HTTP/1.1" 200 5168 "-" "Mozilla/5.0 AppleWebKit/537.36 (KHTML, like Gecko; compatible; ClaudeBot/1.0; +claudebot@anthropic.com)"
91.134.83.25 - - [24/Jul/2026:18:39:46 +0200] "POST /wp-cron.php?doing_wp_cron=1784911186.0372290611267089843750 HTTP/1.1" 200 5074 "-" "WordPress/6.9.4; https://as-cp.fr"
31.193.35.210 - - [24/Jul/2026:18:39:45 +0200] "POST /xmlrpc.php HTTP/1.1" 200 5463 "-" "Jetpack/12.0; WordPress/6.1; http://site43111639.com"
216.73.216.71 - - [24/Jul/2026:18:39:45 +0200] "GET /sitemap.xml HTTP/1.1" 301 5068 "-" "Mozilla/5.0 AppleWebKit/537.36 (KHTML, like Gecko; compatible; ClaudeBot/1.0; +claudebot@anthropic.com)"
216.73.216.71 - - [24/Jul/2026:18:39:46 +0200] "GET /sitemap_index.xml HTTP/1.1" 200 5405 "https://as-cp.fr/sitemap.xml" "Mozilla/5.0 AppleWebKit/537.36 (KHTML, like Gecko; compatible; ClaudeBot/1.0; +claudebot@anthropic.com)"
31.193.35.210 - - [24/Jul/2026:18:39:56 +0200] "POST /xmlrpc.php HTTP/1.1" 200 5463 "-" "Jetpack by WordPress.com"
31.193.35.210 - - [24/Jul/2026:18:40:06 +0200] "POST /xmlrpc.php HTTP/1.1" 200 5463 "-" "Jetpack by WordPress.com"
91.134.83.25 - - [24/Jul/2026:18:40:18 +0200] "POST /wp-cron.php?doing_wp_cron=1784911218.0150649547576904296875 HTTP/1.1" 200 5074 "-" "WordPress/6.9.4; https://as-cp.fr"
31.193.35.210 - - [24/Jul/2026:18:40:17 +0200] "POST /xmlrpc.php HTTP/1.1" 200 5463 "-" "Jetpack by WordPress.com"
91.134.83.25 - - [24/Jul/2026:18:40:28 +0200] "POST /wp-cron.php?doing_wp_cron=1784911228.6901121139526367187500 HTTP/1.1" 200 5074 "-" "WordPress/6.9.4; https://as-cp.fr"
31.193.35.210 - - [24/Jul/2026:18:40:28 +0200] "POST /xmlrpc.php HTTP/1.1" 200 5463 "-" "Jetpack/12.5; WordPress/6.1; http://site54963593.com"
91.134.83.25 - - [24/Jul/2026:18:40:39 +0200] "POST /wp-cron.php?doing_wp_cron=1784911239.4693400859832763671875 HTTP/1.1" 200 5074 "-" "WordPress/6.9.4; https://as-cp.fr"
31.193.35.210 - - [24/Jul/2026:18:40:39 +0200] "POST /xmlrpc.php HTTP/1.1" 200 5463 "-" "Jetpack/13.0; WordPress/6.3; http://site72151789.com"
91.134.83.25 - - [24/Jul/2026:18:40:50 +0200] "POST /wp-cron.php?doing_wp_cron=1784911250.1166429519653320312500 HTTP/1.1" 200 5074 "-" "WordPress/6.9.4; https://as-cp.fr"
31.193.35.210 - - [24/Jul/2026:18:40:49 +0200] "POST /xmlrpc.php HTTP/1.1" 200 5463 "-" "WordPress.com; https://wordpress.com"
31.193.35.210 - - [24/Jul/2026:18:41:00 +0200] "POST /xmlrpc.php HTTP/1.1" 200 5463 "-" "Jetpack by WordPress.com (Jetpack 12.5; WordPress 6.2)"
31.193.35.210 - - [24/Jul/2026:18:41:11 +0200] "POST /xmlrpc.php HTTP/1.1" 200 5463 "-" "Jetpack by WordPress.com"
91.134.83.25 - - [24/Jul/2026:18:41:22 +0200] "POST /wp-cron.php?doing_wp_cron=1784911282.3171899318695068359375 HTTP/1.1" 200 5074 "-" "WordPress/6.9.4; https://as-cp.fr"
31.193.35.210 - - [24/Jul/2026:18:41:21 +0200] "POST /xmlrpc.php HTTP/1.1" 200 5463 "-" "Jetpack by WordPress.com (Jetpack 12.5; WordPress 6.3)"
31.193.35.210 - - [24/Jul/2026:18:41:32 +0200] "POST /xmlrpc.php HTTP/1.1" 200 5463 "-" "Jetpack by WordPress.com (Jetpack 12.1; WordPress 6.3)"
91.134.83.25 - - [24/Jul/2026:18:41:43 +0200] "POST /wp-cron.php?doing_wp_cron=1784911303.7206499576568603515625 HTTP/1.1" 200 5074 "-" "WordPress/6.9.4; https://as-cp.fr"
31.193.35.210 - - [24/Jul/2026:18:41:43 +0200] "POST /xmlrpc.php HTTP/1.1" 200 5463 "-" "Jetpack by WordPress.com"
31.193.35.210 - - [24/Jul/2026:18:41:53 +0200] "POST /xmlrpc.php HTTP/1.1" 200 5463 "-" "Jetpack by WordPress.com"
31.193.35.210 - - [24/Jul/2026:18:42:04 +0200] "POST /xmlrpc.php HTTP/1.1" 200 5463 "-" "Jetpack by WordPress.com"
86.210.32.70 - - [24/Jul/2026:18:42:08 +0200] "GET / HTTP/1.1" 200 26624 "https://www.google.com/" "Mozilla/5.0 (Windows NT 10.0; Win64; x64; rv:153.0) Gecko/20100101 Firefox/153.0"
86.210.32.70 - - [24/Jul/2026:18:42:08 +0200] "GET /wp-content/plugins/kiwi-logo-carousel/third-party/jquery.bxslider/jquery.bxslider.css?ver=6.9.4 HTTP/1.1" 200 5137 "https://as-cp.fr/" "Mozilla/5.0 (Windows NT 10.0; Win64; x64; rv:153.0) Gecko/20100101 Firefox/153.0"
86.210.32.70 - - [24/Jul/2026:18:42:08 +0200] "GET /wp-content/uploads/la_icon_sets/style.min.css?ver=6.9.4 HTTP/1.1" 200 5068 "https://as-cp.fr/" "Mozilla/5.0 (Windows NT 10.0; Win64; x64; rv:153.0) Gecko/20100101 Firefox/153.0"
86.210.32.70 - - [24/Jul/2026:18:42:08 +0200] "GET /wp-content/themes/agencepointcom/style.css?ver=6.9.4 HTTP/1.1" 200 5094 "https://as-cp.fr/" "Mozilla/5.0 (Windows NT 10.0; Win64; x64; rv:153.0) Gecko/20100101 Firefox/153.0"
86.210.32.70 - - [24/Jul/2026:18:42:08 +0200] "GET /wp-content/plugins/revslider/public/assets/css/rs6.css?ver=6.3.9 HTTP/1.1" 200 5106 "https://as-cp.fr/" "Mozilla/5.0 (Windows NT 10.0; Win64; x64; rv:153.0) Gecko/20100101 Firefox/153.0"
86.210.32.70 - - [24/Jul/2026:18:42:08 +0200] "GET /wp-content/plugins/superfly-menu/css/public.min.css?ver=6.9.4 HTTP/1.1" 200 5103 "https://as-cp.fr/" "Mozilla/5.0 (Windows NT 10.0; Win64; x64; rv:153.0) Gecko/20100101 Firefox/153.0"
86.210.32.70 - - [24/Jul/2026:18:42:08 +0200] "GET /wp-content/plugins/kiwi-logo-carousel/custom-styles.css?ver=6.9.4 HTTP/1.1" 200 5107 "https://as-cp.fr/" "Mozilla/5.0 (Windows NT 10.0; Win64; x64; rv:153.0) Gecko/20100101 Firefox/153.0"
