172.213.144.209 - - [25/Jul/2026:03:07:13 +0200] "GET /white.php HTTP/1.1" 403 5816 "-" "-"
172.213.144.209 - - [25/Jul/2026:03:07:13 +0200] "GET /class-t.api.php HTTP/1.1" 403 5816 "-" "-"
172.213.144.209 - - [25/Jul/2026:03:07:13 +0200] "GET /esp.php HTTP/1.1" 403 5816 "-" "-"
172.213.144.209 - - [25/Jul/2026:03:07:13 +0200] "GET /class-wp-image.php HTTP/1.1" 403 5816 "-" "-"
172.213.144.209 - - [25/Jul/2026:03:07:13 +0200] "GET /class-wp-logo-new.php HTTP/1.1" 403 5816 "-" "-"
91.134.83.25 - - [25/Jul/2026:03:07:29 +0200] "POST /wp-cron.php?doing_wp_cron=1784941649.4232230186462402343750 HTTP/1.1" 200 5074 "-" "WordPress/6.9.4; https://as-cp.fr"
68.178.160.25 - - [25/Jul/2026:03:07:28 +0200] "GET /wp-login.php HTTP/1.1" 200 8736 "-" "Mozilla/5.0 (Windows NT 10.0; Win64; x64) AppleWebKit/537.36 (KHTML, like Gecko) Chrome/150.0.0.0 Safari/537.36"
68.178.160.25 - - [25/Jul/2026:03:07:29 +0200] "POST /wp-login.php HTTP/1.1" 200 8912 "https://as-cp.fr/wp-login.php" "Mozilla/5.0 (Windows NT 10.0; Win64; x64) AppleWebKit/537.36 (KHTML, like Gecko) Chrome/150.0.0.0 Safari/537.36"
91.134.83.25 - - [25/Jul/2026:03:09:15 +0200] "POST /wp-cron.php?doing_wp_cron=1784941755.0827240943908691406250 HTTP/1.1" 200 5074 "-" "WordPress/6.9.4; https://as-cp.fr"
57.141.0.42 - - [25/Jul/2026:03:09:14 +0200] "GET /?v=u8n2b7e2g4e9t58671 HTTP/1.1" 200 98108 "-" "Mozilla/5.0 (Windows NT 10.0; Win64; x64) AppleWebKit/537.36 (KHTML, like Gecko) Chrome/145.0.0.0 Safari/537.36 (compatible; meta-externalagent/1.1 (+https://developers.facebook.com/docs/sharing/webmasters/crawler))"
23.22.179.79 - - [25/Jul/2026:03:09:15 +0200] "GET /?p=187 HTTP/1.1" 301 5084 "-" "Mozilla/5.0 AppleWebKit/605.1.15 (KHTML, like Gecko) Chrome/139.0.0.0 Safari/605.1.15"
34.233.226.65 - - [25/Jul/2026:03:09:16 +0200] "GET /preparer-sa-retraite-a-perpignan/ HTTP/1.1" 200 23347 "-" "Mozilla/5.0 AppleWebKit/605.1.15 (KHTML, like Gecko) Chrome/139.0.0.0 Safari/605.1.15"
91.134.83.25 - - [25/Jul/2026:03:09:19 +0200] "POST /wp-cron.php?doing_wp_cron=1784941759.5987589359283447265625 HTTP/1.1" 200 5074 "-" "WordPress/6.9.4; https://as-cp.fr"
57.141.0.68 - - [25/Jul/2026:03:09:19 +0200] "GET /?v=c8u2s8t0u0m6a3r7y946 HTTP/1.1" 200 98108 "-" "Mozilla/5.0 (Windows NT 10.0; Win64; x64) AppleWebKit/537.36 (KHTML, like Gecko) Chrome/145.0.0.0 Safari/537.36 (compatible; meta-externalagent/1.1 (+https://developers.facebook.com/docs/sharing/webmasters/crawler))"
91.134.83.25 - - [25/Jul/2026:03:09:22 +0200] "POST /wp-cron.php?doing_wp_cron=1784941762.1710979938507080078125 HTTP/1.1" 200 5074 "-" "WordPress/6.9.4; https://as-cp.fr"
45.227.253.15 - - [25/Jul/2026:03:09:21 +0200] "GET /index.php/jk HTTP/1.1" 301 5165 "-" "Mozilla/5.0 (iPad; U; CPU OS 4_2_3 like Mac OS X; ja) AppleWebKit/533.17.9 (KHTML, like Gecko) Version/5.0.2 Mobile/8J2 Safari/6533.18.5"
45.227.253.15 - - [25/Jul/2026:03:09:22 +0200] "GET /jk HTTP/1.1" 301 5197 "https://as-cp.fr/index.php/jk" "Mozilla/5.0 (iPad; U; CPU OS 4_2_3 like Mac OS X; ja) AppleWebKit/533.17.9 (KHTML, like Gecko) Version/5.0.2 Mobile/8J2 Safari/6533.18.5"
45.227.253.15 - - [25/Jul/2026:03:09:22 +0200] "GET / HTTP/1.1" 200 26624 "https://as-cp.fr/jk" "Mozilla/5.0 (iPad; U; CPU OS 4_2_3 like Mac OS X; ja) AppleWebKit/533.17.9 (KHTML, like Gecko) Version/5.0.2 Mobile/8J2 Safari/6533.18.5"
91.134.83.25 - - [25/Jul/2026:03:09:41 +0200] "POST /wp-cron.php?doing_wp_cron=1784941781.4839980602264404296875 HTTP/1.1" 200 5074 "-" "WordPress/6.9.4; https://as-cp.fr"
57.141.0.35 - - [25/Jul/2026:03:09:41 +0200] "GET /shops/heeling/c8a3p5i3t8u3l4a1t9e31 HTTP/1.1" 301 5197 "-" "Mozilla/5.0 (Windows NT 10.0; Win64; x64) AppleWebKit/537.36 (KHTML, like Gecko) Chrome/145.0.0.0 Safari/537.36 (compatible; meta-externalagent/1.1 (+https://developers.facebook.com/docs/sharing/webmasters/crawler))"
91.134.83.25 - - [25/Jul/2026:03:10:38 +0200] "POST /wp-cron.php?doing_wp_cron=1784941838.2772130966186523437500 HTTP/1.1" 200 5074 "-" "WordPress/6.9.4; https://as-cp.fr"
57.141.0.34 - - [25/Jul/2026:03:10:37 +0200] "GET /?v=i8n6s9t6i1t5u8t4i2v1e HTTP/1.1" 200 98108 "-" "Mozilla/5.0 (Windows NT 10.0; Win64; x64) AppleWebKit/537.36 (KHTML, like Gecko) Chrome/145.0.0.0 Safari/537.36 (compatible; meta-externalagent/1.1 (+https://developers.facebook.com/docs/sharing/webmasters/crawler))"
91.134.83.25 - - [25/Jul/2026:03:11:07 +0200] "POST /wp-cron.php?doing_wp_cron=1784941867.3566799163818359375000 HTTP/1.1" 200 5074 "-" "WordPress/6.9.4; https://as-cp.fr"
57.141.0.33 - - [25/Jul/2026:03:11:06 +0200] "GET /shops/skirr/e8n6l9a1c5e69649 HTTP/1.1" 301 5197 "-" "Mozilla/5.0 (Windows NT 10.0; Win64; x64) AppleWebKit/537.36 (KHTML, like Gecko) Chrome/145.0.0.0 Safari/537.36 (compatible; meta-externalagent/1.1 (+https://developers.facebook.com/docs/sharing/webmasters/crawler))"
114.119.157.221 - - [25/Jul/2026:03:11:08 +0200] "GET /sitemap_index.xml HTTP/1.1" 200 5405 "https://as-cp.fr/sitemap_index.xml" "Mozilla/5.0 (Linux; Android 7.0;) AppleWebKit/537.36 (HTML, like Gecko) Mobile Safari/537.36 (compatible; PetalBot;+https://webmaster.petalsearch.com/site/petalbot)"
57.141.0.12 - - [25/Jul/2026:03:11:11 +0200] "GET /cockscomb/f8a4i8r7m9i0n4d9e2d7 HTTP/1.1" 301 5197 "-" "Mozilla/5.0 (Windows NT 10.0; Win64; x64) AppleWebKit/537.36 (KHTML, like Gecko) Chrome/145.0.0.0 Safari/537.36 (compatible; meta-externalagent/1.1 (+https://developers.facebook.com/docs/sharing/webmasters/crawler))"
91.134.83.25 - - [25/Jul/2026:03:11:54 +0200] "POST /wp-cron.php?doing_wp_cron=1784941914.0108020305633544921875 HTTP/1.1" 200 5074 "-" "WordPress/6.9.4; https://as-cp.fr"
57.141.0.16 - - [25/Jul/2026:03:11:53 +0200] "GET /?v=c8o2c8k4s9e3g9g3s873 HTTP/1.1" 200 98108 "-" "Mozilla/5.0 (X11; Linux x86_64) AppleWebKit/537.36 (KHTML, like Gecko) Chrome/145.0.0.0 Safari/537.36 (compatible; meta-externalagent/1.1 (+https://developers.facebook.com/docs/sharing/webmasters/crawler))"
91.134.83.25 - - [25/Jul/2026:03:15:30 +0200] "POST /wp-cron.php?doing_wp_cron=1784942130.2850210666656494140625 HTTP/1.1" 200 5074 "-" "WordPress/6.9.4; https://as-cp.fr"
57.141.0.5 - - [25/Jul/2026:03:15:29 +0200] "GET /?v=b8o1t2t9o0m201501 HTTP/1.1" 200 98108 "-" "Mozilla/5.0 (X11; Linux x86_64) AppleWebKit/537.36 (KHTML, like Gecko) Chrome/145.0.0.0 Safari/537.36 (compatible; meta-externalagent/1.1 (+https://developers.facebook.com/docs/sharing/webmasters/crawler))"
91.134.83.25 - - [25/Jul/2026:03:16:02 +0200] "POST /wp-cron.php?doing_wp_cron=1784942162.3168449401855468750000 HTTP/1.1" 200 5074 "-" "WordPress/6.9.4; https://as-cp.fr"
57.141.0.67 - - [25/Jul/2026:03:16:01 +0200] "GET /?v=z8i1g1z4a2g1g2i0n5g13 HTTP/1.1" 200 98130 "-" "Mozilla/5.0 (Macintosh; Intel Mac OS X 10_15_7) AppleWebKit/537.36 (KHTML, like Gecko) Chrome/145.0.0.0 Safari/537.36 (compatible; meta-externalagent/1.1 (+https://developers.facebook.com/docs/sharing/webmasters/crawler))"
57.141.0.60 - - [25/Jul/2026:03:16:08 +0200] "GET /?v=r8a3i2m7e7n0t50603 HTTP/1.1" 200 98108 "-" "Mozilla/5.0 (Windows NT 10.0; Win64; x64) AppleWebKit/537.36 (KHTML, like Gecko) Chrome/145.0.0.0 Safari/537.36 (compatible; meta-externalagent/1.1 (+https://developers.facebook.com/docs/sharing/webmasters/crawler))"
57.141.0.62 - - [25/Jul/2026:03:16:11 +0200] "GET /shops/unhide/p8e3b2b1l6e274519 HTTP/1.1" 301 5197 "-" "Mozilla/5.0 (Windows NT 10.0; Win64; x64) AppleWebKit/537.36 (KHTML, like Gecko) Chrome/145.0.0.0 Safari/537.36 Edg/145.0.0.0 (compatible; meta-externalagent/1.1 (+https://developers.facebook.com/docs/sharing/webmasters/crawler))"
91.134.83.25 - - [25/Jul/2026:03:16:33 +0200] "POST /wp-cron.php?doing_wp_cron=1784942193.6229910850524902343750 HTTP/1.1" 200 5074 "-" "WordPress/6.9.4; https://as-cp.fr"
57.141.0.68 - - [25/Jul/2026:03:16:33 +0200] "GET /shops/taenioidea/s8p1a0d4e4f9o1o3t444 HTTP/1.1" 301 5197 "-" "Mozilla/5.0 (Macintosh; Intel Mac OS X 10_15_7) AppleWebKit/537.36 (KHTML, like Gecko) Chrome/145.0.0.0 Safari/537.36 (compatible; meta-externalagent/1.1 (+https://developers.facebook.com/docs/sharing/webmasters/crawler))"
57.141.0.16 - - [25/Jul/2026:03:16:36 +0200] "GET /?v=t8r3i8p5o4l5i0t9a9n65 HTTP/1.1" 200 98108 "-" "Mozilla/5.0 (Macintosh; Intel Mac OS X 10_15_7) AppleWebKit/537.36 (KHTML, like Gecko) Chrome/145.0.0.0 Safari/537.36 (compatible; meta-externalagent/1.1 (+https://developers.facebook.com/docs/sharing/webmasters/crawler))"
57.141.0.23 - - [25/Jul/2026:03:16:39 +0200] "GET /?v=m8i4t1r1a7t2u4s3629 HTTP/1.1" 200 98108 "-" "Mozilla/5.0 (Windows NT 10.0; Win64; x64) AppleWebKit/537.36 (KHTML, like Gecko) Chrome/145.0.0.0 Safari/537.36 (compatible; meta-externalagent/1.1 (+https://developers.facebook.com/docs/sharing/webmasters/crawler))"
91.134.83.25 - - [25/Jul/2026:03:18:12 +0200] "POST /wp-cron.php?doing_wp_cron=1784942292.0156500339508056640625 HTTP/1.1" 200 5074 "-" "WordPress/6.9.4; https://as-cp.fr"
57.141.0.4 - - [25/Jul/2026:03:18:11 +0200] "GET /shops/dawned/b8e2n7i2g9n7a1n0t9l6y6 HTTP/1.1" 301 5197 "-" "Mozilla/5.0 (Windows NT 10.0; Win64; x64) AppleWebKit/537.36 (KHTML, like Gecko) Chrome/145.0.0.0 Safari/537.36 (compatible; meta-externalagent/1.1 (+https://developers.facebook.com/docs/sharing/webmasters/crawler))"
91.134.83.25 - - [25/Jul/2026:03:20:02 +0200] "POST /wp-cron.php?doing_wp_cron=1784942402.6264970302581787109375 HTTP/1.1" 200 5074 "-" "WordPress/6.9.4; https://as-cp.fr"
57.141.0.51 - - [25/Jul/2026:03:20:02 +0200] "GET /?v=s8t2i9c3h6w3o0r1t009 HTTP/1.1" 200 98130 "-" "Mozilla/5.0 (Macintosh; Intel Mac OS X 10_15_7) AppleWebKit/537.36 (KHTML, like Gecko) Chrome/145.0.0.0 Safari/537.36 (compatible; meta-externalagent/1.1 (+https://developers.facebook.com/docs/sharing/webmasters/crawler))"
91.134.83.25 - - [25/Jul/2026:03:21:28 +0200] "POST /wp-cron.php?doing_wp_cron=1784942488.3447430133819580078125 HTTP/1.1" 200 5074 "-" "WordPress/6.9.4; https://as-cp.fr"
57.141.0.68 - - [25/Jul/2026:03:21:27 +0200] "GET /gleditschia/idalian/83714791618 HTTP/1.1" 301 5197 "-" "Mozilla/5.0 (Windows NT 10.0; Win64; x64) AppleWebKit/537.36 (KHTML, like Gecko) Chrome/145.0.0.0 Safari/537.36 (compatible; meta-externalagent/1.1 (+https://developers.facebook.com/docs/sharing/webmasters/crawler))"
140.82.54.109 - - [25/Jul/2026:03:21:34 +0200] "GET / HTTP/1.1" 200 26624 "-" "Mozilla/5.0 (X11; Linux x86_64) AppleWebKit/537.36 (KHTML, like Gecko) Chrome/143.0.0.0 Safari/537.36"
91.134.83.25 - - [25/Jul/2026:03:22:24 +0200] "POST /wp-cron.php?doing_wp_cron=1784942544.0077369213104248046875 HTTP/1.1" 200 5074 "-" "WordPress/6.9.4; https://as-cp.fr"
57.141.0.66 - - [25/Jul/2026:03:22:23 +0200] "GET /?v=a8b2u7s0a8g8e15700 HTTP/1.1" 200 98108 "-" "Mozilla/5.0 (Macintosh; Intel Mac OS X 10_15_7) AppleWebKit/537.36 (KHTML, like Gecko) Chrome/145.0.0.0 Safari/537.36 (compatible; meta-externalagent/1.1 (+https://developers.facebook.com/docs/sharing/webmasters/crawler))"
91.134.83.25 - - [25/Jul/2026:03:23:20 +0200] "POST /wp-cron.php?doing_wp_cron=1784942600.0563819408416748046875 HTTP/1.1" 200 5074 "-" "WordPress/6.9.4; https://as-cp.fr"
57.141.0.39 - - [25/Jul/2026:03:23:19 +0200] "GET /shops/hylarchical/c8y1n1o1g4l9o6s3s8i9d7ae HTTP/1.1" 301 5197 "-" "Mozilla/5.0 (Windows NT 10.0; Win64; x64) AppleWebKit/537.36 (KHTML, like Gecko) Chrome/145.0.0.0 Safari/537.36 (compatible; meta-externalagent/1.1 (+https://developers.facebook.com/docs/sharing/webmasters/crawler))"
57.141.0.13 - - [25/Jul/2026:03:23:19 +0200] "GET /?v=u8n2s1a0d3n8e6s4s096 HTTP/1.1" 200 98108 "-" "Mozilla/5.0 (Macintosh; Intel Mac OS X 10_15_7) AppleWebKit/537.36 (KHTML, like Gecko) Chrome/145.0.0.0 Safari/537.36 (compatible; meta-externalagent/1.1 (+https://developers.facebook.com/docs/sharing/webmasters/crawler))"
91.134.83.25 - - [25/Jul/2026:03:23:46 +0200] "POST /wp-cron.php?doing_wp_cron=1784942626.4049689769744873046875 HTTP/1.1" 200 5074 "-" "WordPress/6.9.4; https://as-cp.fr"
172.204.17.66 - - [25/Jul/2026:03:23:45 +0200] "GET /inputs.php HTTP/1.1" 301 5197 "-" "Mozilla/5.0 (Windows NT 10.0; Win64; x64) AppleWebKit/537.36 (KHTML, like Gecko) Chrome/120.0.0.0 Safari/537.36"
172.204.17.66 - - [25/Jul/2026:03:23:46 +0200] "GET /admin.php HTTP/1.1" 301 5197 "-" "Mozilla/5.0 (Windows NT 10.0; Win64; x64) AppleWebKit/537.36 (KHTML, like Gecko) Chrome/120.0.0.0 Safari/537.36"
172.204.17.66 - - [25/Jul/2026:03:23:47 +0200] "GET /goods.php HTTP/1.1" 403 5816 "-" "Mozilla/5.0 (Windows NT 10.0; Win64; x64) AppleWebKit/537.36 (KHTML, like Gecko) Chrome/120.0.0.0 Safari/537.36"
172.204.17.66 - - [25/Jul/2026:03:23:47 +0200] "GET /file.php HTTP/1.1" 403 5816 "-" "Mozilla/5.0 (Windows NT 10.0; Win64; x64) AppleWebKit/537.36 (KHTML, like Gecko) Chrome/120.0.0.0 Safari/537.36"
172.204.17.66 - - [25/Jul/2026:03:23:47 +0200] "GET /adminfuns.php HTTP/1.1" 301 5197 "-" "Mozilla/5.0 (Windows NT 10.0; Win64; x64) AppleWebKit/537.36 (KHTML, like Gecko) Chrome/120.0.0.0 Safari/537.36"
172.204.17.66 - - [25/Jul/2026:03:23:48 +0200] "GET /404.php HTTP/1.1" 403 5816 "-" "Mozilla/5.0 (Windows NT 10.0; Win64; x64) AppleWebKit/537.36 (KHTML, like Gecko) Chrome/120.0.0.0 Safari/537.36"
172.204.17.66 - - [25/Jul/2026:03:23:48 +0200] "GET /wk/index.php HTTP/1.1" 301 5166 "-" "Mozilla/5.0 (Windows NT 10.0; Win64; x64) AppleWebKit/537.36 (KHTML, like Gecko) Chrome/120.0.0.0 Safari/537.36"
172.204.17.66 - - [25/Jul/2026:03:23:49 +0200] "GET /about.php HTTP/1.1" 403 5816 "-" "Mozilla/5.0 (Windows NT 10.0; Win64; x64) AppleWebKit/537.36 (KHTML, like Gecko) Chrome/120.0.0.0 Safari/537.36"
172.204.17.66 - - [25/Jul/2026:03:23:49 +0200] "GET /term.php HTTP/1.1" 301 5197 "-" "Mozilla/5.0 (Windows NT 10.0; Win64; x64) AppleWebKit/537.36 (KHTML, like Gecko) Chrome/120.0.0.0 Safari/537.36"
172.204.17.66 - - [25/Jul/2026:03:23:50 +0200] "GET /ioxi-o.php HTTP/1.1" 403 5816 "-" "Mozilla/5.0 (Windows NT 10.0; Win64; x64) AppleWebKit/537.36 (KHTML, like Gecko) Chrome/120.0.0.0 Safari/537.36"
172.204.17.66 - - [25/Jul/2026:03:23:50 +0200] "GET /1.php HTTP/1.1" 403 5816 "-" "Mozilla/5.0 (Windows NT 10.0; Win64; x64) AppleWebKit/537.36 (KHTML, like Gecko) Chrome/120.0.0.0 Safari/537.36"
172.204.17.66 - - [25/Jul/2026:03:23:51 +0200] "GET /alfa.php HTTP/1.1" 403 5816 "-" "Mozilla/5.0 (Windows NT 10.0; Win64; x64) AppleWebKit/537.36 (KHTML, like Gecko) Chrome/120.0.0.0 Safari/537.36"
172.204.17.66 - - [25/Jul/2026:03:23:51 +0200] "GET /edit.php HTTP/1.1" 301 5197 "-" "Mozilla/5.0 (Windows NT 10.0; Win64; x64) AppleWebKit/537.36 (KHTML, like Gecko) Chrome/120.0.0.0 Safari/537.36"
172.204.17.66 - - [25/Jul/2026:03:23:52 +0200] "GET /elp.php HTTP/1.1" 403 5816 "-" "Mozilla/5.0 (Windows NT 10.0; Win64; x64) AppleWebKit/537.36 (KHTML, like Gecko) Chrome/120.0.0.0 Safari/537.36"
172.204.17.66 - - [25/Jul/2026:03:23:52 +0200] "GET /classwithtostring.php HTTP/1.1" 403 5816 "-" "Mozilla/5.0 (Windows NT 10.0; Win64; x64) AppleWebKit/537.36 (KHTML, like Gecko) Chrome/120.0.0.0 Safari/537.36"
172.204.17.66 - - [25/Jul/2026:03:23:52 +0200] "GET /666.php HTTP/1.1" 403 5816 "-" "Mozilla/5.0 (Windows NT 10.0; Win64; x64) AppleWebKit/537.36 (KHTML, like Gecko) Chrome/120.0.0.0 Safari/537.36"
172.204.17.66 - - [25/Jul/2026:03:23:52 +0200] "GET /wp-admin/ HTTP/1.1" 302 5221 "-" "Mozilla/5.0 (Windows NT 10.0; Win64; x64) AppleWebKit/537.36 (KHTML, like Gecko) Chrome/120.0.0.0 Safari/537.36"
172.204.17.66 - - [25/Jul/2026:03:23:54 +0200] "GET /ws54.php HTTP/1.1" 403 5816 "-" "Mozilla/5.0 (Windows NT 10.0; Win64; x64) AppleWebKit/537.36 (KHTML, like Gecko) Chrome/120.0.0.0 Safari/537.36"
172.204.17.66 - - [25/Jul/2026:03:23:54 +0200] "GET /deepseek_d.php HTTP/1.1" 403 5816 "-" "Mozilla/5.0 (Windows NT 10.0; Win64; x64) AppleWebKit/537.36 (KHTML, like Gecko) Chrome/120.0.0.0 Safari/537.36"
172.204.17.66 - - [25/Jul/2026:03:23:54 +0200] "GET /function/function.php HTTP/1.1" 301 5197 "-" "Mozilla/5.0 (Windows NT 10.0; Win64; x64) AppleWebKit/537.36 (KHTML, like Gecko) Chrome/120.0.0.0 Safari/537.36"
172.204.17.66 - - [25/Jul/2026:03:23:55 +0200] "GET /nw.php HTTP/1.1" 403 5816 "-" "Mozilla/5.0 (Windows NT 10.0; Win64; x64) AppleWebKit/537.36 (KHTML, like Gecko) Chrome/120.0.0.0 Safari/537.36"
172.204.17.66 - - [25/Jul/2026:03:23:55 +0200] "GET /xleet.php HTTP/1.1" 403 5816 "-" "Mozilla/5.0 (Windows NT 10.0; Win64; x64) AppleWebKit/537.36 (KHTML, like Gecko) Chrome/120.0.0.0 Safari/537.36"
172.204.17.66 - - [25/Jul/2026:03:23:56 +0200] "GET /wp.php HTTP/1.1" 403 5816 "-" "Mozilla/5.0 (Windows NT 10.0; Win64; x64) AppleWebKit/537.36 (KHTML, like Gecko) Chrome/120.0.0.0 Safari/537.36"
172.204.17.66 - - [25/Jul/2026:03:23:56 +0200] "GET /155.php HTTP/1.1" 403 5816 "-" "Mozilla/5.0 (Windows NT 10.0; Win64; x64) AppleWebKit/537.36 (KHTML, like Gecko) Chrome/120.0.0.0 Safari/537.36"
172.204.17.66 - - [25/Jul/2026:03:23:56 +0200] "GET /96i.php HTTP/1.1" 403 5816 "-" "Mozilla/5.0 (Windows NT 10.0; Win64; x64) AppleWebKit/537.36 (KHTML, like Gecko) Chrome/120.0.0.0 Safari/537.36"
172.204.17.66 - - [25/Jul/2026:03:23:56 +0200] "GET /as.php HTTP/1.1" 403 5816 "-" "Mozilla/5.0 (Windows NT 10.0; Win64; x64) AppleWebKit/537.36 (KHTML, like Gecko) Chrome/120.0.0.0 Safari/537.36"
172.204.17.66 - - [25/Jul/2026:03:23:57 +0200] "GET /min.php HTTP/1.1" 403 5816 "-" "Mozilla/5.0 (Windows NT 10.0; Win64; x64) AppleWebKit/537.36 (KHTML, like Gecko) Chrome/120.0.0.0 Safari/537.36"
172.204.17.66 - - [25/Jul/2026:03:23:57 +0200] "GET /.well-known/ HTTP/1.1" 301 5197 "-" "Mozilla/5.0 (Windows NT 10.0; Win64; x64) AppleWebKit/537.36 (KHTML, like Gecko) Chrome/120.0.0.0 Safari/537.36"
172.204.17.66 - - [25/Jul/2026:03:23:58 +0200] "GET /php8.php HTTP/1.1" 403 5816 "-" "Mozilla/5.0 (Windows NT 10.0; Win64; x64) AppleWebKit/537.36 (KHTML, like Gecko) Chrome/120.0.0.0 Safari/537.36"
172.204.17.66 - - [25/Jul/2026:03:23:58 +0200] "GET /wp-content/admin.php HTTP/1.1" 301 5197 "-" "Mozilla/5.0 (Windows NT 10.0; Win64; x64) AppleWebKit/537.36 (KHTML, like Gecko) Chrome/120.0.0.0 Safari/537.36"
172.204.17.66 - - [25/Jul/2026:03:23:59 +0200] "GET /222.php HTTP/1.1" 403 5816 "-" "Mozilla/5.0 (Windows NT 10.0; Win64; x64) AppleWebKit/537.36 (KHTML, like Gecko) Chrome/120.0.0.0 Safari/537.36"
172.204.17.66 - - [25/Jul/2026:03:23:59 +0200] "GET /wp-content/themes/pridmag/il.php HTTP/1.1" 301 5197 "-" "Mozilla/5.0 (Windows NT 10.0; Win64; x64) AppleWebKit/537.36 (KHTML, like Gecko) Chrome/120.0.0.0 Safari/537.36"
172.204.17.66 - - [25/Jul/2026:03:24:00 +0200] "GET /info.php HTTP/1.1" 403 5816 "-" "Mozilla/5.0 (Windows NT 10.0; Win64; x64) AppleWebKit/537.36 (KHTML, like Gecko) Chrome/120.0.0.0 Safari/537.36"
172.204.17.66 - - [25/Jul/2026:03:24:00 +0200] "GET /a.php HTTP/1.1" 403 5816 "-" "Mozilla/5.0 (Windows NT 10.0; Win64; x64) AppleWebKit/537.36 (KHTML, like Gecko) Chrome/120.0.0.0 Safari/537.36"
172.204.17.66 - - [25/Jul/2026:03:24:00 +0200] "GET /chosen.php HTTP/1.1" 403 5816 "-" "Mozilla/5.0 (Windows NT 10.0; Win64; x64) AppleWebKit/537.36 (KHTML, like Gecko) Chrome/120.0.0.0 Safari/537.36"
172.204.17.66 - - [25/Jul/2026:03:24:01 +0200] "GET /wp-content/index.php HTTP/1.1" 200 4981 "-" "Mozilla/5.0 (Windows NT 10.0; Win64; x64) AppleWebKit/537.36 (KHTML, like Gecko) Chrome/120.0.0.0 Safari/537.36"
172.204.17.66 - - [25/Jul/2026:03:24:01 +0200] "GET /vx.php HTTP/1.1" 403 5816 "-" "Mozilla/5.0 (Windows NT 10.0; Win64; x64) AppleWebKit/537.36 (KHTML, like Gecko) Chrome/120.0.0.0 Safari/537.36"
172.204.17.66 - - [25/Jul/2026:03:24:01 +0200] "GET /admin/controller/extension/ HTTP/1.1" 301 5197 "-" "Mozilla/5.0 (Windows NT 10.0; Win64; x64) AppleWebKit/537.36 (KHTML, like Gecko) Chrome/120.0.0.0 Safari/537.36"
172.204.17.66 - - [25/Jul/2026:03:24:02 +0200] "GET /wap.php HTTP/1.1" 403 5816 "-" "Mozilla/5.0 (Windows NT 10.0; Win64; x64) AppleWebKit/537.36 (KHTML, like Gecko) Chrome/120.0.0.0 Safari/537.36"
172.204.17.66 - - [25/Jul/2026:03:24:02 +0200] "GET /wp-admin/wp.php HTTP/1.1" 403 5816 "-" "Mozilla/5.0 (Windows NT 10.0; Win64; x64) AppleWebKit/537.36 (KHTML, like Gecko) Chrome/120.0.0.0 Safari/537.36"
172.204.17.66 - - [25/Jul/2026:03:24:02 +0200] "GET /bgymj.php HTTP/1.1" 403 5816 "-" "Mozilla/5.0 (Windows NT 10.0; Win64; x64) AppleWebKit/537.36 (KHTML, like Gecko) Chrome/120.0.0.0 Safari/537.36"
172.204.17.66 - - [25/Jul/2026:03:24:03 +0200] "GET /aa.php HTTP/1.1" 403 5816 "-" "Mozilla/5.0 (Windows NT 10.0; Win64; x64) AppleWebKit/537.36 (KHTML, like Gecko) Chrome/120.0.0.0 Safari/537.36"
172.204.17.66 - - [25/Jul/2026:03:24:03 +0200] "GET /wp-mail.php HTTP/1.1" 403 6190 "-" "Mozilla/5.0 (Windows NT 10.0; Win64; x64) AppleWebKit/537.36 (KHTML, like Gecko) Chrome/120.0.0.0 Safari/537.36"
172.204.17.66 - - [25/Jul/2026:03:24:04 +0200] "GET /bolt.php HTTP/1.1" 403 5816 "-" "Mozilla/5.0 (Windows NT 10.0; Win64; x64) AppleWebKit/537.36 (KHTML, like Gecko) Chrome/120.0.0.0 Safari/537.36"
172.204.17.66 - - [25/Jul/2026:03:24:04 +0200] "GET /bthil.php HTTP/1.1" 403 5816 "-" "Mozilla/5.0 (Windows NT 10.0; Win64; x64) AppleWebKit/537.36 (KHTML, like Gecko) Chrome/120.0.0.0 Safari/537.36"
172.204.17.66 - - [25/Jul/2026:03:24:04 +0200] "GET /cgi-bin/ HTTP/1.1" 403 5816 "-" "Mozilla/5.0 (Windows NT 10.0; Win64; x64) AppleWebKit/537.36 (KHTML, like Gecko) Chrome/120.0.0.0 Safari/537.36"
172.204.17.66 - - [25/Jul/2026:03:24:04 +0200] "GET /x.php HTTP/1.1" 403 5816 "-" "Mozilla/5.0 (Windows NT 10.0; Win64; x64) AppleWebKit/537.36 (KHTML, like Gecko) Chrome/120.0.0.0 Safari/537.36"
172.204.17.66 - - [25/Jul/2026:03:24:05 +0200] "GET /index/function.php HTTP/1.1" 301 5197 "-" "Mozilla/5.0 (Windows NT 10.0; Win64; x64) AppleWebKit/537.36 (KHTML, like Gecko) Chrome/120.0.0.0 Safari/537.36"
172.204.17.66 - - [25/Jul/2026:03:24:05 +0200] "GET /aaa.php HTTP/1.1" 403 5816 "-" "Mozilla/5.0 (Windows NT 10.0; Win64; x64) AppleWebKit/537.36 (KHTML, like Gecko) Chrome/120.0.0.0 Safari/537.36"
172.204.17.66 - - [25/Jul/2026:03:24:06 +0200] "GET /abcd.php HTTP/1.1" 403 5816 "-" "Mozilla/5.0 (Windows NT 10.0; Win64; x64) AppleWebKit/537.36 (KHTML, like Gecko) Chrome/120.0.0.0 Safari/537.36"
172.204.17.66 - - [25/Jul/2026:03:24:06 +0200] "GET /wp-good.php HTTP/1.1" 403 5816 "-" "Mozilla/5.0 (Windows NT 10.0; Win64; x64) AppleWebKit/537.36 (KHTML, like Gecko) Chrome/120.0.0.0 Safari/537.36"
172.204.17.66 - - [25/Jul/2026:03:24:06 +0200] "GET /simple.php HTTP/1.1" 403 5816 "-" "Mozilla/5.0 (Windows NT 10.0; Win64; x64) AppleWebKit/537.36 (KHTML, like Gecko) Chrome/120.0.0.0 Safari/537.36"
172.204.17.66 - - [25/Jul/2026:03:24:07 +0200] "GET /edit-tags.php HTTP/1.1" 301 5197 "-" "Mozilla/5.0 (Windows NT 10.0; Win64; x64) AppleWebKit/537.36 (KHTML, like Gecko) Chrome/120.0.0.0 Safari/537.36"
172.204.17.66 - - [25/Jul/2026:03:24:07 +0200] "GET /u.php HTTP/1.1" 403 5816 "-" "Mozilla/5.0 (Windows NT 10.0; Win64; x64) AppleWebKit/537.36 (KHTML, like Gecko) Chrome/120.0.0.0 Safari/537.36"
172.204.17.66 - - [25/Jul/2026:03:24:08 +0200] "GET /wp-content/themes/admin.php HTTP/1.1" 301 5197 "-" "Mozilla/5.0 (Windows NT 10.0; Win64; x64) AppleWebKit/537.36 (KHTML, like Gecko) Chrome/120.0.0.0 Safari/537.36"
172.204.17.66 - - [25/Jul/2026:03:24:08 +0200] "GET /h.php HTTP/1.1" 403 5816 "-" "Mozilla/5.0 (Windows NT 10.0; Win64; x64) AppleWebKit/537.36 (KHTML, like Gecko) Chrome/120.0.0.0 Safari/537.36"
172.204.17.66 - - [25/Jul/2026:03:24:09 +0200] "GET /ms-edit.php HTTP/1.1" 301 5197 "-" "Mozilla/5.0 (Windows NT 10.0; Win64; x64) AppleWebKit/537.36 (KHTML, like Gecko) Chrome/120.0.0.0 Safari/537.36"
172.204.17.66 - - [25/Jul/2026:03:24:09 +0200] "GET /a7.php HTTP/1.1" 403 5816 "-" "Mozilla/5.0 (Windows NT 10.0; Win64; x64) AppleWebKit/537.36 (KHTML, like Gecko) Chrome/120.0.0.0 Safari/537.36"
172.204.17.66 - - [25/Jul/2026:03:24:10 +0200] "GET /manager.php HTTP/1.1" 403 5816 "-" "Mozilla/5.0 (Windows NT 10.0; Win64; x64) AppleWebKit/537.36 (KHTML, like Gecko) Chrome/120.0.0.0 Safari/537.36"
172.204.17.66 - - [25/Jul/2026:03:24:10 +0200] "GET /w1.php HTTP/1.1" 403 5816 "-" "Mozilla/5.0 (Windows NT 10.0; Win64; x64) AppleWebKit/537.36 (KHTML, like Gecko) Chrome/120.0.0.0 Safari/537.36"
172.204.17.66 - - [25/Jul/2026:03:24:10 +0200] "GET /wp-includes/fonts/ HTTP/1.1" 403 5816 "-" "Mozilla/5.0 (Windows NT 10.0; Win64; x64) AppleWebKit/537.36 (KHTML, like Gecko) Chrome/120.0.0.0 Safari/537.36"
172.204.17.66 - - [25/Jul/2026:03:24:10 +0200] "GET /wp-login.php HTTP/1.1" 200 8736 "-" "Mozilla/5.0 (Windows NT 10.0; Win64; x64) AppleWebKit/537.36 (KHTML, like Gecko) Chrome/120.0.0.0 Safari/537.36"
172.204.17.66 - - [25/Jul/2026:03:24:11 +0200] "GET /default.php HTTP/1.1" 403 5816 "-" "Mozilla/5.0 (Windows NT 10.0; Win64; x64) AppleWebKit/537.36 (KHTML, like Gecko) Chrome/120.0.0.0 Safari/537.36"
172.204.17.66 - - [25/Jul/2026:03:24:11 +0200] "GET /i.php HTTP/1.1" 403 5816 "-" "Mozilla/5.0 (Windows NT 10.0; Win64; x64) AppleWebKit/537.36 (KHTML, like Gecko) Chrome/120.0.0.0 Safari/537.36"
172.204.17.66 - - [25/Jul/2026:03:24:12 +0200] "GET /wp-content/uploads/ HTTP/1.1" 403 5816 "-" "Mozilla/5.0 (Windows NT 10.0; Win64; x64) AppleWebKit/537.36 (KHTML, like Gecko) Chrome/120.0.0.0 Safari/537.36"
172.204.17.66 - - [25/Jul/2026:03:24:12 +0200] "GET /wp-includes/Requests/library/index.php HTTP/1.1" 301 5192 "-" "Mozilla/5.0 (Windows NT 10.0; Win64; x64) AppleWebKit/537.36 (KHTML, like Gecko) Chrome/120.0.0.0 Safari/537.36"
172.204.17.66 - - [25/Jul/2026:03:24:13 +0200] "GET /wp-content/themes/index.php HTTP/1.1" 200 4981 "-" "Mozilla/5.0 (Windows NT 10.0; Win64; x64) AppleWebKit/537.36 (KHTML, like Gecko) Chrome/120.0.0.0 Safari/537.36"
172.204.17.66 - - [25/Jul/2026:03:24:14 +0200] "GET /NewFile.php HTTP/1.1" 403 5816 "-" "Mozilla/5.0 (Windows NT 10.0; Win64; x64) AppleWebKit/537.36 (KHTML, like Gecko) Chrome/120.0.0.0 Safari/537.36"
172.204.17.66 - - [25/Jul/2026:03:24:14 +0200] "GET /wp-Blogs.php HTTP/1.1" 403 5816 "-" "Mozilla/5.0 (Windows NT 10.0; Win64; x64) AppleWebKit/537.36 (KHTML, like Gecko) Chrome/120.0.0.0 Safari/537.36"
172.204.17.66 - - [25/Jul/2026:03:24:13 +0200] "GET /gecko-new.php HTTP/1.1" 403 5816 "-" "Mozilla/5.0 (Windows NT 10.0; Win64; x64) AppleWebKit/537.36 (KHTML, like Gecko) Chrome/120.0.0.0 Safari/537.36"
172.204.17.66 - - [25/Jul/2026:03:24:14 +0200] "GET /wp-includes/fonts/index.php HTTP/1.1" 301 5181 "-" "Mozilla/5.0 (Windows NT 10.0; Win64; x64) AppleWebKit/537.36 (KHTML, like Gecko) Chrome/120.0.0.0 Safari/537.36"
172.204.17.66 - - [25/Jul/2026:03:24:15 +0200] "GET /themes.php HTTP/1.1" 301 5197 "-" "Mozilla/5.0 (Windows NT 10.0; Win64; x64) AppleWebKit/537.36 (KHTML, like Gecko) Chrome/120.0.0.0 Safari/537.36"
172.204.17.66 - - [25/Jul/2026:03:24:16 +0200] "GET /cv.php HTTP/1.1" 403 5816 "-" "Mozilla/5.0 (Windows NT 10.0; Win64; x64) AppleWebKit/537.36 (KHTML, like Gecko) Chrome/120.0.0.0 Safari/537.36"
172.204.17.66 - - [25/Jul/2026:03:24:16 +0200] "GET /wp-admin/js/ HTTP/1.1" 403 5816 "-" "Mozilla/5.0 (Windows NT 10.0; Win64; x64) AppleWebKit/537.36 (KHTML, like Gecko) Chrome/120.0.0.0 Safari/537.36"
172.204.17.66 - - [25/Jul/2026:03:24:16 +0200] "GET /wp-content/uploads/index.php HTTP/1.1" 301 5182 "-" "Mozilla/5.0 (Windows NT 10.0; Win64; x64) AppleWebKit/537.36 (KHTML, like Gecko) Chrome/120.0.0.0 Safari/537.36"
172.204.17.66 - - [25/Jul/2026:03:24:17 +0200] "GET /ws83.php HTTP/1.1" 403 5816 "-" "Mozilla/5.0 (Windows NT 10.0; Win64; x64) AppleWebKit/537.36 (KHTML, like Gecko) Chrome/120.0.0.0 Safari/537.36"
172.204.17.66 - - [25/Jul/2026:03:24:17 +0200] "GET /atex1.php HTTP/1.1" 403 5816 "-" "Mozilla/5.0 (Windows NT 10.0; Win64; x64) AppleWebKit/537.36 (KHTML, like Gecko) Chrome/120.0.0.0 Safari/537.36"
172.204.17.66 - - [25/Jul/2026:03:24:18 +0200] "GET /class-t.api.php HTTP/1.1" 403 5816 "-" "Mozilla/5.0 (Windows NT 10.0; Win64; x64) AppleWebKit/537.36 (KHTML, like Gecko) Chrome/120.0.0.0 Safari/537.36"
172.204.17.66 - - [25/Jul/2026:03:24:18 +0200] "GET /w.php HTTP/1.1" 403 5816 "-" "Mozilla/5.0 (Windows NT 10.0; Win64; x64) AppleWebKit/537.36 (KHTML, like Gecko) Chrome/120.0.0.0 Safari/537.36"
172.204.17.66 - - [25/Jul/2026:03:24:18 +0200] "GET /archive.php HTTP/1.1" 403 5816 "-" "Mozilla/5.0 (Windows NT 10.0; Win64; x64) AppleWebKit/537.36 (KHTML, like Gecko) Chrome/120.0.0.0 Safari/537.36"
172.204.17.66 - - [25/Jul/2026:03:24:18 +0200] "GET /bless.php HTTP/1.1" 403 5816 "-" "Mozilla/5.0 (Windows NT 10.0; Win64; x64) AppleWebKit/537.36 (KHTML, like Gecko) Chrome/120.0.0.0 Safari/537.36"
172.204.17.66 - - [25/Jul/2026:03:24:19 +0200] "GET /sagax1.php HTTP/1.1" 403 5816 "-" "Mozilla/5.0 (Windows NT 10.0; Win64; x64) AppleWebKit/537.36 (KHTML, like Gecko) Chrome/120.0.0.0 Safari/537.36"
172.204.17.66 - - [25/Jul/2026:03:24:19 +0200] "GET /wpc.php HTTP/1.1" 403 5816 "-" "Mozilla/5.0 (Windows NT 10.0; Win64; x64) AppleWebKit/537.36 (KHTML, like Gecko) Chrome/120.0.0.0 Safari/537.36"
172.204.17.66 - - [25/Jul/2026:03:24:19 +0200] "GET /fone1.php HTTP/1.1" 403 5816 "-" "Mozilla/5.0 (Windows NT 10.0; Win64; x64) AppleWebKit/537.36 (KHTML, like Gecko) Chrome/120.0.0.0 Safari/537.36"
172.204.17.66 - - [25/Jul/2026:03:24:20 +0200] "GET /ncx.php HTTP/1.1" 403 5816 "-" "Mozilla/5.0 (Windows NT 10.0; Win64; x64) AppleWebKit/537.36 (KHTML, like Gecko) Chrome/120.0.0.0 Safari/537.36"
91.134.83.25 - - [25/Jul/2026:03:24:20 +0200] "POST /wp-cron.php?doing_wp_cron=1784942660.8637669086456298828125 HTTP/1.1" 200 5074 "-" "WordPress/6.9.4; https://as-cp.fr"
172.204.17.66 - - [25/Jul/2026:03:24:20 +0200] "GET /wp-admin/js/index.php HTTP/1.1" 301 5175 "-" "Mozilla/5.0 (Windows NT 10.0; Win64; x64) AppleWebKit/537.36 (KHTML, like Gecko) Chrome/120.0.0.0 Safari/537.36"
172.204.17.66 - - [25/Jul/2026:03:24:21 +0200] "GET /wso.php HTTP/1.1" 403 5816 "-" "Mozilla/5.0 (Windows NT 10.0; Win64; x64) AppleWebKit/537.36 (KHTML, like Gecko) Chrome/120.0.0.0 Safari/537.36"
172.204.17.66 - - [25/Jul/2026:03:24:21 +0200] "GET /zup.php73 HTTP/1.1" 301 5197 "-" "Mozilla/5.0 (Windows NT 10.0; Win64; x64) AppleWebKit/537.36 (KHTML, like Gecko) Chrome/120.0.0.0 Safari/537.36"
172.204.17.66 - - [25/Jul/2026:03:24:22 +0200] "GET /k.php HTTP/1.1" 403 5816 "-" "Mozilla/5.0 (Windows NT 10.0; Win64; x64) AppleWebKit/537.36 (KHTML, like Gecko) Chrome/120.0.0.0 Safari/537.36"
172.204.17.66 - - [25/Jul/2026:03:24:22 +0200] "GET /wp-blink.php HTTP/1.1" 403 5816 "-" "Mozilla/5.0 (Windows NT 10.0; Win64; x64) AppleWebKit/537.36 (KHTML, like Gecko) Chrome/120.0.0.0 Safari/537.36"
172.204.17.66 - - [25/Jul/2026:03:24:22 +0200] "GET /randkeyword.PhP7 HTTP/1.1" 301 5197 "-" "Mozilla/5.0 (Windows NT 10.0; Win64; x64) AppleWebKit/537.36 (KHTML, like Gecko) Chrome/120.0.0.0 Safari/537.36"
172.204.17.66 - - [25/Jul/2026:03:24:23 +0200] "GET /wp-admin/css/colors/ectoplasm/ HTTP/1.1" 403 5816 "-" "Mozilla/5.0 (Windows NT 10.0; Win64; x64) AppleWebKit/537.36 (KHTML, like Gecko) Chrome/120.0.0.0 Safari/537.36"
172.204.17.66 - - [25/Jul/2026:03:24:23 +0200] "GET /wp-content/ HTTP/1.1" 200 4981 "-" "Mozilla/5.0 (Windows NT 10.0; Win64; x64) AppleWebKit/537.36 (KHTML, like Gecko) Chrome/120.0.0.0 Safari/537.36"
172.204.17.66 - - [25/Jul/2026:03:24:23 +0200] "GET /ww5.php HTTP/1.1" 403 5816 "-" "Mozilla/5.0 (Windows NT 10.0; Win64; x64) AppleWebKit/537.36 (KHTML, like Gecko) Chrome/120.0.0.0 Safari/537.36"
172.204.17.66 - - [25/Jul/2026:03:24:24 +0200] "GET /2.php HTTP/1.1" 403 5816 "-" "Mozilla/5.0 (Windows NT 10.0; Win64; x64) AppleWebKit/537.36 (KHTML, like Gecko) Chrome/120.0.0.0 Safari/537.36"
172.204.17.66 - - [25/Jul/2026:03:24:24 +0200] "GET /wp-admin/classwithtostring.php HTTP/1.1" 403 5816 "-" "Mozilla/5.0 (Windows NT 10.0; Win64; x64) AppleWebKit/537.36 (KHTML, like Gecko) Chrome/120.0.0.0 Safari/537.36"
172.204.17.66 - - [25/Jul/2026:03:24:24 +0200] "GET /atomlib.php HTTP/1.1" 403 5816 "-" "Mozilla/5.0 (Windows NT 10.0; Win64; x64) AppleWebKit/537.36 (KHTML, like Gecko) Chrome/120.0.0.0 Safari/537.36"
172.204.17.66 - - [25/Jul/2026:03:24:25 +0200] "GET /rip.php HTTP/1.1" 403 5816 "-" "Mozilla/5.0 (Windows NT 10.0; Win64; x64) AppleWebKit/537.36 (KHTML, like Gecko) Chrome/120.0.0.0 Safari/537.36"
172.204.17.66 - - [25/Jul/2026:03:24:25 +0200] "GET /p.php HTTP/1.1" 403 5816 "-" "Mozilla/5.0 (Windows NT 10.0; Win64; x64) AppleWebKit/537.36 (KHTML, like Gecko) Chrome/120.0.0.0 Safari/537.36"
172.204.17.66 - - [25/Jul/2026:03:24:25 +0200] "GET /php.php HTTP/1.1" 403 5816 "-" "Mozilla/5.0 (Windows NT 10.0; Win64; x64) AppleWebKit/537.36 (KHTML, like Gecko) Chrome/120.0.0.0 Safari/537.36"
89.246.241.14 - - [25/Jul/2026:03:24:28 +0200] "GET /category/article/ HTTP/1.1" 200 22559 "-" "Mozilla/5.0 (Windows NT 10.0; Win64; x64; rv:142.0) Gecko/20100101 Firefox/142.0"
91.134.83.25 - - [25/Jul/2026:03:24:58 +0200] "POST /wp-cron.php?doing_wp_cron=1784942698.1263659000396728515625 HTTP/1.1" 200 5074 "-" "WordPress/6.9.4; https://as-cp.fr"
57.141.0.31 - - [25/Jul/2026:03:24:57 +0200] "GET /?rawhide/8204160892 HTTP/1.1" 301 5072 "-" "Mozilla/5.0 (X11; Linux x86_64) AppleWebKit/537.36 (KHTML, like Gecko) Chrome/145.0.0.0 Safari/537.36 (compatible; meta-externalagent/1.1 (+https://developers.facebook.com/docs/sharing/webmasters/crawler))"
91.134.83.25 - - [25/Jul/2026:03:25:38 +0200] "POST /wp-cron.php?doing_wp_cron=1784942738.4600338935852050781250 HTTP/1.1" 200 5074 "-" "WordPress/6.9.4; https://as-cp.fr"
57.141.0.36 - - [25/Jul/2026:03:25:38 +0200] "GET /?v=n8o2i3s5i9e0s0t4343 HTTP/1.1" 200 98108 "-" "Mozilla/5.0 (Windows NT 10.0; Win64; x64) AppleWebKit/537.36 (KHTML, like Gecko) Chrome/145.0.0.0 Safari/537.36 (compatible; meta-externalagent/1.1 (+https://developers.facebook.com/docs/sharing/webmasters/crawler))"
57.141.0.64 - - [25/Jul/2026:03:25:40 +0200] "GET /?v=a8u1r3i6t0e5d74916 HTTP/1.1" 200 98108 "-" "Mozilla/5.0 (Windows NT 10.0; Win64; x64) AppleWebKit/537.36 (KHTML, like Gecko) Chrome/145.0.0.0 Safari/537.36 (compatible; meta-externalagent/1.1 (+https://developers.facebook.com/docs/sharing/webmasters/crawler))"
62.60.130.231 - - [25/Jul/2026:03:25:49 +0200] "GET /?rest_route=/batch/v1 HTTP/1.1" 404 5493 "-" "wp2shell"
91.134.83.25 - - [25/Jul/2026:03:25:49 +0200] "POST /wp-cron.php?doing_wp_cron=1784942749.8175139427185058593750 HTTP/1.1" 200 5074 "-" "WordPress/6.9.4; https://as-cp.fr"
62.60.130.231 - - [25/Jul/2026:03:25:49 +0200] "GET /?rest_route=/batch/v1 HTTP/1.1" 404 5493 "-" "wp2shell"
57.141.0.45 - - [25/Jul/2026:03:26:09 +0200] "GET /?v=d8a2w2s3o9n5i9t1e64 HTTP/1.1" 200 98108 "-" "Mozilla/5.0 (Windows NT 10.0; Win64; x64) AppleWebKit/537.36 (KHTML, like Gecko) Chrome/145.0.0.0 Safari/537.36 (compatible; meta-externalagent/1.1 (+https://developers.facebook.com/docs/sharing/webmasters/crawler))"
91.134.83.25 - - [25/Jul/2026:03:26:48 +0200] "POST /wp-cron.php?doing_wp_cron=1784942808.1219530105590820312500 HTTP/1.1" 200 5074 "-" "WordPress/6.9.4; https://as-cp.fr"
57.141.0.52 - - [25/Jul/2026:03:26:47 +0200] "GET /shops/drengage/m8e4l2i7o9t929151 HTTP/1.1" 301 5197 "-" "Mozilla/5.0 (Windows NT 10.0; Win64; x64) AppleWebKit/537.36 (KHTML, like Gecko) Chrome/145.0.0.0 Safari/537.36 (compatible; meta-externalagent/1.1 (+https://developers.facebook.com/docs/sharing/webmasters/crawler))"
91.134.83.25 - - [25/Jul/2026:03:28:41 +0200] "POST /wp-cron.php?doing_wp_cron=1784942921.1221220493316650390625 HTTP/1.1" 200 5074 "-" "WordPress/6.9.4; https://as-cp.fr"
57.141.0.61 - - [25/Jul/2026:03:28:40 +0200] "GET /?v=w8e6a1n6e4d43891 HTTP/1.1" 200 98108 "-" "Mozilla/5.0 (Windows NT 10.0; Win64; x64) AppleWebKit/537.36 (KHTML, like Gecko) Chrome/145.0.0.0 Safari/537.36 (compatible; meta-externalagent/1.1 (+https://developers.facebook.com/docs/sharing/webmasters/crawler))"
91.134.83.25 - - [25/Jul/2026:03:28:50 +0200] "POST /wp-cron.php?doing_wp_cron=1784942930.8456630706787109375000 HTTP/1.1" 200 5074 "-" "WordPress/6.9.4; https://as-cp.fr"
101.101.97.26 - - [25/Jul/2026:03:28:50 +0200] "GET /wp-login.php HTTP/1.1" 200 8736 "-" "Mozilla/5.0 (Windows NT 10.0; Win64; x64) AppleWebKit/537.36 (KHTML, like Gecko) Chrome/150.0.0.0 Safari/537.36"
101.101.97.26 - - [25/Jul/2026:03:28:51 +0200] "POST /wp-login.php HTTP/1.1" 200 8912 "https://as-cp.fr/wp-login.php" "Mozilla/5.0 (Windows NT 10.0; Win64; x64) AppleWebKit/537.36 (KHTML, like Gecko) Chrome/150.0.0.0 Safari/537.36"
202.51.202.242 - - [25/Jul/2026:03:29:11 +0200] "GET /wp-login.php HTTP/1.1" 200 8736 "-" "Mozilla/5.0 (Windows NT 10.0; Win64; x64) AppleWebKit/537.36 (KHTML, like Gecko) Chrome/150.0.0.0 Safari/537.36"
202.51.202.242 - - [25/Jul/2026:03:29:13 +0200] "POST /wp-login.php HTTP/1.1" 200 8911 "https://as-cp.fr/wp-login.php" "Mozilla/5.0 (Windows NT 10.0; Win64; x64) AppleWebKit/537.36 (KHTML, like Gecko) Chrome/150.0.0.0 Safari/537.36"
91.134.83.25 - - [25/Jul/2026:03:29:26 +0200] "POST /wp-cron.php?doing_wp_cron=1784942966.2631740570068359375000 HTTP/1.1" 200 5074 "-" "WordPress/6.9.4; https://as-cp.fr"
57.141.0.12 - - [25/Jul/2026:03:29:25 +0200] "GET /?v=a8n3a0n8d9r3o4u8s508 HTTP/1.1" 200 98108 "-" "Mozilla/5.0 (Macintosh; Intel Mac OS X 10_15_7) AppleWebKit/537.36 (KHTML, like Gecko) Chrome/145.0.0.0 Safari/537.36 (compatible; meta-externalagent/1.1 (+https://developers.facebook.com/docs/sharing/webmasters/crawler))"
91.134.83.25 - - [25/Jul/2026:03:31:09 +0200] "POST /wp-cron.php?doing_wp_cron=1784943069.8447608947753906250000 HTTP/1.1" 200 5074 "-" "WordPress/6.9.4; https://as-cp.fr"
57.141.0.44 - - [25/Jul/2026:03:31:09 +0200] "GET /shops/cupania/c8o6g3i3t8a1b7i9l8i1ty HTTP/1.1" 301 5197 "-" "Mozilla/5.0 (Macintosh; Intel Mac OS X 10_15_7) AppleWebKit/537.36 (KHTML, like Gecko) Chrome/145.0.0.0 Safari/537.36 (compatible; meta-externalagent/1.1 (+https://developers.facebook.com/docs/sharing/webmasters/crawler))"
91.134.83.25 - - [25/Jul/2026:03:31:32 +0200] "POST /wp-cron.php?doing_wp_cron=1784943091.9878249168395996093750 HTTP/1.1" 200 5074 "-" "WordPress/6.9.4; https://as-cp.fr"
57.141.0.5 - - [25/Jul/2026:03:31:31 +0200] "GET /?v=a8f3f3r3a9n5c2h2i2s4e5 HTTP/1.1" 200 98130 "-" "Mozilla/5.0 (Windows NT 10.0; Win64; x64) AppleWebKit/537.36 (KHTML, like Gecko) Chrome/145.0.0.0 Safari/537.36 (compatible; meta-externalagent/1.1 (+https://developers.facebook.com/docs/sharing/webmasters/crawler))"
91.134.83.25 - - [25/Jul/2026:03:31:57 +0200] "POST /wp-cron.php?doing_wp_cron=1784943117.5343449115753173828125 HTTP/1.1" 200 5074 "-" "WordPress/6.9.4; https://as-cp.fr"
57.141.0.37 - - [25/Jul/2026:03:31:56 +0200] "GET /?v=c8a1l5o5p6t7e0n7u7s70 HTTP/1.1" 200 98130 "-" "Mozilla/5.0 (Macintosh; Intel Mac OS X 10_15_7) AppleWebKit/537.36 (KHTML, like Gecko) Chrome/145.0.0.0 Safari/537.36 (compatible; meta-externalagent/1.1 (+https://developers.facebook.com/docs/sharing/webmasters/crawler))"
57.141.0.44 - - [25/Jul/2026:03:31:58 +0200] "GET /?v=l8o3v8y4e9r921161 HTTP/1.1" 200 98130 "-" "Mozilla/5.0 (Windows NT 10.0; Win64; x64) AppleWebKit/537.36 (KHTML, like Gecko) Chrome/145.0.0.0 Safari/537.36 (compatible; meta-externalagent/1.1 (+https://developers.facebook.com/docs/sharing/webmasters/crawler))"
91.134.83.25 - - [25/Jul/2026:03:32:40 +0200] "POST /wp-cron.php?doing_wp_cron=1784943160.4700210094451904296875 HTTP/1.1" 200 5074 "-" "WordPress/6.9.4; https://as-cp.fr"
57.141.0.66 - - [25/Jul/2026:03:32:39 +0200] "GET /?v=i8m9p1r0o1b3a6b1l9y0 HTTP/1.1" 200 98108 "-" "Mozilla/5.0 (Windows NT 10.0; Win64; x64) AppleWebKit/537.36 (KHTML, like Gecko) Chrome/145.0.0.0 Safari/537.36 (compatible; meta-externalagent/1.1 (+https://developers.facebook.com/docs/sharing/webmasters/crawler))"
91.134.83.25 - - [25/Jul/2026:03:33:02 +0200] "POST /wp-cron.php?doing_wp_cron=1784943182.2716670036315917968750 HTTP/1.1" 200 5074 "-" "WordPress/6.9.4; https://as-cp.fr"
57.141.0.21 - - [25/Jul/2026:03:33:01 +0200] "GET /?v=b8a1s2t4i8e90696 HTTP/1.1" 200 98108 "-" "Mozilla/5.0 (Macintosh; Intel Mac OS X 10_15_7) AppleWebKit/537.36 (KHTML, like Gecko) Chrome/145.0.0.0 Safari/537.36 (compatible; meta-externalagent/1.1 (+https://developers.facebook.com/docs/sharing/webmasters/crawler))"
91.134.83.25 - - [25/Jul/2026:03:33:59 +0200] "POST /wp-cron.php?doing_wp_cron=1784943238.9301838874816894531250 HTTP/1.1" 200 5074 "-" "WordPress/6.9.4; https://as-cp.fr"
57.141.0.68 - - [25/Jul/2026:03:33:58 +0200] "GET /?v=c8o3c7u1s6w9o5o6d208 HTTP/1.1" 200 98108 "-" "Mozilla/5.0 (Macintosh; Intel Mac OS X 10_15_7) AppleWebKit/537.36 (KHTML, like Gecko) Chrome/145.0.0.0 Safari/537.36 (compatible; meta-externalagent/1.1 (+https://developers.facebook.com/docs/sharing/webmasters/crawler))"
91.134.83.25 - - [25/Jul/2026:03:34:24 +0200] "POST /wp-cron.php?doing_wp_cron=1784943264.1744780540466308593750 HTTP/1.1" 200 5074 "-" "WordPress/6.9.4; https://as-cp.fr"
57.141.0.12 - - [25/Jul/2026:03:34:23 +0200] "GET /?v=p8o1s0t7c0l5a1v2i6c1l9e HTTP/1.1" 200 98108 "-" "Mozilla/5.0 (X11; Linux x86_64) AppleWebKit/537.36 (KHTML, like Gecko) Chrome/145.0.0.0 Safari/537.36 (compatible; meta-externalagent/1.1 (+https://developers.facebook.com/docs/sharing/webmasters/crawler))"
104.210.140.141 - - [25/Jul/2026:03:34:44 +0200] "GET /robots.txt HTTP/1.1" 200 5168 "-" "Mozilla/5.0 (Macintosh; Intel Mac OS X 10_15_7) AppleWebKit/537.36 (KHTML, like Gecko) Chrome/131.0.0.0 Safari/537.36; compatible; OAI-SearchBot/1.0; +https://openai.com/searchbot"
91.134.83.25 - - [25/Jul/2026:03:35:24 +0200] "POST /wp-cron.php?doing_wp_cron=1784943324.5328109264373779296875 HTTP/1.1" 200 5074 "-" "WordPress/6.9.4; https://as-cp.fr"
57.141.0.69 - - [25/Jul/2026:03:35:23 +0200] "GET /?v=p8o1l9y4e7i6d5i4c108 HTTP/1.1" 200 98108 "-" "Mozilla/5.0 (Windows NT 10.0; Win64; x64) AppleWebKit/537.36 (KHTML, like Gecko) Chrome/145.0.0.0 Safari/537.36 Edg/145.0.0.0 (compatible; meta-externalagent/1.1 (+https://developers.facebook.com/docs/sharing/webmasters/crawler))"
57.141.0.44 - - [25/Jul/2026:03:35:24 +0200] "GET /shops/frivoler/s8e5p8t7u4a8g9i2n7t8 HTTP/1.1" 301 5197 "-" "Mozilla/5.0 (Windows NT 10.0; Win64; x64) AppleWebKit/537.36 (KHTML, like Gecko) Chrome/145.0.0.0 Safari/537.36 (compatible; meta-externalagent/1.1 (+https://developers.facebook.com/docs/sharing/webmasters/crawler))"
57.141.0.53 - - [25/Jul/2026:03:35:31 +0200] "GET /?v=i8n4e1x2c2u2s5a6b2l0e HTTP/1.1" 200 98130 "-" "Mozilla/5.0 (Macintosh; Intel Mac OS X 10_15_7) AppleWebKit/537.36 (KHTML, like Gecko) Chrome/145.0.0.0 Safari/537.36 (compatible; meta-externalagent/1.1 (+https://developers.facebook.com/docs/sharing/webmasters/crawler))"
89.246.241.14 - - [25/Jul/2026:03:35:38 +0200] "GET /top-depart-des-declarations-fiscale-gestion-patrimoniale-a-perpignan/ HTTP/1.1" 200 23820 "-" "Mozilla/5.0 (Windows NT 10.0; Win64; x64; rv:142.0) Gecko/20100101 Firefox/142.0"
51.68.111.208 - - [25/Jul/2026:03:35:58 +0200] "GET /robots.txt HTTP/1.1" 200 5168 "-" "Mozilla/5.0 (compatible; MJ12bot/v2.0.5; http://mj12bot.com/)"
51.68.111.208 - - [25/Jul/2026:03:35:58 +0200] "GET / HTTP/1.1" 200 26624 "-" "Mozilla/5.0 (compatible; MJ12bot/v2.0.5; http://mj12bot.com/)"
51.68.111.208 - - [25/Jul/2026:03:36:00 +0200] "GET /robots.txt HTTP/1.1" 200 5168 "-" "Mozilla/5.0 (compatible; MJ12bot/v2.0.5; http://mj12bot.com/)"
91.134.83.25 - - [25/Jul/2026:03:36:01 +0200] "POST /wp-cron.php?doing_wp_cron=1784943361.3265640735626220703125 HTTP/1.1" 200 5074 "-" "WordPress/6.9.4; https://as-cp.fr"
51.68.111.208 - - [25/Jul/2026:03:36:00 +0200] "GET / HTTP/1.1" 301 5051 "-" "Mozilla/5.0 (compatible; MJ12bot/v2.0.5; http://mj12bot.com/)"
51.68.111.208 - - [25/Jul/2026:03:36:01 +0200] "GET / HTTP/1.1" 200 26624 "-" "Mozilla/5.0 (compatible; MJ12bot/v2.0.5; http://mj12bot.com/)"
91.134.83.25 - - [25/Jul/2026:03:36:24 +0200] "POST /wp-cron.php?doing_wp_cron=1784943384.6826601028442382812500 HTTP/1.1" 200 5074 "-" "WordPress/6.9.4; https://as-cp.fr"
57.141.0.10 - - [25/Jul/2026:03:36:24 +0200] "GET /shops/superscript/a8d4y2n3a4m3i2c0487 HTTP/1.1" 301 5197 "-" "Mozilla/5.0 (Windows NT 10.0; Win64; x64) AppleWebKit/537.36 (KHTML, like Gecko) Chrome/145.0.0.0 Safari/537.36 (compatible; meta-externalagent/1.1 (+https://developers.facebook.com/docs/sharing/webmasters/crawler))"
91.134.83.25 - - [25/Jul/2026:03:36:56 +0200] "POST /wp-cron.php?doing_wp_cron=1784943415.9825038909912109375000 HTTP/1.1" 200 5074 "-" "WordPress/6.9.4; https://as-cp.fr"
57.141.0.67 - - [25/Jul/2026:03:36:55 +0200] "GET /shops/quamash/s8t4e6g2a5n8o6p5o7d9ous HTTP/1.1" 301 5197 "-" "Mozilla/5.0 (Windows NT 10.0; Win64; x64) AppleWebKit/537.36 (KHTML, like Gecko) Chrome/145.0.0.0 Safari/537.36 (compatible; meta-externalagent/1.1 (+https://developers.facebook.com/docs/sharing/webmasters/crawler))"
57.141.0.38 - - [25/Jul/2026:03:37:47 +0200] "GET /?v=u8n1t5o0n7g4u4e3821 HTTP/1.1" 200 98108 "-" "Mozilla/5.0 (Windows NT 10.0; Win64; x64) AppleWebKit/537.36 (KHTML, like Gecko) Chrome/145.0.0.0 Safari/537.36 (compatible; meta-externalagent/1.1 (+https://developers.facebook.com/docs/sharing/webmasters/crawler))"
91.134.83.25 - - [25/Jul/2026:03:37:48 +0200] "POST /wp-cron.php?doing_wp_cron=1784943468.2964711189270019531250 HTTP/1.1" 200 5074 "-" "WordPress/6.9.4; https://as-cp.fr"
57.141.0.2 - - [25/Jul/2026:03:37:07 +0200] "GET /shops/equidistant/d8e1f7r8a0u8d7e1r842 HTTP/1.1" 301 5197 "-" "Mozilla/5.0 (Macintosh; Intel Mac OS X 10_15_7) AppleWebKit/537.36 (KHTML, like Gecko) Chrome/145.0.0.0 Safari/537.36 (compatible; meta-externalagent/1.1 (+https://developers.facebook.com/docs/sharing/webmasters/crawler))"
57.141.0.54 - - [25/Jul/2026:03:37:56 +0200] "GET /?v=o8r7r8i2s669625 HTTP/1.1" 200 98130 "-" "Mozilla/5.0 (Windows NT 10.0; Win64; x64) AppleWebKit/537.36 (KHTML, like Gecko) Chrome/145.0.0.0 Safari/537.36 (compatible; meta-externalagent/1.1 (+https://developers.facebook.com/docs/sharing/webmasters/crawler))"
91.134.83.25 - - [25/Jul/2026:03:38:47 +0200] "POST /wp-cron.php?doing_wp_cron=1784943527.9698140621185302734375 HTTP/1.1" 200 5074 "-" "WordPress/6.9.4; https://as-cp.fr"
57.141.0.15 - - [25/Jul/2026:03:38:47 +0200] "GET /?v=t8o3p6i6n2g39265 HTTP/1.1" 200 98130 "-" "Mozilla/5.0 (Windows NT 10.0; Win64; x64) AppleWebKit/537.36 (KHTML, like Gecko) Chrome/145.0.0.0 Safari/537.36 (compatible; meta-externalagent/1.1 (+https://developers.facebook.com/docs/sharing/webmasters/crawler))"
57.141.0.70 - - [25/Jul/2026:03:38:58 +0200] "GET /anchoress/luger/8174976010 HTTP/1.1" 301 5197 "-" "Mozilla/5.0 (Windows NT 10.0; Win64; x64) AppleWebKit/537.36 (KHTML, like Gecko) Chrome/145.0.0.0 Safari/537.36 (compatible; meta-externalagent/1.1 (+https://developers.facebook.com/docs/sharing/webmasters/crawler))"
89.246.241.14 - - [25/Jul/2026:03:40:45 +0200] "GET /declaration-dimpot-perpignan-optimisez-votre-fiscalite-des-maintenant/ HTTP/1.1" 200 23808 "-" "Mozilla/5.0 (Windows NT 10.0; Win64; x64; rv:142.0) Gecko/20100101 Firefox/142.0"
91.134.83.25 - - [25/Jul/2026:03:41:03 +0200] "POST /wp-cron.php?doing_wp_cron=1784943663.0720429420471191406250 HTTP/1.1" 200 5074 "-" "WordPress/6.9.4; https://as-cp.fr"
57.141.0.51 - - [25/Jul/2026:03:41:02 +0200] "GET /shops/receptible/c8o1r6r9e0s3p2o5n3d83 HTTP/1.1" 301 5197 "-" "Mozilla/5.0 (Windows NT 10.0; Win64; x64) AppleWebKit/537.36 (KHTML, like Gecko) Chrome/145.0.0.0 Safari/537.36 (compatible; meta-externalagent/1.1 (+https://developers.facebook.com/docs/sharing/webmasters/crawler))"
89.246.241.14 - - [25/Jul/2026:03:41:25 +0200] "GET /conseiller-en-gestion-de-patrimoine-a-perpignan/ HTTP/1.1" 200 23700 "-" "Mozilla/5.0 (Windows NT 10.0; Win64; x64; rv:142.0) Gecko/20100101 Firefox/142.0"
89.246.241.14 - - [25/Jul/2026:03:42:46 +0200] "GET /assurance-obseques-a-perpignan-pourquoi-prevoir-ses-obseques-a-lavance/ HTTP/1.1" 200 23885 "-" "Mozilla/5.0 (Windows NT 10.0; Win64; x64; rv:142.0) Gecko/20100101 Firefox/142.0"
91.134.83.25 - - [25/Jul/2026:03:43:42 +0200] "POST /wp-cron.php?doing_wp_cron=1784943822.9118840694427490234375 HTTP/1.1" 200 5074 "-" "WordPress/6.9.4; https://as-cp.fr"
57.141.0.10 - - [25/Jul/2026:03:43:42 +0200] "GET /shops/parallelopiped/l8a3n5y9e8r485400 HTTP/1.1" 301 5197 "-" "Mozilla/5.0 (Windows NT 10.0; Win64; x64) AppleWebKit/537.36 (KHTML, like Gecko) Chrome/145.0.0.0 Safari/537.36 (compatible; meta-externalagent/1.1 (+https://developers.facebook.com/docs/sharing/webmasters/crawler))"
91.134.83.25 - - [25/Jul/2026:03:46:08 +0200] "POST /wp-cron.php?doing_wp_cron=1784943968.4465379714965820312500 HTTP/1.1" 200 5074 "-" "WordPress/6.9.4; https://as-cp.fr"
57.141.0.58 - - [25/Jul/2026:03:46:07 +0200] "GET /shops/experimentist/t8e2l6l7u0r8i2z0e153 HTTP/1.1" 301 5197 "-" "Mozilla/5.0 (Windows NT 10.0; Win64; x64) AppleWebKit/537.36 (KHTML, like Gecko) Chrome/145.0.0.0 Safari/537.36 (compatible; meta-externalagent/1.1 (+https://developers.facebook.com/docs/sharing/webmasters/crawler))"
91.134.83.25 - - [25/Jul/2026:03:46:43 +0200] "POST /wp-cron.php?doing_wp_cron=1784944003.7245860099792480468750 HTTP/1.1" 200 5074 "-" "WordPress/6.9.4; https://as-cp.fr"
57.141.0.47 - - [25/Jul/2026:03:46:43 +0200] "GET /?v=g8r8e3c4i8z0i2n2g41 HTTP/1.1" 200 98108 "-" "Mozilla/5.0 (Windows NT 10.0; Win64; x64) AppleWebKit/537.36 (KHTML, like Gecko) Chrome/145.0.0.0 Safari/537.36 (compatible; meta-externalagent/1.1 (+https://developers.facebook.com/docs/sharing/webmasters/crawler))"
68.67.112.147 - - [25/Jul/2026:03:47:07 +0200] "GET /robots.txt HTTP/1.1" 200 5168 "-" "Mozilla/5.0 AppleWebKit/537.36 (KHTML, like Gecko; compatible; YouBot/1.0; +https://docs.you.com/youbot; env:prod) Chrome/142.0.0.0 Safari/537.36"
68.67.112.147 - - [25/Jul/2026:03:47:07 +0200] "GET /assurance-vie-le-point-avec-votre-conseiller-en-gestion-de-patrimoine-a-st-esteve/ HTTP/1.1" 200 23680 "-" "Mozilla/5.0 AppleWebKit/537.36 (KHTML, like Gecko; compatible; YouBot/1.0; +https://docs.you.com/youbot; env:prod) Chrome/142.0.0.0 Safari/537.36"
91.134.83.25 - - [25/Jul/2026:03:47:25 +0200] "POST /wp-cron.php?doing_wp_cron=1784944045.0042140483856201171875 HTTP/1.1" 200 5074 "-" "WordPress/6.9.4; https://as-cp.fr"
57.141.0.35 - - [25/Jul/2026:03:47:24 +0200] "GET /shops/takingoff/f8i2b3r0i3l9l3o9s4e91 HTTP/1.1" 301 5197 "-" "Mozilla/5.0 (Windows NT 10.0; Win64; x64) AppleWebKit/537.36 (KHTML, like Gecko) Chrome/145.0.0.0 Safari/537.36 (compatible; meta-externalagent/1.1 (+https://developers.facebook.com/docs/sharing/webmasters/crawler))"
