403Webshell
Server IP : 91.134.83.25  /  Your IP : 216.73.216.137
Web Server : Apache
System : Linux plesk.serveurapc.fr 6.1.0-51-amd64 #1 SMP PREEMPT_DYNAMIC Debian 6.1.177-1 (2026-07-16) x86_64
User : marrasse ( 10057)
PHP Version : 8.2.32
Disable Function : opcache_get_status
MySQL : OFF  |  cURL : ON  |  WGET : OFF  |  Perl : OFF  |  Python : OFF  |  Sudo : OFF  |  Pkexec : OFF
Directory :  /var/www/vhosts/as-cp.fr/logs/

Upload File :
current_dir [ Writeable ] document_root [ Writeable ]

 

Command :


[ Back ]     

Current File : /var/www/vhosts/as-cp.fr/logs/access_ssl_log.processed
57.141.0.30 - - [24/Jul/2026:06:48:16 +0200] "GET /null HTTP/1.1" 301 5197 "https://as-cp.fr/?v=s5e3a4r8c6h9i7n4g546" "Mozilla/5.0 (Macintosh; Intel Mac OS X 10_15_7) AppleWebKit/537.36 (KHTML, like Gecko) Chrome/145.0.0.0 Safari/537.36 (compatible; meta-externalagent/1.1 (+https://developers.facebook.com/docs/sharing/webmasters/crawler))"
57.141.0.15 - - [24/Jul/2026:06:48:17 +0200] "GET / HTTP/1.1" 200 26625 "https://as-cp.fr/?v=s5e3a4r8c6h9i7n4g546" "Mozilla/5.0 (Macintosh; Intel Mac OS X 10_15_7) AppleWebKit/537.36 (KHTML, like Gecko) Chrome/145.0.0.0 Safari/537.36 (compatible; meta-externalagent/1.1 (+https://developers.facebook.com/docs/sharing/webmasters/crawler))"
54.87.184.79 - - [24/Jul/2026:06:49:45 +0200] "GET /wp-content/uploads/2025/07/preparer-sa-retraite-1.jpg HTTP/1.1" 200 5092 "-" "Mozilla/5.0 (X11; Ubuntu; Linux x86_64; rv:72.0) Gecko/20100101 Firefox/72.0"
94.23.188.207 - - [24/Jul/2026:06:50:07 +0200] "GET /robots.txt HTTP/1.1" 200 5168 "-" "Mozilla/5.0 (compatible; AhrefsBot/7.0; +http://ahrefs.com/robot/)"
91.134.83.25 - - [24/Jul/2026:06:50:10 +0200] "POST /wp-cron.php?doing_wp_cron=1784868610.6385400295257568359375 HTTP/1.1" 200 5074 "-" "WordPress/6.9.4; https://as-cp.fr"
51.75.236.142 - - [24/Jul/2026:06:50:10 +0200] "GET /sitemap_index.xml HTTP/1.1" 200 5405 "-" "Mozilla/5.0 (compatible; AhrefsBot/7.0; +http://ahrefs.com/robot/)"
94.23.188.220 - - [24/Jul/2026:06:50:13 +0200] "GET /post-sitemap.xml HTTP/1.1" 200 8166 "-" "Mozilla/5.0 (compatible; AhrefsBot/7.0; +http://ahrefs.com/robot/)"
92.222.108.105 - - [24/Jul/2026:06:50:16 +0200] "GET /page-sitemap.xml HTTP/1.1" 200 5544 "-" "Mozilla/5.0 (compatible; AhrefsBot/7.0; +http://ahrefs.com/robot/)"
91.134.83.25 - - [24/Jul/2026:06:50:20 +0200] "POST /wp-cron.php?doing_wp_cron=1784868620.3567020893096923828125 HTTP/1.1" 200 5074 "-" "WordPress/6.9.4; https://as-cp.fr"
51.75.236.152 - - [24/Jul/2026:06:50:20 +0200] "GET /category-sitemap.xml HTTP/1.1" 200 5562 "-" "Mozilla/5.0 (compatible; AhrefsBot/7.0; +http://ahrefs.com/robot/)"
91.134.83.25 - - [24/Jul/2026:06:50:23 +0200] "POST /wp-cron.php?doing_wp_cron=1784868623.6033220291137695312500 HTTP/1.1" 200 5074 "-" "WordPress/6.9.4; https://as-cp.fr"
54.37.118.79 - - [24/Jul/2026:06:50:23 +0200] "GET /post_tag-sitemap.xml HTTP/1.1" 200 5636 "-" "Mozilla/5.0 (compatible; AhrefsBot/7.0; +http://ahrefs.com/robot/)"
5.39.1.251 - - [24/Jul/2026:06:50:26 +0200] "GET /kwlogos-carousel-sitemap.xml HTTP/1.1" 200 5410 "-" "Mozilla/5.0 (compatible; AhrefsBot/7.0; +http://ahrefs.com/robot/)"
92.222.104.202 - - [24/Jul/2026:06:50:29 +0200] "GET /author-sitemap.xml HTTP/1.1" 200 5430 "-" "Mozilla/5.0 (compatible; AhrefsBot/7.0; +http://ahrefs.com/robot/)"
51.68.111.239 - - [24/Jul/2026:06:51:10 +0200] "GET /robots.txt HTTP/1.1" 200 5168 "-" "Mozilla/5.0 (compatible; MJ12bot/v2.0.5; http://mj12bot.com/)"
51.68.111.239 - - [24/Jul/2026:06:51:10 +0200] "GET / HTTP/1.1" 200 26625 "-" "Mozilla/5.0 (compatible; MJ12bot/v2.0.5; http://mj12bot.com/)"
91.134.83.25 - - [24/Jul/2026:06:52:29 +0200] "POST /wp-cron.php?doing_wp_cron=1784868749.1500360965728759765625 HTTP/1.1" 200 5074 "-" "WordPress/6.9.4; https://as-cp.fr"
57.141.0.25 - - [24/Jul/2026:06:52:28 +0200] "GET /?v=s8p2a6r8r5o1w9g0r0a1ss HTTP/1.1" 200 26374 "-" "Mozilla/5.0 (Windows NT 10.0; Win64; x64) AppleWebKit/537.36 (KHTML, like Gecko) Chrome/143.0.0.0 Safari/537.36 Edg/143.0.0.0 (compatible; meta-externalagent/1.1 (+https://developers.facebook.com/docs/sharing/webmasters/crawler))"
91.134.83.25 - - [24/Jul/2026:06:52:40 +0200] "POST /wp-cron.php?doing_wp_cron=1784868760.5100560188293457031250 HTTP/1.1" 200 5074 "-" "WordPress/6.9.4; https://as-cp.fr"
57.141.0.6 - - [24/Jul/2026:06:52:40 +0200] "GET /null HTTP/1.1" 301 5197 "https://as-cp.fr/?v=s8p2a6r8r5o1w9g0r0a1ss" "Mozilla/5.0 (Windows NT 10.0; Win64; x64) AppleWebKit/537.36 (KHTML, like Gecko) Chrome/143.0.0.0 Safari/537.36 Edg/143.0.0.0 (compatible; meta-externalagent/1.1 (+https://developers.facebook.com/docs/sharing/webmasters/crawler))"
57.141.0.10 - - [24/Jul/2026:06:52:41 +0200] "GET / HTTP/1.1" 200 26625 "https://as-cp.fr/?v=s8p2a6r8r5o1w9g0r0a1ss" "Mozilla/5.0 (Windows NT 10.0; Win64; x64) AppleWebKit/537.36 (KHTML, like Gecko) Chrome/143.0.0.0 Safari/537.36 Edg/143.0.0.0 (compatible; meta-externalagent/1.1 (+https://developers.facebook.com/docs/sharing/webmasters/crawler))"
91.134.83.25 - - [24/Jul/2026:06:53:40 +0200] "POST /wp-cron.php?doing_wp_cron=1784868820.3067069053649902343750 HTTP/1.1" 200 5074 "-" "WordPress/6.9.4; https://as-cp.fr"
46.62.186.30 - - [24/Jul/2026:06:53:40 +0200] "GET /wp-login.php HTTP/1.1" 200 8735 "-" "Mozilla/5.0 (Windows NT 10.0; Win64; x64) AppleWebKit/537.36 (KHTML, like Gecko) Chrome/150.0.0.0 Safari/537.36"
46.62.186.30 - - [24/Jul/2026:06:53:40 +0200] "POST /wp-login.php HTTP/1.1" 200 8911 "https://as-cp.fr/wp-login.php" "Mozilla/5.0 (Windows NT 10.0; Win64; x64) AppleWebKit/537.36 (KHTML, like Gecko) Chrome/150.0.0.0 Safari/537.36"
91.134.83.25 - - [24/Jul/2026:06:53:45 +0200] "POST /wp-cron.php?doing_wp_cron=1784868825.5102388858795166015625 HTTP/1.1" 200 5074 "-" "WordPress/6.9.4; https://as-cp.fr"
57.141.0.66 - - [24/Jul/2026:06:53:45 +0200] "GET /null HTTP/1.1" 301 5197 "https://as-cp.fr/?v=f8a3s2c7i7c9u3l6u3s80" "Mozilla/5.0 (Windows NT 10.0; Win64; x64) AppleWebKit/537.36 (KHTML, like Gecko) Chrome/145.0.0.0 Safari/537.36 (compatible; meta-externalagent/1.1 (+https://developers.facebook.com/docs/sharing/webmasters/crawler))"
57.141.0.50 - - [24/Jul/2026:06:53:45 +0200] "GET / HTTP/1.1" 200 26625 "https://as-cp.fr/?v=f8a3s2c7i7c9u3l6u3s80" "Mozilla/5.0 (Windows NT 10.0; Win64; x64) AppleWebKit/537.36 (KHTML, like Gecko) Chrome/145.0.0.0 Safari/537.36 (compatible; meta-externalagent/1.1 (+https://developers.facebook.com/docs/sharing/webmasters/crawler))"
69.63.184.27 - - [24/Jul/2026:06:53:49 +0200] "GET /robots.txt HTTP/1.1" 206 5172 "-" "facebookexternalhit/1.1 (+http://www.facebook.com/externalhit_uatext.php)"
69.63.184.3 - - [24/Jul/2026:06:53:49 +0200] "GET /robots.txt HTTP/1.1" 206 5172 "-" "facebookexternalhit/1.1 (+http://www.facebook.com/externalhit_uatext.php)"
69.63.184.19 - - [24/Jul/2026:06:53:50 +0200] "GET /robots.txt HTTP/1.1" 206 5172 "-" "facebookexternalhit/1.1 (+http://www.facebook.com/externalhit_uatext.php)"
57.141.0.51 - - [24/Jul/2026:06:53:50 +0200] "GET /post-sitemap.xml HTTP/1.1" 200 26649 "-" "Mozilla/5.0 (Windows NT 10.0; Win64; x64) AppleWebKit/537.36 (KHTML, like Gecko) Chrome/145.0.0.0 Safari/537.36 (compatible; meta-externalagent/1.1 (+https://developers.facebook.com/docs/sharing/webmasters/crawler))"
91.134.83.25 - - [24/Jul/2026:06:54:24 +0200] "POST /wp-cron.php?doing_wp_cron=1784868864.6468091011047363281250 HTTP/1.1" 200 5074 "-" "WordPress/6.9.4; https://as-cp.fr"
202.51.202.242 - - [24/Jul/2026:06:54:24 +0200] "GET /wp-login.php HTTP/1.1" 200 8735 "-" "Mozilla/5.0 (Windows NT 10.0; Win64; x64) AppleWebKit/537.36 (KHTML, like Gecko) Chrome/150.0.0.0 Safari/537.36"
91.134.83.25 - - [24/Jul/2026:06:55:18 +0200] "POST /wp-cron.php?doing_wp_cron=1784868918.9031760692596435546875 HTTP/1.1" 200 5074 "-" "WordPress/6.9.4; https://as-cp.fr"
57.141.0.32 - - [24/Jul/2026:06:55:18 +0200] "GET /post_tag-sitemap.xml?__r=2.1aafdbbc3803688c7b0d66fe6b8bdc32 HTTP/1.1" 200 8626 "-" "Mozilla/5.0 (Windows NT 10.0; Win64; x64) AppleWebKit/537.36 (KHTML, like Gecko) Chrome/145.0.0.0 Safari/537.36 (compatible; meta-externalagent/1.1 (+https://developers.facebook.com/docs/sharing/webmasters/crawler))"
91.134.83.25 - - [24/Jul/2026:06:55:21 +0200] "POST /wp-cron.php?doing_wp_cron=1784868921.3456239700317382812500 HTTP/1.1" 200 5074 "-" "WordPress/6.9.4; https://as-cp.fr"
57.141.0.49 - - [24/Jul/2026:06:55:21 +0200] "GET /author-sitemap.xml?__r=2.77a6298338e996f7bdc5916851647b51 HTTP/1.1" 200 5861 "-" "Mozilla/5.0 (Windows NT 10.0; Win64; x64) AppleWebKit/537.36 (KHTML, like Gecko) Chrome/145.0.0.0 Safari/537.36 (compatible; meta-externalagent/1.1 (+https://developers.facebook.com/docs/sharing/webmasters/crawler))"
152.53.35.166 - - [24/Jul/2026:07:00:01 +0200] "GET / HTTP/1.1" 200 26625 "-" "Mozilla/5.0 (Windows NT 10.0; Win64; x64) AppleWebKit/537.36 (KHTML, like Gecko) Chrome/124.0.0.0 Safari/537.36"
17.241.219.76 - - [24/Jul/2026:07:01:11 +0200] "GET /defiscalisation-66-solutions-reduire-impots-perpignan/ HTTP/1.1" 200 24199 "-" "Mozilla/5.0 (Macintosh; Intel Mac OS X 10_15_7) AppleWebKit/605.1.15 (KHTML, like Gecko) Version/17.4 Safari/605.1.15 (Applebot/0.1; +http://www.apple.com/go/applebot)"
91.134.83.25 - - [24/Jul/2026:07:05:14 +0200] "POST /wp-cron.php?doing_wp_cron=1784869514.0490970611572265625000 HTTP/1.1" 200 5074 "-" "WordPress/6.9.4; https://as-cp.fr"
57.141.0.23 - - [24/Jul/2026:07:05:13 +0200] "GET /sitemap.html?__r=1.cb0df3835a8e507d3279bc5afe154a50 HTTP/1.1" 301 5197 "-" "Mozilla/5.0 (Windows NT 10.0; Win64; x64) AppleWebKit/537.36 (KHTML, like Gecko) Chrome/145.0.0.0 Safari/537.36 (compatible; meta-externalagent/1.1 (+https://developers.facebook.com/docs/sharing/webmasters/crawler))"
91.134.83.25 - - [24/Jul/2026:07:06:15 +0200] "POST /wp-cron.php?doing_wp_cron=1784869575.9278481006622314453125 HTTP/1.1" 200 5074 "-" "WordPress/6.9.4; https://as-cp.fr"
45.148.10.238 - - [24/Jul/2026:07:06:15 +0200] "GET /.git/config HTTP/1.1" 301 5197 "-" "Mozilla/5.0 (X11; Linux x86_64) AppleWebKit/537.36 (KHTML, like Gecko) Chrome/75.0.3770.145 Safari/537.36 Vivaldi/2.6.1566.49"
17.241.75.89 - - [24/Jul/2026:07:08:45 +0200] "GET /wp-content/plugins/superfly-menu/css/public.min.css?ver=6.9.4 HTTP/1.1" 200 5103 "https://as-cp.fr/defiscalisation-66-solutions-reduire-impots-perpignan/" "Mozilla/5.0 (Macintosh; Intel Mac OS X 10_15_7) AppleWebKit/605.1.15 (KHTML, like Gecko) Version/17.4 Safari/605.1.15 (Applebot/0.1; +http://www.apple.com/go/applebot)"
17.241.75.89 - - [24/Jul/2026:07:08:46 +0200] "GET /wp-content/plugins/kiwi-logo-carousel/third-party/jquery.bxslider/jquery.bxslider.css?ver=6.9.4 HTTP/1.1" 200 5137 "https://as-cp.fr/defiscalisation-66-solutions-reduire-impots-perpignan/" "Mozilla/5.0 (Macintosh; Intel Mac OS X 10_15_7) AppleWebKit/605.1.15 (KHTML, like Gecko) Version/17.4 Safari/605.1.15 (Applebot/0.1; +http://www.apple.com/go/applebot)"
17.241.75.89 - - [24/Jul/2026:07:08:48 +0200] "GET /wp-content/plugins/kiwi-logo-carousel/custom-styles.css?ver=6.9.4 HTTP/1.1" 200 5107 "https://as-cp.fr/defiscalisation-66-solutions-reduire-impots-perpignan/" "Mozilla/5.0 (Macintosh; Intel Mac OS X 10_15_7) AppleWebKit/605.1.15 (KHTML, like Gecko) Version/17.4 Safari/605.1.15 (Applebot/0.1; +http://www.apple.com/go/applebot)"
17.241.75.89 - - [24/Jul/2026:07:08:49 +0200] "GET /wp-content/themes/agencepointcom/style.css?ver=6.9.4 HTTP/1.1" 200 5094 "https://as-cp.fr/defiscalisation-66-solutions-reduire-impots-perpignan/" "Mozilla/5.0 (Macintosh; Intel Mac OS X 10_15_7) AppleWebKit/605.1.15 (KHTML, like Gecko) Version/17.4 Safari/605.1.15 (Applebot/0.1; +http://www.apple.com/go/applebot)"
17.241.75.89 - - [24/Jul/2026:07:08:51 +0200] "GET /wp-content/plugins/revslider/public/assets/css/rs6.css?ver=6.3.9 HTTP/1.1" 200 5106 "https://as-cp.fr/defiscalisation-66-solutions-reduire-impots-perpignan/" "Mozilla/5.0 (Macintosh; Intel Mac OS X 10_15_7) AppleWebKit/605.1.15 (KHTML, like Gecko) Version/17.4 Safari/605.1.15 (Applebot/0.1; +http://www.apple.com/go/applebot)"
17.241.75.89 - - [24/Jul/2026:07:08:52 +0200] "GET /wp-content/uploads/la_icon_sets/style.min.css?ver=6.9.4 HTTP/1.1" 200 5068 "https://as-cp.fr/defiscalisation-66-solutions-reduire-impots-perpignan/" "Mozilla/5.0 (Macintosh; Intel Mac OS X 10_15_7) AppleWebKit/605.1.15 (KHTML, like Gecko) Version/17.4 Safari/605.1.15 (Applebot/0.1; +http://www.apple.com/go/applebot)"
17.241.75.89 - - [24/Jul/2026:07:08:54 +0200] "GET /wp-includes/js/jquery/jquery.min.js?ver=3.7.1 HTTP/1.1" 200 5094 "https://as-cp.fr/defiscalisation-66-solutions-reduire-impots-perpignan/" "Mozilla/5.0 (Macintosh; Intel Mac OS X 10_15_7) AppleWebKit/605.1.15 (KHTML, like Gecko) Version/17.4 Safari/605.1.15 (Applebot/0.1; +http://www.apple.com/go/applebot)"
17.241.75.89 - - [24/Jul/2026:07:08:55 +0200] "GET /wp-includes/js/jquery/jquery-migrate.min.js?ver=3.4.1 HTTP/1.1" 200 5102 "https://as-cp.fr/defiscalisation-66-solutions-reduire-impots-perpignan/" "Mozilla/5.0 (Macintosh; Intel Mac OS X 10_15_7) AppleWebKit/605.1.15 (KHTML, like Gecko) Version/17.4 Safari/605.1.15 (Applebot/0.1; +http://www.apple.com/go/applebot)"
17.241.75.89 - - [24/Jul/2026:07:08:57 +0200] "GET /wp-content/plugins/superfly-menu/includes/vendor/looks_awesome/icon_manager/js/md5.js?ver=1.0,0 HTTP/1.1" 200 5144 "https://as-cp.fr/defiscalisation-66-solutions-reduire-impots-perpignan/" "Mozilla/5.0 (Macintosh; Intel Mac OS X 10_15_7) AppleWebKit/605.1.15 (KHTML, like Gecko) Version/17.4 Safari/605.1.15 (Applebot/0.1; +http://www.apple.com/go/applebot)"
17.241.75.89 - - [24/Jul/2026:07:08:58 +0200] "GET /wp-content/plugins/superfly-menu/includes/vendor/looks_awesome/icon_manager/js/util.js?ver=1.0,0 HTTP/1.1" 200 5395 "https://as-cp.fr/defiscalisation-66-solutions-reduire-impots-perpignan/" "Mozilla/5.0 (Macintosh; Intel Mac OS X 10_15_7) AppleWebKit/605.1.15 (KHTML, like Gecko) Version/17.4 Safari/605.1.15 (Applebot/0.1; +http://www.apple.com/go/applebot)"
17.241.75.89 - - [24/Jul/2026:07:09:00 +0200] "GET /wp-content/plugins/revslider/public/assets/js/rbtools.min.js?ver=6.3.9 HTTP/1.1" 200 5119 "https://as-cp.fr/defiscalisation-66-solutions-reduire-impots-perpignan/" "Mozilla/5.0 (Macintosh; Intel Mac OS X 10_15_7) AppleWebKit/605.1.15 (KHTML, like Gecko) Version/17.4 Safari/605.1.15 (Applebot/0.1; +http://www.apple.com/go/applebot)"
17.241.75.89 - - [24/Jul/2026:07:09:01 +0200] "GET /wp-content/plugins/revslider/public/assets/js/rs6.min.js?ver=6.3.9 HTTP/1.1" 200 5115 "https://as-cp.fr/defiscalisation-66-solutions-reduire-impots-perpignan/" "Mozilla/5.0 (Macintosh; Intel Mac OS X 10_15_7) AppleWebKit/605.1.15 (KHTML, like Gecko) Version/17.4 Safari/605.1.15 (Applebot/0.1; +http://www.apple.com/go/applebot)"
17.241.75.89 - - [24/Jul/2026:07:09:03 +0200] "GET /wp-content/plugins/superfly-menu/js/public.min.js?ver=5.0.19 HTTP/1.1" 200 5108 "https://as-cp.fr/defiscalisation-66-solutions-reduire-impots-perpignan/" "Mozilla/5.0 (Macintosh; Intel Mac OS X 10_15_7) AppleWebKit/605.1.15 (KHTML, like Gecko) Version/17.4 Safari/605.1.15 (Applebot/0.1; +http://www.apple.com/go/applebot)"
17.241.75.89 - - [24/Jul/2026:07:09:04 +0200] "GET /wp-content/themes/agencepointcom/js/script-frontend.js HTTP/1.1" 200 5444 "https://as-cp.fr/defiscalisation-66-solutions-reduire-impots-perpignan/" "Mozilla/5.0 (Macintosh; Intel Mac OS X 10_15_7) AppleWebKit/605.1.15 (KHTML, like Gecko) Version/17.4 Safari/605.1.15 (Applebot/0.1; +http://www.apple.com/go/applebot)"
17.241.75.89 - - [24/Jul/2026:07:09:06 +0200] "GET /wp-content/themes/agencepointcom/js/navigation.js?ver=20151215 HTTP/1.1" 200 5108 "https://as-cp.fr/defiscalisation-66-solutions-reduire-impots-perpignan/" "Mozilla/5.0 (Macintosh; Intel Mac OS X 10_15_7) AppleWebKit/605.1.15 (KHTML, like Gecko) Version/17.4 Safari/605.1.15 (Applebot/0.1; +http://www.apple.com/go/applebot)"
17.241.75.89 - - [24/Jul/2026:07:09:07 +0200] "GET /wp-content/themes/agencepointcom/js/skip-link-focus-fix.js?ver=20151215 HTTP/1.1" 200 5518 "https://as-cp.fr/defiscalisation-66-solutions-reduire-impots-perpignan/" "Mozilla/5.0 (Macintosh; Intel Mac OS X 10_15_7) AppleWebKit/605.1.15 (KHTML, like Gecko) Version/17.4 Safari/605.1.15 (Applebot/0.1; +http://www.apple.com/go/applebot)"
17.241.75.89 - - [24/Jul/2026:07:09:09 +0200] "GET /wp-includes/js/dist/vendor/wp-polyfill.min.js?ver=3.15.0 HTTP/1.1" 200 5104 "https://as-cp.fr/defiscalisation-66-solutions-reduire-impots-perpignan/" "Mozilla/5.0 (Macintosh; Intel Mac OS X 10_15_7) AppleWebKit/605.1.15 (KHTML, like Gecko) Version/17.4 Safari/605.1.15 (Applebot/0.1; +http://www.apple.com/go/applebot)"
17.241.75.89 - - [24/Jul/2026:07:09:10 +0200] "GET /wp-content/plugins/contact-form-7/modules/recaptcha/index.js?ver=6.1.6 HTTP/1.1" 200 5584 "https://as-cp.fr/defiscalisation-66-solutions-reduire-impots-perpignan/" "Mozilla/5.0 (Macintosh; Intel Mac OS X 10_15_7) AppleWebKit/605.1.15 (KHTML, like Gecko) Version/17.4 Safari/605.1.15 (Applebot/0.1; +http://www.apple.com/go/applebot)"
17.241.75.89 - - [24/Jul/2026:07:09:12 +0200] "GET /wp-content/plugins/kiwi-logo-carousel/third-party/jquery.bxslider/jquery.bxslider.js?ver=6.9.4 HTTP/1.1" 200 5143 "https://as-cp.fr/defiscalisation-66-solutions-reduire-impots-perpignan/" "Mozilla/5.0 (Macintosh; Intel Mac OS X 10_15_7) AppleWebKit/605.1.15 (KHTML, like Gecko) Version/17.4 Safari/605.1.15 (Applebot/0.1; +http://www.apple.com/go/applebot)"
17.241.75.89 - - [24/Jul/2026:07:09:13 +0200] "GET /wp-content/plugins/wp-rocket/assets/js/wpr-beacon.min.js HTTP/1.1" 200 5115 "https://as-cp.fr/defiscalisation-66-solutions-reduire-impots-perpignan/" "Mozilla/5.0 (Macintosh; Intel Mac OS X 10_15_7) AppleWebKit/605.1.15 (KHTML, like Gecko) Version/17.4 Safari/605.1.15 (Applebot/0.1; +http://www.apple.com/go/applebot)"
91.134.83.25 - - [24/Jul/2026:07:09:15 +0200] "POST /wp-cron.php?doing_wp_cron=1784869755.5824561119079589843750 HTTP/1.1" 200 5074 "-" "WordPress/6.9.4; https://as-cp.fr"
17.241.75.89 - - [24/Jul/2026:07:09:15 +0200] "POST /wp-admin/admin-ajax.php HTTP/1.1" 200 5483 "https://as-cp.fr/defiscalisation-66-solutions-reduire-impots-perpignan/" "Mozilla/5.0 (Macintosh; Intel Mac OS X 10_15_7) AppleWebKit/605.1.15 (KHTML, like Gecko) Version/17.4 Safari/605.1.15 (Applebot/0.1; +http://www.apple.com/go/applebot)"
17.241.75.89 - - [24/Jul/2026:07:09:16 +0200] "POST /wp-admin/admin-ajax.php HTTP/1.1" 200 5695 "https://as-cp.fr/defiscalisation-66-solutions-reduire-impots-perpignan/" "Mozilla/5.0 (Macintosh; Intel Mac OS X 10_15_7) AppleWebKit/605.1.15 (KHTML, like Gecko) Version/17.4 Safari/605.1.15 (Applebot/0.1; +http://www.apple.com/go/applebot)"
66.249.66.192 - - [24/Jul/2026:07:10:56 +0200] "GET /wp-content/uploads/2024/01/transmettre-des-biens-immobiliers-1-350x230.jpg HTTP/1.1" 200 5113 "-" "Googlebot-Image/1.0"
91.134.83.25 - - [24/Jul/2026:07:15:19 +0200] "POST /wp-cron.php?doing_wp_cron=1784870119.5612850189208984375000 HTTP/1.1" 200 5074 "-" "WordPress/6.9.4; https://as-cp.fr"
103.53.170.39 - - [24/Jul/2026:07:15:19 +0200] "GET /wp-login.php HTTP/1.1" 200 8735 "-" "Mozilla/5.0 (Windows NT 10.0; Win64; x64) AppleWebKit/537.36 (KHTML, like Gecko) Chrome/150.0.0.0 Safari/537.36"
103.53.170.39 - - [24/Jul/2026:07:15:20 +0200] "POST /wp-login.php HTTP/1.1" 200 8910 "https://as-cp.fr/wp-login.php" "Mozilla/5.0 (Windows NT 10.0; Win64; x64) AppleWebKit/537.36 (KHTML, like Gecko) Chrome/150.0.0.0 Safari/537.36"
91.134.83.25 - - [24/Jul/2026:07:20:41 +0200] "POST /wp-cron.php?doing_wp_cron=1784870441.3607530593872070312500 HTTP/1.1" 200 5074 "-" "WordPress/6.9.4; https://as-cp.fr"
52.204.81.148 - - [24/Jul/2026:07:20:41 +0200] "GET /wp-json/oembed/1.0/embed?format=xml&url=https://as-cp.fr/deux-solutions-pour-reduire-son-impot/ HTTP/1.1" 200 6700 "-" "Mozilla/5.0 AppleWebKit/537.36 (KHTML, like Gecko; compatible; Amazonbot/0.1; +https://developer.amazon.com/support/amazonbot) Chrome/119.0.6045.214 Safari/537.36"
91.134.83.25 - - [24/Jul/2026:07:24:20 +0200] "POST /wp-cron.php?doing_wp_cron=1784870660.8888909816741943359375 HTTP/1.1" 200 5074 "-" "WordPress/6.9.4; https://as-cp.fr"
114.119.146.41 - - [24/Jul/2026:07:24:20 +0200] "GET /clause-beneficiaire HTTP/1.1" 301 5071 "https://as-cp.fr/category/successsion/" "Mozilla/5.0 (Linux; Android 7.0;) AppleWebKit/537.36 (HTML, like Gecko) Mobile Safari/537.36 (compatible; PetalBot;+https://webmaster.petalsearch.com/site/petalbot)"
114.119.146.41 - - [24/Jul/2026:07:24:21 +0200] "GET /clause-beneficiaire/ HTTP/1.1" 200 23618 "https://as-cp.fr/category/successsion/" "Mozilla/5.0 (Linux; Android 7.0;) AppleWebKit/537.36 (HTML, like Gecko) Mobile Safari/537.36 (compatible; PetalBot;+https://webmaster.petalsearch.com/site/petalbot)"
91.134.83.25 - - [24/Jul/2026:07:26:18 +0200] "POST /wp-cron.php?doing_wp_cron=1784870778.6761360168457031250000 HTTP/1.1" 200 5074 "-" "WordPress/6.9.4; https://as-cp.fr"
200.127.115.216 - - [24/Jul/2026:07:26:18 +0200] "POST /xmlrpc.php HTTP/1.1" 200 5463 "-" "Mozilla/5.0 (Linux; Android 10; x64) AppleWebKit/537.36 (KHTML, like Gecko) Chrome/107.0.0.0 Safari/537.36"
91.134.83.25 - - [24/Jul/2026:07:28:46 +0200] "POST /wp-cron.php?doing_wp_cron=1784870926.5999100208282470703125 HTTP/1.1" 200 5074 "-" "WordPress/6.9.4; https://as-cp.fr"
200.127.115.216 - - [24/Jul/2026:07:28:46 +0200] "GET /wp-json/wp/v2/users HTTP/1.1" 200 20748 "-" "Mozilla/4.0 (compatible; Win32; WinHttp.WinHttpRequest.5)"
91.134.83.25 - - [24/Jul/2026:07:29:28 +0200] "POST /wp-cron.php?doing_wp_cron=1784870968.0358901023864746093750 HTTP/1.1" 200 5074 "-" "WordPress/6.9.4; https://as-cp.fr"
200.127.115.216 - - [24/Jul/2026:07:29:27 +0200] "POST /xmlrpc.php HTTP/1.1" 200 5463 "-" "Mozilla/5.0 (Linux; Android 10; x64) AppleWebKit/537.36 (KHTML, like Gecko) Chrome/84.0.0.0 Safari/537.36"
91.134.83.25 - - [24/Jul/2026:07:30:01 +0200] "POST /wp-cron.php?doing_wp_cron=1784871001.5103371143341064453125 HTTP/1.1" 200 5074 "-" "WordPress/6.9.4; https://as-cp.fr"
200.127.115.216 - - [24/Jul/2026:07:30:01 +0200] "POST /xmlrpc.php HTTP/1.1" 200 5463 "-" "Mozilla/5.0 (X11; Ubuntu; Linux x86_64; x64) AppleWebKit/537.36 (KHTML, like Gecko) Firefox/86.0.0.0 Safari/537.36"
91.134.83.25 - - [24/Jul/2026:07:30:40 +0200] "POST /wp-cron.php?doing_wp_cron=1784871040.6229889392852783203125 HTTP/1.1" 200 5074 "-" "WordPress/6.9.4; https://as-cp.fr"
200.127.115.216 - - [24/Jul/2026:07:30:40 +0200] "POST /xmlrpc.php HTTP/1.1" 200 5463 "-" "Mozilla/5.0 (Windows NT 6.3; arm64) AppleWebKit/537.36 (KHTML, like Gecko) Opera/68.0.0.0 Safari/537.36"
91.134.83.25 - - [24/Jul/2026:07:30:51 +0200] "POST /wp-cron.php?doing_wp_cron=1784871051.6135909557342529296875 HTTP/1.1" 200 5074 "-" "WordPress/6.9.4; https://as-cp.fr"
57.141.0.2 - - [24/Jul/2026:07:30:51 +0200] "GET /?v=g0o1r5g3o2n1i1z0e382 HTTP/1.1" 200 26377 "-" "Mozilla/5.0 (Macintosh; Intel Mac OS X 10_15_7) AppleWebKit/537.36 (KHTML, like Gecko) Chrome/145.0.0.0 Safari/537.36 (compatible; meta-externalagent/1.1 (+https://developers.facebook.com/docs/sharing/webmasters/crawler))"
57.141.0.1 - - [24/Jul/2026:07:31:04 +0200] "GET /null HTTP/1.1" 301 5197 "https://as-cp.fr/?v=g0o1r5g3o2n1i1z0e382" "Mozilla/5.0 (Macintosh; Intel Mac OS X 10_15_7) AppleWebKit/537.36 (KHTML, like Gecko) Chrome/145.0.0.0 Safari/537.36 (compatible; meta-externalagent/1.1 (+https://developers.facebook.com/docs/sharing/webmasters/crawler))"
57.141.0.36 - - [24/Jul/2026:07:31:04 +0200] "GET / HTTP/1.1" 200 26625 "https://as-cp.fr/?v=g0o1r5g3o2n1i1z0e382" "Mozilla/5.0 (Macintosh; Intel Mac OS X 10_15_7) AppleWebKit/537.36 (KHTML, like Gecko) Chrome/145.0.0.0 Safari/537.36 (compatible; meta-externalagent/1.1 (+https://developers.facebook.com/docs/sharing/webmasters/crawler))"
200.127.115.216 - - [24/Jul/2026:07:31:11 +0200] "POST /xmlrpc.php HTTP/1.1" 200 5463 "-" "Mozilla/5.0 (Windows NT 10.0; x64) AppleWebKit/537.36 (KHTML, like Gecko) Edge/89.0.0.0 Safari/537.36"
91.134.83.25 - - [24/Jul/2026:07:31:47 +0200] "POST /wp-cron.php?doing_wp_cron=1784871107.5978779792785644531250 HTTP/1.1" 200 5074 "-" "WordPress/6.9.4; https://as-cp.fr"
200.127.115.216 - - [24/Jul/2026:07:31:47 +0200] "POST /xmlrpc.php HTTP/1.1" 200 5463 "-" "Mozilla/5.0 (Windows NT 6.2; arm64) AppleWebKit/537.36 (KHTML, like Gecko) Opera/71.0.0.0 Safari/537.36"
91.134.83.25 - - [24/Jul/2026:07:32:28 +0200] "POST /wp-cron.php?doing_wp_cron=1784871148.2704610824584960937500 HTTP/1.1" 200 5074 "-" "WordPress/6.9.4; https://as-cp.fr"
200.127.115.216 - - [24/Jul/2026:07:32:28 +0200] "POST /xmlrpc.php HTTP/1.1" 200 5463 "-" "Mozilla/5.0 (Macintosh; Intel Mac OS X 10_15_7; x86) AppleWebKit/537.36 (KHTML, like Gecko) Opera/78.0.0.0 Safari/537.36"
91.134.83.25 - - [24/Jul/2026:07:33:12 +0200] "POST /wp-cron.php?doing_wp_cron=1784871192.1372039318084716796875 HTTP/1.1" 200 5074 "-" "WordPress/6.9.4; https://as-cp.fr"
200.127.115.216 - - [24/Jul/2026:07:33:11 +0200] "POST /xmlrpc.php HTTP/1.1" 200 5463 "-" "Mozilla/5.0 (Windows NT 10.0; x86) AppleWebKit/537.36 (KHTML, like Gecko) Chrome/90.0.0.0 Safari/537.36"
91.134.83.25 - - [24/Jul/2026:07:33:20 +0200] "POST /wp-cron.php?doing_wp_cron=1784871200.5641169548034667968750 HTTP/1.1" 200 5074 "-" "WordPress/6.9.4; https://as-cp.fr"
65.109.158.145 - - [24/Jul/2026:07:33:20 +0200] "GET /wp-login.php HTTP/1.1" 200 8735 "-" "Mozilla/5.0 (Windows NT 10.0; Win64; x64) AppleWebKit/537.36 (KHTML, like Gecko) Chrome/150.0.0.0 Safari/537.36"
65.109.158.145 - - [24/Jul/2026:07:33:20 +0200] "POST /wp-login.php HTTP/1.1" 200 8911 "https://as-cp.fr/wp-login.php" "Mozilla/5.0 (Windows NT 10.0; Win64; x64) AppleWebKit/537.36 (KHTML, like Gecko) Chrome/150.0.0.0 Safari/537.36"
91.134.83.25 - - [24/Jul/2026:07:33:48 +0200] "POST /wp-cron.php?doing_wp_cron=1784871228.1943531036376953125000 HTTP/1.1" 200 5074 "-" "WordPress/6.9.4; https://as-cp.fr"
200.127.115.216 - - [24/Jul/2026:07:33:48 +0200] "POST /xmlrpc.php HTTP/1.1" 200 5463 "-" "Mozilla/5.0 (Macintosh; Intel Mac OS X 10_15_7; arm64) AppleWebKit/537.36 (KHTML, like Gecko) Safari/13.0.0.0 Safari/537.36"
91.134.83.25 - - [24/Jul/2026:07:34:31 +0200] "POST /wp-cron.php?doing_wp_cron=1784871271.3586580753326416015625 HTTP/1.1" 200 5074 "-" "WordPress/6.9.4; https://as-cp.fr"
200.127.115.216 - - [24/Jul/2026:07:34:31 +0200] "POST /xmlrpc.php HTTP/1.1" 200 5463 "-" "Mozilla/5.0 (Windows NT 6.2; arm64) AppleWebKit/537.36 (KHTML, like Gecko) Firefox/82.0.0.0 Safari/537.36"
91.134.83.25 - - [24/Jul/2026:07:35:12 +0200] "POST /wp-cron.php?doing_wp_cron=1784871312.3496189117431640625000 HTTP/1.1" 200 5074 "-" "WordPress/6.9.4; https://as-cp.fr"
200.127.115.216 - - [24/Jul/2026:07:35:12 +0200] "POST /xmlrpc.php HTTP/1.1" 200 5463 "-" "Mozilla/5.0 (X11; Ubuntu; Linux x86_64; x64) AppleWebKit/537.36 (KHTML, like Gecko) Opera/80.0.0.0 Safari/537.36"
91.134.83.25 - - [24/Jul/2026:07:36:01 +0200] "POST /wp-cron.php?doing_wp_cron=1784871361.1826329231262207031250 HTTP/1.1" 200 5074 "-" "WordPress/6.9.4; https://as-cp.fr"
200.127.115.216 - - [24/Jul/2026:07:36:00 +0200] "POST /xmlrpc.php HTTP/1.1" 200 5463 "-" "Mozilla/5.0 (Windows NT 10.0; x86) AppleWebKit/537.36 (KHTML, like Gecko) Opera/77.0.0.0 Safari/537.36"
91.134.83.25 - - [24/Jul/2026:07:36:40 +0200] "POST /wp-cron.php?doing_wp_cron=1784871400.2958300113677978515625 HTTP/1.1" 200 5074 "-" "WordPress/6.9.4; https://as-cp.fr"
200.127.115.216 - - [24/Jul/2026:07:36:40 +0200] "POST /xmlrpc.php HTTP/1.1" 200 5463 "-" "Mozilla/5.0 (Windows NT 6.2; x64) AppleWebKit/537.36 (KHTML, like Gecko) Firefox/74.0.0.0 Safari/537.36"
91.134.83.25 - - [24/Jul/2026:07:37:24 +0200] "POST /wp-cron.php?doing_wp_cron=1784871444.4377899169921875000000 HTTP/1.1" 200 5074 "-" "WordPress/6.9.4; https://as-cp.fr"
200.127.115.216 - - [24/Jul/2026:07:37:24 +0200] "POST /xmlrpc.php HTTP/1.1" 200 5463 "-" "Mozilla/5.0 (Windows NT 10.0; x64) AppleWebKit/537.36 (KHTML, like Gecko) Edge/100.0.0.0 Safari/537.36"
91.134.83.25 - - [24/Jul/2026:07:38:03 +0200] "POST /wp-cron.php?doing_wp_cron=1784871483.2454769611358642578125 HTTP/1.1" 200 5074 "-" "WordPress/6.9.4; https://as-cp.fr"
200.127.115.216 - - [24/Jul/2026:07:38:03 +0200] "POST /xmlrpc.php HTTP/1.1" 200 5463 "-" "Mozilla/5.0 (Windows NT 6.3; x86) AppleWebKit/537.36 (KHTML, like Gecko) Chrome/92.0.0.0 Safari/537.36"
91.134.83.25 - - [24/Jul/2026:07:38:45 +0200] "POST /wp-cron.php?doing_wp_cron=1784871525.1192779541015625000000 HTTP/1.1" 200 5074 "-" "WordPress/6.9.4; https://as-cp.fr"
200.127.115.216 - - [24/Jul/2026:07:38:44 +0200] "POST /xmlrpc.php HTTP/1.1" 200 5463 "-" "Mozilla/5.0 (Macintosh; Intel Mac OS X 10_15_7; x86) AppleWebKit/537.36 (KHTML, like Gecko) Opera/62.0.0.0 Safari/537.36"
91.134.83.25 - - [24/Jul/2026:07:39:20 +0200] "POST /wp-cron.php?doing_wp_cron=1784871560.1206099987030029296875 HTTP/1.1" 200 5074 "-" "WordPress/6.9.4; https://as-cp.fr"
200.127.115.216 - - [24/Jul/2026:07:39:19 +0200] "POST /xmlrpc.php HTTP/1.1" 200 5463 "-" "Mozilla/5.0 (Windows NT 10.0; arm64) AppleWebKit/537.36 (KHTML, like Gecko) Chrome/96.0.0.0 Safari/537.36"
91.134.83.25 - - [24/Jul/2026:07:39:49 +0200] "POST /wp-cron.php?doing_wp_cron=1784871589.7176361083984375000000 HTTP/1.1" 200 5074 "-" "WordPress/6.9.4; https://as-cp.fr"
200.127.115.216 - - [24/Jul/2026:07:39:49 +0200] "POST /xmlrpc.php HTTP/1.1" 200 5463 "-" "Mozilla/5.0 (Macintosh; Intel Mac OS X 10_15_7; x64) AppleWebKit/537.36 (KHTML, like Gecko) Edge/94.0.0.0 Safari/537.36"
200.127.115.216 - - [24/Jul/2026:07:40:15 +0200] "POST /xmlrpc.php HTTP/1.1" 200 5463 "-" "Mozilla/5.0 (Linux; Android 10; arm64) AppleWebKit/537.36 (KHTML, like Gecko) Safari/11.0.0.0 Safari/537.36"
91.134.83.25 - - [24/Jul/2026:07:40:42 +0200] "POST /wp-cron.php?doing_wp_cron=1784871642.7666940689086914062500 HTTP/1.1" 200 5074 "-" "WordPress/6.9.4; https://as-cp.fr"
200.127.115.216 - - [24/Jul/2026:07:40:42 +0200] "POST /xmlrpc.php HTTP/1.1" 200 5463 "-" "Mozilla/5.0 (X11; Ubuntu; Linux x86_64; x86) AppleWebKit/537.36 (KHTML, like Gecko) Opera/67.0.0.0 Safari/537.36"
91.134.83.25 - - [24/Jul/2026:07:41:13 +0200] "POST /wp-cron.php?doing_wp_cron=1784871673.0426840782165527343750 HTTP/1.1" 200 5074 "-" "WordPress/6.9.4; https://as-cp.fr"
200.127.115.216 - - [24/Jul/2026:07:41:12 +0200] "POST /xmlrpc.php HTTP/1.1" 200 5463 "-" "Mozilla/5.0 (Windows NT 10.0; x64) AppleWebKit/537.36 (KHTML, like Gecko) Chrome/85.0.0.0 Safari/537.36"
91.134.83.25 - - [24/Jul/2026:07:41:41 +0200] "POST /wp-cron.php?doing_wp_cron=1784871701.1697149276733398437500 HTTP/1.1" 200 5074 "-" "WordPress/6.9.4; https://as-cp.fr"
200.127.115.216 - - [24/Jul/2026:07:41:41 +0200] "POST /xmlrpc.php HTTP/1.1" 200 5463 "-" "Mozilla/5.0 (Linux; Android 10; x86) AppleWebKit/537.36 (KHTML, like Gecko) Edge/81.0.0.0 Safari/537.36"
91.134.83.25 - - [24/Jul/2026:07:42:05 +0200] "POST /wp-cron.php?doing_wp_cron=1784871725.4393260478973388671875 HTTP/1.1" 200 5074 "-" "WordPress/6.9.4; https://as-cp.fr"
200.127.115.216 - - [24/Jul/2026:07:42:05 +0200] "POST /xmlrpc.php HTTP/1.1" 200 5463 "-" "Mozilla/5.0 (X11; Ubuntu; Linux x86_64; x64) AppleWebKit/537.36 (KHTML, like Gecko) Firefox/70.0.0.0 Safari/537.36"
45.131.193.154 - - [24/Jul/2026:07:42:07 +0200] "GET /wp-login.php HTTP/1.1" 200 8735 "-" "Mozilla/5.0 (Windows NT 10.0; Win64; rv:143.0) Gecko/20100101 Firefox/143.0"
45.131.193.154 - - [24/Jul/2026:07:42:09 +0200] "GET /?author=1 HTTP/1.1" 301 5066 "-" "Mozilla/5.0 (Windows NT 10.0; Win64; rv:143.0) Gecko/20100101 Firefox/143.0"
45.131.193.154 - - [24/Jul/2026:07:42:10 +0200] "GET /?rest_route=/wp/v2/users HTTP/1.1" 200 7523 "-" "Mozilla/5.0 (Macintosh; Intel Mac OS X 10_15_7) AppleWebKit/605.1.15 Version/17.0 Safari/605.1.15"
45.131.193.154 - - [24/Jul/2026:07:42:11 +0200] "GET /?author=2 HTTP/1.1" 301 5069 "-" "Mozilla/5.0 (Windows NT 10.0; Win64; rv:143.0) Gecko/20100101 Firefox/143.0"
45.131.193.154 - - [24/Jul/2026:07:42:11 +0200] "GET /?rest_route=/wp/v2/users HTTP/1.1" 200 7523 "-" "Mozilla/5.0 (Macintosh; Intel Mac OS X 10_15_7) AppleWebKit/605.1.15 Version/17.0 Safari/605.1.15"
45.131.193.154 - - [24/Jul/2026:07:42:12 +0200] "GET /?author=3 HTTP/1.1" 301 5197 "-" "Mozilla/5.0 (Windows NT 10.0; Win64; x64) AppleWebKit/537.36 Chrome/129.0.0.0 Safari/537.36"
45.131.193.154 - - [24/Jul/2026:07:42:13 +0200] "GET /?rest_route=/wp/v2/users HTTP/1.1" 200 7523 "-" "Mozilla/5.0 (Macintosh; Intel Mac OS X 10_15_7) AppleWebKit/605.1.15 Version/17.0 Safari/605.1.15"
91.134.83.25 - - [24/Jul/2026:07:42:33 +0200] "POST /wp-cron.php?doing_wp_cron=1784871753.2191948890686035156250 HTTP/1.1" 200 5074 "-" "WordPress/6.9.4; https://as-cp.fr"
200.127.115.216 - - [24/Jul/2026:07:42:33 +0200] "POST /xmlrpc.php HTTP/1.1" 200 5463 "-" "Mozilla/5.0 (Windows NT 6.3; x64) AppleWebKit/537.36 (KHTML, like Gecko) Edge/88.0.0.0 Safari/537.36"
91.134.83.25 - - [24/Jul/2026:07:42:57 +0200] "POST /wp-cron.php?doing_wp_cron=1784871777.8881258964538574218750 HTTP/1.1" 200 5074 "-" "WordPress/6.9.4; https://as-cp.fr"
114.119.138.77 - - [24/Jul/2026:07:42:57 +0200] "GET /loi-de-finances-2024-gestionnaire-de-patrimoine-perpignan HTTP/1.1" 301 5109 "https://as-cp.fr/loi-de-finances-2024-gestionnaire-de-patrimoine-perpignan" "Mozilla/5.0 (Linux; Android 7.0;) AppleWebKit/537.36 (HTML, like Gecko) Mobile Safari/537.36 (compatible; PetalBot;+https://webmaster.petalsearch.com/site/petalbot)"
114.119.138.77 - - [24/Jul/2026:07:42:58 +0200] "GET /loi-de-finances-2024-gestionnaire-de-patrimoine-perpignan/ HTTP/1.1" 200 23682 "https://as-cp.fr/loi-de-finances-2024-gestionnaire-de-patrimoine-perpignan" "Mozilla/5.0 (Linux; Android 7.0;) AppleWebKit/537.36 (HTML, like Gecko) Mobile Safari/537.36 (compatible; PetalBot;+https://webmaster.petalsearch.com/site/petalbot)"
200.127.115.216 - - [24/Jul/2026:07:43:02 +0200] "POST /xmlrpc.php HTTP/1.1" 200 5463 "-" "Mozilla/5.0 (Macintosh; Intel Mac OS X 10_15_7; x86) AppleWebKit/537.36 (KHTML, like Gecko) Safari/12.0.0.0 Safari/537.36"
91.134.83.25 - - [24/Jul/2026:07:43:26 +0200] "POST /wp-cron.php?doing_wp_cron=1784871806.8984050750732421875000 HTTP/1.1" 200 5074 "-" "WordPress/6.9.4; https://as-cp.fr"
200.127.115.216 - - [24/Jul/2026:07:43:26 +0200] "POST /xmlrpc.php HTTP/1.1" 200 5463 "-" "Mozilla/5.0 (Macintosh; Intel Mac OS X 10_15_7; x86) AppleWebKit/537.36 (KHTML, like Gecko) Edge/86.0.0.0 Safari/537.36"
91.134.83.25 - - [24/Jul/2026:07:43:58 +0200] "POST /wp-cron.php?doing_wp_cron=1784871838.8879449367523193359375 HTTP/1.1" 200 5074 "-" "WordPress/6.9.4; https://as-cp.fr"
200.127.115.216 - - [24/Jul/2026:07:43:58 +0200] "POST /xmlrpc.php HTTP/1.1" 200 5463 "-" "Mozilla/5.0 (Windows NT 6.3; x64) AppleWebKit/537.36 (KHTML, like Gecko) Firefox/73.0.0.0 Safari/537.36"
114.119.134.107 - - [24/Jul/2026:07:44:20 +0200] "GET /assurance-obseques-a-perpignan-pourquoi-prevoir-ses-obseques-a-lavance/ HTTP/1.1" 200 23953 "https://as-cp.fr/nos-actualites/page/2" "Mozilla/5.0 (Linux; Android 7.0;) AppleWebKit/537.36 (HTML, like Gecko) Mobile Safari/537.36 (compatible; PetalBot;+https://webmaster.petalsearch.com/site/petalbot)"
91.134.83.25 - - [24/Jul/2026:07:44:29 +0200] "POST /wp-cron.php?doing_wp_cron=1784871869.6734669208526611328125 HTTP/1.1" 200 5074 "-" "WordPress/6.9.4; https://as-cp.fr"
200.127.115.216 - - [24/Jul/2026:07:44:29 +0200] "POST /xmlrpc.php HTTP/1.1" 200 5463 "-" "Mozilla/5.0 (Windows NT 10.0; arm64) AppleWebKit/537.36 (KHTML, like Gecko) Safari/10.0.0.0 Safari/537.36"
91.134.83.25 - - [24/Jul/2026:07:44:59 +0200] "POST /wp-cron.php?doing_wp_cron=1784871899.7081699371337890625000 HTTP/1.1" 200 5074 "-" "WordPress/6.9.4; https://as-cp.fr"
200.127.115.216 - - [24/Jul/2026:07:44:59 +0200] "POST /xmlrpc.php HTTP/1.1" 200 5463 "-" "Mozilla/5.0 (Linux; Android 10; x86) AppleWebKit/537.36 (KHTML, like Gecko) Safari/11.0.0.0 Safari/537.36"
91.134.83.25 - - [24/Jul/2026:07:45:28 +0200] "POST /wp-cron.php?doing_wp_cron=1784871928.4548559188842773437500 HTTP/1.1" 200 5074 "-" "WordPress/6.9.4; https://as-cp.fr"
200.127.115.216 - - [24/Jul/2026:07:45:27 +0200] "POST /xmlrpc.php HTTP/1.1" 200 5463 "-" "Mozilla/5.0 (X11; Ubuntu; Linux x86_64; x64) AppleWebKit/537.36 (KHTML, like Gecko) Safari/10.0.0.0 Safari/537.36"
91.134.83.25 - - [24/Jul/2026:07:45:57 +0200] "POST /wp-cron.php?doing_wp_cron=1784871957.1926128864288330078125 HTTP/1.1" 200 5074 "-" "WordPress/6.9.4; https://as-cp.fr"
200.127.115.216 - - [24/Jul/2026:07:45:57 +0200] "POST /xmlrpc.php HTTP/1.1" 200 5463 "-" "Mozilla/5.0 (Windows NT 10.0; x86) AppleWebKit/537.36 (KHTML, like Gecko) Opera/64.0.0.0 Safari/537.36"
91.134.83.25 - - [24/Jul/2026:07:46:25 +0200] "POST /wp-cron.php?doing_wp_cron=1784871984.9942240715026855468750 HTTP/1.1" 200 5074 "-" "WordPress/6.9.4; https://as-cp.fr"
200.127.115.216 - - [24/Jul/2026:07:46:24 +0200] "POST /xmlrpc.php HTTP/1.1" 200 5463 "-" "Mozilla/5.0 (Macintosh; Intel Mac OS X 10_15_7; x86) AppleWebKit/537.36 (KHTML, like Gecko) Opera/78.0.0.0 Safari/537.36"
91.134.83.25 - - [24/Jul/2026:07:46:50 +0200] "POST /wp-cron.php?doing_wp_cron=1784872010.2976269721984863281250 HTTP/1.1" 200 5074 "-" "WordPress/6.9.4; https://as-cp.fr"
200.127.115.216 - - [24/Jul/2026:07:46:50 +0200] "POST /xmlrpc.php HTTP/1.1" 200 5463 "-" "Mozilla/5.0 (Windows NT 6.2; x86) AppleWebKit/537.36 (KHTML, like Gecko) Firefox/86.0.0.0 Safari/537.36"
200.127.115.216 - - [24/Jul/2026:07:47:15 +0200] "POST /xmlrpc.php HTTP/1.1" 200 5463 "-" "Mozilla/5.0 (Macintosh; Intel Mac OS X 10_15_7; arm64) AppleWebKit/537.36 (KHTML, like Gecko) Chrome/89.0.0.0 Safari/537.36"
91.134.83.25 - - [24/Jul/2026:07:47:41 +0200] "POST /wp-cron.php?doing_wp_cron=1784872061.8358049392700195312500 HTTP/1.1" 200 5074 "-" "WordPress/6.9.4; https://as-cp.fr"
200.127.115.216 - - [24/Jul/2026:07:47:41 +0200] "POST /xmlrpc.php HTTP/1.1" 200 5463 "-" "Mozilla/5.0 (X11; Ubuntu; Linux x86_64; x86) AppleWebKit/537.36 (KHTML, like Gecko) Chrome/114.0.0.0 Safari/537.36"
91.134.83.25 - - [24/Jul/2026:07:48:06 +0200] "POST /wp-cron.php?doing_wp_cron=1784872086.1335380077362060546875 HTTP/1.1" 200 5074 "-" "WordPress/6.9.4; https://as-cp.fr"
200.127.115.216 - - [24/Jul/2026:07:48:05 +0200] "POST /xmlrpc.php HTTP/1.1" 200 5463 "-" "Mozilla/5.0 (Macintosh; Intel Mac OS X 10_15_7; arm64) AppleWebKit/537.36 (KHTML, like Gecko) Opera/69.0.0.0 Safari/537.36"
91.134.83.25 - - [24/Jul/2026:07:48:31 +0200] "POST /wp-cron.php?doing_wp_cron=1784872111.6741659641265869140625 HTTP/1.1" 200 5074 "-" "WordPress/6.9.4; https://as-cp.fr"
200.127.115.216 - - [24/Jul/2026:07:48:31 +0200] "POST /xmlrpc.php HTTP/1.1" 200 5463 "-" "Mozilla/5.0 (Macintosh; Intel Mac OS X 10_15_7; x86) AppleWebKit/537.36 (KHTML, like Gecko) Opera/71.0.0.0 Safari/537.36"
91.134.83.25 - - [24/Jul/2026:07:48:59 +0200] "POST /wp-cron.php?doing_wp_cron=1784872139.2354071140289306640625 HTTP/1.1" 200 5074 "-" "WordPress/6.9.4; https://as-cp.fr"
200.127.115.216 - - [24/Jul/2026:07:48:59 +0200] "POST /xmlrpc.php HTTP/1.1" 200 5463 "-" "Mozilla/5.0 (Windows NT 6.2; x86) AppleWebKit/537.36 (KHTML, like Gecko) Firefox/78.0.0.0 Safari/537.36"
91.134.83.25 - - [24/Jul/2026:07:49:25 +0200] "POST /wp-cron.php?doing_wp_cron=1784872165.1212859153747558593750 HTTP/1.1" 200 5074 "-" "WordPress/6.9.4; https://as-cp.fr"
200.127.115.216 - - [24/Jul/2026:07:49:24 +0200] "POST /xmlrpc.php HTTP/1.1" 200 5463 "-" "Mozilla/5.0 (Windows NT 6.3; x86) AppleWebKit/537.36 (KHTML, like Gecko) Opera/79.0.0.0 Safari/537.36"
91.134.83.25 - - [24/Jul/2026:07:49:53 +0200] "POST /wp-cron.php?doing_wp_cron=1784872193.4278619289398193359375 HTTP/1.1" 200 5074 "-" "WordPress/6.9.4; https://as-cp.fr"
200.127.115.216 - - [24/Jul/2026:07:49:53 +0200] "POST /xmlrpc.php HTTP/1.1" 200 5463 "-" "Mozilla/5.0 (Windows NT 6.3; x86) AppleWebKit/537.36 (KHTML, like Gecko) Chrome/92.0.0.0 Safari/537.36"
200.127.115.216 - - [24/Jul/2026:07:50:17 +0200] "POST /xmlrpc.php HTTP/1.1" 200 5463 "-" "Mozilla/5.0 (X11; Ubuntu; Linux x86_64; arm64) AppleWebKit/537.36 (KHTML, like Gecko) Safari/10.0.0.0 Safari/537.36"
91.134.83.25 - - [24/Jul/2026:07:50:41 +0200] "POST /wp-cron.php?doing_wp_cron=1784872241.1340689659118652343750 HTTP/1.1" 200 5074 "-" "WordPress/6.9.4; https://as-cp.fr"
200.127.115.216 - - [24/Jul/2026:07:50:40 +0200] "POST /xmlrpc.php HTTP/1.1" 200 5463 "-" "Mozilla/5.0 (Windows NT 6.2; x86) AppleWebKit/537.36 (KHTML, like Gecko) Chrome/92.0.0.0 Safari/537.36"
91.134.83.25 - - [24/Jul/2026:07:51:05 +0200] "POST /wp-cron.php?doing_wp_cron=1784872265.9277369976043701171875 HTTP/1.1" 200 5074 "-" "WordPress/6.9.4; https://as-cp.fr"
200.127.115.216 - - [24/Jul/2026:07:51:05 +0200] "POST /xmlrpc.php HTTP/1.1" 200 5463 "-" "Mozilla/5.0 (Linux; Android 10; x86) AppleWebKit/537.36 (KHTML, like Gecko) Chrome/84.0.0.0 Safari/537.36"
57.141.0.1 - - [24/Jul/2026:07:51:13 +0200] "GET /?v=c6o9l6e6m6i5e1280 HTTP/1.1" 200 26378 "-" "Mozilla/5.0 (Windows NT 10.0; Win64; x64) AppleWebKit/537.36 (KHTML, like Gecko) Chrome/145.0.0.0 Safari/537.36 (compatible; meta-externalagent/1.1 (+https://developers.facebook.com/docs/sharing/webmasters/crawler))"
57.141.0.64 - - [24/Jul/2026:07:51:25 +0200] "GET /null HTTP/1.1" 301 5197 "https://as-cp.fr/?v=c6o9l6e6m6i5e1280" "Mozilla/5.0 (Windows NT 10.0; Win64; x64) AppleWebKit/537.36 (KHTML, like Gecko) Chrome/145.0.0.0 Safari/537.36 (compatible; meta-externalagent/1.1 (+https://developers.facebook.com/docs/sharing/webmasters/crawler))"
91.134.83.25 - - [24/Jul/2026:07:51:25 +0200] "POST /wp-cron.php?doing_wp_cron=1784872285.8312261104583740234375 HTTP/1.1" 200 5074 "-" "WordPress/6.9.4; https://as-cp.fr"
200.127.115.216 - - [24/Jul/2026:07:51:32 +0200] "POST /xmlrpc.php HTTP/1.1" 200 5463 "-" "Mozilla/5.0 (Macintosh; Intel Mac OS X 10_15_7; x86) AppleWebKit/537.36 (KHTML, like Gecko) Edge/81.0.0.0 Safari/537.36"
91.134.83.25 - - [24/Jul/2026:07:51:55 +0200] "POST /wp-cron.php?doing_wp_cron=1784872315.5510849952697753906250 HTTP/1.1" 200 5074 "-" "WordPress/6.9.4; https://as-cp.fr"
200.127.115.216 - - [24/Jul/2026:07:51:55 +0200] "POST /xmlrpc.php HTTP/1.1" 200 5463 "-" "Mozilla/5.0 (X11; Ubuntu; Linux x86_64; x86) AppleWebKit/537.36 (KHTML, like Gecko) Edge/90.0.0.0 Safari/537.36"
91.134.83.25 - - [24/Jul/2026:07:52:21 +0200] "POST /wp-cron.php?doing_wp_cron=1784872341.3707120418548583984375 HTTP/1.1" 200 5074 "-" "WordPress/6.9.4; https://as-cp.fr"
200.127.115.216 - - [24/Jul/2026:07:52:21 +0200] "POST /xmlrpc.php HTTP/1.1" 200 5463 "-" "Mozilla/5.0 (Windows NT 6.2; x64) AppleWebKit/537.36 (KHTML, like Gecko) Firefox/81.0.0.0 Safari/537.36"
91.134.83.25 - - [24/Jul/2026:07:52:47 +0200] "POST /wp-cron.php?doing_wp_cron=1784872367.4844329357147216796875 HTTP/1.1" 200 5074 "-" "WordPress/6.9.4; https://as-cp.fr"
200.127.115.216 - - [24/Jul/2026:07:52:47 +0200] "POST /xmlrpc.php HTTP/1.1" 200 5463 "-" "Mozilla/5.0 (Windows NT 10.0; x86) AppleWebKit/537.36 (KHTML, like Gecko) Opera/60.0.0.0 Safari/537.36"
200.127.115.216 - - [24/Jul/2026:07:53:11 +0200] "POST /xmlrpc.php HTTP/1.1" 200 5463 "-" "Mozilla/5.0 (Windows NT 6.3; arm64) AppleWebKit/537.36 (KHTML, like Gecko) Safari/15.0.0.0 Safari/537.36"
91.134.83.25 - - [24/Jul/2026:07:53:35 +0200] "POST /wp-cron.php?doing_wp_cron=1784872415.0068359375000000000000 HTTP/1.1" 200 5074 "-" "WordPress/6.9.4; https://as-cp.fr"
5.161.225.162 - - [24/Jul/2026:07:53:34 +0200] "GET /wp-login.php HTTP/1.1" 200 8735 "-" "Mozilla/5.0 (Windows NT 10.0; Win64; x64) AppleWebKit/537.36 (KHTML, like Gecko) Chrome/150.0.0.0 Safari/537.36"
200.127.115.216 - - [24/Jul/2026:07:53:37 +0200] "POST /xmlrpc.php HTTP/1.1" 200 5463 "-" "Mozilla/5.0 (Windows NT 6.3; x64) AppleWebKit/537.36 (KHTML, like Gecko) Chrome/104.0.0.0 Safari/537.36"
5.161.225.162 - - [24/Jul/2026:07:53:38 +0200] "POST /wp-login.php HTTP/1.1" 200 8911 "https://as-cp.fr/wp-login.php" "Mozilla/5.0 (Windows NT 10.0; Win64; x64) AppleWebKit/537.36 (KHTML, like Gecko) Chrome/150.0.0.0 Safari/537.36"
91.134.83.25 - - [24/Jul/2026:07:54:06 +0200] "POST /wp-cron.php?doing_wp_cron=1784872446.0170080661773681640625 HTTP/1.1" 200 5074 "-" "WordPress/6.9.4; https://as-cp.fr"
200.127.115.216 - - [24/Jul/2026:07:54:05 +0200] "POST /xmlrpc.php HTTP/1.1" 200 5463 "-" "Mozilla/5.0 (Windows NT 6.2; arm64) AppleWebKit/537.36 (KHTML, like Gecko) Chrome/108.0.0.0 Safari/537.36"
91.134.83.25 - - [24/Jul/2026:07:54:35 +0200] "POST /wp-cron.php?doing_wp_cron=1784872475.5529239177703857421875 HTTP/1.1" 200 5074 "-" "WordPress/6.9.4; https://as-cp.fr"
200.127.115.216 - - [24/Jul/2026:07:54:35 +0200] "POST /xmlrpc.php HTTP/1.1" 200 5463 "-" "Mozilla/5.0 (Windows NT 6.3; x64) AppleWebKit/537.36 (KHTML, like Gecko) Firefox/73.0.0.0 Safari/537.36"
91.134.83.25 - - [24/Jul/2026:07:54:48 +0200] "POST /wp-cron.php?doing_wp_cron=1784872488.3205039501190185546875 HTTP/1.1" 200 5074 "-" "WordPress/6.9.4; https://as-cp.fr"
43.159.148.45 - - [24/Jul/2026:07:54:48 +0200] "GET / HTTP/1.1" 301 5051 "-" "Mozilla/5.0 (Windows NT 10.0; Win64; x64) AppleWebKit/537.36 (KHTML, like Gecko) Chrome/134.0.0.0 Safari/537.36 Edg/134.0.0.0"
200.127.115.216 - - [24/Jul/2026:07:54:59 +0200] "POST /xmlrpc.php HTTP/1.1" 200 5463 "-" "Mozilla/5.0 (Macintosh; Intel Mac OS X 10_15_7; x86) AppleWebKit/537.36 (KHTML, like Gecko) Chrome/100.0.0.0 Safari/537.36"
91.134.83.25 - - [24/Jul/2026:07:55:27 +0200] "POST /wp-cron.php?doing_wp_cron=1784872527.2019939422607421875000 HTTP/1.1" 200 5074 "-" "WordPress/6.9.4; https://as-cp.fr"
200.127.115.216 - - [24/Jul/2026:07:55:27 +0200] "POST /xmlrpc.php HTTP/1.1" 200 5463 "-" "Mozilla/5.0 (X11; Ubuntu; Linux x86_64; arm64) AppleWebKit/537.36 (KHTML, like Gecko) Safari/13.0.0.0 Safari/537.36"
91.134.83.25 - - [24/Jul/2026:07:55:53 +0200] "POST /wp-cron.php?doing_wp_cron=1784872553.9101688861846923828125 HTTP/1.1" 200 5074 "-" "WordPress/6.9.4; https://as-cp.fr"
200.127.115.216 - - [24/Jul/2026:07:55:53 +0200] "POST /xmlrpc.php HTTP/1.1" 200 5463 "-" "Mozilla/5.0 (Windows NT 10.0; arm64) AppleWebKit/537.36 (KHTML, like Gecko) Firefox/89.0.0.0 Safari/537.36"
200.127.115.216 - - [24/Jul/2026:07:56:16 +0200] "POST /xmlrpc.php HTTP/1.1" 200 5463 "-" "Mozilla/5.0 (Windows NT 6.3; x86) AppleWebKit/537.36 (KHTML, like Gecko) Firefox/80.0.0.0 Safari/537.36"
91.134.83.25 - - [24/Jul/2026:07:56:43 +0200] "POST /wp-cron.php?doing_wp_cron=1784872603.2358410358428955078125 HTTP/1.1" 200 5074 "-" "WordPress/6.9.4; https://as-cp.fr"
200.127.115.216 - - [24/Jul/2026:07:56:43 +0200] "POST /xmlrpc.php HTTP/1.1" 200 5463 "-" "Mozilla/5.0 (X11; Ubuntu; Linux x86_64; x64) AppleWebKit/537.36 (KHTML, like Gecko) Edge/91.0.0.0 Safari/537.36"
200.127.115.216 - - [24/Jul/2026:07:57:06 +0200] "POST /xmlrpc.php HTTP/1.1" 200 5463 "-" "Mozilla/5.0 (Windows NT 10.0; x86) AppleWebKit/537.36 (KHTML, like Gecko) Safari/12.0.0.0 Safari/537.36"
91.134.83.25 - - [24/Jul/2026:07:57:30 +0200] "POST /wp-cron.php?doing_wp_cron=1784872650.4921510219573974609375 HTTP/1.1" 200 5074 "-" "WordPress/6.9.4; https://as-cp.fr"
200.127.115.216 - - [24/Jul/2026:07:57:30 +0200] "POST /xmlrpc.php HTTP/1.1" 200 5463 "-" "Mozilla/5.0 (Windows NT 6.3; x86) AppleWebKit/537.36 (KHTML, like Gecko) Edge/82.0.0.0 Safari/537.36"
91.134.83.25 - - [24/Jul/2026:07:57:54 +0200] "POST /wp-cron.php?doing_wp_cron=1784872674.3684370517730712890625 HTTP/1.1" 200 5074 "-" "WordPress/6.9.4; https://as-cp.fr"
200.127.115.216 - - [24/Jul/2026:07:57:54 +0200] "POST /xmlrpc.php HTTP/1.1" 200 5463 "-" "Mozilla/5.0 (X11; Ubuntu; Linux x86_64; x86) AppleWebKit/537.36 (KHTML, like Gecko) Edge/95.0.0.0 Safari/537.36"
200.127.115.216 - - [24/Jul/2026:07:58:16 +0200] "POST /xmlrpc.php HTTP/1.1" 200 5463 "-" "Mozilla/5.0 (Linux; Android 10; x64) AppleWebKit/537.36 (KHTML, like Gecko) Edge/98.0.0.0 Safari/537.36"
91.134.83.25 - - [24/Jul/2026:07:58:42 +0200] "POST /wp-cron.php?doing_wp_cron=1784872722.3315649032592773437500 HTTP/1.1" 200 5074 "-" "WordPress/6.9.4; https://as-cp.fr"
200.127.115.216 - - [24/Jul/2026:07:58:42 +0200] "POST /xmlrpc.php HTTP/1.1" 200 5463 "-" "Mozilla/5.0 (Windows NT 10.0; x64) AppleWebKit/537.36 (KHTML, like Gecko) Chrome/83.0.0.0 Safari/537.36"
91.134.83.25 - - [24/Jul/2026:07:59:11 +0200] "POST /wp-cron.php?doing_wp_cron=1784872751.0716810226440429687500 HTTP/1.1" 200 5074 "-" "WordPress/6.9.4; https://as-cp.fr"
200.127.115.216 - - [24/Jul/2026:07:59:10 +0200] "POST /xmlrpc.php HTTP/1.1" 200 5463 "-" "Mozilla/5.0 (Linux; Android 10; x86) AppleWebKit/537.36 (KHTML, like Gecko) Edge/84.0.0.0 Safari/537.36"
91.134.83.25 - - [24/Jul/2026:07:59:35 +0200] "POST /wp-cron.php?doing_wp_cron=1784872775.3980009555816650390625 HTTP/1.1" 200 5074 "-" "WordPress/6.9.4; https://as-cp.fr"
200.127.115.216 - - [24/Jul/2026:07:59:35 +0200] "POST /xmlrpc.php HTTP/1.1" 200 5463 "-" "Mozilla/5.0 (Macintosh; Intel Mac OS X 10_15_7; arm64) AppleWebKit/537.36 (KHTML, like Gecko) Edge/98.0.0.0 Safari/537.36"
91.134.83.25 - - [24/Jul/2026:07:59:58 +0200] "POST /wp-cron.php?doing_wp_cron=1784872798.7868111133575439453125 HTTP/1.1" 200 5074 "-" "WordPress/6.9.4; https://as-cp.fr"
200.127.115.216 - - [24/Jul/2026:07:59:58 +0200] "POST /xmlrpc.php HTTP/1.1" 200 5463 "-" "Mozilla/5.0 (Macintosh; Intel Mac OS X 10_15_7; x86) AppleWebKit/537.36 (KHTML, like Gecko) Chrome/82.0.0.0 Safari/537.36"
91.134.83.25 - - [24/Jul/2026:08:00:30 +0200] "POST /wp-cron.php?doing_wp_cron=1784872830.0406100749969482421875 HTTP/1.1" 200 5074 "-" "WordPress/6.9.4; https://as-cp.fr"
200.127.115.216 - - [24/Jul/2026:08:00:29 +0200] "POST /xmlrpc.php HTTP/1.1" 200 5463 "-" "Mozilla/5.0 (X11; Ubuntu; Linux x86_64; x64) AppleWebKit/537.36 (KHTML, like Gecko) Chrome/80.0.0.0 Safari/537.36"
91.134.83.25 - - [24/Jul/2026:08:01:00 +0200] "POST /wp-cron.php?doing_wp_cron=1784872860.4263610839843750000000 HTTP/1.1" 200 5074 "-" "WordPress/6.9.4; https://as-cp.fr"
200.127.115.216 - - [24/Jul/2026:08:01:00 +0200] "POST /xmlrpc.php HTTP/1.1" 200 5463 "-" "Mozilla/5.0 (Windows NT 6.3; arm64) AppleWebKit/537.36 (KHTML, like Gecko) Chrome/95.0.0.0 Safari/537.36"
169.58.39.190 - - [24/Jul/2026:08:01:12 +0200] "GET /wp-admin/css/ HTTP/1.1" 403 5816 "binance.com" "Mozilla/5.0 (Windows NT 10.0; Win64; x64) AppleWebKit/537.36 (KHTML, like Gecko) Chrome/90.0.4430.85 Safari/537.36"
