64.89.160.197 - - [24/Jul/2026:23:25:30 +0200] "GET /?author=4 HTTP/1.1" 301 5197 "-" "Mozilla/5.0 (Windows NT 10.0; Win64; x64) AppleWebKit/537.36 (KHTML, like Gecko) Edge/120.0.2210.91"
64.89.160.197 - - [24/Jul/2026:23:25:33 +0200] "GET /author/flo-key/ HTTP/1.1" 200 22048 "https://as-cp.fr/?author=1" "Mozilla/5.0 (Windows NT 11.0; Win64; x64) AppleWebKit/537.36 (KHTML, like Gecko) Chrome/121.0.0.0 Safari/537.36"
104.234.53.41 - - [24/Jul/2026:23:25:32 +0200] "GET /wp-login.php?redirect_to=https%3A%2F%2Fas-cp.fr%2Fwp-admin%2Findex.php&reauth=1 HTTP/1.1" 200 10805 "https://as-cp.fr/wp-login.php" "Mozilla/5.0 (Macintosh; Intel Mac OS X 13_6_1) AppleWebKit/605.1.15 (KHTML, like Gecko) Version/17.2 Safari/605.1.15"
64.89.160.197 - - [24/Jul/2026:23:25:34 +0200] "GET / HTTP/1.1" 200 26624 "https://as-cp.fr/?author=4" "Mozilla/5.0 (Windows NT 10.0; Win64; x64) AppleWebKit/537.36 (KHTML, like Gecko) Edge/120.0.2210.91"
88.166.28.185 - - [24/Jul/2026:23:25:32 +0200] "POST /xmlrpc.php HTTP/1.1" 200 5463 "-" "Mozilla/5.0 (Linux; Android 10; x86) AppleWebKit/537.36 (KHTML, like Gecko) Opera/74.0.0.0 Safari/537.36"
64.89.160.197 - - [24/Jul/2026:23:25:35 +0200] "POST /xmlrpc.php HTTP/1.1" 200 5268 "-" "Mozilla/5.0 (Windows NT 11.0; Win64; x64) AppleWebKit/537.36 (KHTML, like Gecko) Chrome/121.0.0.0 Safari/537.36"
64.89.160.197 - - [24/Jul/2026:23:25:35 +0200] "POST /xmlrpc.php HTTP/1.1" 200 5268 "-" "Mozilla/5.0 (Macintosh; Intel Mac OS X 14_2_1) AppleWebKit/605.1.15 (KHTML, like Gecko) Version/17.1 Safari/605.1.15"
64.89.160.197 - - [24/Jul/2026:23:25:35 +0200] "POST /xmlrpc.php HTTP/1.1" 200 5268 "-" "Mozilla/5.0 (iPhone; CPU iPhone OS 17_2 like Mac OS X) AppleWebKit/605.1.15 (KHTML, like Gecko) Version/17.2 Mobile/15E148 Safari/604.1"
64.89.160.197 - - [24/Jul/2026:23:25:35 +0200] "POST /xmlrpc.php HTTP/1.1" 200 5268 "-" "Mozilla/5.0 (Macintosh; Intel Mac OS X 14_2_1) AppleWebKit/605.1.15 (KHTML, like Gecko) Version/17.1 Safari/605.1.15"
91.134.83.25 - - [24/Jul/2026:23:25:36 +0200] "POST /wp-cron.php?doing_wp_cron=1784928335.9445679187774658203125 HTTP/1.1" 200 5074 "-" "WordPress/6.9.4; https://as-cp.fr"
64.89.160.197 - - [24/Jul/2026:23:25:35 +0200] "POST /xmlrpc.php HTTP/1.1" 200 5268 "-" "Mozilla/5.0 (Windows NT 10.0; Win64; x64; rv:121.0) Gecko/20100101 Firefox/121.0"
104.234.53.41 - - [24/Jul/2026:23:25:34 +0200] "POST /wp-login.php HTTP/1.1" 200 8919 "https://as-cp.fr/wp-login.php" "Mozilla/5.0 (Macintosh; Intel Mac OS X 10_15_7) AppleWebKit/605.1.15 (KHTML, like Gecko) Version/17.1 Safari/605.1.15"
64.89.160.197 - - [24/Jul/2026:23:25:35 +0200] "POST /xmlrpc.php HTTP/1.1" 200 5268 "-" "Mozilla/5.0 (Windows NT 10.0; Win64; x64) AppleWebKit/537.36 (KHTML, like Gecko) Edge/120.0.2210.91"
64.89.160.197 - - [24/Jul/2026:23:25:35 +0200] "POST /xmlrpc.php HTTP/1.1" 200 5268 "-" "Mozilla/5.0 (Windows NT 10.0; Win64; x64) AppleWebKit/537.36 (KHTML, like Gecko) Chrome/120.0.0.0 Safari/537.36"
64.89.160.197 - - [24/Jul/2026:23:25:35 +0200] "POST /xmlrpc.php HTTP/1.1" 200 5268 "-" "Mozilla/5.0 (X11; Linux x86_64) AppleWebKit/537.36 (KHTML, like Gecko) Chrome/120.0.0.0 Safari/537.36"
64.89.160.197 - - [24/Jul/2026:23:25:35 +0200] "POST /xmlrpc.php HTTP/1.1" 200 5268 "-" "Mozilla/5.0 (Macintosh; Intel Mac OS X 14_2_1) AppleWebKit/537.36 (KHTML, like Gecko) Chrome/120.0.0.0 Safari/537.36"
104.234.53.41 - - [24/Jul/2026:23:25:37 +0200] "GET /wp-admin/index.php HTTP/1.1" 302 5230 "https://as-cp.fr/wp-login.php" "Mozilla/5.0 (Windows NT 11.0; Win64; x64) AppleWebKit/537.36 (KHTML, like Gecko) Chrome/121.0.0.0 Safari/537.36"
64.89.160.197 - - [24/Jul/2026:23:25:35 +0200] "POST /xmlrpc.php HTTP/1.1" 200 5268 "-" "Mozilla/5.0 (Windows NT 10.0; Win64; x64) AppleWebKit/537.36 (KHTML, like Gecko) Chrome/120.0.0.0 Safari/537.36"
64.89.160.197 - - [24/Jul/2026:23:25:35 +0200] "POST /xmlrpc.php HTTP/1.1" 200 5268 "-" "Mozilla/5.0 (Windows NT 10.0; Win64; x64; rv:121.0) Gecko/20100101 Firefox/121.0"
64.89.160.197 - - [24/Jul/2026:23:25:35 +0200] "POST /xmlrpc.php HTTP/1.1" 200 5268 "-" "Mozilla/5.0 (X11; Linux x86_64) AppleWebKit/537.36 (KHTML, like Gecko) Chrome/120.0.0.0 Safari/537.36"
64.89.160.197 - - [24/Jul/2026:23:25:37 +0200] "POST /xmlrpc.php HTTP/1.1" 200 5268 "-" "Mozilla/5.0 (X11; Linux x86_64) AppleWebKit/537.36 (KHTML, like Gecko) Chrome/120.0.0.0 Safari/537.36"
64.89.160.197 - - [24/Jul/2026:23:25:39 +0200] "POST /xmlrpc.php HTTP/1.1" 200 5268 "-" "Mozilla/5.0 (Windows NT 11.0; Win64; x64) AppleWebKit/537.36 (KHTML, like Gecko) Chrome/121.0.0.0 Safari/537.36"
64.89.160.197 - - [24/Jul/2026:23:25:35 +0200] "POST /xmlrpc.php HTTP/1.1" 200 5268 "-" "Mozilla/5.0 (Macintosh; Intel Mac OS X 14_2_1) AppleWebKit/537.36 (KHTML, like Gecko) Chrome/120.0.0.0 Safari/537.36"
64.89.160.197 - - [24/Jul/2026:23:25:37 +0200] "POST /xmlrpc.php HTTP/1.1" 200 5268 "-" "Mozilla/5.0 (Windows NT 11.0; Win64; x64) AppleWebKit/537.36 (KHTML, like Gecko) Chrome/121.0.0.0 Safari/537.36"
64.89.160.197 - - [24/Jul/2026:23:25:35 +0200] "POST /xmlrpc.php HTTP/1.1" 200 5268 "-" "Mozilla/5.0 (Windows NT 10.0; Win64; x64; rv:121.0) Gecko/20100101 Firefox/121.0"
64.89.160.197 - - [24/Jul/2026:23:25:40 +0200] "POST /xmlrpc.php HTTP/1.1" 200 5268 "-" "Mozilla/5.0 (Macintosh; Intel Mac OS X 14_2_1) AppleWebKit/605.1.15 (KHTML, like Gecko) Version/17.1 Safari/605.1.15"
64.89.160.197 - - [24/Jul/2026:23:25:35 +0200] "POST /xmlrpc.php HTTP/1.1" 200 5268 "-" "Mozilla/5.0 (Macintosh; Intel Mac OS X 14_2_1) AppleWebKit/605.1.15 (KHTML, like Gecko) Version/17.1 Safari/605.1.15"
64.89.160.197 - - [24/Jul/2026:23:25:39 +0200] "POST /xmlrpc.php HTTP/1.1" 200 5268 "-" "Mozilla/5.0 (Windows NT 10.0; Win64; x64) AppleWebKit/537.36 (KHTML, like Gecko) Chrome/120.0.0.0 Safari/537.36"
64.89.160.197 - - [24/Jul/2026:23:25:39 +0200] "POST /xmlrpc.php HTTP/1.1" 200 5268 "-" "Mozilla/5.0 (Windows NT 10.0; Win64; x64) AppleWebKit/537.36 (KHTML, like Gecko) Chrome/120.0.0.0 Safari/537.36"
64.89.160.197 - - [24/Jul/2026:23:25:38 +0200] "POST /xmlrpc.php HTTP/1.1" 200 5268 "-" "Mozilla/5.0 (Macintosh; Intel Mac OS X 14_2_1) AppleWebKit/537.36 (KHTML, like Gecko) Chrome/120.0.0.0 Safari/537.36"
64.89.160.197 - - [24/Jul/2026:23:25:40 +0200] "POST /xmlrpc.php HTTP/1.1" 200 5268 "-" "Mozilla/5.0 (Linux; Android 14; SM-S918B) AppleWebKit/537.36 (KHTML, like Gecko) Chrome/120.0.0.0 Mobile Safari/537.36"
64.89.160.197 - - [24/Jul/2026:23:25:35 +0200] "POST /xmlrpc.php HTTP/1.1" 200 5268 "-" "Mozilla/5.0 (X11; Linux x86_64) AppleWebKit/537.36 (KHTML, like Gecko) Chrome/120.0.0.0 Safari/537.36"
64.89.160.197 - - [24/Jul/2026:23:25:39 +0200] "POST /xmlrpc.php HTTP/1.1" 200 5268 "-" "Mozilla/5.0 (Linux; Android 14; SM-S918B) AppleWebKit/537.36 (KHTML, like Gecko) Chrome/120.0.0.0 Mobile Safari/537.36"
64.89.160.197 - - [24/Jul/2026:23:25:35 +0200] "POST /xmlrpc.php HTTP/1.1" 200 5268 "-" "Mozilla/5.0 (Windows NT 10.0; Win64; x64; rv:121.0) Gecko/20100101 Firefox/121.0"
64.89.160.197 - - [24/Jul/2026:23:25:39 +0200] "POST /xmlrpc.php HTTP/1.1" 200 5268 "-" "Mozilla/5.0 (Macintosh; Intel Mac OS X 14_2_1) AppleWebKit/537.36 (KHTML, like Gecko) Chrome/120.0.0.0 Safari/537.36"
64.89.160.197 - - [24/Jul/2026:23:25:35 +0200] "POST /xmlrpc.php HTTP/1.1" 200 5268 "-" "Mozilla/5.0 (Macintosh; Intel Mac OS X 14_2_1) AppleWebKit/605.1.15 (KHTML, like Gecko) Version/17.1 Safari/605.1.15"
64.89.160.197 - - [24/Jul/2026:23:25:37 +0200] "POST /xmlrpc.php HTTP/1.1" 200 5268 "-" "Mozilla/5.0 (Windows NT 10.0; Win64; x64) AppleWebKit/537.36 (KHTML, like Gecko) Chrome/120.0.0.0 Safari/537.36"
64.89.160.197 - - [24/Jul/2026:23:25:35 +0200] "POST /xmlrpc.php HTTP/1.1" 200 5268 "-" "Mozilla/5.0 (Windows NT 10.0; Win64; x64; rv:121.0) Gecko/20100101 Firefox/121.0"
64.89.160.197 - - [24/Jul/2026:23:25:39 +0200] "POST /xmlrpc.php HTTP/1.1" 200 5268 "-" "Mozilla/5.0 (X11; Linux x86_64) AppleWebKit/537.36 (KHTML, like Gecko) Chrome/120.0.0.0 Safari/537.36"
64.89.160.197 - - [24/Jul/2026:23:25:37 +0200] "POST /xmlrpc.php HTTP/1.1" 200 5268 "-" "Mozilla/5.0 (Windows NT 10.0; Win64; x64) AppleWebKit/537.36 (KHTML, like Gecko) Chrome/120.0.0.0 Safari/537.36"
64.89.160.197 - - [24/Jul/2026:23:25:39 +0200] "POST /xmlrpc.php HTTP/1.1" 200 5268 "-" "Mozilla/5.0 (Windows NT 10.0; Win64; x64) AppleWebKit/537.36 (KHTML, like Gecko) Chrome/120.0.0.0 Safari/537.36"
64.89.160.197 - - [24/Jul/2026:23:25:40 +0200] "POST /xmlrpc.php HTTP/1.1" 200 5268 "-" "Mozilla/5.0 (iPhone; CPU iPhone OS 17_2 like Mac OS X) AppleWebKit/605.1.15 (KHTML, like Gecko) Version/17.2 Mobile/15E148 Safari/604.1"
64.89.160.197 - - [24/Jul/2026:23:25:35 +0200] "POST /xmlrpc.php HTTP/1.1" 200 5268 "-" "Mozilla/5.0 (Windows NT 10.0; Win64; x64) AppleWebKit/537.36 (KHTML, like Gecko) Edge/120.0.2210.91"
64.89.160.197 - - [24/Jul/2026:23:25:39 +0200] "POST /xmlrpc.php HTTP/1.1" 200 5268 "-" "Mozilla/5.0 (Windows NT 10.0; Win64; x64) AppleWebKit/537.36 (KHTML, like Gecko) Edge/120.0.2210.91"
64.89.160.197 - - [24/Jul/2026:23:25:39 +0200] "POST /xmlrpc.php HTTP/1.1" 200 5268 "-" "Mozilla/5.0 (Windows NT 10.0; Win64; x64) AppleWebKit/537.36 (KHTML, like Gecko) Edge/120.0.2210.91"
64.89.160.197 - - [24/Jul/2026:23:25:39 +0200] "POST /xmlrpc.php HTTP/1.1" 200 5268 "-" "Mozilla/5.0 (Macintosh; Intel Mac OS X 14_2_1) AppleWebKit/537.36 (KHTML, like Gecko) Chrome/120.0.0.0 Safari/537.36"
64.89.160.197 - - [24/Jul/2026:23:25:35 +0200] "POST /xmlrpc.php HTTP/1.1" 200 5268 "-" "Mozilla/5.0 (Macintosh; Intel Mac OS X 14_2_1) AppleWebKit/537.36 (KHTML, like Gecko) Chrome/120.0.0.0 Safari/537.36"
64.89.160.197 - - [24/Jul/2026:23:25:37 +0200] "POST /xmlrpc.php HTTP/1.1" 200 5268 "-" "Mozilla/5.0 (Windows NT 11.0; Win64; x64) AppleWebKit/537.36 (KHTML, like Gecko) Chrome/121.0.0.0 Safari/537.36"
64.89.160.197 - - [24/Jul/2026:23:25:40 +0200] "POST /xmlrpc.php HTTP/1.1" 200 5268 "-" "Mozilla/5.0 (Windows NT 10.0; Win64; x64) AppleWebKit/537.36 (KHTML, like Gecko) Edge/120.0.2210.91"
64.89.160.197 - - [24/Jul/2026:23:25:35 +0200] "POST /xmlrpc.php HTTP/1.1" 200 5268 "-" "Mozilla/5.0 (X11; Linux x86_64) AppleWebKit/537.36 (KHTML, like Gecko) Chrome/120.0.0.0 Safari/537.36"
64.89.160.197 - - [24/Jul/2026:23:25:40 +0200] "POST /xmlrpc.php HTTP/1.1" 200 5268 "-" "Mozilla/5.0 (Windows NT 11.0; Win64; x64) AppleWebKit/537.36 (KHTML, like Gecko) Chrome/121.0.0.0 Safari/537.36"
64.89.160.197 - - [24/Jul/2026:23:25:35 +0200] "POST /xmlrpc.php HTTP/1.1" 200 5268 "-" "Mozilla/5.0 (Macintosh; Intel Mac OS X 14_2_1) AppleWebKit/537.36 (KHTML, like Gecko) Chrome/120.0.0.0 Safari/537.36"
64.89.160.197 - - [24/Jul/2026:23:25:35 +0200] "POST /xmlrpc.php HTTP/1.1" 200 5268 "-" "Mozilla/5.0 (Macintosh; Intel Mac OS X 14_2_1) AppleWebKit/605.1.15 (KHTML, like Gecko) Version/17.1 Safari/605.1.15"
64.89.160.197 - - [24/Jul/2026:23:25:35 +0200] "POST /xmlrpc.php HTTP/1.1" 200 5268 "-" "Mozilla/5.0 (iPhone; CPU iPhone OS 17_2 like Mac OS X) AppleWebKit/605.1.15 (KHTML, like Gecko) Version/17.2 Mobile/15E148 Safari/604.1"
64.89.160.197 - - [24/Jul/2026:23:25:38 +0200] "POST /xmlrpc.php HTTP/1.1" 200 5268 "-" "Mozilla/5.0 (Windows NT 10.0; Win64; x64) AppleWebKit/537.36 (KHTML, like Gecko) Edge/120.0.2210.91"
64.89.160.197 - - [24/Jul/2026:23:25:35 +0200] "POST /xmlrpc.php HTTP/1.1" 200 5268 "-" "Mozilla/5.0 (iPhone; CPU iPhone OS 17_2 like Mac OS X) AppleWebKit/605.1.15 (KHTML, like Gecko) Version/17.2 Mobile/15E148 Safari/604.1"
64.89.160.197 - - [24/Jul/2026:23:25:35 +0200] "POST /xmlrpc.php HTTP/1.1" 200 5268 "-" "Mozilla/5.0 (X11; Linux x86_64) AppleWebKit/537.36 (KHTML, like Gecko) Chrome/120.0.0.0 Safari/537.36"
64.89.160.197 - - [24/Jul/2026:23:25:37 +0200] "POST /xmlrpc.php HTTP/1.1" 200 5268 "-" "Mozilla/5.0 (Linux; Android 14; SM-S918B) AppleWebKit/537.36 (KHTML, like Gecko) Chrome/120.0.0.0 Mobile Safari/537.36"
64.89.160.197 - - [24/Jul/2026:23:25:35 +0200] "POST /xmlrpc.php HTTP/1.1" 200 5268 "-" "Mozilla/5.0 (Macintosh; Intel Mac OS X 14_2_1) AppleWebKit/537.36 (KHTML, like Gecko) Chrome/120.0.0.0 Safari/537.36"
64.89.160.197 - - [24/Jul/2026:23:25:35 +0200] "POST /xmlrpc.php HTTP/1.1" 200 5268 "-" "Mozilla/5.0 (Windows NT 10.0; Win64; x64) AppleWebKit/537.36 (KHTML, like Gecko) Edge/120.0.2210.91"
64.89.160.197 - - [24/Jul/2026:23:25:35 +0200] "POST /xmlrpc.php HTTP/1.1" 200 5268 "-" "Mozilla/5.0 (Macintosh; Intel Mac OS X 14_2_1) AppleWebKit/537.36 (KHTML, like Gecko) Chrome/120.0.0.0 Safari/537.36"
64.89.160.197 - - [24/Jul/2026:23:25:37 +0200] "POST /xmlrpc.php HTTP/1.1" 200 5268 "-" "Mozilla/5.0 (iPhone; CPU iPhone OS 17_2 like Mac OS X) AppleWebKit/605.1.15 (KHTML, like Gecko) Version/17.2 Mobile/15E148 Safari/604.1"
64.89.160.197 - - [24/Jul/2026:23:25:40 +0200] "POST /xmlrpc.php HTTP/1.1" 200 5268 "-" "Mozilla/5.0 (Windows NT 11.0; Win64; x64) AppleWebKit/537.36 (KHTML, like Gecko) Chrome/121.0.0.0 Safari/537.36"
64.89.160.197 - - [24/Jul/2026:23:25:40 +0200] "POST /xmlrpc.php HTTP/1.1" 200 5268 "-" "Mozilla/5.0 (Windows NT 10.0; Win64; x64; rv:121.0) Gecko/20100101 Firefox/121.0"
64.89.160.197 - - [24/Jul/2026:23:25:41 +0200] "POST /xmlrpc.php HTTP/1.1" 200 5268 "-" "Mozilla/5.0 (iPhone; CPU iPhone OS 17_2 like Mac OS X) AppleWebKit/605.1.15 (KHTML, like Gecko) Version/17.2 Mobile/15E148 Safari/604.1"
64.89.160.197 - - [24/Jul/2026:23:25:41 +0200] "POST /xmlrpc.php HTTP/1.1" 200 5268 "-" "Mozilla/5.0 (X11; Linux x86_64) AppleWebKit/537.36 (KHTML, like Gecko) Chrome/120.0.0.0 Safari/537.36"
64.89.160.197 - - [24/Jul/2026:23:25:41 +0200] "POST /xmlrpc.php HTTP/1.1" 200 5268 "-" "Mozilla/5.0 (Macintosh; Intel Mac OS X 14_2_1) AppleWebKit/605.1.15 (KHTML, like Gecko) Version/17.1 Safari/605.1.15"
64.89.160.197 - - [24/Jul/2026:23:25:41 +0200] "POST /xmlrpc.php HTTP/1.1" 200 5268 "-" "Mozilla/5.0 (Windows NT 10.0; Win64; x64) AppleWebKit/537.36 (KHTML, like Gecko) Edge/120.0.2210.91"
64.89.160.197 - - [24/Jul/2026:23:25:42 +0200] "POST /xmlrpc.php HTTP/1.1" 200 5268 "-" "Mozilla/5.0 (X11; Linux x86_64) AppleWebKit/537.36 (KHTML, like Gecko) Chrome/120.0.0.0 Safari/537.36"
64.89.160.197 - - [24/Jul/2026:23:25:41 +0200] "POST /xmlrpc.php HTTP/1.1" 200 5268 "-" "Mozilla/5.0 (Windows NT 11.0; Win64; x64) AppleWebKit/537.36 (KHTML, like Gecko) Chrome/121.0.0.0 Safari/537.36"
91.134.83.25 - - [24/Jul/2026:23:25:43 +0200] "POST /wp-cron.php?doing_wp_cron=1784928343.4999361038208007812500 HTTP/1.1" 200 5074 "-" "WordPress/6.9.4; https://as-cp.fr"
64.89.160.197 - - [24/Jul/2026:23:25:42 +0200] "POST /xmlrpc.php HTTP/1.1" 200 5268 "-" "Mozilla/5.0 (Windows NT 10.0; Win64; x64; rv:121.0) Gecko/20100101 Firefox/121.0"
64.89.160.197 - - [24/Jul/2026:23:25:42 +0200] "POST /xmlrpc.php HTTP/1.1" 200 5268 "-" "Mozilla/5.0 (Macintosh; Intel Mac OS X 14_2_1) AppleWebKit/605.1.15 (KHTML, like Gecko) Version/17.1 Safari/605.1.15"
104.234.53.41 - - [24/Jul/2026:23:25:42 +0200] "GET /wp-login.php?redirect_to=https%3A%2F%2Fas-cp.fr%2Fwp-admin%2Findex.php&reauth=1 HTTP/1.1" 200 10805 "https://as-cp.fr/wp-login.php" "Mozilla/5.0 (Windows NT 11.0; Win64; x64) AppleWebKit/537.36 (KHTML, like Gecko) Chrome/121.0.0.0 Safari/537.36"
64.89.160.197 - - [24/Jul/2026:23:25:42 +0200] "POST /xmlrpc.php HTTP/1.1" 200 5268 "-" "Mozilla/5.0 (Windows NT 11.0; Win64; x64) AppleWebKit/537.36 (KHTML, like Gecko) Chrome/121.0.0.0 Safari/537.36"
64.89.160.197 - - [24/Jul/2026:23:25:42 +0200] "POST /xmlrpc.php HTTP/1.1" 200 5268 "-" "Mozilla/5.0 (iPhone; CPU iPhone OS 17_2 like Mac OS X) AppleWebKit/605.1.15 (KHTML, like Gecko) Version/17.2 Mobile/15E148 Safari/604.1"
64.89.160.197 - - [24/Jul/2026:23:25:42 +0200] "POST /xmlrpc.php HTTP/1.1" 200 5268 "-" "Mozilla/5.0 (Macintosh; Intel Mac OS X 14_2_1) AppleWebKit/605.1.15 (KHTML, like Gecko) Version/17.1 Safari/605.1.15"
88.166.28.185 - - [24/Jul/2026:23:25:42 +0200] "POST /xmlrpc.php HTTP/1.1" 200 5463 "-" "Mozilla/5.0 (Windows NT 6.3; x64) AppleWebKit/537.36 (KHTML, like Gecko) Chrome/88.0.0.0 Safari/537.36"
64.89.160.197 - - [24/Jul/2026:23:25:43 +0200] "POST /xmlrpc.php HTTP/1.1" 200 5268 "-" "Mozilla/5.0 (Macintosh; Intel Mac OS X 14_2_1) AppleWebKit/605.1.15 (KHTML, like Gecko) Version/17.1 Safari/605.1.15"
64.89.160.197 - - [24/Jul/2026:23:25:43 +0200] "POST /xmlrpc.php HTTP/1.1" 200 5268 "-" "Mozilla/5.0 (Windows NT 10.0; Win64; x64) AppleWebKit/537.36 (KHTML, like Gecko) Edge/120.0.2210.91"
64.89.160.197 - - [24/Jul/2026:23:25:44 +0200] "POST /xmlrpc.php HTTP/1.1" 200 5268 "-" "Mozilla/5.0 (Linux; Android 14; SM-S918B) AppleWebKit/537.36 (KHTML, like Gecko) Chrome/120.0.0.0 Mobile Safari/537.36"
64.89.160.197 - - [24/Jul/2026:23:25:43 +0200] "POST /xmlrpc.php HTTP/1.1" 200 5268 "-" "Mozilla/5.0 (iPhone; CPU iPhone OS 17_2 like Mac OS X) AppleWebKit/605.1.15 (KHTML, like Gecko) Version/17.2 Mobile/15E148 Safari/604.1"
64.89.160.197 - - [24/Jul/2026:23:25:43 +0200] "POST /xmlrpc.php HTTP/1.1" 200 5268 "-" "Mozilla/5.0 (Windows NT 10.0; Win64; x64; rv:121.0) Gecko/20100101 Firefox/121.0"
64.89.160.197 - - [24/Jul/2026:23:25:44 +0200] "POST /xmlrpc.php HTTP/1.1" 200 5268 "-" "Mozilla/5.0 (Macintosh; Intel Mac OS X 14_2_1) AppleWebKit/537.36 (KHTML, like Gecko) Chrome/120.0.0.0 Safari/537.36"
64.89.160.197 - - [24/Jul/2026:23:25:44 +0200] "POST /xmlrpc.php HTTP/1.1" 200 5268 "-" "Mozilla/5.0 (Linux; Android 14; SM-S918B) AppleWebKit/537.36 (KHTML, like Gecko) Chrome/120.0.0.0 Mobile Safari/537.36"
64.89.160.197 - - [24/Jul/2026:23:25:44 +0200] "POST /xmlrpc.php HTTP/1.1" 200 5268 "-" "Mozilla/5.0 (Macintosh; Intel Mac OS X 14_2_1) AppleWebKit/537.36 (KHTML, like Gecko) Chrome/120.0.0.0 Safari/537.36"
64.89.160.197 - - [24/Jul/2026:23:25:44 +0200] "POST /xmlrpc.php HTTP/1.1" 200 5268 "-" "Mozilla/5.0 (Windows NT 10.0; Win64; x64; rv:121.0) Gecko/20100101 Firefox/121.0"
64.89.160.197 - - [24/Jul/2026:23:25:44 +0200] "POST /xmlrpc.php HTTP/1.1" 200 5268 "-" "Mozilla/5.0 (Macintosh; Intel Mac OS X 14_2_1) AppleWebKit/537.36 (KHTML, like Gecko) Chrome/120.0.0.0 Safari/537.36"
64.89.160.197 - - [24/Jul/2026:23:25:45 +0200] "POST /xmlrpc.php HTTP/1.1" 200 5268 "-" "Mozilla/5.0 (Linux; Android 14; SM-S918B) AppleWebKit/537.36 (KHTML, like Gecko) Chrome/120.0.0.0 Mobile Safari/537.36"
64.89.160.197 - - [24/Jul/2026:23:25:45 +0200] "POST /xmlrpc.php HTTP/1.1" 200 5268 "-" "Mozilla/5.0 (Macintosh; Intel Mac OS X 14_2_1) AppleWebKit/605.1.15 (KHTML, like Gecko) Version/17.1 Safari/605.1.15"
64.89.160.197 - - [24/Jul/2026:23:25:45 +0200] "POST /xmlrpc.php HTTP/1.1" 200 5268 "-" "Mozilla/5.0 (Linux; Android 14; SM-S918B) AppleWebKit/537.36 (KHTML, like Gecko) Chrome/120.0.0.0 Mobile Safari/537.36"
64.89.160.197 - - [24/Jul/2026:23:25:45 +0200] "POST /xmlrpc.php HTTP/1.1" 200 5268 "-" "Mozilla/5.0 (Macintosh; Intel Mac OS X 14_2_1) AppleWebKit/605.1.15 (KHTML, like Gecko) Version/17.1 Safari/605.1.15"
64.89.160.197 - - [24/Jul/2026:23:25:46 +0200] "POST /xmlrpc.php HTTP/1.1" 200 5268 "-" "Mozilla/5.0 (iPhone; CPU iPhone OS 17_2 like Mac OS X) AppleWebKit/605.1.15 (KHTML, like Gecko) Version/17.2 Mobile/15E148 Safari/604.1"
64.89.160.197 - - [24/Jul/2026:23:25:46 +0200] "POST /xmlrpc.php HTTP/1.1" 200 5268 "-" "Mozilla/5.0 (Windows NT 10.0; Win64; x64) AppleWebKit/537.36 (KHTML, like Gecko) Chrome/120.0.0.0 Safari/537.36"
64.89.160.197 - - [24/Jul/2026:23:25:46 +0200] "POST /xmlrpc.php HTTP/1.1" 200 5268 "-" "Mozilla/5.0 (Windows NT 10.0; Win64; x64) AppleWebKit/537.36 (KHTML, like Gecko) Chrome/120.0.0.0 Safari/537.36"
64.89.160.197 - - [24/Jul/2026:23:25:46 +0200] "POST /xmlrpc.php HTTP/1.1" 200 5268 "-" "Mozilla/5.0 (Windows NT 10.0; Win64; x64) AppleWebKit/537.36 (KHTML, like Gecko) Edge/120.0.2210.91"
64.89.160.197 - - [24/Jul/2026:23:25:46 +0200] "POST /xmlrpc.php HTTP/1.1" 200 5268 "-" "Mozilla/5.0 (Windows NT 10.0; Win64; x64) AppleWebKit/537.36 (KHTML, like Gecko) Edge/120.0.2210.91"
64.89.160.197 - - [24/Jul/2026:23:25:46 +0200] "POST /xmlrpc.php HTTP/1.1" 200 5268 "-" "Mozilla/5.0 (Windows NT 11.0; Win64; x64) AppleWebKit/537.36 (KHTML, like Gecko) Chrome/121.0.0.0 Safari/537.36"
64.89.160.197 - - [24/Jul/2026:23:25:46 +0200] "POST /xmlrpc.php HTTP/1.1" 200 5268 "-" "Mozilla/5.0 (iPhone; CPU iPhone OS 17_2 like Mac OS X) AppleWebKit/605.1.15 (KHTML, like Gecko) Version/17.2 Mobile/15E148 Safari/604.1"
64.89.160.197 - - [24/Jul/2026:23:25:47 +0200] "POST /xmlrpc.php HTTP/1.1" 200 5268 "-" "Mozilla/5.0 (Windows NT 10.0; Win64; x64; rv:121.0) Gecko/20100101 Firefox/121.0"
64.89.160.197 - - [24/Jul/2026:23:25:47 +0200] "POST /xmlrpc.php HTTP/1.1" 200 5268 "-" "Mozilla/5.0 (iPhone; CPU iPhone OS 17_2 like Mac OS X) AppleWebKit/605.1.15 (KHTML, like Gecko) Version/17.2 Mobile/15E148 Safari/604.1"
64.89.160.197 - - [24/Jul/2026:23:25:47 +0200] "POST /xmlrpc.php HTTP/1.1" 200 5268 "-" "Mozilla/5.0 (Macintosh; Intel Mac OS X 14_2_1) AppleWebKit/537.36 (KHTML, like Gecko) Chrome/120.0.0.0 Safari/537.36"
64.89.160.197 - - [24/Jul/2026:23:25:47 +0200] "POST /xmlrpc.php HTTP/1.1" 200 5268 "-" "Mozilla/5.0 (Windows NT 11.0; Win64; x64) AppleWebKit/537.36 (KHTML, like Gecko) Chrome/121.0.0.0 Safari/537.36"
88.166.28.185 - - [24/Jul/2026:23:25:48 +0200] "POST /xmlrpc.php HTTP/1.1" 200 5463 "-" "Mozilla/5.0 (Windows NT 6.3; x86) AppleWebKit/537.36 (KHTML, like Gecko) Firefox/89.0.0.0 Safari/537.36"
104.234.53.41 - - [24/Jul/2026:23:25:48 +0200] "POST /wp-login.php HTTP/1.1" 200 8904 "https://as-cp.fr/wp-login.php" "Mozilla/5.0 (Windows NT 10.0; Win64; x64) AppleWebKit/537.36 (KHTML, like Gecko) Chrome/119.0.0.0 Safari/537.36"
64.89.160.197 - - [24/Jul/2026:23:25:48 +0200] "POST /xmlrpc.php HTTP/1.1" 200 5268 "-" "Mozilla/5.0 (Linux; Android 14; SM-S918B) AppleWebKit/537.36 (KHTML, like Gecko) Chrome/120.0.0.0 Mobile Safari/537.36"
64.89.160.197 - - [24/Jul/2026:23:25:48 +0200] "POST /xmlrpc.php HTTP/1.1" 200 5268 "-" "Mozilla/5.0 (Windows NT 10.0; Win64; x64) AppleWebKit/537.36 (KHTML, like Gecko) Edge/120.0.2210.91"
64.89.160.197 - - [24/Jul/2026:23:25:49 +0200] "POST /xmlrpc.php HTTP/1.1" 200 5268 "-" "Mozilla/5.0 (Macintosh; Intel Mac OS X 14_2_1) AppleWebKit/537.36 (KHTML, like Gecko) Chrome/120.0.0.0 Safari/537.36"
64.89.160.197 - - [24/Jul/2026:23:25:49 +0200] "POST /xmlrpc.php HTTP/1.1" 200 5268 "-" "Mozilla/5.0 (iPhone; CPU iPhone OS 17_2 like Mac OS X) AppleWebKit/605.1.15 (KHTML, like Gecko) Version/17.2 Mobile/15E148 Safari/604.1"
64.89.160.197 - - [24/Jul/2026:23:25:49 +0200] "POST /xmlrpc.php HTTP/1.1" 200 5268 "-" "Mozilla/5.0 (iPhone; CPU iPhone OS 17_2 like Mac OS X) AppleWebKit/605.1.15 (KHTML, like Gecko) Version/17.2 Mobile/15E148 Safari/604.1"
64.89.160.197 - - [24/Jul/2026:23:25:50 +0200] "POST /xmlrpc.php HTTP/1.1" 200 5268 "-" "Mozilla/5.0 (X11; Linux x86_64) AppleWebKit/537.36 (KHTML, like Gecko) Chrome/120.0.0.0 Safari/537.36"
64.89.160.197 - - [24/Jul/2026:23:25:50 +0200] "POST /xmlrpc.php HTTP/1.1" 200 5268 "-" "Mozilla/5.0 (Macintosh; Intel Mac OS X 14_2_1) AppleWebKit/537.36 (KHTML, like Gecko) Chrome/120.0.0.0 Safari/537.36"
64.89.160.197 - - [24/Jul/2026:23:25:50 +0200] "POST /xmlrpc.php HTTP/1.1" 200 5268 "-" "Mozilla/5.0 (X11; Linux x86_64) AppleWebKit/537.36 (KHTML, like Gecko) Chrome/120.0.0.0 Safari/537.36"
64.89.160.197 - - [24/Jul/2026:23:25:50 +0200] "POST /xmlrpc.php HTTP/1.1" 200 5268 "-" "Mozilla/5.0 (Linux; Android 14; SM-S918B) AppleWebKit/537.36 (KHTML, like Gecko) Chrome/120.0.0.0 Mobile Safari/537.36"
64.89.160.197 - - [24/Jul/2026:23:25:50 +0200] "POST /xmlrpc.php HTTP/1.1" 200 5268 "-" "Mozilla/5.0 (X11; Linux x86_64) AppleWebKit/537.36 (KHTML, like Gecko) Chrome/120.0.0.0 Safari/537.36"
64.89.160.197 - - [24/Jul/2026:23:25:50 +0200] "POST /xmlrpc.php HTTP/1.1" 200 5268 "-" "Mozilla/5.0 (Windows NT 10.0; Win64; x64) AppleWebKit/537.36 (KHTML, like Gecko) Edge/120.0.2210.91"
64.89.160.197 - - [24/Jul/2026:23:25:51 +0200] "POST /xmlrpc.php HTTP/1.1" 200 5268 "-" "Mozilla/5.0 (Linux; Android 14; SM-S918B) AppleWebKit/537.36 (KHTML, like Gecko) Chrome/120.0.0.0 Mobile Safari/537.36"
64.89.160.197 - - [24/Jul/2026:23:25:50 +0200] "POST /xmlrpc.php HTTP/1.1" 200 5268 "-" "Mozilla/5.0 (Windows NT 10.0; Win64; x64; rv:121.0) Gecko/20100101 Firefox/121.0"
64.89.160.197 - - [24/Jul/2026:23:25:52 +0200] "POST /xmlrpc.php HTTP/1.1" 200 5268 "-" "Mozilla/5.0 (Windows NT 10.0; Win64; x64) AppleWebKit/537.36 (KHTML, like Gecko) Edge/120.0.2210.91"
64.89.160.197 - - [24/Jul/2026:23:25:51 +0200] "POST /xmlrpc.php HTTP/1.1" 200 5268 "-" "Mozilla/5.0 (Macintosh; Intel Mac OS X 14_2_1) AppleWebKit/605.1.15 (KHTML, like Gecko) Version/17.1 Safari/605.1.15"
104.234.53.41 - - [24/Jul/2026:23:25:56 +0200] "GET /wp-admin/index.php HTTP/1.1" 302 5249 "https://as-cp.fr/wp-login.php" "Mozilla/5.0 (Windows NT 10.0; Win64; x64) AppleWebKit/537.36 (KHTML, like Gecko) Chrome/118.0.0.0 Safari/537.36"
57.141.0.40 - - [24/Jul/2026:23:26:03 +0200] "GET /shops/chantry/d8r4o6m4o6n8d4455 HTTP/1.1" 301 5197 "-" "Mozilla/5.0 (Macintosh; Intel Mac OS X 10_15_7) AppleWebKit/537.36 (KHTML, like Gecko) Chrome/145.0.0.0 Safari/537.36 (compatible; meta-externalagent/1.1 (+https://developers.facebook.com/docs/sharing/webmasters/crawler))"
64.89.160.197 - - [24/Jul/2026:23:25:53 +0200] "POST /xmlrpc.php HTTP/1.1" 200 5268 "-" "Mozilla/5.0 (Macintosh; Intel Mac OS X 14_2_1) AppleWebKit/605.1.15 (KHTML, like Gecko) Version/17.1 Safari/605.1.15"
64.89.160.197 - - [24/Jul/2026:23:25:56 +0200] "POST /xmlrpc.php HTTP/1.1" 200 5268 "-" "Mozilla/5.0 (Macintosh; Intel Mac OS X 14_2_1) AppleWebKit/605.1.15 (KHTML, like Gecko) Version/17.1 Safari/605.1.15"
64.89.160.197 - - [24/Jul/2026:23:25:56 +0200] "POST /xmlrpc.php HTTP/1.1" 200 5268 "-" "Mozilla/5.0 (Windows NT 10.0; Win64; x64; rv:121.0) Gecko/20100101 Firefox/121.0"
64.89.160.197 - - [24/Jul/2026:23:25:57 +0200] "POST /xmlrpc.php HTTP/1.1" 200 5268 "-" "Mozilla/5.0 (Macintosh; Intel Mac OS X 14_2_1) AppleWebKit/605.1.15 (KHTML, like Gecko) Version/17.1 Safari/605.1.15"
64.89.160.197 - - [24/Jul/2026:23:25:54 +0200] "POST /xmlrpc.php HTTP/1.1" 200 5268 "-" "Mozilla/5.0 (Windows NT 11.0; Win64; x64) AppleWebKit/537.36 (KHTML, like Gecko) Chrome/121.0.0.0 Safari/537.36"
64.89.160.197 - - [24/Jul/2026:23:25:57 +0200] "POST /xmlrpc.php HTTP/1.1" 200 5268 "-" "Mozilla/5.0 (Windows NT 10.0; Win64; x64; rv:121.0) Gecko/20100101 Firefox/121.0"
64.89.160.197 - - [24/Jul/2026:23:25:58 +0200] "POST /xmlrpc.php HTTP/1.1" 200 5268 "-" "Mozilla/5.0 (Windows NT 10.0; Win64; x64) AppleWebKit/537.36 (KHTML, like Gecko) Edge/120.0.2210.91"
64.89.160.197 - - [24/Jul/2026:23:25:58 +0200] "POST /xmlrpc.php HTTP/1.1" 200 5268 "-" "Mozilla/5.0 (Windows NT 11.0; Win64; x64) AppleWebKit/537.36 (KHTML, like Gecko) Chrome/121.0.0.0 Safari/537.36"
64.89.160.197 - - [24/Jul/2026:23:25:59 +0200] "POST /xmlrpc.php HTTP/1.1" 200 5268 "-" "Mozilla/5.0 (iPhone; CPU iPhone OS 17_2 like Mac OS X) AppleWebKit/605.1.15 (KHTML, like Gecko) Version/17.2 Mobile/15E148 Safari/604.1"
64.89.160.197 - - [24/Jul/2026:23:25:54 +0200] "POST /xmlrpc.php HTTP/1.1" 200 5268 "-" "Mozilla/5.0 (Macintosh; Intel Mac OS X 14_2_1) AppleWebKit/537.36 (KHTML, like Gecko) Chrome/120.0.0.0 Safari/537.36"
64.89.160.197 - - [24/Jul/2026:23:25:54 +0200] "POST /xmlrpc.php HTTP/1.1" 200 5268 "-" "Mozilla/5.0 (Linux; Android 14; SM-S918B) AppleWebKit/537.36 (KHTML, like Gecko) Chrome/120.0.0.0 Mobile Safari/537.36"
64.89.160.197 - - [24/Jul/2026:23:25:55 +0200] "POST /xmlrpc.php HTTP/1.1" 200 5268 "-" "Mozilla/5.0 (X11; Linux x86_64) AppleWebKit/537.36 (KHTML, like Gecko) Chrome/120.0.0.0 Safari/537.36"
64.89.160.197 - - [24/Jul/2026:23:25:56 +0200] "POST /xmlrpc.php HTTP/1.1" 200 5268 "-" "Mozilla/5.0 (Windows NT 10.0; Win64; x64; rv:121.0) Gecko/20100101 Firefox/121.0"
64.89.160.197 - - [24/Jul/2026:23:25:56 +0200] "POST /xmlrpc.php HTTP/1.1" 200 5268 "-" "Mozilla/5.0 (Windows NT 11.0; Win64; x64) AppleWebKit/537.36 (KHTML, like Gecko) Chrome/121.0.0.0 Safari/537.36"
64.89.160.197 - - [24/Jul/2026:23:25:59 +0200] "POST /xmlrpc.php HTTP/1.1" 200 5268 "-" "Mozilla/5.0 (Windows NT 10.0; Win64; x64) AppleWebKit/537.36 (KHTML, like Gecko) Edge/120.0.2210.91"
64.89.160.197 - - [24/Jul/2026:23:25:59 +0200] "POST /xmlrpc.php HTTP/1.1" 200 5268 "-" "Mozilla/5.0 (Windows NT 10.0; Win64; x64) AppleWebKit/537.36 (KHTML, like Gecko) Edge/120.0.2210.91"
88.166.28.185 - - [24/Jul/2026:23:26:03 +0200] "POST /xmlrpc.php HTTP/1.1" 200 5463 "-" "Mozilla/5.0 (X11; Ubuntu; Linux x86_64; arm64) AppleWebKit/537.36 (KHTML, like Gecko) Safari/13.0.0.0 Safari/537.36"
64.89.160.197 - - [24/Jul/2026:23:25:53 +0200] "POST /xmlrpc.php HTTP/1.1" 200 5268 "-" "Mozilla/5.0 (Windows NT 10.0; Win64; x64; rv:121.0) Gecko/20100101 Firefox/121.0"
64.89.160.197 - - [24/Jul/2026:23:25:53 +0200] "POST /xmlrpc.php HTTP/1.1" 200 5268 "-" "Mozilla/5.0 (Windows NT 10.0; Win64; x64; rv:121.0) Gecko/20100101 Firefox/121.0"
104.234.53.41 - - [24/Jul/2026:23:26:04 +0200] "GET /wp-login.php?redirect_to=https%3A%2F%2Fas-cp.fr%2Fwp-admin%2Findex.php&reauth=1 HTTP/1.1" 200 10805 "https://as-cp.fr/wp-login.php" "Mozilla/5.0 (Windows NT 10.0; Win64; x64) AppleWebKit/537.36 (KHTML, like Gecko) Chrome/118.0.0.0 Safari/537.36"
64.89.160.197 - - [24/Jul/2026:23:25:54 +0200] "POST /xmlrpc.php HTTP/1.1" 200 5268 "-" "Mozilla/5.0 (Windows NT 10.0; Win64; x64; rv:121.0) Gecko/20100101 Firefox/121.0"
64.89.160.197 - - [24/Jul/2026:23:25:54 +0200] "POST /xmlrpc.php HTTP/1.1" 200 5268 "-" "Mozilla/5.0 (Windows NT 10.0; Win64; x64) AppleWebKit/537.36 (KHTML, like Gecko) Chrome/120.0.0.0 Safari/537.36"
64.89.160.197 - - [24/Jul/2026:23:25:55 +0200] "POST /xmlrpc.php HTTP/1.1" 200 5268 "-" "Mozilla/5.0 (X11; Linux x86_64) AppleWebKit/537.36 (KHTML, like Gecko) Chrome/120.0.0.0 Safari/537.36"
64.89.160.197 - - [24/Jul/2026:23:25:58 +0200] "POST /xmlrpc.php HTTP/1.1" 200 5268 "-" "Mozilla/5.0 (iPhone; CPU iPhone OS 17_2 like Mac OS X) AppleWebKit/605.1.15 (KHTML, like Gecko) Version/17.2 Mobile/15E148 Safari/604.1"
88.166.28.185 - - [24/Jul/2026:23:26:06 +0200] "POST /xmlrpc.php HTTP/1.1" 200 5463 "-" "Mozilla/5.0 (Windows NT 6.2; x64) AppleWebKit/537.36 (KHTML, like Gecko) Opera/75.0.0.0 Safari/537.36"
57.141.0.4 - - [24/Jul/2026:23:26:07 +0200] "GET /shops/ageold/m8i4c6r5o0t1o0m7i7s7t HTTP/1.1" 301 5197 "-" "Mozilla/5.0 (Macintosh; Intel Mac OS X 10_15_7) AppleWebKit/537.36 (KHTML, like Gecko) Chrome/145.0.0.0 Safari/537.36 (compatible; meta-externalagent/1.1 (+https://developers.facebook.com/docs/sharing/webmasters/crawler))"
104.234.53.41 - - [24/Jul/2026:23:26:07 +0200] "GET /wp-admin/index.php HTTP/1.1" 302 5230 "https://as-cp.fr/wp-login.php" "Mozilla/5.0 (Macintosh; Intel Mac OS X 10_15_7) AppleWebKit/537.36 (KHTML, like Gecko) Chrome/118.0.0.0 Safari/537.36"
104.234.53.41 - - [24/Jul/2026:23:26:09 +0200] "GET /wp-login.php?redirect_to=https%3A%2F%2Fas-cp.fr%2Fwp-admin%2Findex.php&reauth=1 HTTP/1.1" 200 10805 "https://as-cp.fr/wp-login.php" "Mozilla/5.0 (Macintosh; Intel Mac OS X 10_15_7) AppleWebKit/537.36 (KHTML, like Gecko) Chrome/118.0.0.0 Safari/537.36"
64.89.160.197 - - [24/Jul/2026:23:25:53 +0200] "POST /xmlrpc.php HTTP/1.1" 200 5268 "-" "Mozilla/5.0 (Windows NT 10.0; Win64; x64) AppleWebKit/537.36 (KHTML, like Gecko) Chrome/120.0.0.0 Safari/537.36"
64.89.160.197 - - [24/Jul/2026:23:25:53 +0200] "POST /xmlrpc.php HTTP/1.1" 200 5268 "-" "Mozilla/5.0 (Windows NT 10.0; Win64; x64; rv:121.0) Gecko/20100101 Firefox/121.0"
104.234.53.41 - - [24/Jul/2026:23:26:06 +0200] "POST /wp-login.php HTTP/1.1" 200 8904 "https://as-cp.fr/wp-login.php" "Mozilla/5.0 (Macintosh; Intel Mac OS X 10_15_7) AppleWebKit/605.1.15 (KHTML, like Gecko) Version/17.1 Safari/605.1.15"
64.89.160.197 - - [24/Jul/2026:23:25:59 +0200] "POST /xmlrpc.php HTTP/1.1" 200 5268 "-" "Mozilla/5.0 (Windows NT 11.0; Win64; x64) AppleWebKit/537.36 (KHTML, like Gecko) Chrome/121.0.0.0 Safari/537.36"
104.234.53.41 - - [24/Jul/2026:23:26:11 +0200] "POST /wp-login.php HTTP/1.1" 200 8904 "https://as-cp.fr/wp-login.php" "Mozilla/5.0 (Macintosh; Intel Mac OS X 10_15_7) AppleWebKit/537.36 (KHTML, like Gecko) Chrome/119.0.0.0 Safari/537.36"
104.234.53.41 - - [24/Jul/2026:23:26:12 +0200] "GET /wp-admin/index.php HTTP/1.1" 302 5230 "https://as-cp.fr/wp-login.php" "Mozilla/5.0 (Windows NT 10.0; Win64; x64; rv:118.0) Gecko/20100101 Firefox/118.0"
57.141.0.35 - - [24/Jul/2026:23:26:12 +0200] "GET /?retrieve/81831789317 HTTP/1.1" 301 5074 "-" "Mozilla/5.0 (Windows NT 10.0; Win64; x64) AppleWebKit/537.36 (KHTML, like Gecko) Chrome/145.0.0.0 Safari/537.36 (compatible; meta-externalagent/1.1 (+https://developers.facebook.com/docs/sharing/webmasters/crawler))"
104.234.53.41 - - [24/Jul/2026:23:26:13 +0200] "GET /wp-login.php?redirect_to=https%3A%2F%2Fas-cp.fr%2Fwp-admin%2Findex.php&reauth=1 HTTP/1.1" 200 10805 "https://as-cp.fr/wp-login.php" "Mozilla/5.0 (Windows NT 10.0; Win64; x64; rv:118.0) Gecko/20100101 Firefox/118.0"
104.234.53.41 - - [24/Jul/2026:23:26:15 +0200] "POST /wp-login.php HTTP/1.1" 200 8903 "https://as-cp.fr/wp-login.php" "Mozilla/5.0 (Macintosh; Intel Mac OS X 10_15_7; rv:119.0) Gecko/20100101 Firefox/119.0"
88.166.28.185 - - [24/Jul/2026:23:26:16 +0200] "POST /xmlrpc.php HTTP/1.1" 200 5463 "-" "Mozilla/5.0 (Windows NT 6.2; arm64) AppleWebKit/537.36 (KHTML, like Gecko) Edge/92.0.0.0 Safari/537.36"
104.234.53.41 - - [24/Jul/2026:23:26:16 +0200] "GET /wp-admin/index.php HTTP/1.1" 302 5230 "https://as-cp.fr/wp-login.php" "Mozilla/5.0 (Macintosh; Intel Mac OS X 13_6_1) AppleWebKit/537.36 (KHTML, like Gecko) Chrome/118.0.0.0 Safari/537.36"
91.134.83.25 - - [24/Jul/2026:23:26:18 +0200] "POST /wp-cron.php?doing_wp_cron=1784928378.5387630462646484375000 HTTP/1.1" 200 5074 "-" "WordPress/6.9.4; https://as-cp.fr"
104.234.53.41 - - [24/Jul/2026:23:26:17 +0200] "GET /wp-login.php?redirect_to=https%3A%2F%2Fas-cp.fr%2Fwp-admin%2Findex.php&reauth=1 HTTP/1.1" 200 10805 "https://as-cp.fr/wp-login.php" "Mozilla/5.0 (Macintosh; Intel Mac OS X 13_6_1) AppleWebKit/537.36 (KHTML, like Gecko) Chrome/118.0.0.0 Safari/537.36"
104.234.53.41 - - [24/Jul/2026:23:26:18 +0200] "POST /wp-login.php HTTP/1.1" 200 8904 "https://as-cp.fr/wp-login.php" "Mozilla/5.0 (Windows NT 10.0; Win64; x64) AppleWebKit/537.36 (KHTML, like Gecko) Chrome/121.0.0.0 Safari/537.36"
88.166.28.185 - - [24/Jul/2026:23:26:18 +0200] "POST /xmlrpc.php HTTP/1.1" 200 5463 "-" "Mozilla/5.0 (Linux; Android 10; x64) AppleWebKit/537.36 (KHTML, like Gecko) Safari/11.0.0.0 Safari/537.36"
91.134.83.25 - - [24/Jul/2026:23:26:22 +0200] "POST /wp-cron.php?doing_wp_cron=1784928382.2266800403594970703125 HTTP/1.1" 200 5074 "-" "WordPress/6.9.4; https://as-cp.fr"
104.234.53.41 - - [24/Jul/2026:23:26:20 +0200] "GET /wp-admin/index.php HTTP/1.1" 302 5230 "https://as-cp.fr/wp-login.php" "Mozilla/5.0 (Macintosh; Intel Mac OS X 10_15_7) AppleWebKit/605.1.15 (KHTML, like Gecko) Version/17.2 Safari/605.1.15"
104.234.53.41 - - [24/Jul/2026:23:26:22 +0200] "GET /wp-login.php?redirect_to=https%3A%2F%2Fas-cp.fr%2Fwp-admin%2Findex.php&reauth=1 HTTP/1.1" 200 10805 "https://as-cp.fr/wp-login.php" "Mozilla/5.0 (Macintosh; Intel Mac OS X 10_15_7) AppleWebKit/605.1.15 (KHTML, like Gecko) Version/17.2 Safari/605.1.15"
104.234.53.41 - - [24/Jul/2026:23:26:24 +0200] "POST /wp-login.php HTTP/1.1" 200 8902 "https://as-cp.fr/wp-login.php" "Mozilla/5.0 (Macintosh; Intel Mac OS X 13_6_1) AppleWebKit/537.36 (KHTML, like Gecko) Chrome/120.0.0.0 Safari/537.36"
104.234.53.41 - - [24/Jul/2026:23:26:25 +0200] "GET /wp-admin/index.php HTTP/1.1" 302 5230 "https://as-cp.fr/wp-login.php" "Mozilla/5.0 (Windows NT 11.0; Win64; x64; rv:118.0) Gecko/20100101 Firefox/118.0"
104.234.53.41 - - [24/Jul/2026:23:26:26 +0200] "GET /wp-login.php?redirect_to=https%3A%2F%2Fas-cp.fr%2Fwp-admin%2Findex.php&reauth=1 HTTP/1.1" 200 10805 "https://as-cp.fr/wp-login.php" "Mozilla/5.0 (Windows NT 11.0; Win64; x64; rv:118.0) Gecko/20100101 Firefox/118.0"
104.234.53.41 - - [24/Jul/2026:23:26:28 +0200] "POST /wp-login.php HTTP/1.1" 200 8904 "https://as-cp.fr/wp-login.php" "Mozilla/5.0 (Macintosh; Intel Mac OS X 10_15_7; rv:119.0) Gecko/20100101 Firefox/119.0"
88.166.28.185 - - [24/Jul/2026:23:26:28 +0200] "POST /xmlrpc.php HTTP/1.1" 200 5463 "-" "Mozilla/5.0 (X11; Ubuntu; Linux x86_64; x64) AppleWebKit/537.36 (KHTML, like Gecko) Edge/84.0.0.0 Safari/537.36"
104.234.53.41 - - [24/Jul/2026:23:26:29 +0200] "GET /wp-admin/index.php HTTP/1.1" 302 5230 "https://as-cp.fr/wp-login.php" "Mozilla/5.0 (Macintosh; Intel Mac OS X 10_15_7; rv:119.0) Gecko/20100101 Firefox/119.0"
104.234.53.41 - - [24/Jul/2026:23:26:31 +0200] "GET /wp-login.php?redirect_to=https%3A%2F%2Fas-cp.fr%2Fwp-admin%2Findex.php&reauth=1 HTTP/1.1" 200 10805 "https://as-cp.fr/wp-login.php" "Mozilla/5.0 (Macintosh; Intel Mac OS X 10_15_7; rv:119.0) Gecko/20100101 Firefox/119.0"
88.166.28.185 - - [24/Jul/2026:23:26:31 +0200] "POST /xmlrpc.php HTTP/1.1" 200 5463 "-" "Mozilla/5.0 (Windows NT 6.2; x86) AppleWebKit/537.36 (KHTML, like Gecko) Edge/82.0.0.0 Safari/537.36"
104.234.53.41 - - [24/Jul/2026:23:26:32 +0200] "POST /wp-login.php HTTP/1.1" 200 8903 "https://as-cp.fr/wp-login.php" "Mozilla/5.0 (X11; Ubuntu; Linux x86_64) AppleWebKit/537.36 (KHTML, like Gecko) Chrome/121.0.0.0 Safari/537.36"
104.234.53.41 - - [24/Jul/2026:23:26:33 +0200] "GET /wp-admin/index.php HTTP/1.1" 302 5230 "https://as-cp.fr/wp-login.php" "Mozilla/5.0 (Macintosh; Intel Mac OS X 13_6_1) AppleWebKit/605.1.15 (KHTML, like Gecko) Version/17.0 Safari/605.1.15"
91.134.83.25 - - [24/Jul/2026:23:26:34 +0200] "POST /wp-cron.php?doing_wp_cron=1784928394.6505711078643798828125 HTTP/1.1" 200 5074 "-" "WordPress/6.9.4; https://as-cp.fr"
104.234.53.41 - - [24/Jul/2026:23:26:34 +0200] "GET /wp-login.php?redirect_to=https%3A%2F%2Fas-cp.fr%2Fwp-admin%2Findex.php&reauth=1 HTTP/1.1" 200 10805 "https://as-cp.fr/wp-login.php" "Mozilla/5.0 (Macintosh; Intel Mac OS X 13_6_1) AppleWebKit/605.1.15 (KHTML, like Gecko) Version/17.0 Safari/605.1.15"
104.234.53.41 - - [24/Jul/2026:23:26:35 +0200] "POST /wp-login.php HTTP/1.1" 200 8904 "https://as-cp.fr/wp-login.php" "Mozilla/5.0 (Windows NT 11.0; Win64; x64) AppleWebKit/537.36 (KHTML, like Gecko) Chrome/118.0.0.0 Safari/537.36"
104.234.53.41 - - [24/Jul/2026:23:26:35 +0200] "GET /wp-admin/index.php HTTP/1.1" 302 5230 "https://as-cp.fr/wp-login.php" "Mozilla/5.0 (Windows NT 10.0; Win64; x64; rv:120.0) Gecko/20100101 Firefox/120.0"
104.234.53.41 - - [24/Jul/2026:23:26:36 +0200] "GET /wp-login.php?redirect_to=https%3A%2F%2Fas-cp.fr%2Fwp-admin%2Findex.php&reauth=1 HTTP/1.1" 200 10805 "https://as-cp.fr/wp-login.php" "Mozilla/5.0 (Windows NT 10.0; Win64; x64; rv:120.0) Gecko/20100101 Firefox/120.0"
52.167.144.161 - - [24/Jul/2026:23:26:36 +0200] "GET / HTTP/1.1" 200 26624 "-" "Mozilla/5.0 AppleWebKit/537.36 (KHTML, like Gecko; compatible; bingbot/2.0; +http://www.bing.com/bingbot.htm) Chrome/116.0.1938.76 Safari/537.36"
104.234.53.41 - - [24/Jul/2026:23:26:37 +0200] "POST /wp-login.php HTTP/1.1" 200 8902 "https://as-cp.fr/wp-login.php" "Mozilla/5.0 (Macintosh; Intel Mac OS X 10_15_7) AppleWebKit/537.36 (KHTML, like Gecko) Chrome/119.0.0.0 Safari/537.36"
104.234.53.41 - - [24/Jul/2026:23:26:38 +0200] "GET /wp-admin/index.php HTTP/1.1" 302 5230 "https://as-cp.fr/wp-login.php" "Mozilla/5.0 (Macintosh; Intel Mac OS X 13_6_1) AppleWebKit/537.36 (KHTML, like Gecko) Chrome/118.0.0.0 Safari/537.36"
104.234.53.41 - - [24/Jul/2026:23:26:38 +0200] "GET /wp-login.php?redirect_to=https%3A%2F%2Fas-cp.fr%2Fwp-admin%2Findex.php&reauth=1 HTTP/1.1" 200 10805 "https://as-cp.fr/wp-login.php" "Mozilla/5.0 (Macintosh; Intel Mac OS X 13_6_1) AppleWebKit/537.36 (KHTML, like Gecko) Chrome/118.0.0.0 Safari/537.36"
104.234.53.41 - - [24/Jul/2026:23:26:39 +0200] "POST /wp-login.php HTTP/1.1" 200 8900 "https://as-cp.fr/wp-login.php" "Mozilla/5.0 (Macintosh; Intel Mac OS X 13_6_1) AppleWebKit/605.1.15 (KHTML, like Gecko) Version/17.1 Safari/605.1.15"
104.234.53.41 - - [24/Jul/2026:23:26:40 +0200] "GET /wp-admin/index.php HTTP/1.1" 302 5230 "https://as-cp.fr/wp-login.php" "Mozilla/5.0 (Windows NT 10.0; Win64; x64; rv:120.0) Gecko/20100101 Firefox/120.0"
104.234.53.41 - - [24/Jul/2026:23:26:40 +0200] "GET /wp-login.php?redirect_to=https%3A%2F%2Fas-cp.fr%2Fwp-admin%2Findex.php&reauth=1 HTTP/1.1" 200 10805 "https://as-cp.fr/wp-login.php" "Mozilla/5.0 (Windows NT 10.0; Win64; x64; rv:120.0) Gecko/20100101 Firefox/120.0"
88.166.28.185 - - [24/Jul/2026:23:26:41 +0200] "POST /xmlrpc.php HTTP/1.1" 200 5463 "-" "Mozilla/5.0 (Windows NT 10.0; arm64) AppleWebKit/537.36 (KHTML, like Gecko) Opera/74.0.0.0 Safari/537.36"
104.234.53.41 - - [24/Jul/2026:23:26:41 +0200] "POST /wp-login.php HTTP/1.1" 200 8904 "https://as-cp.fr/wp-login.php" "Mozilla/5.0 (Windows NT 10.0; Win64; x64; rv:120.0) Gecko/20100101 Firefox/120.0"
104.234.53.41 - - [24/Jul/2026:23:26:42 +0200] "GET /wp-admin/index.php HTTP/1.1" 302 5230 "https://as-cp.fr/wp-login.php" "Mozilla/5.0 (Windows NT 10.0; Win64; x64; rv:121.0) Gecko/20100101 Firefox/121.0"
91.134.83.25 - - [24/Jul/2026:23:26:43 +0200] "POST /wp-cron.php?doing_wp_cron=1784928403.3868570327758789062500 HTTP/1.1" 200 5074 "-" "WordPress/6.9.4; https://as-cp.fr"
104.234.53.41 - - [24/Jul/2026:23:26:43 +0200] "GET /wp-login.php?redirect_to=https%3A%2F%2Fas-cp.fr%2Fwp-admin%2Findex.php&reauth=1 HTTP/1.1" 200 10805 "https://as-cp.fr/wp-login.php" "Mozilla/5.0 (Windows NT 10.0; Win64; x64; rv:121.0) Gecko/20100101 Firefox/121.0"
88.166.28.185 - - [24/Jul/2026:23:26:43 +0200] "POST /xmlrpc.php HTTP/1.1" 200 5463 "-" "Mozilla/5.0 (Macintosh; Intel Mac OS X 10_15_7; x86) AppleWebKit/537.36 (KHTML, like Gecko) Safari/11.0.0.0 Safari/537.36"
104.234.53.41 - - [24/Jul/2026:23:26:44 +0200] "GET /wp-admin/index.php HTTP/1.1" 302 5230 "https://as-cp.fr/wp-login.php" "Mozilla/5.0 (Macintosh; Intel Mac OS X 13_6_1) AppleWebKit/605.1.15 (KHTML, like Gecko) Version/17.1 Safari/605.1.15"
104.234.53.41 - - [24/Jul/2026:23:26:43 +0200] "POST /wp-login.php HTTP/1.1" 200 8903 "https://as-cp.fr/wp-login.php" "Mozilla/5.0 (Macintosh; Intel Mac OS X 10_15_7) AppleWebKit/605.1.15 (KHTML, like Gecko) Version/17.2 Safari/605.1.15"
104.234.53.41 - - [24/Jul/2026:23:26:45 +0200] "GET /wp-login.php?redirect_to=https%3A%2F%2Fas-cp.fr%2Fwp-admin%2Findex.php&reauth=1 HTTP/1.1" 200 10805 "https://as-cp.fr/wp-login.php" "Mozilla/5.0 (Macintosh; Intel Mac OS X 13_6_1) AppleWebKit/605.1.15 (KHTML, like Gecko) Version/17.1 Safari/605.1.15"
104.234.53.41 - - [24/Jul/2026:23:26:46 +0200] "POST /wp-login.php HTTP/1.1" 200 8904 "https://as-cp.fr/wp-login.php" "Mozilla/5.0 (Macintosh; Intel Mac OS X 13_6_1) AppleWebKit/537.36 (KHTML, like Gecko) Chrome/118.0.0.0 Safari/537.36"
104.234.53.41 - - [24/Jul/2026:23:26:46 +0200] "GET /wp-admin/index.php HTTP/1.1" 302 5230 "https://as-cp.fr/wp-login.php" "Mozilla/5.0 (Macintosh; Intel Mac OS X 10_15_7) AppleWebKit/605.1.15 (KHTML, like Gecko) Version/16.6 Safari/605.1.15"
104.234.53.41 - - [24/Jul/2026:23:26:47 +0200] "GET /wp-login.php?redirect_to=https%3A%2F%2Fas-cp.fr%2Fwp-admin%2Findex.php&reauth=1 HTTP/1.1" 200 10805 "https://as-cp.fr/wp-login.php" "Mozilla/5.0 (Macintosh; Intel Mac OS X 10_15_7) AppleWebKit/605.1.15 (KHTML, like Gecko) Version/16.6 Safari/605.1.15"
104.234.53.41 - - [24/Jul/2026:23:26:48 +0200] "POST /wp-login.php HTTP/1.1" 200 8902 "https://as-cp.fr/wp-login.php" "Mozilla/5.0 (Macintosh; Intel Mac OS X 13_6_1) AppleWebKit/605.1.15 (KHTML, like Gecko) Version/17.0 Safari/605.1.15"
104.234.53.41 - - [24/Jul/2026:23:26:48 +0200] "GET /wp-admin/index.php HTTP/1.1" 302 5230 "https://as-cp.fr/wp-login.php" "Mozilla/5.0 (Macintosh; Intel Mac OS X 13_6_1) AppleWebKit/537.36 (KHTML, like Gecko) Chrome/120.0.0.0 Safari/537.36"
104.234.53.41 - - [24/Jul/2026:23:26:49 +0200] "GET /wp-login.php?redirect_to=https%3A%2F%2Fas-cp.fr%2Fwp-admin%2Findex.php&reauth=1 HTTP/1.1" 200 10805 "https://as-cp.fr/wp-login.php" "Mozilla/5.0 (Macintosh; Intel Mac OS X 13_6_1) AppleWebKit/537.36 (KHTML, like Gecko) Chrome/120.0.0.0 Safari/537.36"
104.234.53.41 - - [24/Jul/2026:23:26:50 +0200] "POST /wp-login.php HTTP/1.1" 200 8900 "https://as-cp.fr/wp-login.php" "Mozilla/5.0 (Windows NT 10.0; Win64; x64; rv:118.0) Gecko/20100101 Firefox/118.0"
104.234.53.41 - - [24/Jul/2026:23:26:52 +0200] "GET /wp-admin/index.php HTTP/1.1" 302 5230 "https://as-cp.fr/wp-login.php" "Mozilla/5.0 (Windows NT 11.0; Win64; x64; rv:120.0) Gecko/20100101 Firefox/120.0"
104.234.53.41 - - [24/Jul/2026:23:26:52 +0200] "GET /wp-login.php?redirect_to=https%3A%2F%2Fas-cp.fr%2Fwp-admin%2Findex.php&reauth=1 HTTP/1.1" 200 10805 "https://as-cp.fr/wp-login.php" "Mozilla/5.0 (Windows NT 11.0; Win64; x64; rv:120.0) Gecko/20100101 Firefox/120.0"
88.166.28.185 - - [24/Jul/2026:23:26:53 +0200] "POST /xmlrpc.php HTTP/1.1" 200 5463 "-" "Mozilla/5.0 (X11; Ubuntu; Linux x86_64; x64) AppleWebKit/537.36 (KHTML, like Gecko) Safari/14.0.0.0 Safari/537.36"
104.234.53.41 - - [24/Jul/2026:23:26:53 +0200] "POST /wp-login.php HTTP/1.1" 200 8904 "https://as-cp.fr/wp-login.php" "Mozilla/5.0 (Windows NT 11.0; Win64; x64; rv:120.0) Gecko/20100101 Firefox/120.0"
104.234.53.41 - - [24/Jul/2026:23:26:54 +0200] "GET /wp-admin/index.php HTTP/1.1" 302 5230 "https://as-cp.fr/wp-login.php" "Mozilla/5.0 (Macintosh; Intel Mac OS X 10_15_7) AppleWebKit/605.1.15 (KHTML, like Gecko) Version/17.0 Safari/605.1.15"
104.234.53.41 - - [24/Jul/2026:23:26:54 +0200] "GET /wp-login.php?redirect_to=https%3A%2F%2Fas-cp.fr%2Fwp-admin%2Findex.php&reauth=1 HTTP/1.1" 200 10805 "https://as-cp.fr/wp-login.php" "Mozilla/5.0 (Macintosh; Intel Mac OS X 10_15_7) AppleWebKit/605.1.15 (KHTML, like Gecko) Version/17.0 Safari/605.1.15"
104.234.53.41 - - [24/Jul/2026:23:26:55 +0200] "POST /wp-login.php HTTP/1.1" 200 8903 "https://as-cp.fr/wp-login.php" "Mozilla/5.0 (Macintosh; Intel Mac OS X 10_15_7) AppleWebKit/537.36 (KHTML, like Gecko) Chrome/120.0.0.0 Safari/537.36"
88.166.28.185 - - [24/Jul/2026:23:26:54 +0200] "POST /xmlrpc.php HTTP/1.1" 200 5463 "-" "Mozilla/5.0 (Windows NT 6.3; x86) AppleWebKit/537.36 (KHTML, like Gecko) Opera/69.0.0.0 Safari/537.36"
89.246.241.14 - - [24/Jul/2026:23:26:56 +0200] "GET /category/impots/ HTTP/1.1" 200 24265 "-" "Mozilla/5.0 (Windows NT 10.0; Win64; x64; rv:142.0) Gecko/20100101 Firefox/142.0"
104.234.53.41 - - [24/Jul/2026:23:26:56 +0200] "GET /wp-admin/index.php HTTP/1.1" 302 5230 "https://as-cp.fr/wp-login.php" "Mozilla/5.0 (Macintosh; Intel Mac OS X 13_6_1) AppleWebKit/537.36 (KHTML, like Gecko) Chrome/119.0.0.0 Safari/537.36"
104.234.53.41 - - [24/Jul/2026:23:26:57 +0200] "GET /wp-login.php?redirect_to=https%3A%2F%2Fas-cp.fr%2Fwp-admin%2Findex.php&reauth=1 HTTP/1.1" 200 10805 "https://as-cp.fr/wp-login.php" "Mozilla/5.0 (Macintosh; Intel Mac OS X 13_6_1) AppleWebKit/537.36 (KHTML, like Gecko) Chrome/119.0.0.0 Safari/537.36"
104.234.53.41 - - [24/Jul/2026:23:26:57 +0200] "POST /wp-login.php HTTP/1.1" 200 8904 "https://as-cp.fr/wp-login.php" "Mozilla/5.0 (Macintosh; Intel Mac OS X 10_15_7; rv:119.0) Gecko/20100101 Firefox/119.0"
104.234.53.41 - - [24/Jul/2026:23:26:58 +0200] "GET /wp-admin/index.php HTTP/1.1" 302 5230 "https://as-cp.fr/wp-login.php" "Mozilla/5.0 (Windows NT 11.0; Win64; x64) AppleWebKit/537.36 (KHTML, like Gecko) Chrome/121.0.0.0 Safari/537.36"
104.234.53.41 - - [24/Jul/2026:23:26:59 +0200] "GET /wp-login.php?redirect_to=https%3A%2F%2Fas-cp.fr%2Fwp-admin%2Findex.php&reauth=1 HTTP/1.1" 200 10805 "https://as-cp.fr/wp-login.php" "Mozilla/5.0 (Windows NT 11.0; Win64; x64) AppleWebKit/537.36 (KHTML, like Gecko) Chrome/121.0.0.0 Safari/537.36"
104.234.53.41 - - [24/Jul/2026:23:26:59 +0200] "POST /wp-login.php HTTP/1.1" 200 8902 "https://as-cp.fr/wp-login.php" "Mozilla/5.0 (Macintosh; Intel Mac OS X 13_6_1) AppleWebKit/605.1.15 (KHTML, like Gecko) Version/17.1 Safari/605.1.15"
104.234.53.41 - - [24/Jul/2026:23:27:00 +0200] "GET /wp-admin/index.php HTTP/1.1" 302 5230 "https://as-cp.fr/wp-login.php" "Mozilla/5.0 (Macintosh; Intel Mac OS X 10_15_7) AppleWebKit/537.36 (KHTML, like Gecko) Chrome/120.0.0.0 Safari/537.36"
104.234.53.41 - - [24/Jul/2026:23:27:01 +0200] "GET /wp-login.php?redirect_to=https%3A%2F%2Fas-cp.fr%2Fwp-admin%2Findex.php&reauth=1 HTTP/1.1" 200 10805 "https://as-cp.fr/wp-login.php" "Mozilla/5.0 (Macintosh; Intel Mac OS X 10_15_7) AppleWebKit/537.36 (KHTML, like Gecko) Chrome/120.0.0.0 Safari/537.36"
104.234.53.41 - - [24/Jul/2026:23:27:01 +0200] "POST /wp-login.php HTTP/1.1" 200 8900 "https://as-cp.fr/wp-login.php" "Mozilla/5.0 (X11; Ubuntu; Linux x86_64) AppleWebKit/537.36 (KHTML, like Gecko) Chrome/118.0.0.0 Safari/537.36"
104.234.53.41 - - [24/Jul/2026:23:27:02 +0200] "GET /wp-admin/index.php HTTP/1.1" 302 5230 "https://as-cp.fr/wp-login.php" "Mozilla/5.0 (Macintosh; Intel Mac OS X 10_15_7) AppleWebKit/537.36 (KHTML, like Gecko) Chrome/118.0.0.0 Safari/537.36"
88.166.28.185 - - [24/Jul/2026:23:27:03 +0200] "POST /xmlrpc.php HTTP/1.1" 200 5463 "-" "Mozilla/5.0 (Windows NT 6.3; x64) AppleWebKit/537.36 (KHTML, like Gecko) Edge/99.0.0.0 Safari/537.36"
104.234.53.41 - - [24/Jul/2026:23:27:03 +0200] "GET /wp-login.php?redirect_to=https%3A%2F%2Fas-cp.fr%2Fwp-admin%2Findex.php&reauth=1 HTTP/1.1" 200 10805 "https://as-cp.fr/wp-login.php" "Mozilla/5.0 (Macintosh; Intel Mac OS X 10_15_7) AppleWebKit/537.36 (KHTML, like Gecko) Chrome/118.0.0.0 Safari/537.36"
104.234.53.41 - - [24/Jul/2026:23:27:04 +0200] "POST /wp-login.php HTTP/1.1" 200 8904 "https://as-cp.fr/wp-login.php" "Mozilla/5.0 (Macintosh; Intel Mac OS X 10_15_7) AppleWebKit/605.1.15 (KHTML, like Gecko) Version/17.1 Safari/605.1.15"
104.234.53.41 - - [24/Jul/2026:23:27:04 +0200] "GET /wp-admin/index.php HTTP/1.1" 302 5230 "https://as-cp.fr/wp-login.php" "Mozilla/5.0 (Windows NT 10.0; Win64; x64; rv:120.0) Gecko/20100101 Firefox/120.0"
88.166.28.185 - - [24/Jul/2026:23:27:04 +0200] "POST /xmlrpc.php HTTP/1.1" 200 5463 "-" "Mozilla/5.0 (Windows NT 10.0; x86) AppleWebKit/537.36 (KHTML, like Gecko) Firefox/100.0.0.0 Safari/537.36"
104.234.53.41 - - [24/Jul/2026:23:27:05 +0200] "GET /wp-login.php?redirect_to=https%3A%2F%2Fas-cp.fr%2Fwp-admin%2Findex.php&reauth=1 HTTP/1.1" 200 10805 "https://as-cp.fr/wp-login.php" "Mozilla/5.0 (Windows NT 10.0; Win64; x64; rv:120.0) Gecko/20100101 Firefox/120.0"
