88.166.28.185 - - [24/Jul/2026:23:36:19 +0200] "POST /xmlrpc.php HTTP/1.1" 200 5463 "-" "Mozilla/5.0 (Windows NT 6.3; x86) AppleWebKit/537.36 (KHTML, like Gecko) Opera/62.0.0.0 Safari/537.36"
91.134.83.25 - - [24/Jul/2026:23:36:21 +0200] "POST /wp-cron.php?doing_wp_cron=1784928981.9833779335021972656250 HTTP/1.1" 200 5074 "-" "WordPress/6.9.4; https://as-cp.fr"
88.166.28.185 - - [24/Jul/2026:23:36:21 +0200] "POST /xmlrpc.php HTTP/1.1" 200 5463 "-" "Mozilla/5.0 (X11; Ubuntu; Linux x86_64; x64) AppleWebKit/537.36 (KHTML, like Gecko) Edge/92.0.0.0 Safari/537.36"
66.249.68.70 - - [24/Jul/2026:23:36:23 +0200] "GET /nos-actualites/page/3/ HTTP/1.1" 200 24351 "-" "Mozilla/5.0 (Linux; Android 6.0.1; Nexus 5X Build/MMB29P) AppleWebKit/537.36 (KHTML, like Gecko) Chrome/150.0.7871.128 Mobile Safari/537.36 (compatible; Googlebot/2.1; +http://www.google.com/bot.html)"
88.166.28.185 - - [24/Jul/2026:23:36:30 +0200] "POST /xmlrpc.php HTTP/1.1" 200 5463 "-" "Mozilla/5.0 (Windows NT 6.3; x64) AppleWebKit/537.36 (KHTML, like Gecko) Firefox/95.0.0.0 Safari/537.36"
88.166.28.185 - - [24/Jul/2026:23:36:31 +0200] "POST /xmlrpc.php HTTP/1.1" 200 5463 "-" "Mozilla/5.0 (Windows NT 10.0; arm64) AppleWebKit/537.36 (KHTML, like Gecko) Opera/64.0.0.0 Safari/537.36"
91.134.83.25 - - [24/Jul/2026:23:36:40 +0200] "POST /wp-cron.php?doing_wp_cron=1784929000.6259140968322753906250 HTTP/1.1" 200 5074 "-" "WordPress/6.9.4; https://as-cp.fr"
88.166.28.185 - - [24/Jul/2026:23:36:40 +0200] "POST /xmlrpc.php HTTP/1.1" 200 5463 "-" "Mozilla/5.0 (Linux; Android 10; x86) AppleWebKit/537.36 (KHTML, like Gecko) Firefox/78.0.0.0 Safari/537.36"
88.166.28.185 - - [24/Jul/2026:23:36:41 +0200] "POST /xmlrpc.php HTTP/1.1" 200 5463 "-" "Mozilla/5.0 (Linux; Android 10; x64) AppleWebKit/537.36 (KHTML, like Gecko) Edge/86.0.0.0 Safari/537.36"
91.134.83.25 - - [24/Jul/2026:23:36:50 +0200] "POST /wp-cron.php?doing_wp_cron=1784929010.4559080600738525390625 HTTP/1.1" 200 5074 "-" "WordPress/6.9.4; https://as-cp.fr"
57.141.0.27 - - [24/Jul/2026:23:36:49 +0200] "GET /?v=d8a3s8y9p3a8e0d9e6s56 HTTP/1.1" 200 98108 "-" "Mozilla/5.0 (Windows NT 10.0; Win64; x64) AppleWebKit/537.36 (KHTML, like Gecko) Chrome/145.0.0.0 Safari/537.36 (compatible; meta-externalagent/1.1 (+https://developers.facebook.com/docs/sharing/webmasters/crawler))"
88.166.28.185 - - [24/Jul/2026:23:36:50 +0200] "POST /xmlrpc.php HTTP/1.1" 200 5463 "-" "Mozilla/5.0 (Linux; Android 10; x64) AppleWebKit/537.36 (KHTML, like Gecko) Opera/74.0.0.0 Safari/537.36"
88.166.28.185 - - [24/Jul/2026:23:36:51 +0200] "POST /xmlrpc.php HTTP/1.1" 200 5463 "-" "Mozilla/5.0 (Macintosh; Intel Mac OS X 10_15_7; arm64) AppleWebKit/537.36 (KHTML, like Gecko) Opera/79.0.0.0 Safari/537.36"
88.166.28.185 - - [24/Jul/2026:23:37:00 +0200] "POST /xmlrpc.php HTTP/1.1" 200 5463 "-" "Mozilla/5.0 (Windows NT 10.0; arm64) AppleWebKit/537.36 (KHTML, like Gecko) Opera/66.0.0.0 Safari/537.36"
88.166.28.185 - - [24/Jul/2026:23:37:01 +0200] "POST /xmlrpc.php HTTP/1.1" 200 5463 "-" "Mozilla/5.0 (Windows NT 6.2; x64) AppleWebKit/537.36 (KHTML, like Gecko) Chrome/114.0.0.0 Safari/537.36"
88.166.28.185 - - [24/Jul/2026:23:37:10 +0200] "POST /xmlrpc.php HTTP/1.1" 200 5463 "-" "Mozilla/5.0 (Windows NT 6.3; x64) AppleWebKit/537.36 (KHTML, like Gecko) Firefox/94.0.0.0 Safari/537.36"
88.166.28.185 - - [24/Jul/2026:23:37:11 +0200] "POST /xmlrpc.php HTTP/1.1" 200 5463 "-" "Mozilla/5.0 (X11; Ubuntu; Linux x86_64; arm64) AppleWebKit/537.36 (KHTML, like Gecko) Safari/12.0.0.0 Safari/537.36"
91.134.83.25 - - [24/Jul/2026:23:37:19 +0200] "POST /wp-cron.php?doing_wp_cron=1784929039.7401831150054931640625 HTTP/1.1" 200 5074 "-" "WordPress/6.9.4; https://as-cp.fr"
88.166.28.185 - - [24/Jul/2026:23:37:19 +0200] "POST /xmlrpc.php HTTP/1.1" 200 5463 "-" "Mozilla/5.0 (Windows NT 10.0; x64) AppleWebKit/537.36 (KHTML, like Gecko) Edge/84.0.0.0 Safari/537.36"
91.134.83.25 - - [24/Jul/2026:23:37:21 +0200] "POST /wp-cron.php?doing_wp_cron=1784929041.4611489772796630859375 HTTP/1.1" 200 5074 "-" "WordPress/6.9.4; https://as-cp.fr"
88.166.28.185 - - [24/Jul/2026:23:37:21 +0200] "POST /xmlrpc.php HTTP/1.1" 200 5463 "-" "Mozilla/5.0 (Windows NT 6.3; x64) AppleWebKit/537.36 (KHTML, like Gecko) Firefox/87.0.0.0 Safari/537.36"
88.166.28.185 - - [24/Jul/2026:23:37:29 +0200] "POST /xmlrpc.php HTTP/1.1" 200 5463 "-" "Mozilla/5.0 (Macintosh; Intel Mac OS X 10_15_7; arm64) AppleWebKit/537.36 (KHTML, like Gecko) Firefox/95.0.0.0 Safari/537.36"
88.166.28.185 - - [24/Jul/2026:23:37:31 +0200] "POST /xmlrpc.php HTTP/1.1" 200 5463 "-" "Mozilla/5.0 (X11; Ubuntu; Linux x86_64; x86) AppleWebKit/537.36 (KHTML, like Gecko) Edge/95.0.0.0 Safari/537.36"
91.134.83.25 - - [24/Jul/2026:23:37:39 +0200] "POST /wp-cron.php?doing_wp_cron=1784929059.5882580280303955078125 HTTP/1.1" 200 5074 "-" "WordPress/6.9.4; https://as-cp.fr"
88.166.28.185 - - [24/Jul/2026:23:37:39 +0200] "POST /xmlrpc.php HTTP/1.1" 200 5463 "-" "Mozilla/5.0 (Windows NT 10.0; x86) AppleWebKit/537.36 (KHTML, like Gecko) Edge/80.0.0.0 Safari/537.36"
88.166.28.185 - - [24/Jul/2026:23:37:40 +0200] "POST /xmlrpc.php HTTP/1.1" 200 5463 "-" "Mozilla/5.0 (Windows NT 6.3; x64) AppleWebKit/537.36 (KHTML, like Gecko) Firefox/87.0.0.0 Safari/537.36"
91.134.83.25 - - [24/Jul/2026:23:37:50 +0200] "POST /wp-cron.php?doing_wp_cron=1784929070.4697849750518798828125 HTTP/1.1" 200 5074 "-" "WordPress/6.9.4; https://as-cp.fr"
88.166.28.185 - - [24/Jul/2026:23:37:50 +0200] "POST /xmlrpc.php HTTP/1.1" 200 5463 "-" "Mozilla/5.0 (Windows NT 10.0; arm64) AppleWebKit/537.36 (KHTML, like Gecko) Safari/11.0.0.0 Safari/537.36"
88.166.28.185 - - [24/Jul/2026:23:37:51 +0200] "POST /xmlrpc.php HTTP/1.1" 200 5463 "-" "Mozilla/5.0 (Windows NT 10.0; arm64) AppleWebKit/537.36 (KHTML, like Gecko) Safari/10.0.0.0 Safari/537.36"
88.166.28.185 - - [24/Jul/2026:23:38:00 +0200] "POST /xmlrpc.php HTTP/1.1" 200 5463 "-" "Mozilla/5.0 (Macintosh; Intel Mac OS X 10_15_7; x64) AppleWebKit/537.36 (KHTML, like Gecko) Firefox/94.0.0.0 Safari/537.36"
88.166.28.185 - - [24/Jul/2026:23:38:01 +0200] "POST /xmlrpc.php HTTP/1.1" 200 5463 "-" "Mozilla/5.0 (Windows NT 6.3; arm64) AppleWebKit/537.36 (KHTML, like Gecko) Edge/93.0.0.0 Safari/537.36"
88.166.28.185 - - [24/Jul/2026:23:38:10 +0200] "POST /xmlrpc.php HTTP/1.1" 200 5463 "-" "Mozilla/5.0 (Linux; Android 10; arm64) AppleWebKit/537.36 (KHTML, like Gecko) Chrome/114.0.0.0 Safari/537.36"
20.15.133.163 - - [24/Jul/2026:23:38:15 +0200] "GET /category/impots/ HTTP/1.1" 200 24265 "-" "Mozilla/5.0 AppleWebKit/537.36 (KHTML, like Gecko; compatible; bingbot/2.0; +http://www.bing.com/bingbot.htm) Chrome/116.0.1938.76 Safari/537.36"
91.134.83.25 - - [24/Jul/2026:23:38:20 +0200] "POST /wp-cron.php?doing_wp_cron=1784929100.6227600574493408203125 HTTP/1.1" 200 5074 "-" "WordPress/6.9.4; https://as-cp.fr"
88.166.28.185 - - [24/Jul/2026:23:38:20 +0200] "POST /xmlrpc.php HTTP/1.1" 200 5463 "-" "Mozilla/5.0 (Linux; Android 10; arm64) AppleWebKit/537.36 (KHTML, like Gecko) Safari/14.0.0.0 Safari/537.36"
91.134.83.25 - - [24/Jul/2026:23:39:07 +0200] "POST /wp-cron.php?doing_wp_cron=1784929147.6343119144439697265625 HTTP/1.1" 200 5074 "-" "WordPress/6.9.4; https://as-cp.fr"
23.23.180.225 - - [24/Jul/2026:23:39:07 +0200] "GET /loi-de-finances-2025-ce-qui-change-pour-les-particuliers/&quot HTTP/1.1" 301 5197 "-" "Mozilla/5.0 AppleWebKit/537.36 (KHTML, like Gecko; compatible; Amazonbot/0.1; +https://developer.amazon.com/support/amazonbot) Chrome/119.0.6045.214 Safari/537.36"
35.172.125.172 - - [24/Jul/2026:23:39:07 +0200] "GET / HTTP/1.1" 200 26624 "-" "Mozilla/5.0 AppleWebKit/537.36 (KHTML, like Gecko; compatible; Amazonbot/0.1; +https://developer.amazon.com/support/amazonbot) Chrome/119.0.6045.214 Safari/537.36"
57.141.0.34 - - [24/Jul/2026:23:39:45 +0200] "GET /aide-declaration-dimpot-a-perpignan-la-campagne-2026-est-lancee/ HTTP/1.1" 200 86446 "-" "Mozilla/5.0 (Macintosh; Intel Mac OS X 10_15_7) AppleWebKit/537.36 (KHTML, like Gecko) Chrome/145.0.0.0 Safari/537.36 (compatible; meta-externalagent/1.1 (+https://developers.facebook.com/docs/sharing/webmasters/crawler))"
91.134.83.25 - - [24/Jul/2026:23:39:47 +0200] "POST /wp-cron.php?doing_wp_cron=1784929187.7359349727630615234375 HTTP/1.1" 200 5074 "-" "WordPress/6.9.4; https://as-cp.fr"
44.208.226.63 - - [24/Jul/2026:23:39:47 +0200] "GET /loi-de-finances-2025-ce-qui-change-pour-les-particuliers/&quot HTTP/1.1" 301 5197 "-" "Mozilla/5.0 AppleWebKit/605.1.15 (KHTML, like Gecko) Chrome/139.0.0.0 Safari/605.1.15"
44.218.146.159 - - [24/Jul/2026:23:39:48 +0200] "GET / HTTP/1.1" 200 26624 "-" "Mozilla/5.0 AppleWebKit/605.1.15 (KHTML, like Gecko) Chrome/139.0.0.0 Safari/605.1.15"
57.141.0.22 - - [24/Jul/2026:23:39:58 +0200] "GET /?v=e8g2y8p2t6o6l1o4g8e4r4 HTTP/1.1" 200 98108 "-" "Mozilla/5.0 (Macintosh; Intel Mac OS X 10_15_7) AppleWebKit/537.36 (KHTML, like Gecko) Chrome/145.0.0.0 Safari/537.36 (compatible; meta-externalagent/1.1 (+https://developers.facebook.com/docs/sharing/webmasters/crawler))"
57.141.0.29 - - [24/Jul/2026:23:40:15 +0200] "GET /shops/fovouress/m8e3t0a6p0h7r1a7s1t7i5c HTTP/1.1" 301 5197 "-" "Mozilla/5.0 (Windows NT 10.0; Win64; x64) AppleWebKit/537.36 (KHTML, like Gecko) Chrome/145.0.0.0 Safari/537.36 (compatible; meta-externalagent/1.1 (+https://developers.facebook.com/docs/sharing/webmasters/crawler))"
92.253.236.156 - - [24/Jul/2026:23:40:21 +0200] "GET / HTTP/1.1" 200 26624 "-" "Mozilla/5.0 (compatible; research-bot/1.0)"
91.134.83.25 - - [24/Jul/2026:23:40:31 +0200] "POST /wp-cron.php?doing_wp_cron=1784929231.2185690402984619140625 HTTP/1.1" 200 5074 "-" "WordPress/6.9.4; https://as-cp.fr"
57.141.0.48 - - [24/Jul/2026:23:40:30 +0200] "GET /?v=c8l2u8t1c5h8e4d7430 HTTP/1.1" 200 98108 "-" "Mozilla/5.0 (Windows NT 10.0; Win64; x64) AppleWebKit/537.36 (KHTML, like Gecko) Chrome/145.0.0.0 Safari/537.36 (compatible; meta-externalagent/1.1 (+https://developers.facebook.com/docs/sharing/webmasters/crawler))"
91.134.83.25 - - [24/Jul/2026:23:40:37 +0200] "POST /wp-cron.php?doing_wp_cron=1784929237.8244268894195556640625 HTTP/1.1" 200 5074 "-" "WordPress/6.9.4; https://as-cp.fr"
57.141.0.71 - - [24/Jul/2026:23:40:37 +0200] "GET /shops/mepacrine/h8e1e4l0e4d508819 HTTP/1.1" 301 5197 "-" "Mozilla/5.0 (Windows NT 10.0; Win64; x64) AppleWebKit/537.36 (KHTML, like Gecko) Chrome/145.0.0.0 Safari/537.36 (compatible; meta-externalagent/1.1 (+https://developers.facebook.com/docs/sharing/webmasters/crawler))"
91.134.83.25 - - [24/Jul/2026:23:41:31 +0200] "POST /wp-cron.php?doing_wp_cron=1784929291.5973060131072998046875 HTTP/1.1" 200 5074 "-" "WordPress/6.9.4; https://as-cp.fr"
57.141.0.36 - - [24/Jul/2026:23:41:31 +0200] "GET /?prodromous/81032869432 HTTP/1.1" 301 5076 "-" "Mozilla/5.0 (Windows NT 10.0; Win64; x64) AppleWebKit/537.36 (KHTML, like Gecko) Chrome/145.0.0.0 Safari/537.36 Edg/145.0.0.0 (compatible; meta-externalagent/1.1 (+https://developers.facebook.com/docs/sharing/webmasters/crawler))"
91.134.83.25 - - [24/Jul/2026:23:41:56 +0200] "POST /wp-cron.php?doing_wp_cron=1784929316.2766590118408203125000 HTTP/1.1" 200 5074 "-" "WordPress/6.9.4; https://as-cp.fr"
57.141.0.14 - - [24/Jul/2026:23:41:55 +0200] "GET /?v=f8u1r8t7h6e3r4s9o4m0e5 HTTP/1.1" 200 98108 "-" "Mozilla/5.0 (Macintosh; Intel Mac OS X 10_15_7) AppleWebKit/537.36 (KHTML, like Gecko) Chrome/145.0.0.0 Safari/537.36 (compatible; meta-externalagent/1.1 (+https://developers.facebook.com/docs/sharing/webmasters/crawler))"
57.141.0.41 - - [24/Jul/2026:23:42:02 +0200] "GET /?v=g8u1i8d7e5s463628 HTTP/1.1" 200 98108 "-" "Mozilla/5.0 (Macintosh; Intel Mac OS X 10_15_7) AppleWebKit/537.36 (KHTML, like Gecko) Chrome/145.0.0.0 Safari/537.36 (compatible; meta-externalagent/1.1 (+https://developers.facebook.com/docs/sharing/webmasters/crawler))"
57.141.0.29 - - [24/Jul/2026:23:42:12 +0200] "GET /shops/eurystomus/t8h1a1l0a7m8i3f8l9oral HTTP/1.1" 301 5197 "-" "Mozilla/5.0 (Windows NT 10.0; Win64; x64) AppleWebKit/537.36 (KHTML, like Gecko) Chrome/145.0.0.0 Safari/537.36 (compatible; meta-externalagent/1.1 (+https://developers.facebook.com/docs/sharing/webmasters/crawler))"
91.134.83.25 - - [24/Jul/2026:23:42:39 +0200] "POST /wp-cron.php?doing_wp_cron=1784929359.4787149429321289062500 HTTP/1.1" 200 5074 "-" "WordPress/6.9.4; https://as-cp.fr"
57.141.0.69 - - [24/Jul/2026:23:42:39 +0200] "GET /?v=i8m1p7o1s0t2u8r7e178 HTTP/1.1" 200 98108 "-" "Mozilla/5.0 (Windows NT 10.0; Win64; x64) AppleWebKit/537.36 (KHTML, like Gecko) Chrome/145.0.0.0 Safari/537.36 (compatible; meta-externalagent/1.1 (+https://developers.facebook.com/docs/sharing/webmasters/crawler))"
91.134.83.25 - - [24/Jul/2026:23:43:08 +0200] "POST /wp-cron.php?doing_wp_cron=1784929388.1237740516662597656250 HTTP/1.1" 200 5074 "-" "WordPress/6.9.4; https://as-cp.fr"
57.141.0.64 - - [24/Jul/2026:23:43:07 +0200] "GET /shops/sowdanesse/r8e7g6m2a04498 HTTP/1.1" 301 5197 "-" "Mozilla/5.0 (Windows NT 10.0; Win64; x64) AppleWebKit/537.36 (KHTML, like Gecko) Chrome/145.0.0.0 Safari/537.36 (compatible; meta-externalagent/1.1 (+https://developers.facebook.com/docs/sharing/webmasters/crawler))"
91.134.83.25 - - [24/Jul/2026:23:44:46 +0200] "POST /wp-cron.php?doing_wp_cron=1784929486.8552730083465576171875 HTTP/1.1" 200 5074 "-" "WordPress/6.9.4; https://as-cp.fr"
57.141.0.69 - - [24/Jul/2026:23:44:46 +0200] "GET /?v=c8o1l7l9i8g3a4t2i0n0g1 HTTP/1.1" 200 98108 "-" "Mozilla/5.0 (Windows NT 10.0; Win64; x64) AppleWebKit/537.36 (KHTML, like Gecko) Chrome/145.0.0.0 Safari/537.36 (compatible; meta-externalagent/1.1 (+https://developers.facebook.com/docs/sharing/webmasters/crawler))"
57.141.0.61 - - [24/Jul/2026:23:45:01 +0200] "GET /?v=a8z2o3t7e9d618798 HTTP/1.1" 200 98108 "-" "Mozilla/5.0 (Windows NT 10.0; Win64; x64) AppleWebKit/537.36 (KHTML, like Gecko) Chrome/145.0.0.0 Safari/537.36 (compatible; meta-externalagent/1.1 (+https://developers.facebook.com/docs/sharing/webmasters/crawler))"
52.167.144.221 - - [24/Jul/2026:23:45:07 +0200] "GET /donation-au-dernier-vivant-a-perpignan/ HTTP/1.1" 200 23323 "-" "Mozilla/5.0 AppleWebKit/537.36 (KHTML, like Gecko; compatible; bingbot/2.0; +http://www.bing.com/bingbot.htm) Chrome/116.0.1938.76 Safari/537.36"
114.119.133.158 - - [24/Jul/2026:23:45:11 +0200] "GET /wp-content/uploads/2026/03/aide-declaration-fiscale-perpignan-1.jpg HTTP/1.1" 200 5106 "https://as-cp.fr/aide-declaration-fiscale-a-perpignan-ne-laissez-plus-vos-impots-au-hasard/" "Mozilla/5.0 (Linux; Android 7.0;) AppleWebKit/537.36 (HTML, like Gecko) Mobile Safari/537.36 (compatible; PetalBot;+https://webmaster.petalsearch.com/site/petalbot)"
40.77.179.165 - - [24/Jul/2026:23:45:14 +0200] "GET /donation-au-dernier-vivant-a-perpignan HTTP/1.1" 301 5090 "-" "Mozilla/5.0 AppleWebKit/537.36 (KHTML, like Gecko; compatible; bingbot/2.0; +http://www.bing.com/bingbot.htm) Chrome/136.0.0.0 Safari/537.36"
144.79.133.30 - - [24/Jul/2026:23:45:17 +0200] "GET /wp-login.php HTTP/1.1" 200 8736 "-" "Mozilla/5.0 (Windows NT 10.0; Win64; x64) AppleWebKit/537.36 (KHTML, like Gecko) Chrome/150.0.0.0 Safari/537.36"
91.134.83.25 - - [24/Jul/2026:23:45:33 +0200] "POST /wp-cron.php?doing_wp_cron=1784929533.4789619445800781250000 HTTP/1.1" 200 5074 "-" "WordPress/6.9.4; https://as-cp.fr"
57.141.0.66 - - [24/Jul/2026:23:45:33 +0200] "GET /shops/resent/d8e3f1o3r7c0e5o5r016 HTTP/1.1" 301 5197 "-" "Mozilla/5.0 (Macintosh; Intel Mac OS X 10_15_7) AppleWebKit/537.36 (KHTML, like Gecko) Chrome/145.0.0.0 Safari/537.36 (compatible; meta-externalagent/1.1 (+https://developers.facebook.com/docs/sharing/webmasters/crawler))"
91.134.83.25 - - [24/Jul/2026:23:45:58 +0200] "POST /wp-cron.php?doing_wp_cron=1784929558.2194139957427978515625 HTTP/1.1" 200 5074 "-" "WordPress/6.9.4; https://as-cp.fr"
165.22.109.76 - - [24/Jul/2026:23:45:57 +0200] "POST /?rest_route=/batch/v1 HTTP/1.1" 207 5335 "-" "Mozilla/5.0"
165.22.109.76 - - [24/Jul/2026:23:45:58 +0200] "POST /?rest_route=/batch/v1 HTTP/1.1" 207 1859650 "-" "Mozilla/5.0"
165.22.109.76 - - [24/Jul/2026:23:46:01 +0200] "POST /wp-json/batch/v1 HTTP/1.1" 207 5335 "-" "Mozilla/5.0"
165.22.109.76 - - [24/Jul/2026:23:46:02 +0200] "POST /wp-json/batch/v1 HTTP/1.1" 207 1859230 "-" "Mozilla/5.0"
91.134.83.25 - - [24/Jul/2026:23:46:38 +0200] "POST /wp-cron.php?doing_wp_cron=1784929598.2922461032867431640625 HTTP/1.1" 200 5074 "-" "WordPress/6.9.4; https://as-cp.fr"
57.141.0.35 - - [24/Jul/2026:23:46:37 +0200] "GET /shops/peragrate/a8r5c8h3e9s4p9o0r5e0 HTTP/1.1" 301 5197 "-" "Mozilla/5.0 (Macintosh; Intel Mac OS X 10_15_7) AppleWebKit/537.36 (KHTML, like Gecko) Chrome/145.0.0.0 Safari/537.36 (compatible; meta-externalagent/1.1 (+https://developers.facebook.com/docs/sharing/webmasters/crawler))"
91.134.83.25 - - [24/Jul/2026:23:47:18 +0200] "POST /wp-cron.php?doing_wp_cron=1784929638.0727169513702392578125 HTTP/1.1" 200 5074 "-" "WordPress/6.9.4; https://as-cp.fr"
57.141.0.52 - - [24/Jul/2026:23:47:17 +0200] "GET /pipit/perigynous/81315359233 HTTP/1.1" 301 5197 "-" "Mozilla/5.0 (X11; Linux x86_64) AppleWebKit/537.36 (KHTML, like Gecko) Chrome/145.0.0.0 Safari/537.36 (compatible; meta-externalagent/1.1 (+https://developers.facebook.com/docs/sharing/webmasters/crawler))"
91.134.83.25 - - [24/Jul/2026:23:47:45 +0200] "POST /wp-cron.php?doing_wp_cron=1784929665.0172119140625000000000 HTTP/1.1" 200 5074 "-" "WordPress/6.9.4; https://as-cp.fr"
57.141.0.32 - - [24/Jul/2026:23:47:44 +0200] "GET /?v=p8a2s8t1e4r961653 HTTP/1.1" 200 98108 "-" "Mozilla/5.0 (Macintosh; Intel Mac OS X 10_15_7) AppleWebKit/537.36 (KHTML, like Gecko) Chrome/145.0.0.0 Safari/537.36 (compatible; meta-externalagent/1.1 (+https://developers.facebook.com/docs/sharing/webmasters/crawler))"
57.141.0.70 - - [24/Jul/2026:23:48:09 +0200] "GET /pomatomus/oenology/8271157634 HTTP/1.1" 301 5197 "-" "Mozilla/5.0 (Macintosh; Intel Mac OS X 10_15_7) AppleWebKit/537.36 (KHTML, like Gecko) Chrome/145.0.0.0 Safari/537.36 (compatible; meta-externalagent/1.1 (+https://developers.facebook.com/docs/sharing/webmasters/crawler))"
89.246.241.14 - - [24/Jul/2026:23:48:31 +0200] "GET /courtier-assurance-emprunteur-saint-esteve-economies/ HTTP/1.1" 200 24266 "-" "Mozilla/5.0 (Windows NT 10.0; Win64; x64; rv:142.0) Gecko/20100101 Firefox/142.0"
85.208.96.195 - - [24/Jul/2026:23:48:50 +0200] "GET /robots.txt HTTP/1.1" 200 5168 "-" "Mozilla/5.0 (compatible; SemrushBot/7~bl; +http://www.semrush.com/bot.html)"
85.208.96.204 - - [24/Jul/2026:23:48:51 +0200] "GET /pourquoi-faire-appel-a-un-conseiller-en-investissement-a-perpignan-et-alentours/ HTTP/1.1" 200 23814 "-" "Mozilla/5.0 (compatible; SemrushBot/7~bl; +http://www.semrush.com/bot.html)"
91.134.83.25 - - [24/Jul/2026:23:49:44 +0200] "POST /wp-cron.php?doing_wp_cron=1784929784.3231430053710937500000 HTTP/1.1" 200 5074 "-" "WordPress/6.9.4; https://as-cp.fr"
57.141.0.67 - - [24/Jul/2026:23:49:43 +0200] "GET /shops/authorship/a8l1c0o5h0o8l7s7870 HTTP/1.1" 301 5197 "-" "Mozilla/5.0 (Windows NT 10.0; Win64; x64) AppleWebKit/537.36 (KHTML, like Gecko) Chrome/145.0.0.0 Safari/537.36 (compatible; meta-externalagent/1.1 (+https://developers.facebook.com/docs/sharing/webmasters/crawler))"
57.141.0.34 - - [24/Jul/2026:23:49:46 +0200] "GET /sitemap-sub-2859.xml HTTP/1.1" 301 5197 "-" "Mozilla/5.0 (Windows NT 10.0; Win64; x64) AppleWebKit/537.36 (KHTML, like Gecko) Chrome/145.0.0.0 Safari/537.36 (compatible; meta-externalagent/1.1 (+https://developers.facebook.com/docs/sharing/webmasters/crawler))"
57.141.0.60 - - [24/Jul/2026:23:49:50 +0200] "GET /?v=d8e2c3o2m7p8o8u5n1d24 HTTP/1.1" 200 98108 "-" "Mozilla/5.0 (X11; Linux x86_64) AppleWebKit/537.36 (KHTML, like Gecko) Chrome/145.0.0.0 Safari/537.36 (compatible; meta-externalagent/1.1 (+https://developers.facebook.com/docs/sharing/webmasters/crawler))"
91.134.83.25 - - [24/Jul/2026:23:51:00 +0200] "POST /wp-cron.php?doing_wp_cron=1784929860.9066219329833984375000 HTTP/1.1" 200 5074 "-" "WordPress/6.9.4; https://as-cp.fr"
57.141.0.1 - - [24/Jul/2026:23:51:00 +0200] "GET /nurstle/kisser/o8w1n6e4r9o5c3c8u7p4i3er HTTP/1.1" 301 5197 "-" "Mozilla/5.0 (Windows NT 10.0; Win64; x64) AppleWebKit/537.36 (KHTML, like Gecko) Chrome/145.0.0.0 Safari/537.36 (compatible; meta-externalagent/1.1 (+https://developers.facebook.com/docs/sharing/webmasters/crawler))"
57.141.0.70 - - [24/Jul/2026:23:51:02 +0200] "GET /?v=n8o4e2m3i3c8s30658 HTTP/1.1" 200 98108 "-" "Mozilla/5.0 (Macintosh; Intel Mac OS X 10_15_7) AppleWebKit/537.36 (KHTML, like Gecko) Chrome/145.0.0.0 Safari/537.36 (compatible; meta-externalagent/1.1 (+https://developers.facebook.com/docs/sharing/webmasters/crawler))"
91.134.83.25 - - [24/Jul/2026:23:51:31 +0200] "POST /wp-cron.php?doing_wp_cron=1784929891.6416029930114746093750 HTTP/1.1" 200 5074 "-" "WordPress/6.9.4; https://as-cp.fr"
57.141.0.17 - - [24/Jul/2026:23:51:31 +0200] "GET /?v=u8n5m9o4v5e0d2248 HTTP/1.1" 200 98108 "-" "Mozilla/5.0 (Windows NT 10.0; Win64; x64) AppleWebKit/537.36 (KHTML, like Gecko) Chrome/145.0.0.0 Safari/537.36 (compatible; meta-externalagent/1.1 (+https://developers.facebook.com/docs/sharing/webmasters/crawler))"
91.134.83.25 - - [24/Jul/2026:23:51:56 +0200] "POST /wp-cron.php?doing_wp_cron=1784929916.6971580982208251953125 HTTP/1.1" 200 5074 "-" "WordPress/6.9.4; https://as-cp.fr"
57.141.0.43 - - [24/Jul/2026:23:51:56 +0200] "GET /shops/hemerobid/r8e2t6i2c9u6l3a6r7l8y6 HTTP/1.1" 301 5197 "-" "Mozilla/5.0 (Windows NT 10.0; Win64; x64) AppleWebKit/537.36 (KHTML, like Gecko) Chrome/145.0.0.0 Safari/537.36 (compatible; meta-externalagent/1.1 (+https://developers.facebook.com/docs/sharing/webmasters/crawler))"
57.141.0.13 - - [24/Jul/2026:23:52:12 +0200] "GET /arthritis/brazilin/8268733436 HTTP/1.1" 301 5197 "-" "Mozilla/5.0 (Macintosh; Intel Mac OS X 10_15_7) AppleWebKit/537.36 (KHTML, like Gecko) Chrome/145.0.0.0 Safari/537.36 (compatible; meta-externalagent/1.1 (+https://developers.facebook.com/docs/sharing/webmasters/crawler))"
91.134.83.25 - - [24/Jul/2026:23:52:48 +0200] "POST /wp-cron.php?doing_wp_cron=1784929968.1022200584411621093750 HTTP/1.1" 200 5074 "-" "WordPress/6.9.4; https://as-cp.fr"
57.141.0.67 - - [24/Jul/2026:23:52:47 +0200] "GET /?v=l8i1m8p0e6t470985 HTTP/1.1" 200 98108 "-" "Mozilla/5.0 (Windows NT 10.0; Win64; x64) AppleWebKit/537.36 (KHTML, like Gecko) Chrome/145.0.0.0 Safari/537.36 (compatible; meta-externalagent/1.1 (+https://developers.facebook.com/docs/sharing/webmasters/crawler))"
91.134.83.25 - - [24/Jul/2026:23:53:49 +0200] "POST /wp-cron.php?doing_wp_cron=1784930029.5994420051574707031250 HTTP/1.1" 200 5074 "-" "WordPress/6.9.4; https://as-cp.fr"
57.141.0.17 - - [24/Jul/2026:23:53:49 +0200] "GET /?v=v8o4m5i5c6i6n9e694 HTTP/1.1" 200 98108 "-" "Mozilla/5.0 (Macintosh; Intel Mac OS X 10_15_7) AppleWebKit/537.36 (KHTML, like Gecko) Chrome/145.0.0.0 Safari/537.36 (compatible; meta-externalagent/1.1 (+https://developers.facebook.com/docs/sharing/webmasters/crawler))"
91.134.83.25 - - [24/Jul/2026:23:53:50 +0200] "GET / HTTP/1.1" 200 26798 "-" "WP Rocket/Preload"
91.134.83.25 - - [24/Jul/2026:23:53:51 +0200] "GET / HTTP/1.1" 200 26630 "-" "WP Rocket/Preload Mozilla/5.0 (iPhone; CPU iPhone OS 9_1 like Mac OS X) AppleWebKit/601.1.46 (KHTML, like Gecko) Version/9.0 Mobile/13B143 Safari/601.1"
91.134.83.25 - - [24/Jul/2026:23:54:21 +0200] "POST /wp-cron.php?doing_wp_cron=1784930061.3827209472656250000000 HTTP/1.1" 200 5074 "-" "WordPress/6.9.4; https://as-cp.fr"
57.141.0.66 - - [24/Jul/2026:23:54:20 +0200] "GET /shops/mistakingly/h8e1r6a0l4d0s1h8i3p62 HTTP/1.1" 301 5197 "-" "Mozilla/5.0 (Windows NT 10.0; Win64; x64) AppleWebKit/537.36 (KHTML, like Gecko) Chrome/145.0.0.0 Safari/537.36 (compatible; meta-externalagent/1.1 (+https://developers.facebook.com/docs/sharing/webmasters/crawler))"
57.141.0.71 - - [24/Jul/2026:23:54:28 +0200] "GET /?v=h8a1r1d4w9i1r3e3d499 HTTP/1.1" 200 98108 "-" "Mozilla/5.0 (Macintosh; Intel Mac OS X 10_15_7) AppleWebKit/537.36 (KHTML, like Gecko) Chrome/145.0.0.0 Safari/537.36 (compatible; meta-externalagent/1.1 (+https://developers.facebook.com/docs/sharing/webmasters/crawler))"
149.143.162.34 - - [24/Jul/2026:23:54:52 +0200] "GET /wp-content/uploads/2025/05/declaration-d-impot-a-perpignan-1-350x230.jpg HTTP/1.1" 200 5111 "https://as-cp.fr/tag/gestionnaire-de-fortune-a-perpignan/" "Mozilla/5.0 (Macintosh; Intel Mac OS X 10_15_7) AppleWebKit/537.36 (KHTML, like Gecko) Chrome/131.0.0.0 Safari/537.36"
89.246.241.14 - - [24/Jul/2026:23:54:57 +0200] "GET /pourquoi-faire-appel-a-un-conseiller-en-investissement-a-perpignan-et-alentours/ HTTP/1.1" 200 23814 "-" "Mozilla/5.0 (Windows NT 10.0; Win64; x64; rv:142.0) Gecko/20100101 Firefox/142.0"
91.134.83.25 - - [24/Jul/2026:23:55:04 +0200] "POST /wp-cron.php?doing_wp_cron=1784930104.4442560672760009765625 HTTP/1.1" 200 5074 "-" "WordPress/6.9.4; https://as-cp.fr"
57.141.0.28 - - [24/Jul/2026:23:55:03 +0200] "GET /?v=n8e1r1i1u9m226379 HTTP/1.1" 200 98108 "-" "Mozilla/5.0 (X11; Linux x86_64) AppleWebKit/537.36 (KHTML, like Gecko) Chrome/145.0.0.0 Safari/537.36 (compatible; meta-externalagent/1.1 (+https://developers.facebook.com/docs/sharing/webmasters/crawler))"
57.141.0.26 - - [24/Jul/2026:23:55:14 +0200] "GET /shops/habitualness/n8a2r6i1f9o2r8m657 HTTP/1.1" 301 5197 "-" "Mozilla/5.0 (Windows NT 10.0; Win64; x64) AppleWebKit/537.36 (KHTML, like Gecko) Chrome/145.0.0.0 Safari/537.36 (compatible; meta-externalagent/1.1 (+https://developers.facebook.com/docs/sharing/webmasters/crawler))"
91.134.83.25 - - [24/Jul/2026:23:55:31 +0200] "POST /wp-cron.php?doing_wp_cron=1784930131.0107829570770263671875 HTTP/1.1" 200 5074 "-" "WordPress/6.9.4; https://as-cp.fr"
57.141.0.35 - - [24/Jul/2026:23:55:30 +0200] "GET /shops/abgeordnetenhaus/s8t2a7d9e3624976 HTTP/1.1" 301 5197 "-" "Mozilla/5.0 (Windows NT 10.0; Win64; x64) AppleWebKit/537.36 (KHTML, like Gecko) Chrome/145.0.0.0 Safari/537.36 (compatible; meta-externalagent/1.1 (+https://developers.facebook.com/docs/sharing/webmasters/crawler))"
91.134.83.25 - - [24/Jul/2026:23:56:08 +0200] "POST /wp-cron.php?doing_wp_cron=1784930168.6913549900054931640625 HTTP/1.1" 200 5074 "-" "WordPress/6.9.4; https://as-cp.fr"
57.141.0.37 - - [24/Jul/2026:23:56:08 +0200] "GET /endyma/snaphead/8766363163 HTTP/1.1" 301 5197 "-" "Mozilla/5.0 (Macintosh; Intel Mac OS X 10_15_7) AppleWebKit/537.36 (KHTML, like Gecko) Chrome/145.0.0.0 Safari/537.36 (compatible; meta-externalagent/1.1 (+https://developers.facebook.com/docs/sharing/webmasters/crawler))"
57.141.0.69 - - [24/Jul/2026:23:56:08 +0200] "GET /?vigesimation/83984698447 HTTP/1.1" 301 5078 "-" "Mozilla/5.0 (Windows NT 10.0; Win64; x64) AppleWebKit/537.36 (KHTML, like Gecko) Chrome/145.0.0.0 Safari/537.36 (compatible; meta-externalagent/1.1 (+https://developers.facebook.com/docs/sharing/webmasters/crawler))"
91.134.83.25 - - [24/Jul/2026:23:57:38 +0200] "POST /wp-cron.php?doing_wp_cron=1784930258.0259530544281005859375 HTTP/1.1" 200 5074 "-" "WordPress/6.9.4; https://as-cp.fr"
57.141.0.68 - - [24/Jul/2026:23:57:37 +0200] "GET /shops/wounded/r8e4p9e4n5t9e1r575 HTTP/1.1" 301 5197 "-" "Mozilla/5.0 (Macintosh; Intel Mac OS X 10_15_7) AppleWebKit/537.36 (KHTML, like Gecko) Chrome/145.0.0.0 Safari/537.36 (compatible; meta-externalagent/1.1 (+https://developers.facebook.com/docs/sharing/webmasters/crawler))"
91.134.83.25 - - [24/Jul/2026:23:59:32 +0200] "POST /wp-cron.php?doing_wp_cron=1784930372.3380260467529296875000 HTTP/1.1" 200 5074 "-" "WordPress/6.9.4; https://as-cp.fr"
57.141.0.27 - - [24/Jul/2026:23:59:31 +0200] "GET /shops/chrism/a8l3l0o6n9y7m31968 HTTP/1.1" 301 5197 "-" "Mozilla/5.0 (Windows NT 10.0; Win64; x64) AppleWebKit/537.36 (KHTML, like Gecko) Chrome/145.0.0.0 Safari/537.36 (compatible; meta-externalagent/1.1 (+https://developers.facebook.com/docs/sharing/webmasters/crawler))"
91.134.83.25 - - [25/Jul/2026:00:00:39 +0200] "POST /wp-cron.php?doing_wp_cron=1784930439.8721120357513427734375 HTTP/1.1" 200 5074 "-" "WordPress/6.9.4; https://as-cp.fr"
57.141.0.5 - - [25/Jul/2026:00:00:39 +0200] "GET /?v=f8l2i7t5t4y539469 HTTP/1.1" 200 98108 "-" "Mozilla/5.0 (Windows NT 10.0; Win64; x64) AppleWebKit/537.36 (KHTML, like Gecko) Chrome/145.0.0.0 Safari/537.36 (compatible; meta-externalagent/1.1 (+https://developers.facebook.com/docs/sharing/webmasters/crawler))"
57.141.0.46 - - [25/Jul/2026:00:00:41 +0200] "GET /?v=h8u2m0a2n6i4t8y2861 HTTP/1.1" 200 98108 "-" "Mozilla/5.0 (Windows NT 10.0; Win64; x64) AppleWebKit/537.36 (KHTML, like Gecko) Chrome/145.0.0.0 Safari/537.36 (compatible; meta-externalagent/1.1 (+https://developers.facebook.com/docs/sharing/webmasters/crawler))"
104.28.42.17 - - [25/Jul/2026:00:00:57 +0200] "GET /apple-touch-icon.png HTTP/1.1" 301 5197 "-" "NetworkingExtension/8624.2.5.10.4 Network/5812.122.1 iOS/26.5"
91.134.83.25 - - [25/Jul/2026:00:00:57 +0200] "POST /wp-cron.php?doing_wp_cron=1784930457.5745790004730224609375 HTTP/1.1" 200 5074 "-" "WordPress/6.9.4; https://as-cp.fr"
104.28.42.17 - - [25/Jul/2026:00:00:57 +0200] "GET /favicon.ico HTTP/1.1" 302 5146 "-" "NetworkingExtension/8624.2.5.10.4 Network/5812.122.1 iOS/26.5"
104.28.42.17 - - [25/Jul/2026:00:00:57 +0200] "GET / HTTP/1.1" 200 26624 "-" "NetworkingExtension/8624.2.5.10.4 Network/5812.122.1 iOS/26.5"
104.28.42.17 - - [25/Jul/2026:00:00:57 +0200] "GET /wp-content/uploads/2021/03/favicon-150x150.jpg HTTP/1.1" 200 5085 "-" "NetworkingExtension/8624.2.5.10.4 Network/5812.122.1 iOS/26.5"
104.28.42.17 - - [25/Jul/2026:00:00:57 +0200] "GET /apple-touch-icon-precomposed.png HTTP/1.1" 301 5197 "-" "NetworkingExtension/8624.2.5.10.4 Network/5812.122.1 iOS/26.5"
104.28.42.17 - - [25/Jul/2026:00:00:57 +0200] "GET / HTTP/1.1" 200 26378 "-" "Mozilla/5.0 (Macintosh; Intel Mac OS X 10_11_1) AppleWebKit/601.2.4 (KHTML, like Gecko) Version/9.0.1 Safari/601.2.4 facebookexternalhit/1.1 Facebot Twitterbot/1.0"
104.28.42.17 - - [25/Jul/2026:00:00:58 +0200] "GET / HTTP/1.1" 200 26624 "-" "NetworkingExtension/8624.2.5.10.4 Network/5812.122.1 iOS/26.5"
104.28.42.17 - - [25/Jul/2026:00:00:58 +0200] "GET /wp-content/uploads/2025/07/Facade2.jpg HTTP/1.1" 200 5077 "-" "NetworkingExtension/8624.2.5.10.4 Network/5812.122.1 iOS/26.5"
104.28.42.17 - - [25/Jul/2026:00:00:58 +0200] "GET /wp-content/uploads/2021/03/favicon-150x150.jpg HTTP/1.1" 200 5085 "-" "NetworkingExtension/8624.2.5.10.4 Network/5812.122.1 iOS/26.5"
104.28.42.17 - - [25/Jul/2026:00:00:58 +0200] "GET /wp-content/uploads/2021/02/pique.png HTTP/1.1" 200 5074 "-" "NetworkingExtension/8624.2.5.10.4 Network/5812.122.1 iOS/26.5"
104.28.42.17 - - [25/Jul/2026:00:00:58 +0200] "GET /wp-content/uploads/2021/03/favicon.jpg HTTP/1.1" 200 5077 "-" "NetworkingExtension/8624.2.5.10.4 Network/5812.122.1 iOS/26.5"
104.28.42.17 - - [25/Jul/2026:00:00:58 +0200] "GET /wp-content/uploads/2021/03/favicon.jpg HTTP/1.1" 200 5077 "-" "NetworkingExtension/8624.2.5.10.4 Network/5812.122.1 iOS/26.5"
104.28.42.17 - - [25/Jul/2026:00:00:58 +0200] "GET /wp-content/uploads/2021/04/as-conseil-et-patrimoine-stephanie-marrasse.jpg HTTP/1.1" 200 5113 "-" "NetworkingExtension/8624.2.5.10.4 Network/5812.122.1 iOS/26.5"
57.141.0.71 - - [25/Jul/2026:00:01:04 +0200] "GET /?v=l8e3a0n9l3y937296 HTTP/1.1" 200 98108 "-" "Mozilla/5.0 (Windows NT 10.0; Win64; x64) AppleWebKit/537.36 (KHTML, like Gecko) Chrome/145.0.0.0 Safari/537.36 (compatible; meta-externalagent/1.1 (+https://developers.facebook.com/docs/sharing/webmasters/crawler))"
91.134.83.25 - - [25/Jul/2026:00:02:33 +0200] "POST /wp-cron.php?doing_wp_cron=1784930553.5601620674133300781250 HTTP/1.1" 200 5074 "-" "WordPress/6.9.4; https://as-cp.fr"
68.178.160.25 - - [25/Jul/2026:00:02:33 +0200] "GET /wp-login.php HTTP/1.1" 200 8736 "-" "Mozilla/5.0 (Windows NT 10.0; Win64; x64) AppleWebKit/537.36 (KHTML, like Gecko) Chrome/150.0.0.0 Safari/537.36"
68.178.160.25 - - [25/Jul/2026:00:02:33 +0200] "POST /wp-login.php HTTP/1.1" 200 8912 "https://as-cp.fr/wp-login.php" "Mozilla/5.0 (Windows NT 10.0; Win64; x64) AppleWebKit/537.36 (KHTML, like Gecko) Chrome/150.0.0.0 Safari/537.36"
91.134.83.25 - - [25/Jul/2026:00:02:42 +0200] "POST /wp-cron.php?doing_wp_cron=1784930562.8007349967956542968750 HTTP/1.1" 200 5074 "-" "WordPress/6.9.4; https://as-cp.fr"
57.141.0.55 - - [25/Jul/2026:00:02:42 +0200] "GET /?v=e8n3c6o8l4u8r8e4498 HTTP/1.1" 200 98108 "-" "Mozilla/5.0 (Windows NT 10.0; Win64; x64) AppleWebKit/537.36 (KHTML, like Gecko) Chrome/145.0.0.0 Safari/537.36 (compatible; meta-externalagent/1.1 (+https://developers.facebook.com/docs/sharing/webmasters/crawler))"
57.141.0.13 - - [25/Jul/2026:00:02:58 +0200] "GET /?copepod/82901408342 HTTP/1.1" 301 5073 "-" "Mozilla/5.0 (Windows NT 10.0; Win64; x64) AppleWebKit/537.36 (KHTML, like Gecko) Chrome/145.0.0.0 Safari/537.36 (compatible; meta-externalagent/1.1 (+https://developers.facebook.com/docs/sharing/webmasters/crawler))"
57.141.0.32 - - [25/Jul/2026:00:03:04 +0200] "GET /shops/imbosomed/c8o1t0q5u2e0a8n9969 HTTP/1.1" 301 5197 "-" "Mozilla/5.0 (Windows NT 10.0; Win64; x64) AppleWebKit/537.36 (KHTML, like Gecko) Chrome/145.0.0.0 Safari/537.36 (compatible; meta-externalagent/1.1 (+https://developers.facebook.com/docs/sharing/webmasters/crawler))"
57.141.0.24 - - [25/Jul/2026:00:03:08 +0200] "GET /?v=b8r3i9g8h5t0h2a4r7n6e9ssed HTTP/1.1" 200 98108 "-" "Mozilla/5.0 (Macintosh; Intel Mac OS X 10_15_7) AppleWebKit/537.36 (KHTML, like Gecko) Chrome/145.0.0.0 Safari/537.36 (compatible; meta-externalagent/1.1 (+https://developers.facebook.com/docs/sharing/webmasters/crawler))"
91.134.83.25 - - [25/Jul/2026:00:06:52 +0200] "POST /wp-cron.php?doing_wp_cron=1784930812.6694130897521972656250 HTTP/1.1" 200 5074 "-" "WordPress/6.9.4; https://as-cp.fr"
57.141.0.38 - - [25/Jul/2026:00:06:52 +0200] "GET /?v=u8n2b3o1x0626171 HTTP/1.1" 200 26378 "-" "Mozilla/5.0 (Macintosh; Intel Mac OS X 10_15_7) AppleWebKit/537.36 (KHTML, like Gecko) Chrome/145.0.0.0 Safari/537.36 (compatible; meta-externalagent/1.1 (+https://developers.facebook.com/docs/sharing/webmasters/crawler))"
57.141.0.15 - - [25/Jul/2026:00:06:53 +0200] "GET /phyrrholaemus/lemmus/83886678571 HTTP/1.1" 301 5197 "-" "Mozilla/5.0 (Windows NT 10.0; Win64; x64) AppleWebKit/537.36 (KHTML, like Gecko) Chrome/145.0.0.0 Safari/537.36 (compatible; meta-externalagent/1.1 (+https://developers.facebook.com/docs/sharing/webmasters/crawler))"
91.134.83.25 - - [25/Jul/2026:00:07:42 +0200] "POST /wp-cron.php?doing_wp_cron=1784930862.7397270202636718750000 HTTP/1.1" 200 5074 "-" "WordPress/6.9.4; https://as-cp.fr"
57.141.0.59 - - [25/Jul/2026:00:07:42 +0200] "GET /?v=l8u2p5u2s0737390 HTTP/1.1" 200 26377 "-" "Mozilla/5.0 (Macintosh; Intel Mac OS X 10_15_7) AppleWebKit/537.36 (KHTML, like Gecko) Chrome/145.0.0.0 Safari/537.36 (compatible; meta-externalagent/1.1 (+https://developers.facebook.com/docs/sharing/webmasters/crawler))"
57.141.0.39 - - [25/Jul/2026:00:08:00 +0200] "GET /?v=p8r1e3s8e0r2v5a8t0o8r3ies HTTP/1.1" 200 26377 "-" "Mozilla/5.0 (Macintosh; Intel Mac OS X 10_15_7) AppleWebKit/537.36 (KHTML, like Gecko) Chrome/145.0.0.0 Safari/537.36 (compatible; meta-externalagent/1.1 (+https://developers.facebook.com/docs/sharing/webmasters/crawler))"
91.134.83.25 - - [25/Jul/2026:00:08:50 +0200] "POST /wp-cron.php?doing_wp_cron=1784930930.9320170879364013671875 HTTP/1.1" 200 5074 "-" "WordPress/6.9.4; https://as-cp.fr"
57.141.0.53 - - [25/Jul/2026:00:08:50 +0200] "GET /?v=p8a2l0a6e1e0c7h5i6n6i5 HTTP/1.1" 200 26376 "-" "Mozilla/5.0 (Macintosh; Intel Mac OS X 10_15_7) AppleWebKit/537.36 (KHTML, like Gecko) Chrome/145.0.0.0 Safari/537.36 (compatible; meta-externalagent/1.1 (+https://developers.facebook.com/docs/sharing/webmasters/crawler))"
57.141.0.51 - - [25/Jul/2026:00:08:55 +0200] "GET /?v=w8e4d5g4e457595 HTTP/1.1" 200 26378 "-" "Mozilla/5.0 (Macintosh; Intel Mac OS X 10_15_7) AppleWebKit/537.36 (KHTML, like Gecko) Chrome/145.0.0.0 Safari/537.36 (compatible; meta-externalagent/1.1 (+https://developers.facebook.com/docs/sharing/webmasters/crawler))"
184.34.85.183 - - [25/Jul/2026:00:09:21 +0200] "GET //wp-includes/ID3/license.txt HTTP/1.1" 200 5111 "-" "Mozilla/5.0 (Windows NT 10.0; Win64; x64) AppleWebKit/537.36 (KHTML, like Gecko) Chrome/95.0.4638.69 Safari/537.36"
91.134.83.25 - - [25/Jul/2026:00:09:22 +0200] "POST /wp-cron.php?doing_wp_cron=1784930962.4915590286254882812500 HTTP/1.1" 200 5074 "-" "WordPress/6.9.4; https://as-cp.fr"
184.34.85.183 - - [25/Jul/2026:00:09:21 +0200] "GET //feed/ HTTP/1.1" 301 5112 "-" "Mozilla/5.0 (Windows NT 10.0; Win64; x64) AppleWebKit/537.36 (KHTML, like Gecko) Chrome/95.0.4638.69 Safari/537.36"
184.34.85.183 - - [25/Jul/2026:00:09:22 +0200] "GET //xmlrpc.php?rsd HTTP/1.1" 200 5764 "-" "Mozilla/5.0 (Windows NT 10.0; Win64; x64) AppleWebKit/537.36 (KHTML, like Gecko) Chrome/95.0.4638.69 Safari/537.36"
184.34.85.183 - - [25/Jul/2026:00:09:23 +0200] "GET //?author=1 HTTP/1.1" 301 5066 "-" "Mozilla/5.0 (Windows NT 10.0; Win64; x64) AppleWebKit/537.36 (KHTML, like Gecko) Chrome/95.0.4638.69 Safari/537.36"
184.34.85.183 - - [25/Jul/2026:00:09:23 +0200] "GET //?author=2 HTTP/1.1" 301 5069 "-" "Mozilla/5.0 (Windows NT 10.0; Win64; x64) AppleWebKit/537.36 (KHTML, like Gecko) Chrome/95.0.4638.69 Safari/537.36"
184.34.85.183 - - [25/Jul/2026:00:09:24 +0200] "GET //?author=3 HTTP/1.1" 301 5172 "-" "Mozilla/5.0 (Windows NT 10.0; Win64; x64) AppleWebKit/537.36 (KHTML, like Gecko) Chrome/95.0.4638.69 Safari/537.36"
184.34.85.183 - - [25/Jul/2026:00:09:25 +0200] "GET //wp-json/wp/v2/users/ HTTP/1.1" 200 20748 "-" "Mozilla/5.0 (Windows NT 10.0; Win64; x64) AppleWebKit/537.36 (KHTML, like Gecko) Chrome/95.0.4638.69 Safari/537.36"
184.34.85.183 - - [25/Jul/2026:00:09:25 +0200] "GET //wp-json/oembed/1.0/embed?url=https://as-cp.fr/ HTTP/1.1" 200 7711 "-" "Mozilla/5.0 (Windows NT 10.0; Win64; x64) AppleWebKit/537.36 (KHTML, like Gecko) Chrome/95.0.4638.69 Safari/537.36"
184.34.85.183 - - [25/Jul/2026:00:09:26 +0200] "POST //xmlrpc.php HTTP/1.1" 200 5461 "-" "Mozilla/5.0 (Windows NT 10.0; Win64; x64) AppleWebKit/537.36 (KHTML, like Gecko) Chrome/95.0.4638.69 Safari/537.36"
184.34.85.183 - - [25/Jul/2026:00:09:27 +0200] "POST //xmlrpc.php HTTP/1.1" 200 5461 "-" "Mozilla/5.0 (Windows NT 10.0; Win64; x64) AppleWebKit/537.36 (KHTML, like Gecko) Chrome/95.0.4638.69 Safari/537.36"
184.34.85.183 - - [25/Jul/2026:00:09:27 +0200] "POST //xmlrpc.php HTTP/1.1" 200 5461 "-" "Mozilla/5.0 (Windows NT 10.0; Win64; x64) AppleWebKit/537.36 (KHTML, like Gecko) Chrome/95.0.4638.69 Safari/537.36"
184.34.85.183 - - [25/Jul/2026:00:09:28 +0200] "POST //xmlrpc.php HTTP/1.1" 200 5461 "-" "Mozilla/5.0 (Windows NT 10.0; Win64; x64) AppleWebKit/537.36 (KHTML, like Gecko) Chrome/95.0.4638.69 Safari/537.36"
184.34.85.183 - - [25/Jul/2026:00:09:28 +0200] "POST //xmlrpc.php HTTP/1.1" 200 5461 "-" "Mozilla/5.0 (Windows NT 10.0; Win64; x64) AppleWebKit/537.36 (KHTML, like Gecko) Chrome/95.0.4638.69 Safari/537.36"
184.34.85.183 - - [25/Jul/2026:00:09:29 +0200] "POST //xmlrpc.php HTTP/1.1" 200 5461 "-" "Mozilla/5.0 (Windows NT 10.0; Win64; x64) AppleWebKit/537.36 (KHTML, like Gecko) Chrome/95.0.4638.69 Safari/537.36"
184.34.85.183 - - [25/Jul/2026:00:09:29 +0200] "POST //xmlrpc.php HTTP/1.1" 200 5461 "-" "Mozilla/5.0 (Windows NT 10.0; Win64; x64) AppleWebKit/537.36 (KHTML, like Gecko) Chrome/95.0.4638.69 Safari/537.36"
184.34.85.183 - - [25/Jul/2026:00:09:30 +0200] "POST //xmlrpc.php HTTP/1.1" 200 5461 "-" "Mozilla/5.0 (Windows NT 10.0; Win64; x64) AppleWebKit/537.36 (KHTML, like Gecko) Chrome/95.0.4638.69 Safari/537.36"
184.34.85.183 - - [25/Jul/2026:00:09:31 +0200] "POST //xmlrpc.php HTTP/1.1" 200 5461 "-" "Mozilla/5.0 (Windows NT 10.0; Win64; x64) AppleWebKit/537.36 (KHTML, like Gecko) Chrome/95.0.4638.69 Safari/537.36"
184.34.85.183 - - [25/Jul/2026:00:09:31 +0200] "POST //xmlrpc.php HTTP/1.1" 200 5461 "-" "Mozilla/5.0 (Windows NT 10.0; Win64; x64) AppleWebKit/537.36 (KHTML, like Gecko) Chrome/95.0.4638.69 Safari/537.36"
184.34.85.183 - - [25/Jul/2026:00:09:32 +0200] "POST //xmlrpc.php HTTP/1.1" 200 5456 "-" "Mozilla/5.0 (Windows NT 10.0; Win64; x64) AppleWebKit/537.36 (KHTML, like Gecko) Chrome/95.0.4638.69 Safari/537.36"
184.34.85.183 - - [25/Jul/2026:00:09:32 +0200] "POST //xmlrpc.php HTTP/1.1" 200 5461 "-" "Mozilla/5.0 (Windows NT 10.0; Win64; x64) AppleWebKit/537.36 (KHTML, like Gecko) Chrome/95.0.4638.69 Safari/537.36"
91.134.83.25 - - [25/Jul/2026:00:09:34 +0200] "POST /wp-cron.php?doing_wp_cron=1784930974.6080579757690429687500 HTTP/1.1" 200 5074 "-" "WordPress/6.9.4; https://as-cp.fr"
184.34.85.183 - - [25/Jul/2026:00:09:33 +0200] "POST //xmlrpc.php HTTP/1.1" 200 5461 "-" "Mozilla/5.0 (Windows NT 10.0; Win64; x64) AppleWebKit/537.36 (KHTML, like Gecko) Chrome/95.0.4638.69 Safari/537.36"
184.34.85.183 - - [25/Jul/2026:00:09:34 +0200] "POST //xmlrpc.php HTTP/1.1" 200 5461 "-" "Mozilla/5.0 (Windows NT 10.0; Win64; x64) AppleWebKit/537.36 (KHTML, like Gecko) Chrome/95.0.4638.69 Safari/537.36"
184.34.85.183 - - [25/Jul/2026:00:09:34 +0200] "POST //xmlrpc.php HTTP/1.1" 200 5461 "-" "Mozilla/5.0 (Windows NT 10.0; Win64; x64) AppleWebKit/537.36 (KHTML, like Gecko) Chrome/95.0.4638.69 Safari/537.36"
184.34.85.183 - - [25/Jul/2026:00:09:35 +0200] "POST //xmlrpc.php HTTP/1.1" 200 5461 "-" "Mozilla/5.0 (Windows NT 10.0; Win64; x64) AppleWebKit/537.36 (KHTML, like Gecko) Chrome/95.0.4638.69 Safari/537.36"
184.34.85.183 - - [25/Jul/2026:00:09:36 +0200] "POST //xmlrpc.php HTTP/1.1" 200 5461 "-" "Mozilla/5.0 (Windows NT 10.0; Win64; x64) AppleWebKit/537.36 (KHTML, like Gecko) Chrome/95.0.4638.69 Safari/537.36"
57.141.0.33 - - [25/Jul/2026:00:09:36 +0200] "GET /shops/actionless/l8o3a5d9b7e2a7r3i3n0g1 HTTP/1.1" 301 5197 "-" "Mozilla/5.0 (X11; Linux x86_64) AppleWebKit/537.36 (KHTML, like Gecko) Chrome/145.0.0.0 Safari/537.36 (compatible; meta-externalagent/1.1 (+https://developers.facebook.com/docs/sharing/webmasters/crawler))"
184.34.85.183 - - [25/Jul/2026:00:09:36 +0200] "POST //xmlrpc.php HTTP/1.1" 200 5461 "-" "Mozilla/5.0 (Windows NT 10.0; Win64; x64) AppleWebKit/537.36 (KHTML, like Gecko) Chrome/95.0.4638.69 Safari/537.36"
184.34.85.183 - - [25/Jul/2026:00:09:37 +0200] "POST //xmlrpc.php HTTP/1.1" 200 5461 "-" "Mozilla/5.0 (Windows NT 10.0; Win64; x64) AppleWebKit/537.36 (KHTML, like Gecko) Chrome/95.0.4638.69 Safari/537.36"
184.34.85.183 - - [25/Jul/2026:00:09:38 +0200] "POST //xmlrpc.php HTTP/1.1" 200 5461 "-" "Mozilla/5.0 (Windows NT 10.0; Win64; x64) AppleWebKit/537.36 (KHTML, like Gecko) Chrome/95.0.4638.69 Safari/537.36"
184.34.85.183 - - [25/Jul/2026:00:09:37 +0200] "POST //xmlrpc.php HTTP/1.1" 200 5461 "-" "Mozilla/5.0 (Windows NT 10.0; Win64; x64) AppleWebKit/537.36 (KHTML, like Gecko) Chrome/95.0.4638.69 Safari/537.36"
184.34.85.183 - - [25/Jul/2026:00:09:39 +0200] "POST //xmlrpc.php HTTP/1.1" 200 5461 "-" "Mozilla/5.0 (Windows NT 10.0; Win64; x64) AppleWebKit/537.36 (KHTML, like Gecko) Chrome/95.0.4638.69 Safari/537.36"
184.34.85.183 - - [25/Jul/2026:00:09:39 +0200] "POST //xmlrpc.php HTTP/1.1" 200 5461 "-" "Mozilla/5.0 (Windows NT 10.0; Win64; x64) AppleWebKit/537.36 (KHTML, like Gecko) Chrome/95.0.4638.69 Safari/537.36"
184.34.85.183 - - [25/Jul/2026:00:09:40 +0200] "POST //xmlrpc.php HTTP/1.1" 200 5461 "-" "Mozilla/5.0 (Windows NT 10.0; Win64; x64) AppleWebKit/537.36 (KHTML, like Gecko) Chrome/95.0.4638.69 Safari/537.36"
184.34.85.183 - - [25/Jul/2026:00:09:41 +0200] "POST //xmlrpc.php HTTP/1.1" 200 5461 "-" "Mozilla/5.0 (Windows NT 10.0; Win64; x64) AppleWebKit/537.36 (KHTML, like Gecko) Chrome/95.0.4638.69 Safari/537.36"
184.34.85.183 - - [25/Jul/2026:00:09:42 +0200] "POST //xmlrpc.php HTTP/1.1" 200 5456 "-" "Mozilla/5.0 (Windows NT 10.0; Win64; x64) AppleWebKit/537.36 (KHTML, like Gecko) Chrome/95.0.4638.69 Safari/537.36"
91.134.83.25 - - [25/Jul/2026:00:09:43 +0200] "POST /wp-cron.php?doing_wp_cron=1784930983.4581260681152343750000 HTTP/1.1" 200 5074 "-" "WordPress/6.9.4; https://as-cp.fr"
184.34.85.183 - - [25/Jul/2026:00:09:42 +0200] "POST //xmlrpc.php HTTP/1.1" 200 5461 "-" "Mozilla/5.0 (Windows NT 10.0; Win64; x64) AppleWebKit/537.36 (KHTML, like Gecko) Chrome/95.0.4638.69 Safari/537.36"
184.34.85.183 - - [25/Jul/2026:00:09:43 +0200] "POST //xmlrpc.php HTTP/1.1" 200 5461 "-" "Mozilla/5.0 (Windows NT 10.0; Win64; x64) AppleWebKit/537.36 (KHTML, like Gecko) Chrome/95.0.4638.69 Safari/537.36"
184.34.85.183 - - [25/Jul/2026:00:09:44 +0200] "POST //xmlrpc.php HTTP/1.1" 200 5456 "-" "Mozilla/5.0 (Windows NT 10.0; Win64; x64) AppleWebKit/537.36 (KHTML, like Gecko) Chrome/95.0.4638.69 Safari/537.36"
184.34.85.183 - - [25/Jul/2026:00:09:45 +0200] "POST //xmlrpc.php HTTP/1.1" 200 5461 "-" "Mozilla/5.0 (Windows NT 10.0; Win64; x64) AppleWebKit/537.36 (KHTML, like Gecko) Chrome/95.0.4638.69 Safari/537.36"
184.34.85.183 - - [25/Jul/2026:00:09:45 +0200] "POST //xmlrpc.php HTTP/1.1" 200 5461 "-" "Mozilla/5.0 (Windows NT 10.0; Win64; x64) AppleWebKit/537.36 (KHTML, like Gecko) Chrome/95.0.4638.69 Safari/537.36"
184.34.85.183 - - [25/Jul/2026:00:09:46 +0200] "POST //xmlrpc.php HTTP/1.1" 200 5461 "-" "Mozilla/5.0 (Windows NT 10.0; Win64; x64) AppleWebKit/537.36 (KHTML, like Gecko) Chrome/95.0.4638.69 Safari/537.36"
184.34.85.183 - - [25/Jul/2026:00:09:47 +0200] "POST //xmlrpc.php HTTP/1.1" 200 5461 "-" "Mozilla/5.0 (Windows NT 10.0; Win64; x64) AppleWebKit/537.36 (KHTML, like Gecko) Chrome/95.0.4638.69 Safari/537.36"
184.34.85.183 - - [25/Jul/2026:00:09:47 +0200] "POST //xmlrpc.php HTTP/1.1" 200 5461 "-" "Mozilla/5.0 (Windows NT 10.0; Win64; x64) AppleWebKit/537.36 (KHTML, like Gecko) Chrome/95.0.4638.69 Safari/537.36"
184.34.85.183 - - [25/Jul/2026:00:09:48 +0200] "POST //xmlrpc.php HTTP/1.1" 200 5461 "-" "Mozilla/5.0 (Windows NT 10.0; Win64; x64) AppleWebKit/537.36 (KHTML, like Gecko) Chrome/95.0.4638.69 Safari/537.36"
184.34.85.183 - - [25/Jul/2026:00:09:48 +0200] "POST //xmlrpc.php HTTP/1.1" 200 5461 "-" "Mozilla/5.0 (Windows NT 10.0; Win64; x64) AppleWebKit/537.36 (KHTML, like Gecko) Chrome/95.0.4638.69 Safari/537.36"
184.34.85.183 - - [25/Jul/2026:00:09:49 +0200] "POST //xmlrpc.php HTTP/1.1" 200 5461 "-" "Mozilla/5.0 (Windows NT 10.0; Win64; x64) AppleWebKit/537.36 (KHTML, like Gecko) Chrome/95.0.4638.69 Safari/537.36"
184.34.85.183 - - [25/Jul/2026:00:09:49 +0200] "POST //xmlrpc.php HTTP/1.1" 200 5461 "-" "Mozilla/5.0 (Windows NT 10.0; Win64; x64) AppleWebKit/537.36 (KHTML, like Gecko) Chrome/95.0.4638.69 Safari/537.36"
184.34.85.183 - - [25/Jul/2026:00:09:50 +0200] "POST //xmlrpc.php HTTP/1.1" 200 5461 "-" "Mozilla/5.0 (Windows NT 10.0; Win64; x64) AppleWebKit/537.36 (KHTML, like Gecko) Chrome/95.0.4638.69 Safari/537.36"
184.34.85.183 - - [25/Jul/2026:00:09:51 +0200] "POST //xmlrpc.php HTTP/1.1" 200 5461 "-" "Mozilla/5.0 (Windows NT 10.0; Win64; x64) AppleWebKit/537.36 (KHTML, like Gecko) Chrome/95.0.4638.69 Safari/537.36"
184.34.85.183 - - [25/Jul/2026:00:09:51 +0200] "POST //xmlrpc.php HTTP/1.1" 200 5461 "-" "Mozilla/5.0 (Windows NT 10.0; Win64; x64) AppleWebKit/537.36 (KHTML, like Gecko) Chrome/95.0.4638.69 Safari/537.36"
184.34.85.183 - - [25/Jul/2026:00:09:52 +0200] "POST //xmlrpc.php HTTP/1.1" 200 5456 "-" "Mozilla/5.0 (Windows NT 10.0; Win64; x64) AppleWebKit/537.36 (KHTML, like Gecko) Chrome/95.0.4638.69 Safari/537.36"
184.34.85.183 - - [25/Jul/2026:00:09:52 +0200] "POST //xmlrpc.php HTTP/1.1" 200 5461 "-" "Mozilla/5.0 (Windows NT 10.0; Win64; x64) AppleWebKit/537.36 (KHTML, like Gecko) Chrome/95.0.4638.69 Safari/537.36"
184.34.85.183 - - [25/Jul/2026:00:09:53 +0200] "POST //xmlrpc.php HTTP/1.1" 200 5461 "-" "Mozilla/5.0 (Windows NT 10.0; Win64; x64) AppleWebKit/537.36 (KHTML, like Gecko) Chrome/95.0.4638.69 Safari/537.36"
184.34.85.183 - - [25/Jul/2026:00:09:53 +0200] "POST //xmlrpc.php HTTP/1.1" 200 5461 "-" "Mozilla/5.0 (Windows NT 10.0; Win64; x64) AppleWebKit/537.36 (KHTML, like Gecko) Chrome/95.0.4638.69 Safari/537.36"
184.34.85.183 - - [25/Jul/2026:00:09:54 +0200] "POST //xmlrpc.php HTTP/1.1" 200 5461 "-" "Mozilla/5.0 (Windows NT 10.0; Win64; x64) AppleWebKit/537.36 (KHTML, like Gecko) Chrome/95.0.4638.69 Safari/537.36"
184.34.85.183 - - [25/Jul/2026:00:09:55 +0200] "POST //xmlrpc.php HTTP/1.1" 200 5461 "-" "Mozilla/5.0 (Windows NT 10.0; Win64; x64) AppleWebKit/537.36 (KHTML, like Gecko) Chrome/95.0.4638.69 Safari/537.36"
184.34.85.183 - - [25/Jul/2026:00:09:55 +0200] "POST //xmlrpc.php HTTP/1.1" 200 5461 "-" "Mozilla/5.0 (Windows NT 10.0; Win64; x64) AppleWebKit/537.36 (KHTML, like Gecko) Chrome/95.0.4638.69 Safari/537.36"
184.34.85.183 - - [25/Jul/2026:00:09:56 +0200] "POST //xmlrpc.php HTTP/1.1" 200 5461 "-" "Mozilla/5.0 (Windows NT 10.0; Win64; x64) AppleWebKit/537.36 (KHTML, like Gecko) Chrome/95.0.4638.69 Safari/537.36"
184.34.85.183 - - [25/Jul/2026:00:09:56 +0200] "POST //xmlrpc.php HTTP/1.1" 200 5461 "-" "Mozilla/5.0 (Windows NT 10.0; Win64; x64) AppleWebKit/537.36 (KHTML, like Gecko) Chrome/95.0.4638.69 Safari/537.36"
184.34.85.183 - - [25/Jul/2026:00:09:57 +0200] "POST //xmlrpc.php HTTP/1.1" 200 5461 "-" "Mozilla/5.0 (Windows NT 10.0; Win64; x64) AppleWebKit/537.36 (KHTML, like Gecko) Chrome/95.0.4638.69 Safari/537.36"
184.34.85.183 - - [25/Jul/2026:00:09:57 +0200] "POST //xmlrpc.php HTTP/1.1" 200 5461 "-" "Mozilla/5.0 (Windows NT 10.0; Win64; x64) AppleWebKit/537.36 (KHTML, like Gecko) Chrome/95.0.4638.69 Safari/537.36"
184.34.85.183 - - [25/Jul/2026:00:09:58 +0200] "POST //xmlrpc.php HTTP/1.1" 200 5461 "-" "Mozilla/5.0 (Windows NT 10.0; Win64; x64) AppleWebKit/537.36 (KHTML, like Gecko) Chrome/95.0.4638.69 Safari/537.36"
184.34.85.183 - - [25/Jul/2026:00:09:59 +0200] "POST //xmlrpc.php HTTP/1.1" 200 5461 "-" "Mozilla/5.0 (Windows NT 10.0; Win64; x64) AppleWebKit/537.36 (KHTML, like Gecko) Chrome/95.0.4638.69 Safari/537.36"
184.34.85.183 - - [25/Jul/2026:00:09:59 +0200] "POST //xmlrpc.php HTTP/1.1" 200 5461 "-" "Mozilla/5.0 (Windows NT 10.0; Win64; x64) AppleWebKit/537.36 (KHTML, like Gecko) Chrome/95.0.4638.69 Safari/537.36"
184.34.85.183 - - [25/Jul/2026:00:10:00 +0200] "POST //xmlrpc.php HTTP/1.1" 200 5461 "-" "Mozilla/5.0 (Windows NT 10.0; Win64; x64) AppleWebKit/537.36 (KHTML, like Gecko) Chrome/95.0.4638.69 Safari/537.36"
